Build Information
Failed to build ModernRIBs, reference 1.0.2 (888451), with Swift 6.4 for iOS using Xcode 27.0 on 18 Sep 2026 22:04:23 UTC.
Build Command
env DEVELOPER_DIR=/Applications/Xcode-27.0.0-Release.Candidate.app xcrun xcodebuild -IDEClonedSourcePackagesDirPathOverride=$PWD/.dependencies -skipMacroValidation -skipPackagePluginValidation -derivedDataPath $PWD/.derivedData build -scheme ModernRIBs -destination generic/platform=iOSBuild Log
========================================
RunAll
========================================
Builder version: 5.1.0
Interrupt handler set up.
========================================
Checkout
========================================
Clone URL: https://github.com/DevYeom/ModernRIBs.git
Reference: 1.0.2
Initialized empty Git repository in /Users/admin/builder/spi-builder-workspace/.git/
From https://github.com/DevYeom/ModernRIBs
* tag 1.0.2 -> FETCH_HEAD
HEAD is now at 8884514 Update version
Cloned https://github.com/DevYeom/ModernRIBs.git
Revision (git rev-parse @):
8884514a2b98e98dd381f941054a5cbb275eaaf2
SUCCESS checkout https://github.com/DevYeom/ModernRIBs.git at 1.0.2
========================================
Build
========================================
Selected platform: iOS
Swift version: 6.4
Building package at path: $PWD
https://github.com/DevYeom/ModernRIBs.git
Command line invocation:
/Applications/Xcode-27.0.0-Release.Candidate.app/Contents/Developer/usr/bin/xcodebuild -IDEClonedSourcePackagesDirPathOverride=/Users/admin/builder/spi-builder-workspace/.dependencies -resolvePackageDependencies
resolved source packages:
{
"dependencies" : [
],
"manifest_display_name" : "ModernRIBs",
"name" : "ModernRIBs",
"path" : "/Users/admin/builder/spi-builder-workspace",
"platforms" : [
{
"name" : "ios",
"version" : "13.0"
}
],
"products" : [
{
"name" : "ModernRIBs",
"targets" : [
"ModernRIBs"
],
"type" : {
"library" : [
"automatic"
]
}
}
],
"targets" : [
{
"c99name" : "ModernRIBsTests",
"module_type" : "SwiftTarget",
"name" : "ModernRIBsTests",
"path" : "ModernRIBsTests",
"sources" : [
"DI/ComponentTests.swift",
"Extensions/Foundation+ExtensionsTests.swift",
"LaunchRouterTests.swift",
"Mocks.swift",
"RouterTests.swift",
"Worker/WorkerTests.swift",
"Workflow/WorkflowTests.swift"
],
"target_dependencies" : [
"ModernRIBs"
],
"type" : "test"
},
{
"c99name" : "ModernRIBs",
"module_type" : "SwiftTarget",
"name" : "ModernRIBs",
"path" : "ModernRIBs",
"product_memberships" : [
"ModernRIBs"
],
"sources" : [
"Classes/Builder.swift",
"Classes/ComponentizedBuilder.swift",
"Classes/DI/Component.swift",
"Classes/DI/Dependency.swift",
"Classes/Extensions/Combine+Extensions.swift",
"Classes/Extensions/Foundation+Extensions.swift",
"Classes/Interactor.swift",
"Classes/LaunchRouter.swift",
"Classes/LeakDetector/Executor.swift",
"Classes/LeakDetector/LeakDetector.swift",
"Classes/MultiStageComponentizedBuilder.swift",
"Classes/PresentableInteractor.swift",
"Classes/Presenter.swift",
"Classes/Router.swift",
"Classes/ViewControllable.swift",
"Classes/ViewableRouter.swift",
"Classes/Worker/Worker.swift",
"Classes/Workflow/Workflow.swift"
],
"type" : "library"
}
],
"tools_version" : "5.4"
}
{
"project" : {
"configurations" : [
"Debug",
"Release"
],
"name" : "ModernRIBs",
"schemes" : [
"ModernRIBs"
],
"targets" : [
"ModernRIBs",
"ModernRIBsTests"
]
}
}
Running build ...
env DEVELOPER_DIR=/Applications/Xcode-27.0.0-Release.Candidate.app xcrun xcodebuild -IDEClonedSourcePackagesDirPathOverride=$PWD/.dependencies -skipMacroValidation -skipPackagePluginValidation -derivedDataPath $PWD/.derivedData build -scheme ModernRIBs -destination generic/platform=iOS
Command line invocation:
/Applications/Xcode-27.0.0-Release.Candidate.app/Contents/Developer/usr/bin/xcodebuild -IDEClonedSourcePackagesDirPathOverride=/Users/admin/builder/spi-builder-workspace/.dependencies -skipMacroValidation -skipPackagePluginValidation -derivedDataPath /Users/admin/builder/spi-builder-workspace/.derivedData build -scheme ModernRIBs -destination generic/platform=iOS
ComputePackagePrebuildTargetDependencyGraph
Prepare packages
CreateBuildRequest
SendProjectDescription
CreateBuildOperation
ComputeTargetDependencyGraph
note: Building targets in dependency order
note: Target dependency graph (1 target)
Target 'ModernRIBs' in project 'ModernRIBs' (no dependencies)
GatherProvisioningInputs
CreateBuildDescription
ExecuteExternalTool /Applications/Xcode-27.0.0-Release.Candidate.app/Contents/Developer/Toolchains/XcodeDefault.xctoolchain/usr/bin/clang -v -E -dM -isysroot /Applications/Xcode-27.0.0-Release.Candidate.app/Contents/Developer/Platforms/iPhoneOS.platform/Developer/SDKs/iPhoneOS27.0.sdk -x c -c /dev/null
ExecuteExternalTool /Applications/Xcode-27.0.0-Release.Candidate.app/Contents/Developer/Toolchains/XcodeDefault.xctoolchain/usr/bin/clang -v -E -dM -arch arm64 -isysroot /Applications/Xcode-27.0.0-Release.Candidate.app/Contents/Developer/Platforms/iPhoneOS.platform/Developer/SDKs/iPhoneOS27.0.sdk -x c -c /dev/null
ExecuteExternalTool /Applications/Xcode-27.0.0-Release.Candidate.app/Contents/Developer/Toolchains/XcodeDefault.xctoolchain/usr/bin/swiftc --version
ExecuteExternalTool /Applications/Xcode-27.0.0-Release.Candidate.app/Contents/Developer/Toolchains/XcodeDefault.xctoolchain/usr/bin/ld -version_details
Build description signature: faaca7dee3ec52951f21b75deac3ce93
Build description path: /Users/admin/builder/spi-builder-workspace/.derivedData/Build/Intermediates.noindex/XCBuildData/faaca7dee3ec52951f21b75deac3ce93.xcbuilddata
/Users/admin/builder/spi-builder-workspace/ModernRIBs.xcodeproj: error: The iOS deployment target 'IPHONEOS_DEPLOYMENT_TARGET' is set to 13.0, but the range of supported deployment target versions is 15.0 to 27.0.x. (in target 'ModernRIBs' from project 'ModernRIBs')
** BUILD FAILED **
The following build commands failed:
Building project ModernRIBs with scheme ModernRIBs
(1 failure)
Command line invocation:
/Applications/Xcode-27.0.0-Release.Candidate.app/Contents/Developer/usr/bin/xcodebuild -IDEClonedSourcePackagesDirPathOverride=/Users/admin/builder/spi-builder-workspace/.dependencies -resolvePackageDependencies
resolved source packages:
{
"dependencies" : [
],
"manifest_display_name" : "ModernRIBs",
"name" : "ModernRIBs",
"path" : "/Users/admin/builder/spi-builder-workspace",
"platforms" : [
{
"name" : "ios",
"version" : "13.0"
}
],
"products" : [
{
"name" : "ModernRIBs",
"targets" : [
"ModernRIBs"
],
"type" : {
"library" : [
"automatic"
]
}
}
],
"targets" : [
{
"c99name" : "ModernRIBsTests",
"module_type" : "SwiftTarget",
"name" : "ModernRIBsTests",
"path" : "ModernRIBsTests",
"sources" : [
"DI/ComponentTests.swift",
"Extensions/Foundation+ExtensionsTests.swift",
"LaunchRouterTests.swift",
"Mocks.swift",
"RouterTests.swift",
"Worker/WorkerTests.swift",
"Workflow/WorkflowTests.swift"
],
"target_dependencies" : [
"ModernRIBs"
],
"type" : "test"
},
{
"c99name" : "ModernRIBs",
"module_type" : "SwiftTarget",
"name" : "ModernRIBs",
"path" : "ModernRIBs",
"product_memberships" : [
"ModernRIBs"
],
"sources" : [
"Classes/Builder.swift",
"Classes/ComponentizedBuilder.swift",
"Classes/DI/Component.swift",
"Classes/DI/Dependency.swift",
"Classes/Extensions/Combine+Extensions.swift",
"Classes/Extensions/Foundation+Extensions.swift",
"Classes/Interactor.swift",
"Classes/LaunchRouter.swift",
"Classes/LeakDetector/Executor.swift",
"Classes/LeakDetector/LeakDetector.swift",
"Classes/MultiStageComponentizedBuilder.swift",
"Classes/PresentableInteractor.swift",
"Classes/Presenter.swift",
"Classes/Router.swift",
"Classes/ViewControllable.swift",
"Classes/ViewableRouter.swift",
"Classes/Worker/Worker.swift",
"Classes/Workflow/Workflow.swift"
],
"type" : "library"
}
],
"tools_version" : "5.4"
}
{
"project" : {
"configurations" : [
"Debug",
"Release"
],
"name" : "ModernRIBs",
"schemes" : [
"ModernRIBs"
],
"targets" : [
"ModernRIBs",
"ModernRIBsTests"
]
}
}
Running build ...
env DEVELOPER_DIR=/Applications/Xcode-27.0.0-Release.Candidate.app xcrun xcodebuild -IDEClonedSourcePackagesDirPathOverride=$PWD/.dependencies -skipMacroValidation -skipPackagePluginValidation -derivedDataPath $PWD/.derivedData build -scheme ModernRIBs -destination generic/platform=iOS
Command line invocation:
/Applications/Xcode-27.0.0-Release.Candidate.app/Contents/Developer/usr/bin/xcodebuild -IDEClonedSourcePackagesDirPathOverride=/Users/admin/builder/spi-builder-workspace/.dependencies -skipMacroValidation -skipPackagePluginValidation -derivedDataPath /Users/admin/builder/spi-builder-workspace/.derivedData build -scheme ModernRIBs -destination generic/platform=iOS
ComputePackagePrebuildTargetDependencyGraph
Prepare packages
CreateBuildRequest
SendProjectDescription
CreateBuildOperation
ComputeTargetDependencyGraph
note: Building targets in dependency order
note: Target dependency graph (1 target)
Target 'ModernRIBs' in project 'ModernRIBs' (no dependencies)
GatherProvisioningInputs
CreateBuildDescription
/Users/admin/builder/spi-builder-workspace/ModernRIBs.xcodeproj: error: The iOS deployment target 'IPHONEOS_DEPLOYMENT_TARGET' is set to 13.0, but the range of supported deployment target versions is 15.0 to 27.0.x. (in target 'ModernRIBs' from project 'ModernRIBs')
** BUILD FAILED **
The following build commands failed:
Building project ModernRIBs with scheme ModernRIBs
(1 failure)
BUILD FAILURE 6.4 iOS