The Swift Package Index logo.Swift Package Index

Build Information

Failed to build swift-iterable-macros, reference 0.4.0 (e63daf), with Swift 6.1 for watchOS using Xcode 16.3 on 4 Sep 2026 07:54:35 UTC.

Build Command

No build command. This typically means the build failed at an early stage where we determine the build command.

Build Log

========================================
RunAll
========================================
Builder version: 5.0.2
Interrupt handler set up.
========================================
Checkout
========================================
Clone URL: https://github.com/davdroman/swift-iterable-macros.git
Reference: 0.4.0
Initialized empty Git repository in /Users/admin/builder/spi-builder-workspace/.git/
From https://github.com/davdroman/swift-iterable-macros
 * tag               0.4.0      -> FETCH_HEAD
HEAD is now at e63dafd Lower SwiftSyntax minimum to 600 (#16)
Cloned https://github.com/davdroman/swift-iterable-macros.git
Revision (git rev-parse @):
e63dafd3862ba7715d577e4197d4b6778b53bd78
SPI manifest file found: $PWD/.spi.yml
SUCCESS checkout https://github.com/davdroman/swift-iterable-macros.git at 0.4.0
========================================
Build
========================================
Selected platform:         watchOS
Swift version:             6.1
Building package at path:  $PWD
https://github.com/davdroman/swift-iterable-macros.git
https://github.com/davdroman/swift-iterable-macros.git
error: 'spi-builder-workspace': package 'spi-builder-workspace' is using Swift tools version 6.2.0 but the installed version is 6.1.0
error: fatalError
Command line invocation:
    /Applications/Xcode-16.3.0.app/Contents/Developer/usr/bin/xcodebuild -IDEClonedSourcePackagesDirPathOverride=/Users/admin/builder/spi-builder-workspace/.dependencies -resolvePackageDependencies
Resolve Package Graph
package 'spi-builder-workspace' is using Swift tools version 6.2.0 but the installed version is 6.1.0
Resolved source packages:
  spi-builder-workspace: (null)
2026-09-04 00:54:34.357 xcodebuild[503:2898] Writing error result bundle to /var/folders/5k/5yc19ymj0jqd5v0zvgfqz0xw0000gn/T/ResultBundle_2026-04-09_00-54-0034.xcresult
xcodebuild: error: Could not resolve package dependencies:
  package 'spi-builder-workspace' is using Swift tools version 6.2.0 but the installed version is 6.1.0
Command line invocation:
    /Applications/Xcode-16.3.0.app/Contents/Developer/usr/bin/xcodebuild -IDEClonedSourcePackagesDirPathOverride=/Users/admin/builder/spi-builder-workspace/.dependencies -resolvePackageDependencies
Resolve Package Graph
package 'spi-builder-workspace' is using Swift tools version 6.2.0 but the installed version is 6.1.0
Resolved source packages:
  spi-builder-workspace: (null)
2026-09-04 00:54:35.086 xcodebuild[512:2978] Writing error result bundle to /var/folders/5k/5yc19ymj0jqd5v0zvgfqz0xw0000gn/T/ResultBundle_2026-04-09_00-54-0035.xcresult
xcodebuild: error: Could not resolve package dependencies:
  package 'spi-builder-workspace' is using Swift tools version 6.2.0 but the installed version is 6.1.0
BUILD FAILURE 6.1 watchOS