The Swift Package Index logo.Swift Package Index

Build Information

Failed to build SHDateFormatter, reference 1.7.1 (092a5f), with Swift 6.4 for Linux on 19 Sep 2026 16:08:09 UTC.

Build Command

bash -c docker run --pull=always --rm -v "checkouts-54344844-0":/host -w "$PWD" -e JAVA_HOME="/root/.sdkman/candidates/java/current" -e SPI_BUILD="1" -e SPI_PROCESSING="1" registry.gitlab.com/saguaro1/spi-images:basic-6.4-latest swift build --triple x86_64-unknown-linux-gnu 2>&1

Build Log

========================================
RunAll
========================================
Builder version: 5.1.0
Interrupt handler set up.
========================================
Checkout
========================================
Clone URL: https://github.com/blackjacx/SHDateFormatter.git
Reference: 1.7.1
Initialized empty Git repository in /host/spi-builder-workspace/.git/
hint: Using 'master' as the name for the initial branch. This default branch name
hint: is subject to change. To configure the initial branch name to use in all
hint: of your new repositories, which will suppress this warning, call:
hint:
hint: 	git config --global init.defaultBranch <name>
hint:
hint: Names commonly chosen instead of 'master' are 'main', 'trunk' and
hint: 'development'. The just-created branch can be renamed via this command:
hint:
hint: 	git branch -m <name>
From https://github.com/blackjacx/SHDateFormatter
 * tag               1.7.1      -> FETCH_HEAD
HEAD is now at 092a5f5 Merge branch 'release/1.7.1'
Cloned https://github.com/blackjacx/SHDateFormatter.git
Revision (git rev-parse @):
092a5f58efc7893cd81a49c09b73df6549619844
SPI manifest file found: $PWD/.spi.yml
SUCCESS checkout https://github.com/blackjacx/SHDateFormatter.git at 1.7.1
========================================
Build
========================================
Selected platform:         linux
Swift version:             6.4
Building package at path:  $PWD
https://github.com/blackjacx/SHDateFormatter.git
Running build ...
bash -c docker run --pull=always --rm -v "checkouts-54344844-0":/host -w "$PWD" -e JAVA_HOME="/root/.sdkman/candidates/java/current" -e SPI_BUILD="1" -e SPI_PROCESSING="1" registry.gitlab.com/saguaro1/spi-images:basic-6.4-latest swift build --triple x86_64-unknown-linux-gnu 2>&1
basic-6.4-latest: Pulling from saguaro1/spi-images
Digest: sha256:c77fcce225e223ac0fafed844619173fc6de8d62dd560eeb28db3182af6a282b
Status: Image is up to date for registry.gitlab.com/saguaro1/spi-images:basic-6.4-latest
Fetching https://github.com/Quick/Quick
Fetching https://github.com/Quick/Nimble
[1/14925] Fetching quick
[14926/34911] Fetching quick, nimble
Fetched https://github.com/Quick/Quick (1.03s)
Fetched https://github.com/Quick/Nimble (1.04s)
Computing version for https://github.com/Quick/Nimble
Computed https://github.com/Quick/Nimble at 10.0.0 (1.23s)
Fetching https://github.com/mattgallagher/CwlPreconditionTesting.git
[1/1257] Fetching cwlpreconditiontesting
Fetched https://github.com/mattgallagher/CwlPreconditionTesting.git (0.44s)
Computing version for https://github.com/Quick/Quick
Computed https://github.com/Quick/Quick at 5.0.1 (0.64s)
Computing version for https://github.com/mattgallagher/CwlPreconditionTesting.git
Computed https://github.com/mattgallagher/CwlPreconditionTesting.git at 2.2.2 (0.19s)
Fetching https://github.com/mattgallagher/CwlCatchException.git
[1/460] Fetching cwlcatchexception
Fetched https://github.com/mattgallagher/CwlCatchException.git (0.46s)
Computing version for https://github.com/mattgallagher/CwlCatchException.git
Computed https://github.com/mattgallagher/CwlCatchException.git at 2.2.1 (0.67s)
Creating working copy for https://github.com/Quick/Nimble
Working copy of https://github.com/Quick/Nimble resolved at 10.0.0
Creating working copy for https://github.com/mattgallagher/CwlPreconditionTesting.git
Working copy of https://github.com/mattgallagher/CwlPreconditionTesting.git resolved at 2.2.2
Creating working copy for https://github.com/mattgallagher/CwlCatchException.git
Working copy of https://github.com/mattgallagher/CwlCatchException.git resolved at 2.2.1
Creating working copy for https://github.com/Quick/Quick
Working copy of https://github.com/Quick/Quick resolved at 5.0.1
Building for debugging...
[Planning deferred tasks]
[24 / 32] SHDateFormatter
error: SwiftCompile normal x86_64 /host/spi-builder-workspace/Source/SHDateFormatter/Classes/SHDateFormatter.swift failed with a nonzero exit code. Command line:     cd /host
    builtin-SwiftPerFileCompile SHDateFormatter.swift
/host/spi-builder-workspace/Source/SHDateFormatter/Classes/SHDateFormatter.swift:95:35: error: value of type 'DateFormatter' has no member 'formatterBehavior'
 93 |
 94 |     func reset() {
 95 |         SHDateFormatter.formatter.formatterBehavior = .default
    |                                   `- error: value of type 'DateFormatter' has no member 'formatterBehavior'
 96 |         SHDateFormatter.formatter.doesRelativeDateFormatting = false
 97 |         SHDateFormatter.formatter.dateFormat = nil
/host/spi-builder-workspace/Source/SHDateFormatter/Classes/SHDateFormatter.swift:95:56: error: cannot infer contextual base in reference to member 'default'
 93 |
 94 |     func reset() {
 95 |         SHDateFormatter.formatter.formatterBehavior = .default
    |                                                        `- error: cannot infer contextual base in reference to member 'default'
 96 |         SHDateFormatter.formatter.doesRelativeDateFormatting = false
 97 |         SHDateFormatter.formatter.dateFormat = nil
Failed frontend command:
/usr/bin/swift-frontend -frontend -c /host/spi-builder-workspace/Source/SHDateFormatter/Classes/Date+Utils.swift /host/spi-builder-workspace/Source/SHDateFormatter/Classes/SHDateFormatter+Extension.swift -primary-file /host/spi-builder-workspace/Source/SHDateFormatter/Classes/SHDateFormatter.swift /host/spi-builder-workspace/Source/SHDateFormatter/Classes/TimeZone+Extensions.swift -emit-dependencies-path /host/spi-builder-workspace/.build/out/Intermediates.noindex/SHDateFormatter.build/Debug-linux-x86_64/SHDateFormatter-t.build/Objects-normal/x86_64/SHDateFormatter.d -emit-const-values-path /host/spi-builder-workspace/.build/out/Intermediates.noindex/SHDateFormatter.build/Debug-linux-x86_64/SHDateFormatter-t.build/Objects-normal/x86_64/SHDateFormatter.swiftconstvalues -emit-reference-dependencies-path /host/spi-builder-workspace/.build/out/Intermediates.noindex/SHDateFormatter.build/Debug-linux-x86_64/SHDateFormatter-t.build/Objects-normal/x86_64/SHDateFormatter.swiftdeps -serialize-diagnostics-path /host/spi-builder-workspace/.build/out/Intermediates.noindex/SHDateFormatter.build/Debug-linux-x86_64/SHDateFormatter-t.build/Objects-normal/x86_64/SHDateFormatter.dia -target x86_64-unknown-linux-gnu -disable-objc-interop -I /host/spi-builder-workspace/.build/out/Products/Debug-linux-x86_64 -module-cache-path /host/spi-builder-workspace/.build/out/ModuleCache.noindex -color-diagnostics -Xcc -fcolor-diagnostics -enable-testing -g -debug-info-format\=dwarf -dwarf-version\=4 -swift-version 5 -Onone -D SWIFT_PACKAGE -D DEBUG -D SWIFT_MODULE_RESOURCE_BUNDLE_UNAVAILABLE -D Xcode -serialize-debugging-options -enable-experimental-feature DebugDescriptionMacro -empty-abi-descriptor -external-plugin-path /usr/lib/swift/host/plugins/testing\#/usr/bin/swift-plugin-server -validate-clang-modules-once -clang-build-session-file /host/spi-builder-workspace/.build/out/ModuleCache.noindex/Session.modulevalidation -Xcc -working-directory -Xcc /host -enable-anonymous-context-mangled-names -file-compilation-dir /host -Xcc -fno-omit-frame-pointer -Xcc -D_LIBCPP_HARDENING_MODE\=_LIBCPP_HARDENING_MODE_DEBUG -Xcc -fmodules-prune-interval\=86400 -Xcc -fmodules-prune-after\=345600 -Xcc -I/host/spi-builder-workspace/.build/out/Products/Debug-linux-x86_64/include -Xcc -I/host/spi-builder-workspace/.build/out/Intermediates.noindex/SHDateFormatter.build/Debug-linux-x86_64/SHDateFormatter-t.build/DerivedSources-normal/x86_64 -Xcc -I/host/spi-builder-workspace/.build/out/Intermediates.noindex/SHDateFormatter.build/Debug-linux-x86_64/SHDateFormatter-t.build/DerivedSources/x86_64 -Xcc -I/host/spi-builder-workspace/.build/out/Intermediates.noindex/SHDateFormatter.build/Debug-linux-x86_64/SHDateFormatter-t.build/DerivedSources -Xcc -DSWIFT_PACKAGE -Xcc -DDEBUG\=1 -no-auto-bridging-header-chaining -module-name SHDateFormatter -const-gather-protocols-file /host/spi-builder-workspace/.build/out/Intermediates.noindex/SHDateFormatter.build/Debug-linux-x86_64/SHDateFormatter-t.build/Objects-normal/x86_64/SHDateFormatter_const_extract_protocols.json -in-process-plugin-server-path /usr/lib/swift/host/libSwiftInProcPluginServer.so -plugin-path /usr/lib/swift/host/plugins -plugin-path /usr/local/lib/swift/host/plugins -parse-as-library -o /host/spi-builder-workspace/.build/out/Intermediates.noindex/SHDateFormatter.build/Debug-linux-x86_64/SHDateFormatter-t.build/Objects-normal/x86_64/SHDateFormatter.o -index-unit-output-path /SHDateFormatter.build/Debug-linux-x86_64/SHDateFormatter-t.build/Objects-normal/x86_64/SHDateFormatter.o -index-store-path /host/spi-builder-workspace/.build/out -index-system-modules
error: Build failed
BUILD FAILURE 6.4 linux