Build Information
Failed to build smoke-framework, reference 2.23.0 (dfac39), with Swift 6.4 for watchOS using Xcode 27.0 on 21 Sep 2026 00:15:10 UTC.
Build Command
env DEVELOPER_DIR=/Applications/Xcode-27.0.0-Release.Candidate.app xcrun xcodebuild -IDEClonedSourcePackagesDirPathOverride=$PWD/.dependencies -skipMacroValidation -skipPackagePluginValidation -derivedDataPath $PWD/.derivedData build -scheme smoke-framework-Package -destination generic/platform=watchOSBuild Log
SwiftEmitModule normal arm64_32 Emitting\ module\ for\ _SmokeOperationsHTTP1Concurrency (in target '_SmokeOperationsHTTP1Concurrency' from project 'smoke-framework')
SwiftCompile normal arm64_32 (in target '_SmokeOperationsHTTP1Concurrency' from project 'smoke-framework')
cd /Users/admin/builder/spi-builder-workspace/.swiftpm/xcode
SwiftCompile normal arm64_32 Compiling\ Export.swift /Users/admin/builder/spi-builder-workspace/Sources/_SmokeOperationsHTTP1Concurrency/Export.swift (in target '_SmokeOperationsHTTP1Concurrency' from project 'smoke-framework')
SwiftCompile normal arm64_32 /Users/admin/builder/spi-builder-workspace/Sources/_SmokeOperationsHTTP1Concurrency/Export.swift (in target '_SmokeOperationsHTTP1Concurrency' from project 'smoke-framework')
cd /Users/admin/builder/spi-builder-workspace/.swiftpm/xcode
builtin-SwiftPerFileCompile Export.swift
SwiftEmitModule normal arm64 Emitting\ module\ for\ _SmokeOperationsHTTP1Concurrency (in target '_SmokeOperationsHTTP1Concurrency' from project 'smoke-framework')
SwiftCompile normal arm64 (in target '_SmokeOperationsHTTP1Concurrency' from project 'smoke-framework')
cd /Users/admin/builder/spi-builder-workspace/.swiftpm/xcode
SwiftCompile normal arm64 Compiling\ Export.swift /Users/admin/builder/spi-builder-workspace/Sources/_SmokeOperationsHTTP1Concurrency/Export.swift (in target '_SmokeOperationsHTTP1Concurrency' from project 'smoke-framework')
SwiftCompile normal arm64 /Users/admin/builder/spi-builder-workspace/Sources/_SmokeOperationsHTTP1Concurrency/Export.swift (in target '_SmokeOperationsHTTP1Concurrency' from project 'smoke-framework')
cd /Users/admin/builder/spi-builder-workspace/.swiftpm/xcode
builtin-SwiftPerFileCompile Export.swift
SwiftEmitModule normal arm64_32 Emitting\ module\ for\ SmokeOperationsHTTP1Server (in target 'SmokeOperationsHTTP1Server' from project 'smoke-framework')
/Users/admin/builder/spi-builder-workspace/Sources/SmokeOperationsHTTP1Server/SmokeServerInvocationReporting+withInvocationTraceContext.swift:47:37: warning: generic parameter 'TraceContextType' shadows generic parameter from outer scope with the same name; this is an error in the Swift 6 language mode
45 | * Creates an instance conforming to the `HTTPClientCoreInvocationReporting` protocol from this instance and the provided trace context.
46 | */
47 | func withInvocationTraceContext<TraceContextType: InvocationTraceContext>(traceContext: TraceContextType) -> DelegatedInvocationReporting<TraceContextType> {
| `- warning: generic parameter 'TraceContextType' shadows generic parameter from outer scope with the same name; this is an error in the Swift 6 language mode
48 | return DelegatedInvocationReporting(logger: self.logger,
49 | internalRequestId: self.internalRequestId,
/Users/admin/builder/spi-builder-workspace/Sources/SmokeOperationsHTTP1Server/SmokeServerInvocationReporting.swift:34:46: note: 'TraceContextType' previously declared here
32 | A context related to reporting on the invocation of the SmokeFramework.
33 | */
34 | public struct SmokeServerInvocationReporting<TraceContextType: OperationTraceContext>: InvocationReportingWithTraceContext,
| `- note: 'TraceContextType' previously declared here
35 | HTTPClientInvocationAttributes {
36 | public let logger: Logger
SwiftCompile normal arm64_32 (in target 'SmokeOperationsHTTP1Server' from project 'smoke-framework')
cd /Users/admin/builder/spi-builder-workspace/.swiftpm/xcode
SwiftDriverJobDiscovery normal arm64_32 Emitting module for _SmokeOperationsHTTP1Concurrency (in target '_SmokeOperationsHTTP1Concurrency' from project 'smoke-framework')
SwiftDriver\ Compilation\ Requirements _SmokeOperationsHTTP1Concurrency normal arm64_32 com.apple.xcode.tools.swift.compiler (in target '_SmokeOperationsHTTP1Concurrency' from project 'smoke-framework')
cd /Users/admin/builder/spi-builder-workspace/.swiftpm/xcode
builtin-Swift-Compilation-Requirements -- /Applications/Xcode-27.0.0-Release.Candidate.app/Contents/Developer/Toolchains/XcodeDefault.xctoolchain/usr/bin/swiftc -parse-as-library -module-name _SmokeOperationsHTTP1Concurrency -Onone @/Users/admin/builder/spi-builder-workspace/.derivedData/Build/Intermediates.noindex/smoke-framework.build/Debug-watchos/_SmokeOperationsHTTP1Concurrency-t.build/Objects-normal/arm64_32/_SmokeOperationsHTTP1Concurrency.SwiftFileList -DSWIFT_PACKAGE -DDEBUG -DSWIFT_MODULE_RESOURCE_BUNDLE_UNAVAILABLE -Xcc -fmodule-map-file\=/Users/admin/builder/spi-builder-workspace/.derivedData/Build/Intermediates.noindex/GeneratedModuleMaps-watchos/CNIOLLHTTP.modulemap -Xcc -fmodule-map-file\=/Users/admin/builder/spi-builder-workspace/.derivedData/Build/Intermediates.noindex/GeneratedModuleMaps-watchos/CNIOBoringSSLShims.modulemap -Xcc -fmodule-map-file\=/Users/admin/builder/spi-builder-workspace/.dependencies/checkouts/swift-nio-ssl/Sources/CNIOBoringSSL/include/module.modulemap -Xcc -fmodule-map-file\=/Users/admin/builder/spi-builder-workspace/.derivedData/Build/Intermediates.noindex/GeneratedModuleMaps-watchos/CNIOPosix.modulemap -Xcc -fmodule-map-file\=/Users/admin/builder/spi-builder-workspace/.derivedData/Build/Intermediates.noindex/GeneratedModuleMaps-watchos/CNIOWASI.modulemap -Xcc -fmodule-map-file\=/Users/admin/builder/spi-builder-workspace/.derivedData/Build/Intermediates.noindex/GeneratedModuleMaps-watchos/CNIOFreeBSD.modulemap -Xcc -fmodule-map-file\=/Users/admin/builder/spi-builder-workspace/.dependencies/checkouts/swift-nio/Sources/CNIOWindows/include/module.modulemap -Xcc -fmodule-map-file\=/Users/admin/builder/spi-builder-workspace/.derivedData/Build/Intermediates.noindex/GeneratedModuleMaps-watchos/CNIODarwin.modulemap -Xcc -fmodule-map-file\=/Users/admin/builder/spi-builder-workspace/.derivedData/Build/Intermediates.noindex/GeneratedModuleMaps-watchos/CNIOLinux.modulemap -Xcc -fmodule-map-file\=/Users/admin/builder/spi-builder-workspace/.derivedData/Build/Intermediates.noindex/GeneratedModuleMaps-watchos/CNIOOpenBSD.modulemap -Xcc -fmodule-map-file\=/Users/admin/builder/spi-builder-workspace/.derivedData/Build/Intermediates.noindex/GeneratedModuleMaps-watchos/CNIOAtomics.modulemap -Xcc -fmodule-map-file\=/Users/admin/builder/spi-builder-workspace/.derivedData/Build/Intermediates.noindex/GeneratedModuleMaps-watchos/CNIOExtrasZlib.modulemap -Xcc -fmodule-map-file\=/Users/admin/builder/spi-builder-workspace/.dependencies/checkouts/swift-atomics/Sources/_AtomicsShims/include/module.modulemap -Xcc -fmodule-map-file\=/Users/admin/builder/spi-builder-workspace/.dependencies/checkouts/swift-numerics/Sources/_NumericsShims/include/module.modulemap -Xcc -fmodule-map-file\=/Users/admin/builder/spi-builder-workspace/.dependencies/checkouts/swift-system/Sources/CSystem/include/module.modulemap -Xcc -fmodule-map-file\=/Users/admin/builder/spi-builder-workspace/.derivedData/Build/Intermediates.noindex/GeneratedModuleMaps-watchos/CAsyncHTTPClient.modulemap -DXcode -plugin-path /Applications/Xcode-27.0.0-Release.Candidate.app/Contents/Developer/Toolchains/XcodeDefault.xctoolchain/usr/lib/swift/host/plugins/testing -enable-experimental-feature DebugDescriptionMacro -sdk /Applications/Xcode-27.0.0-Release.Candidate.app/Contents/Developer/Platforms/WatchOS.platform/Developer/SDKs/WatchOS27.0.sdk -target arm64_32-apple-watchos9.0 -g -module-cache-path /Users/admin/builder/spi-builder-workspace/.derivedData/ModuleCache.noindex -Xfrontend -serialize-debugging-options -profile-coverage-mapping -profile-generate -enable-testing -index-store-path /Users/admin/builder/spi-builder-workspace/.derivedData/Index.noindex/DataStore -Xcc -D_LIBCPP_HARDENING_MODE\=_LIBCPP_HARDENING_MODE_DEBUG -swift-version 5 -I /Users/admin/builder/spi-builder-workspace/.derivedData/Build/Products/Debug-watchos -Isystem /Applications/Xcode-27.0.0-Release.Candidate.app/Contents/Developer/Platforms/WatchOS.platform/Developer/usr/lib -F /Users/admin/builder/spi-builder-workspace/.derivedData/Build/Products/Debug-watchos/PackageFrameworks -F /Users/admin/builder/spi-builder-workspace/.derivedData/Build/Products/Debug-watchos -F /Applications/Xcode-27.0.0-Release.Candidate.app/Contents/Developer/Platforms/WatchOS.platform/Developer/Library/Frameworks -F /Applications/Xcode-27.0.0-Release.Candidate.app/Contents/Developer/Platforms/WatchOS.platform/Developer/SDKs/WatchOS27.0.sdk/Developer/Library/Frameworks -c -j10 -enable-batch-mode -incremental -Xcc -ivfsstatcache -Xcc /Users/admin/builder/spi-builder-workspace/.derivedData/SDKStatCaches.noindex/watchos27.0-24R360-e829b21a6f8c9b70876ba0858053c04477534ef55a1706bf4c1112bbb242f0a2.sdkstatcache -output-file-map /Users/admin/builder/spi-builder-workspace/.derivedData/Build/Intermediates.noindex/smoke-framework.build/Debug-watchos/_SmokeOperationsHTTP1Concurrency-t.build/Objects-normal/arm64_32/_SmokeOperationsHTTP1Concurrency-OutputFileMap.json -save-temps -no-color-diagnostics -explicit-module-build -module-cache-path /Users/admin/builder/spi-builder-workspace/.derivedData/Build/Intermediates.noindex/SwiftExplicitPrecompiledModules -clang-scanner-module-cache-path /Users/admin/builder/spi-builder-workspace/.derivedData/ModuleCache.noindex -sdk-module-cache-path /Users/admin/builder/spi-builder-workspace/.derivedData/SDKExplicitPrecompiledModules -emit-dependencies -emit-module -emit-module-path /Users/admin/builder/spi-builder-workspace/.derivedData/Build/Intermediates.noindex/smoke-framework.build/Debug-watchos/_SmokeOperationsHTTP1Concurrency-t.build/Objects-normal/arm64_32/_SmokeOperationsHTTP1Concurrency.swiftmodule -serialize-diagnostics -dependency-scan-serialize-diagnostics-path /Users/admin/builder/spi-builder-workspace/.derivedData/Build/Intermediates.noindex/smoke-framework.build/Debug-watchos/_SmokeOperationsHTTP1Concurrency-t.build/Objects-normal/arm64_32/_SmokeOperationsHTTP1Concurrency-dependency-scan.dia -validate-clang-modules-once -clang-build-session-file /Users/admin/builder/spi-builder-workspace/.derivedData/ModuleCache.noindex/Session.modulevalidation -Xcc -fmodules-prune-interval\=86400 -Xcc -fmodules-prune-after\=345600 -emit-const-values -const-gather-protocols-list /Users/admin/builder/spi-builder-workspace/.derivedData/Build/Intermediates.noindex/smoke-framework.build/Debug-watchos/_SmokeOperationsHTTP1Concurrency-t.build/Objects-normal/arm64_32/_SmokeOperationsHTTP1Concurrency_const_extract_protocols.json -Xcc -I/Users/admin/builder/spi-builder-workspace/.dependencies/checkouts/swift-nio/Sources/CNIOLLHTTP/include -Xcc -I/Users/admin/builder/spi-builder-workspace/.dependencies/checkouts/swift-nio-ssl/Sources/CNIOBoringSSLShims/include -Xcc -I/Users/admin/builder/spi-builder-workspace/.dependencies/checkouts/swift-nio-ssl/Sources/CNIOBoringSSL/include -Xcc -I/Users/admin/builder/spi-builder-workspace/.dependencies/checkouts/swift-nio/Sources/CNIOPosix/include -Xcc -I/Users/admin/builder/spi-builder-workspace/.dependencies/checkouts/swift-nio/Sources/CNIOWASI/include -Xcc -I/Users/admin/builder/spi-builder-workspace/.dependencies/checkouts/swift-nio/Sources/CNIOFreeBSD/include -Xcc -I/Users/admin/builder/spi-builder-workspace/.dependencies/checkouts/swift-nio/Sources/CNIOWindows/include -Xcc -I/Users/admin/builder/spi-builder-workspace/.dependencies/checkouts/swift-nio/Sources/CNIODarwin/include -Xcc -I/Users/admin/builder/spi-builder-workspace/.dependencies/checkouts/swift-nio/Sources/CNIOLinux/include -Xcc -I/Users/admin/builder/spi-builder-workspace/.dependencies/checkouts/swift-nio/Sources/CNIOOpenBSD/include -Xcc -I/Users/admin/builder/spi-builder-workspace/.dependencies/checkouts/swift-nio/Sources/CNIOAtomics/include -Xcc -I/Users/admin/builder/spi-builder-workspace/.dependencies/checkouts/swift-nio-extras/Sources/CNIOExtrasZlib/include -Xcc -I/Users/admin/builder/spi-builder-workspace/.dependencies/checkouts/swift-atomics/Sources/_AtomicsShims/include -Xcc -I/Users/admin/builder/spi-builder-workspace/.dependencies/checkouts/swift-numerics/Sources/_NumericsShims/include -Xcc -I/Users/admin/builder/spi-builder-workspace/.dependencies/checkouts/swift-system/Sources/CSystem/include -Xcc -I/Users/admin/builder/spi-builder-workspace/.dependencies/checkouts/async-http-client/Sources/CAsyncHTTPClient/include -Xcc -I/Users/admin/builder/spi-builder-workspace/.derivedData/Build/Products/Debug-watchos/include -Xcc -I/Users/admin/builder/spi-builder-workspace/.derivedData/Build/Intermediates.noindex/smoke-framework.build/Debug-watchos/_SmokeOperationsHTTP1Concurrency-t.build/DerivedSources-normal/arm64_32 -Xcc -I/Users/admin/builder/spi-builder-workspace/.derivedData/Build/Intermediates.noindex/smoke-framework.build/Debug-watchos/_SmokeOperationsHTTP1Concurrency-t.build/DerivedSources/arm64_32 -Xcc -I/Users/admin/builder/spi-builder-workspace/.derivedData/Build/Intermediates.noindex/smoke-framework.build/Debug-watchos/_SmokeOperationsHTTP1Concurrency-t.build/DerivedSources -Xcc -DSWIFT_PACKAGE -Xcc -DDEBUG\=1 -emit-objc-header -emit-objc-header-path /Users/admin/builder/spi-builder-workspace/.derivedData/Build/Intermediates.noindex/smoke-framework.build/Debug-watchos/_SmokeOperationsHTTP1Concurrency-t.build/Objects-normal/arm64_32/_SmokeOperationsHTTP1Concurrency-Swift.h -working-directory /Users/admin/builder/spi-builder-workspace/.swiftpm/xcode -experimental-emit-module-separately -disable-cmo
SwiftDriverJobDiscovery normal arm64_32 Compiling Export.swift (in target '_SmokeOperationsHTTP1Concurrency' from project 'smoke-framework')
SwiftEmitModule normal arm64 Emitting\ module\ for\ SmokeOperationsHTTP1Server (in target 'SmokeOperationsHTTP1Server' from project 'smoke-framework')
/Users/admin/builder/spi-builder-workspace/Sources/SmokeOperationsHTTP1Server/SmokeServerInvocationReporting+withInvocationTraceContext.swift:47:37: warning: generic parameter 'TraceContextType' shadows generic parameter from outer scope with the same name; this is an error in the Swift 6 language mode
45 | * Creates an instance conforming to the `HTTPClientCoreInvocationReporting` protocol from this instance and the provided trace context.
46 | */
47 | func withInvocationTraceContext<TraceContextType: InvocationTraceContext>(traceContext: TraceContextType) -> DelegatedInvocationReporting<TraceContextType> {
| `- warning: generic parameter 'TraceContextType' shadows generic parameter from outer scope with the same name; this is an error in the Swift 6 language mode
48 | return DelegatedInvocationReporting(logger: self.logger,
49 | internalRequestId: self.internalRequestId,
/Users/admin/builder/spi-builder-workspace/Sources/SmokeOperationsHTTP1Server/SmokeServerInvocationReporting.swift:34:46: note: 'TraceContextType' previously declared here
32 | A context related to reporting on the invocation of the SmokeFramework.
33 | */
34 | public struct SmokeServerInvocationReporting<TraceContextType: OperationTraceContext>: InvocationReportingWithTraceContext,
| `- note: 'TraceContextType' previously declared here
35 | HTTPClientInvocationAttributes {
36 | public let logger: Logger
SwiftCompile normal arm64 (in target 'SmokeOperationsHTTP1Server' from project 'smoke-framework')
cd /Users/admin/builder/spi-builder-workspace/.swiftpm/xcode
SwiftCompile normal arm64_32 Compiling\ StandardJSONSmokeAsyncServerPerInvocationContextInitializer.swift,\ StandardJSONSmokeAsyncServerStaticContextInitializer.swift /Users/admin/builder/spi-builder-workspace/Sources/SmokeOperationsHTTP1Server/StandardJSONSmokeAsyncServerPerInvocationContextInitializer.swift /Users/admin/builder/spi-builder-workspace/Sources/SmokeOperationsHTTP1Server/StandardJSONSmokeAsyncServerStaticContextInitializer.swift (in target 'SmokeOperationsHTTP1Server' from project 'smoke-framework')
SwiftCompile normal arm64_32 /Users/admin/builder/spi-builder-workspace/Sources/SmokeOperationsHTTP1Server/StandardJSONSmokeAsyncServerPerInvocationContextInitializer.swift (in target 'SmokeOperationsHTTP1Server' from project 'smoke-framework')
cd /Users/admin/builder/spi-builder-workspace/.swiftpm/xcode
builtin-SwiftPerFileCompile StandardJSONSmokeAsyncServerPerInvocationContextInitializer.swift
SwiftCompile normal arm64_32 /Users/admin/builder/spi-builder-workspace/Sources/SmokeOperationsHTTP1Server/StandardJSONSmokeAsyncServerStaticContextInitializer.swift (in target 'SmokeOperationsHTTP1Server' from project 'smoke-framework')
cd /Users/admin/builder/spi-builder-workspace/.swiftpm/xcode
builtin-SwiftPerFileCompile StandardJSONSmokeAsyncServerStaticContextInitializer.swift
SwiftCompile normal arm64_32 Compiling\ SmokeServerPerInvocationContextInitializerV2.swift,\ SmokeServerStaticContextInitializer.swift /Users/admin/builder/spi-builder-workspace/Sources/SmokeOperationsHTTP1Server/SmokeServerPerInvocationContextInitializerV2.swift /Users/admin/builder/spi-builder-workspace/Sources/SmokeOperationsHTTP1Server/SmokeServerStaticContextInitializer.swift (in target 'SmokeOperationsHTTP1Server' from project 'smoke-framework')
SwiftCompile normal arm64_32 /Users/admin/builder/spi-builder-workspace/Sources/SmokeOperationsHTTP1Server/SmokeServerPerInvocationContextInitializerV2.swift (in target 'SmokeOperationsHTTP1Server' from project 'smoke-framework')
cd /Users/admin/builder/spi-builder-workspace/.swiftpm/xcode
builtin-SwiftPerFileCompile SmokeServerPerInvocationContextInitializerV2.swift
SwiftCompile normal arm64_32 /Users/admin/builder/spi-builder-workspace/Sources/SmokeOperationsHTTP1Server/SmokeServerStaticContextInitializer.swift (in target 'SmokeOperationsHTTP1Server' from project 'smoke-framework')
cd /Users/admin/builder/spi-builder-workspace/.swiftpm/xcode
builtin-SwiftPerFileCompile SmokeServerStaticContextInitializer.swift
SwiftDriverJobDiscovery normal arm64 Emitting module for _SmokeOperationsHTTP1Concurrency (in target '_SmokeOperationsHTTP1Concurrency' from project 'smoke-framework')
SwiftDriverJobDiscovery normal arm64 Compiling Export.swift (in target '_SmokeOperationsHTTP1Concurrency' from project 'smoke-framework')
SwiftDriver\ Compilation _SmokeOperationsHTTP1Concurrency normal arm64_32 com.apple.xcode.tools.swift.compiler (in target '_SmokeOperationsHTTP1Concurrency' from project 'smoke-framework')
cd /Users/admin/builder/spi-builder-workspace/.swiftpm/xcode
builtin-Swift-Compilation -- /Applications/Xcode-27.0.0-Release.Candidate.app/Contents/Developer/Toolchains/XcodeDefault.xctoolchain/usr/bin/swiftc -parse-as-library -module-name _SmokeOperationsHTTP1Concurrency -Onone @/Users/admin/builder/spi-builder-workspace/.derivedData/Build/Intermediates.noindex/smoke-framework.build/Debug-watchos/_SmokeOperationsHTTP1Concurrency-t.build/Objects-normal/arm64_32/_SmokeOperationsHTTP1Concurrency.SwiftFileList -DSWIFT_PACKAGE -DDEBUG -DSWIFT_MODULE_RESOURCE_BUNDLE_UNAVAILABLE -Xcc -fmodule-map-file\=/Users/admin/builder/spi-builder-workspace/.derivedData/Build/Intermediates.noindex/GeneratedModuleMaps-watchos/CNIOLLHTTP.modulemap -Xcc -fmodule-map-file\=/Users/admin/builder/spi-builder-workspace/.derivedData/Build/Intermediates.noindex/GeneratedModuleMaps-watchos/CNIOBoringSSLShims.modulemap -Xcc -fmodule-map-file\=/Users/admin/builder/spi-builder-workspace/.dependencies/checkouts/swift-nio-ssl/Sources/CNIOBoringSSL/include/module.modulemap -Xcc -fmodule-map-file\=/Users/admin/builder/spi-builder-workspace/.derivedData/Build/Intermediates.noindex/GeneratedModuleMaps-watchos/CNIOPosix.modulemap -Xcc -fmodule-map-file\=/Users/admin/builder/spi-builder-workspace/.derivedData/Build/Intermediates.noindex/GeneratedModuleMaps-watchos/CNIOWASI.modulemap -Xcc -fmodule-map-file\=/Users/admin/builder/spi-builder-workspace/.derivedData/Build/Intermediates.noindex/GeneratedModuleMaps-watchos/CNIOFreeBSD.modulemap -Xcc -fmodule-map-file\=/Users/admin/builder/spi-builder-workspace/.dependencies/checkouts/swift-nio/Sources/CNIOWindows/include/module.modulemap -Xcc -fmodule-map-file\=/Users/admin/builder/spi-builder-workspace/.derivedData/Build/Intermediates.noindex/GeneratedModuleMaps-watchos/CNIODarwin.modulemap -Xcc -fmodule-map-file\=/Users/admin/builder/spi-builder-workspace/.derivedData/Build/Intermediates.noindex/GeneratedModuleMaps-watchos/CNIOLinux.modulemap -Xcc -fmodule-map-file\=/Users/admin/builder/spi-builder-workspace/.derivedData/Build/Intermediates.noindex/GeneratedModuleMaps-watchos/CNIOOpenBSD.modulemap -Xcc -fmodule-map-file\=/Users/admin/builder/spi-builder-workspace/.derivedData/Build/Intermediates.noindex/GeneratedModuleMaps-watchos/CNIOAtomics.modulemap -Xcc -fmodule-map-file\=/Users/admin/builder/spi-builder-workspace/.derivedData/Build/Intermediates.noindex/GeneratedModuleMaps-watchos/CNIOExtrasZlib.modulemap -Xcc -fmodule-map-file\=/Users/admin/builder/spi-builder-workspace/.dependencies/checkouts/swift-atomics/Sources/_AtomicsShims/include/module.modulemap -Xcc -fmodule-map-file\=/Users/admin/builder/spi-builder-workspace/.dependencies/checkouts/swift-numerics/Sources/_NumericsShims/include/module.modulemap -Xcc -fmodule-map-file\=/Users/admin/builder/spi-builder-workspace/.dependencies/checkouts/swift-system/Sources/CSystem/include/module.modulemap -Xcc -fmodule-map-file\=/Users/admin/builder/spi-builder-workspace/.derivedData/Build/Intermediates.noindex/GeneratedModuleMaps-watchos/CAsyncHTTPClient.modulemap -DXcode -plugin-path /Applications/Xcode-27.0.0-Release.Candidate.app/Contents/Developer/Toolchains/XcodeDefault.xctoolchain/usr/lib/swift/host/plugins/testing -enable-experimental-feature DebugDescriptionMacro -sdk /Applications/Xcode-27.0.0-Release.Candidate.app/Contents/Developer/Platforms/WatchOS.platform/Developer/SDKs/WatchOS27.0.sdk -target arm64_32-apple-watchos9.0 -g -module-cache-path /Users/admin/builder/spi-builder-workspace/.derivedData/ModuleCache.noindex -Xfrontend -serialize-debugging-options -profile-coverage-mapping -profile-generate -enable-testing -index-store-path /Users/admin/builder/spi-builder-workspace/.derivedData/Index.noindex/DataStore -Xcc -D_LIBCPP_HARDENING_MODE\=_LIBCPP_HARDENING_MODE_DEBUG -swift-version 5 -I /Users/admin/builder/spi-builder-workspace/.derivedData/Build/Products/Debug-watchos -Isystem /Applications/Xcode-27.0.0-Release.Candidate.app/Contents/Developer/Platforms/WatchOS.platform/Developer/usr/lib -F /Users/admin/builder/spi-builder-workspace/.derivedData/Build/Products/Debug-watchos/PackageFrameworks -F /Users/admin/builder/spi-builder-workspace/.derivedData/Build/Products/Debug-watchos -F /Applications/Xcode-27.0.0-Release.Candidate.app/Contents/Developer/Platforms/WatchOS.platform/Developer/Library/Frameworks -F /Applications/Xcode-27.0.0-Release.Candidate.app/Contents/Developer/Platforms/WatchOS.platform/Developer/SDKs/WatchOS27.0.sdk/Developer/Library/Frameworks -c -j10 -enable-batch-mode -incremental -Xcc -ivfsstatcache -Xcc /Users/admin/builder/spi-builder-workspace/.derivedData/SDKStatCaches.noindex/watchos27.0-24R360-e829b21a6f8c9b70876ba0858053c04477534ef55a1706bf4c1112bbb242f0a2.sdkstatcache -output-file-map /Users/admin/builder/spi-builder-workspace/.derivedData/Build/Intermediates.noindex/smoke-framework.build/Debug-watchos/_SmokeOperationsHTTP1Concurrency-t.build/Objects-normal/arm64_32/_SmokeOperationsHTTP1Concurrency-OutputFileMap.json -save-temps -no-color-diagnostics -explicit-module-build -module-cache-path /Users/admin/builder/spi-builder-workspace/.derivedData/Build/Intermediates.noindex/SwiftExplicitPrecompiledModules -clang-scanner-module-cache-path /Users/admin/builder/spi-builder-workspace/.derivedData/ModuleCache.noindex -sdk-module-cache-path /Users/admin/builder/spi-builder-workspace/.derivedData/SDKExplicitPrecompiledModules -emit-dependencies -emit-module -emit-module-path /Users/admin/builder/spi-builder-workspace/.derivedData/Build/Intermediates.noindex/smoke-framework.build/Debug-watchos/_SmokeOperationsHTTP1Concurrency-t.build/Objects-normal/arm64_32/_SmokeOperationsHTTP1Concurrency.swiftmodule -serialize-diagnostics -dependency-scan-serialize-diagnostics-path /Users/admin/builder/spi-builder-workspace/.derivedData/Build/Intermediates.noindex/smoke-framework.build/Debug-watchos/_SmokeOperationsHTTP1Concurrency-t.build/Objects-normal/arm64_32/_SmokeOperationsHTTP1Concurrency-dependency-scan.dia -validate-clang-modules-once -clang-build-session-file /Users/admin/builder/spi-builder-workspace/.derivedData/ModuleCache.noindex/Session.modulevalidation -Xcc -fmodules-prune-interval\=86400 -Xcc -fmodules-prune-after\=345600 -emit-const-values -const-gather-protocols-list /Users/admin/builder/spi-builder-workspace/.derivedData/Build/Intermediates.noindex/smoke-framework.build/Debug-watchos/_SmokeOperationsHTTP1Concurrency-t.build/Objects-normal/arm64_32/_SmokeOperationsHTTP1Concurrency_const_extract_protocols.json -Xcc -I/Users/admin/builder/spi-builder-workspace/.dependencies/checkouts/swift-nio/Sources/CNIOLLHTTP/include -Xcc -I/Users/admin/builder/spi-builder-workspace/.dependencies/checkouts/swift-nio-ssl/Sources/CNIOBoringSSLShims/include -Xcc -I/Users/admin/builder/spi-builder-workspace/.dependencies/checkouts/swift-nio-ssl/Sources/CNIOBoringSSL/include -Xcc -I/Users/admin/builder/spi-builder-workspace/.dependencies/checkouts/swift-nio/Sources/CNIOPosix/include -Xcc -I/Users/admin/builder/spi-builder-workspace/.dependencies/checkouts/swift-nio/Sources/CNIOWASI/include -Xcc -I/Users/admin/builder/spi-builder-workspace/.dependencies/checkouts/swift-nio/Sources/CNIOFreeBSD/include -Xcc -I/Users/admin/builder/spi-builder-workspace/.dependencies/checkouts/swift-nio/Sources/CNIOWindows/include -Xcc -I/Users/admin/builder/spi-builder-workspace/.dependencies/checkouts/swift-nio/Sources/CNIODarwin/include -Xcc -I/Users/admin/builder/spi-builder-workspace/.dependencies/checkouts/swift-nio/Sources/CNIOLinux/include -Xcc -I/Users/admin/builder/spi-builder-workspace/.dependencies/checkouts/swift-nio/Sources/CNIOOpenBSD/include -Xcc -I/Users/admin/builder/spi-builder-workspace/.dependencies/checkouts/swift-nio/Sources/CNIOAtomics/include -Xcc -I/Users/admin/builder/spi-builder-workspace/.dependencies/checkouts/swift-nio-extras/Sources/CNIOExtrasZlib/include -Xcc -I/Users/admin/builder/spi-builder-workspace/.dependencies/checkouts/swift-atomics/Sources/_AtomicsShims/include -Xcc -I/Users/admin/builder/spi-builder-workspace/.dependencies/checkouts/swift-numerics/Sources/_NumericsShims/include -Xcc -I/Users/admin/builder/spi-builder-workspace/.dependencies/checkouts/swift-system/Sources/CSystem/include -Xcc -I/Users/admin/builder/spi-builder-workspace/.dependencies/checkouts/async-http-client/Sources/CAsyncHTTPClient/include -Xcc -I/Users/admin/builder/spi-builder-workspace/.derivedData/Build/Products/Debug-watchos/include -Xcc -I/Users/admin/builder/spi-builder-workspace/.derivedData/Build/Intermediates.noindex/smoke-framework.build/Debug-watchos/_SmokeOperationsHTTP1Concurrency-t.build/DerivedSources-normal/arm64_32 -Xcc -I/Users/admin/builder/spi-builder-workspace/.derivedData/Build/Intermediates.noindex/smoke-framework.build/Debug-watchos/_SmokeOperationsHTTP1Concurrency-t.build/DerivedSources/arm64_32 -Xcc -I/Users/admin/builder/spi-builder-workspace/.derivedData/Build/Intermediates.noindex/smoke-framework.build/Debug-watchos/_SmokeOperationsHTTP1Concurrency-t.build/DerivedSources -Xcc -DSWIFT_PACKAGE -Xcc -DDEBUG\=1 -emit-objc-header -emit-objc-header-path /Users/admin/builder/spi-builder-workspace/.derivedData/Build/Intermediates.noindex/smoke-framework.build/Debug-watchos/_SmokeOperationsHTTP1Concurrency-t.build/Objects-normal/arm64_32/_SmokeOperationsHTTP1Concurrency-Swift.h -working-directory /Users/admin/builder/spi-builder-workspace/.swiftpm/xcode -experimental-emit-module-separately -disable-cmo
SwiftCompile normal arm64 Compiling\ SmokeAsyncServerPerInvocationContextInitializer.swift,\ SmokeAsyncServerStaticContextInitializer.swift /Users/admin/builder/spi-builder-workspace/Sources/SmokeOperationsHTTP1Server/SmokeAsyncServerPerInvocationContextInitializer.swift /Users/admin/builder/spi-builder-workspace/Sources/SmokeOperationsHTTP1Server/SmokeAsyncServerStaticContextInitializer.swift (in target 'SmokeOperationsHTTP1Server' from project 'smoke-framework')
SwiftCompile normal arm64 /Users/admin/builder/spi-builder-workspace/Sources/SmokeOperationsHTTP1Server/SmokeAsyncServerPerInvocationContextInitializer.swift (in target 'SmokeOperationsHTTP1Server' from project 'smoke-framework')
cd /Users/admin/builder/spi-builder-workspace/.swiftpm/xcode
builtin-SwiftPerFileCompile SmokeAsyncServerPerInvocationContextInitializer.swift
SwiftCompile normal arm64 /Users/admin/builder/spi-builder-workspace/Sources/SmokeOperationsHTTP1Server/SmokeAsyncServerStaticContextInitializer.swift (in target 'SmokeOperationsHTTP1Server' from project 'smoke-framework')
cd /Users/admin/builder/spi-builder-workspace/.swiftpm/xcode
builtin-SwiftPerFileCompile SmokeAsyncServerStaticContextInitializer.swift
SwiftCompile normal arm64_32 Compiling\ SmokeServerStaticContextInitializerV2.swift,\ StandardHTTP1ResponseHandler.swift /Users/admin/builder/spi-builder-workspace/Sources/SmokeOperationsHTTP1Server/SmokeServerStaticContextInitializerV2.swift /Users/admin/builder/spi-builder-workspace/Sources/SmokeOperationsHTTP1Server/StandardHTTP1ResponseHandler.swift (in target 'SmokeOperationsHTTP1Server' from project 'smoke-framework')
SwiftCompile normal arm64_32 /Users/admin/builder/spi-builder-workspace/Sources/SmokeOperationsHTTP1Server/SmokeServerStaticContextInitializerV2.swift (in target 'SmokeOperationsHTTP1Server' from project 'smoke-framework')
cd /Users/admin/builder/spi-builder-workspace/.swiftpm/xcode
builtin-SwiftPerFileCompile SmokeServerStaticContextInitializerV2.swift
SwiftCompile normal arm64_32 /Users/admin/builder/spi-builder-workspace/Sources/SmokeOperationsHTTP1Server/StandardHTTP1ResponseHandler.swift (in target 'SmokeOperationsHTTP1Server' from project 'smoke-framework')
cd /Users/admin/builder/spi-builder-workspace/.swiftpm/xcode
builtin-SwiftPerFileCompile StandardHTTP1ResponseHandler.swift
SwiftCompile normal arm64 Compiling\ StandardJSONSmokeAsyncServerPerInvocationContextInitializer.swift,\ StandardJSONSmokeAsyncServerStaticContextInitializer.swift /Users/admin/builder/spi-builder-workspace/Sources/SmokeOperationsHTTP1Server/StandardJSONSmokeAsyncServerPerInvocationContextInitializer.swift /Users/admin/builder/spi-builder-workspace/Sources/SmokeOperationsHTTP1Server/StandardJSONSmokeAsyncServerStaticContextInitializer.swift (in target 'SmokeOperationsHTTP1Server' from project 'smoke-framework')
SwiftCompile normal arm64 /Users/admin/builder/spi-builder-workspace/Sources/SmokeOperationsHTTP1Server/StandardJSONSmokeAsyncServerPerInvocationContextInitializer.swift (in target 'SmokeOperationsHTTP1Server' from project 'smoke-framework')
cd /Users/admin/builder/spi-builder-workspace/.swiftpm/xcode
builtin-SwiftPerFileCompile StandardJSONSmokeAsyncServerPerInvocationContextInitializer.swift
SwiftCompile normal arm64 /Users/admin/builder/spi-builder-workspace/Sources/SmokeOperationsHTTP1Server/StandardJSONSmokeAsyncServerStaticContextInitializer.swift (in target 'SmokeOperationsHTTP1Server' from project 'smoke-framework')
cd /Users/admin/builder/spi-builder-workspace/.swiftpm/xcode
builtin-SwiftPerFileCompile StandardJSONSmokeAsyncServerStaticContextInitializer.swift
SwiftDriverJobDiscovery normal arm64_32 Compiling StandardJSONSmokeAsyncServerPerInvocationContextInitializer.swift, StandardJSONSmokeAsyncServerStaticContextInitializer.swift (in target 'SmokeOperationsHTTP1Server' from project 'smoke-framework')
SwiftDriver\ Compilation\ Requirements _SmokeOperationsHTTP1Concurrency normal arm64 com.apple.xcode.tools.swift.compiler (in target '_SmokeOperationsHTTP1Concurrency' from project 'smoke-framework')
cd /Users/admin/builder/spi-builder-workspace/.swiftpm/xcode
builtin-Swift-Compilation-Requirements -- /Applications/Xcode-27.0.0-Release.Candidate.app/Contents/Developer/Toolchains/XcodeDefault.xctoolchain/usr/bin/swiftc -parse-as-library -module-name _SmokeOperationsHTTP1Concurrency -Onone @/Users/admin/builder/spi-builder-workspace/.derivedData/Build/Intermediates.noindex/smoke-framework.build/Debug-watchos/_SmokeOperationsHTTP1Concurrency-t.build/Objects-normal/arm64/_SmokeOperationsHTTP1Concurrency.SwiftFileList -DSWIFT_PACKAGE -DDEBUG -DSWIFT_MODULE_RESOURCE_BUNDLE_UNAVAILABLE -Xcc -fmodule-map-file\=/Users/admin/builder/spi-builder-workspace/.derivedData/Build/Intermediates.noindex/GeneratedModuleMaps-watchos/CNIOLLHTTP.modulemap -Xcc -fmodule-map-file\=/Users/admin/builder/spi-builder-workspace/.derivedData/Build/Intermediates.noindex/GeneratedModuleMaps-watchos/CNIOBoringSSLShims.modulemap -Xcc -fmodule-map-file\=/Users/admin/builder/spi-builder-workspace/.dependencies/checkouts/swift-nio-ssl/Sources/CNIOBoringSSL/include/module.modulemap -Xcc -fmodule-map-file\=/Users/admin/builder/spi-builder-workspace/.derivedData/Build/Intermediates.noindex/GeneratedModuleMaps-watchos/CNIOPosix.modulemap -Xcc -fmodule-map-file\=/Users/admin/builder/spi-builder-workspace/.derivedData/Build/Intermediates.noindex/GeneratedModuleMaps-watchos/CNIOWASI.modulemap -Xcc -fmodule-map-file\=/Users/admin/builder/spi-builder-workspace/.derivedData/Build/Intermediates.noindex/GeneratedModuleMaps-watchos/CNIOFreeBSD.modulemap -Xcc -fmodule-map-file\=/Users/admin/builder/spi-builder-workspace/.dependencies/checkouts/swift-nio/Sources/CNIOWindows/include/module.modulemap -Xcc -fmodule-map-file\=/Users/admin/builder/spi-builder-workspace/.derivedData/Build/Intermediates.noindex/GeneratedModuleMaps-watchos/CNIODarwin.modulemap -Xcc -fmodule-map-file\=/Users/admin/builder/spi-builder-workspace/.derivedData/Build/Intermediates.noindex/GeneratedModuleMaps-watchos/CNIOLinux.modulemap -Xcc -fmodule-map-file\=/Users/admin/builder/spi-builder-workspace/.derivedData/Build/Intermediates.noindex/GeneratedModuleMaps-watchos/CNIOOpenBSD.modulemap -Xcc -fmodule-map-file\=/Users/admin/builder/spi-builder-workspace/.derivedData/Build/Intermediates.noindex/GeneratedModuleMaps-watchos/CNIOAtomics.modulemap -Xcc -fmodule-map-file\=/Users/admin/builder/spi-builder-workspace/.derivedData/Build/Intermediates.noindex/GeneratedModuleMaps-watchos/CNIOExtrasZlib.modulemap -Xcc -fmodule-map-file\=/Users/admin/builder/spi-builder-workspace/.dependencies/checkouts/swift-atomics/Sources/_AtomicsShims/include/module.modulemap -Xcc -fmodule-map-file\=/Users/admin/builder/spi-builder-workspace/.dependencies/checkouts/swift-numerics/Sources/_NumericsShims/include/module.modulemap -Xcc -fmodule-map-file\=/Users/admin/builder/spi-builder-workspace/.dependencies/checkouts/swift-system/Sources/CSystem/include/module.modulemap -Xcc -fmodule-map-file\=/Users/admin/builder/spi-builder-workspace/.derivedData/Build/Intermediates.noindex/GeneratedModuleMaps-watchos/CAsyncHTTPClient.modulemap -DXcode -plugin-path /Applications/Xcode-27.0.0-Release.Candidate.app/Contents/Developer/Toolchains/XcodeDefault.xctoolchain/usr/lib/swift/host/plugins/testing -enable-experimental-feature DebugDescriptionMacro -sdk /Applications/Xcode-27.0.0-Release.Candidate.app/Contents/Developer/Platforms/WatchOS.platform/Developer/SDKs/WatchOS27.0.sdk -target arm64-apple-watchos9.0 -g -module-cache-path /Users/admin/builder/spi-builder-workspace/.derivedData/ModuleCache.noindex -Xfrontend -serialize-debugging-options -profile-coverage-mapping -profile-generate -enable-testing -index-store-path /Users/admin/builder/spi-builder-workspace/.derivedData/Index.noindex/DataStore -Xcc -D_LIBCPP_HARDENING_MODE\=_LIBCPP_HARDENING_MODE_DEBUG -swift-version 5 -I /Users/admin/builder/spi-builder-workspace/.derivedData/Build/Products/Debug-watchos -Isystem /Applications/Xcode-27.0.0-Release.Candidate.app/Contents/Developer/Platforms/WatchOS.platform/Developer/usr/lib -F /Users/admin/builder/spi-builder-workspace/.derivedData/Build/Products/Debug-watchos/PackageFrameworks -F /Users/admin/builder/spi-builder-workspace/.derivedData/Build/Products/Debug-watchos -F /Applications/Xcode-27.0.0-Release.Candidate.app/Contents/Developer/Platforms/WatchOS.platform/Developer/Library/Frameworks -F /Applications/Xcode-27.0.0-Release.Candidate.app/Contents/Developer/Platforms/WatchOS.platform/Developer/SDKs/WatchOS27.0.sdk/Developer/Library/Frameworks -c -j10 -enable-batch-mode -incremental -Xcc -ivfsstatcache -Xcc /Users/admin/builder/spi-builder-workspace/.derivedData/SDKStatCaches.noindex/watchos27.0-24R360-e829b21a6f8c9b70876ba0858053c04477534ef55a1706bf4c1112bbb242f0a2.sdkstatcache -output-file-map /Users/admin/builder/spi-builder-workspace/.derivedData/Build/Intermediates.noindex/smoke-framework.build/Debug-watchos/_SmokeOperationsHTTP1Concurrency-t.build/Objects-normal/arm64/_SmokeOperationsHTTP1Concurrency-OutputFileMap.json -save-temps -no-color-diagnostics -explicit-module-build -module-cache-path /Users/admin/builder/spi-builder-workspace/.derivedData/Build/Intermediates.noindex/SwiftExplicitPrecompiledModules -clang-scanner-module-cache-path /Users/admin/builder/spi-builder-workspace/.derivedData/ModuleCache.noindex -sdk-module-cache-path /Users/admin/builder/spi-builder-workspace/.derivedData/SDKExplicitPrecompiledModules -emit-dependencies -emit-module -emit-module-path /Users/admin/builder/spi-builder-workspace/.derivedData/Build/Intermediates.noindex/smoke-framework.build/Debug-watchos/_SmokeOperationsHTTP1Concurrency-t.build/Objects-normal/arm64/_SmokeOperationsHTTP1Concurrency.swiftmodule -serialize-diagnostics -dependency-scan-serialize-diagnostics-path /Users/admin/builder/spi-builder-workspace/.derivedData/Build/Intermediates.noindex/smoke-framework.build/Debug-watchos/_SmokeOperationsHTTP1Concurrency-t.build/Objects-normal/arm64/_SmokeOperationsHTTP1Concurrency-dependency-scan.dia -validate-clang-modules-once -clang-build-session-file /Users/admin/builder/spi-builder-workspace/.derivedData/ModuleCache.noindex/Session.modulevalidation -Xcc -fmodules-prune-interval\=86400 -Xcc -fmodules-prune-after\=345600 -emit-const-values -const-gather-protocols-list /Users/admin/builder/spi-builder-workspace/.derivedData/Build/Intermediates.noindex/smoke-framework.build/Debug-watchos/_SmokeOperationsHTTP1Concurrency-t.build/Objects-normal/arm64/_SmokeOperationsHTTP1Concurrency_const_extract_protocols.json -Xcc -I/Users/admin/builder/spi-builder-workspace/.dependencies/checkouts/swift-nio/Sources/CNIOLLHTTP/include -Xcc -I/Users/admin/builder/spi-builder-workspace/.dependencies/checkouts/swift-nio-ssl/Sources/CNIOBoringSSLShims/include -Xcc -I/Users/admin/builder/spi-builder-workspace/.dependencies/checkouts/swift-nio-ssl/Sources/CNIOBoringSSL/include -Xcc -I/Users/admin/builder/spi-builder-workspace/.dependencies/checkouts/swift-nio/Sources/CNIOPosix/include -Xcc -I/Users/admin/builder/spi-builder-workspace/.dependencies/checkouts/swift-nio/Sources/CNIOWASI/include -Xcc -I/Users/admin/builder/spi-builder-workspace/.dependencies/checkouts/swift-nio/Sources/CNIOFreeBSD/include -Xcc -I/Users/admin/builder/spi-builder-workspace/.dependencies/checkouts/swift-nio/Sources/CNIOWindows/include -Xcc -I/Users/admin/builder/spi-builder-workspace/.dependencies/checkouts/swift-nio/Sources/CNIODarwin/include -Xcc -I/Users/admin/builder/spi-builder-workspace/.dependencies/checkouts/swift-nio/Sources/CNIOLinux/include -Xcc -I/Users/admin/builder/spi-builder-workspace/.dependencies/checkouts/swift-nio/Sources/CNIOOpenBSD/include -Xcc -I/Users/admin/builder/spi-builder-workspace/.dependencies/checkouts/swift-nio/Sources/CNIOAtomics/include -Xcc -I/Users/admin/builder/spi-builder-workspace/.dependencies/checkouts/swift-nio-extras/Sources/CNIOExtrasZlib/include -Xcc -I/Users/admin/builder/spi-builder-workspace/.dependencies/checkouts/swift-atomics/Sources/_AtomicsShims/include -Xcc -I/Users/admin/builder/spi-builder-workspace/.dependencies/checkouts/swift-numerics/Sources/_NumericsShims/include -Xcc -I/Users/admin/builder/spi-builder-workspace/.dependencies/checkouts/swift-system/Sources/CSystem/include -Xcc -I/Users/admin/builder/spi-builder-workspace/.dependencies/checkouts/async-http-client/Sources/CAsyncHTTPClient/include -Xcc -I/Users/admin/builder/spi-builder-workspace/.derivedData/Build/Products/Debug-watchos/include -Xcc -I/Users/admin/builder/spi-builder-workspace/.derivedData/Build/Intermediates.noindex/smoke-framework.build/Debug-watchos/_SmokeOperationsHTTP1Concurrency-t.build/DerivedSources-normal/arm64 -Xcc -I/Users/admin/builder/spi-builder-workspace/.derivedData/Build/Intermediates.noindex/smoke-framework.build/Debug-watchos/_SmokeOperationsHTTP1Concurrency-t.build/DerivedSources/arm64 -Xcc -I/Users/admin/builder/spi-builder-workspace/.derivedData/Build/Intermediates.noindex/smoke-framework.build/Debug-watchos/_SmokeOperationsHTTP1Concurrency-t.build/DerivedSources -Xcc -DSWIFT_PACKAGE -Xcc -DDEBUG\=1 -emit-objc-header -emit-objc-header-path /Users/admin/builder/spi-builder-workspace/.derivedData/Build/Intermediates.noindex/smoke-framework.build/Debug-watchos/_SmokeOperationsHTTP1Concurrency-t.build/Objects-normal/arm64/_SmokeOperationsHTTP1Concurrency-Swift.h -working-directory /Users/admin/builder/spi-builder-workspace/.swiftpm/xcode -experimental-emit-module-separately -disable-cmo
SwiftDriver\ Compilation _SmokeOperationsHTTP1Concurrency normal arm64 com.apple.xcode.tools.swift.compiler (in target '_SmokeOperationsHTTP1Concurrency' from project 'smoke-framework')
cd /Users/admin/builder/spi-builder-workspace/.swiftpm/xcode
builtin-Swift-Compilation -- /Applications/Xcode-27.0.0-Release.Candidate.app/Contents/Developer/Toolchains/XcodeDefault.xctoolchain/usr/bin/swiftc -parse-as-library -module-name _SmokeOperationsHTTP1Concurrency -Onone @/Users/admin/builder/spi-builder-workspace/.derivedData/Build/Intermediates.noindex/smoke-framework.build/Debug-watchos/_SmokeOperationsHTTP1Concurrency-t.build/Objects-normal/arm64/_SmokeOperationsHTTP1Concurrency.SwiftFileList -DSWIFT_PACKAGE -DDEBUG -DSWIFT_MODULE_RESOURCE_BUNDLE_UNAVAILABLE -Xcc -fmodule-map-file\=/Users/admin/builder/spi-builder-workspace/.derivedData/Build/Intermediates.noindex/GeneratedModuleMaps-watchos/CNIOLLHTTP.modulemap -Xcc -fmodule-map-file\=/Users/admin/builder/spi-builder-workspace/.derivedData/Build/Intermediates.noindex/GeneratedModuleMaps-watchos/CNIOBoringSSLShims.modulemap -Xcc -fmodule-map-file\=/Users/admin/builder/spi-builder-workspace/.dependencies/checkouts/swift-nio-ssl/Sources/CNIOBoringSSL/include/module.modulemap -Xcc -fmodule-map-file\=/Users/admin/builder/spi-builder-workspace/.derivedData/Build/Intermediates.noindex/GeneratedModuleMaps-watchos/CNIOPosix.modulemap -Xcc -fmodule-map-file\=/Users/admin/builder/spi-builder-workspace/.derivedData/Build/Intermediates.noindex/GeneratedModuleMaps-watchos/CNIOWASI.modulemap -Xcc -fmodule-map-file\=/Users/admin/builder/spi-builder-workspace/.derivedData/Build/Intermediates.noindex/GeneratedModuleMaps-watchos/CNIOFreeBSD.modulemap -Xcc -fmodule-map-file\=/Users/admin/builder/spi-builder-workspace/.dependencies/checkouts/swift-nio/Sources/CNIOWindows/include/module.modulemap -Xcc -fmodule-map-file\=/Users/admin/builder/spi-builder-workspace/.derivedData/Build/Intermediates.noindex/GeneratedModuleMaps-watchos/CNIODarwin.modulemap -Xcc -fmodule-map-file\=/Users/admin/builder/spi-builder-workspace/.derivedData/Build/Intermediates.noindex/GeneratedModuleMaps-watchos/CNIOLinux.modulemap -Xcc -fmodule-map-file\=/Users/admin/builder/spi-builder-workspace/.derivedData/Build/Intermediates.noindex/GeneratedModuleMaps-watchos/CNIOOpenBSD.modulemap -Xcc -fmodule-map-file\=/Users/admin/builder/spi-builder-workspace/.derivedData/Build/Intermediates.noindex/GeneratedModuleMaps-watchos/CNIOAtomics.modulemap -Xcc -fmodule-map-file\=/Users/admin/builder/spi-builder-workspace/.derivedData/Build/Intermediates.noindex/GeneratedModuleMaps-watchos/CNIOExtrasZlib.modulemap -Xcc -fmodule-map-file\=/Users/admin/builder/spi-builder-workspace/.dependencies/checkouts/swift-atomics/Sources/_AtomicsShims/include/module.modulemap -Xcc -fmodule-map-file\=/Users/admin/builder/spi-builder-workspace/.dependencies/checkouts/swift-numerics/Sources/_NumericsShims/include/module.modulemap -Xcc -fmodule-map-file\=/Users/admin/builder/spi-builder-workspace/.dependencies/checkouts/swift-system/Sources/CSystem/include/module.modulemap -Xcc -fmodule-map-file\=/Users/admin/builder/spi-builder-workspace/.derivedData/Build/Intermediates.noindex/GeneratedModuleMaps-watchos/CAsyncHTTPClient.modulemap -DXcode -plugin-path /Applications/Xcode-27.0.0-Release.Candidate.app/Contents/Developer/Toolchains/XcodeDefault.xctoolchain/usr/lib/swift/host/plugins/testing -enable-experimental-feature DebugDescriptionMacro -sdk /Applications/Xcode-27.0.0-Release.Candidate.app/Contents/Developer/Platforms/WatchOS.platform/Developer/SDKs/WatchOS27.0.sdk -target arm64-apple-watchos9.0 -g -module-cache-path /Users/admin/builder/spi-builder-workspace/.derivedData/ModuleCache.noindex -Xfrontend -serialize-debugging-options -profile-coverage-mapping -profile-generate -enable-testing -index-store-path /Users/admin/builder/spi-builder-workspace/.derivedData/Index.noindex/DataStore -Xcc -D_LIBCPP_HARDENING_MODE\=_LIBCPP_HARDENING_MODE_DEBUG -swift-version 5 -I /Users/admin/builder/spi-builder-workspace/.derivedData/Build/Products/Debug-watchos -Isystem /Applications/Xcode-27.0.0-Release.Candidate.app/Contents/Developer/Platforms/WatchOS.platform/Developer/usr/lib -F /Users/admin/builder/spi-builder-workspace/.derivedData/Build/Products/Debug-watchos/PackageFrameworks -F /Users/admin/builder/spi-builder-workspace/.derivedData/Build/Products/Debug-watchos -F /Applications/Xcode-27.0.0-Release.Candidate.app/Contents/Developer/Platforms/WatchOS.platform/Developer/Library/Frameworks -F /Applications/Xcode-27.0.0-Release.Candidate.app/Contents/Developer/Platforms/WatchOS.platform/Developer/SDKs/WatchOS27.0.sdk/Developer/Library/Frameworks -c -j10 -enable-batch-mode -incremental -Xcc -ivfsstatcache -Xcc /Users/admin/builder/spi-builder-workspace/.derivedData/SDKStatCaches.noindex/watchos27.0-24R360-e829b21a6f8c9b70876ba0858053c04477534ef55a1706bf4c1112bbb242f0a2.sdkstatcache -output-file-map /Users/admin/builder/spi-builder-workspace/.derivedData/Build/Intermediates.noindex/smoke-framework.build/Debug-watchos/_SmokeOperationsHTTP1Concurrency-t.build/Objects-normal/arm64/_SmokeOperationsHTTP1Concurrency-OutputFileMap.json -save-temps -no-color-diagnostics -explicit-module-build -module-cache-path /Users/admin/builder/spi-builder-workspace/.derivedData/Build/Intermediates.noindex/SwiftExplicitPrecompiledModules -clang-scanner-module-cache-path /Users/admin/builder/spi-builder-workspace/.derivedData/ModuleCache.noindex -sdk-module-cache-path /Users/admin/builder/spi-builder-workspace/.derivedData/SDKExplicitPrecompiledModules -emit-dependencies -emit-module -emit-module-path /Users/admin/builder/spi-builder-workspace/.derivedData/Build/Intermediates.noindex/smoke-framework.build/Debug-watchos/_SmokeOperationsHTTP1Concurrency-t.build/Objects-normal/arm64/_SmokeOperationsHTTP1Concurrency.swiftmodule -serialize-diagnostics -dependency-scan-serialize-diagnostics-path /Users/admin/builder/spi-builder-workspace/.derivedData/Build/Intermediates.noindex/smoke-framework.build/Debug-watchos/_SmokeOperationsHTTP1Concurrency-t.build/Objects-normal/arm64/_SmokeOperationsHTTP1Concurrency-dependency-scan.dia -validate-clang-modules-once -clang-build-session-file /Users/admin/builder/spi-builder-workspace/.derivedData/ModuleCache.noindex/Session.modulevalidation -Xcc -fmodules-prune-interval\=86400 -Xcc -fmodules-prune-after\=345600 -emit-const-values -const-gather-protocols-list /Users/admin/builder/spi-builder-workspace/.derivedData/Build/Intermediates.noindex/smoke-framework.build/Debug-watchos/_SmokeOperationsHTTP1Concurrency-t.build/Objects-normal/arm64/_SmokeOperationsHTTP1Concurrency_const_extract_protocols.json -Xcc -I/Users/admin/builder/spi-builder-workspace/.dependencies/checkouts/swift-nio/Sources/CNIOLLHTTP/include -Xcc -I/Users/admin/builder/spi-builder-workspace/.dependencies/checkouts/swift-nio-ssl/Sources/CNIOBoringSSLShims/include -Xcc -I/Users/admin/builder/spi-builder-workspace/.dependencies/checkouts/swift-nio-ssl/Sources/CNIOBoringSSL/include -Xcc -I/Users/admin/builder/spi-builder-workspace/.dependencies/checkouts/swift-nio/Sources/CNIOPosix/include -Xcc -I/Users/admin/builder/spi-builder-workspace/.dependencies/checkouts/swift-nio/Sources/CNIOWASI/include -Xcc -I/Users/admin/builder/spi-builder-workspace/.dependencies/checkouts/swift-nio/Sources/CNIOFreeBSD/include -Xcc -I/Users/admin/builder/spi-builder-workspace/.dependencies/checkouts/swift-nio/Sources/CNIOWindows/include -Xcc -I/Users/admin/builder/spi-builder-workspace/.dependencies/checkouts/swift-nio/Sources/CNIODarwin/include -Xcc -I/Users/admin/builder/spi-builder-workspace/.dependencies/checkouts/swift-nio/Sources/CNIOLinux/include -Xcc -I/Users/admin/builder/spi-builder-workspace/.dependencies/checkouts/swift-nio/Sources/CNIOOpenBSD/include -Xcc -I/Users/admin/builder/spi-builder-workspace/.dependencies/checkouts/swift-nio/Sources/CNIOAtomics/include -Xcc -I/Users/admin/builder/spi-builder-workspace/.dependencies/checkouts/swift-nio-extras/Sources/CNIOExtrasZlib/include -Xcc -I/Users/admin/builder/spi-builder-workspace/.dependencies/checkouts/swift-atomics/Sources/_AtomicsShims/include -Xcc -I/Users/admin/builder/spi-builder-workspace/.dependencies/checkouts/swift-numerics/Sources/_NumericsShims/include -Xcc -I/Users/admin/builder/spi-builder-workspace/.dependencies/checkouts/swift-system/Sources/CSystem/include -Xcc -I/Users/admin/builder/spi-builder-workspace/.dependencies/checkouts/async-http-client/Sources/CAsyncHTTPClient/include -Xcc -I/Users/admin/builder/spi-builder-workspace/.derivedData/Build/Products/Debug-watchos/include -Xcc -I/Users/admin/builder/spi-builder-workspace/.derivedData/Build/Intermediates.noindex/smoke-framework.build/Debug-watchos/_SmokeOperationsHTTP1Concurrency-t.build/DerivedSources-normal/arm64 -Xcc -I/Users/admin/builder/spi-builder-workspace/.derivedData/Build/Intermediates.noindex/smoke-framework.build/Debug-watchos/_SmokeOperationsHTTP1Concurrency-t.build/DerivedSources/arm64 -Xcc -I/Users/admin/builder/spi-builder-workspace/.derivedData/Build/Intermediates.noindex/smoke-framework.build/Debug-watchos/_SmokeOperationsHTTP1Concurrency-t.build/DerivedSources -Xcc -DSWIFT_PACKAGE -Xcc -DDEBUG\=1 -emit-objc-header -emit-objc-header-path /Users/admin/builder/spi-builder-workspace/.derivedData/Build/Intermediates.noindex/smoke-framework.build/Debug-watchos/_SmokeOperationsHTTP1Concurrency-t.build/Objects-normal/arm64/_SmokeOperationsHTTP1Concurrency-Swift.h -working-directory /Users/admin/builder/spi-builder-workspace/.swiftpm/xcode -experimental-emit-module-separately -disable-cmo
SwiftCompile normal arm64 Compiling\ SmokeServerPerInvocationContextInitializerV2.swift,\ SmokeServerStaticContextInitializer.swift /Users/admin/builder/spi-builder-workspace/Sources/SmokeOperationsHTTP1Server/SmokeServerPerInvocationContextInitializerV2.swift /Users/admin/builder/spi-builder-workspace/Sources/SmokeOperationsHTTP1Server/SmokeServerStaticContextInitializer.swift (in target 'SmokeOperationsHTTP1Server' from project 'smoke-framework')
SwiftCompile normal arm64 /Users/admin/builder/spi-builder-workspace/Sources/SmokeOperationsHTTP1Server/SmokeServerPerInvocationContextInitializerV2.swift (in target 'SmokeOperationsHTTP1Server' from project 'smoke-framework')
cd /Users/admin/builder/spi-builder-workspace/.swiftpm/xcode
builtin-SwiftPerFileCompile SmokeServerPerInvocationContextInitializerV2.swift
SwiftCompile normal arm64 /Users/admin/builder/spi-builder-workspace/Sources/SmokeOperationsHTTP1Server/SmokeServerStaticContextInitializer.swift (in target 'SmokeOperationsHTTP1Server' from project 'smoke-framework')
cd /Users/admin/builder/spi-builder-workspace/.swiftpm/xcode
builtin-SwiftPerFileCompile SmokeServerStaticContextInitializer.swift
SwiftCompile normal arm64 Compiling\ HTTP1OperationTraceContext.swift,\ HTTP1RequestInvocationContext.swift,\ JSONPayloadHTTP1OperationDelegate.swift /Users/admin/builder/spi-builder-workspace/Sources/SmokeOperationsHTTP1Server/HTTP1OperationTraceContext.swift /Users/admin/builder/spi-builder-workspace/Sources/SmokeOperationsHTTP1Server/HTTP1RequestInvocationContext.swift /Users/admin/builder/spi-builder-workspace/Sources/SmokeOperationsHTTP1Server/JSONPayloadHTTP1OperationDelegate.swift (in target 'SmokeOperationsHTTP1Server' from project 'smoke-framework')
SwiftCompile normal arm64 /Users/admin/builder/spi-builder-workspace/Sources/SmokeOperationsHTTP1Server/HTTP1OperationTraceContext.swift (in target 'SmokeOperationsHTTP1Server' from project 'smoke-framework')
cd /Users/admin/builder/spi-builder-workspace/.swiftpm/xcode
builtin-SwiftPerFileCompile HTTP1OperationTraceContext.swift
SwiftCompile normal arm64 /Users/admin/builder/spi-builder-workspace/Sources/SmokeOperationsHTTP1Server/HTTP1RequestInvocationContext.swift (in target 'SmokeOperationsHTTP1Server' from project 'smoke-framework')
cd /Users/admin/builder/spi-builder-workspace/.swiftpm/xcode
builtin-SwiftPerFileCompile HTTP1RequestInvocationContext.swift
SwiftCompile normal arm64 /Users/admin/builder/spi-builder-workspace/Sources/SmokeOperationsHTTP1Server/JSONPayloadHTTP1OperationDelegate.swift (in target 'SmokeOperationsHTTP1Server' from project 'smoke-framework')
cd /Users/admin/builder/spi-builder-workspace/.swiftpm/xcode
builtin-SwiftPerFileCompile JSONPayloadHTTP1OperationDelegate.swift
SwiftCompile normal arm64 Compiling\ SmokeServerInvocationContext+HTTP1RequestInvocationContext.swift,\ SmokeServerInvocationReporting+withInvocationTraceContext.swift /Users/admin/builder/spi-builder-workspace/Sources/SmokeOperationsHTTP1Server/SmokeServerInvocationContext+HTTP1RequestInvocationContext.swift /Users/admin/builder/spi-builder-workspace/Sources/SmokeOperationsHTTP1Server/SmokeServerInvocationReporting+withInvocationTraceContext.swift (in target 'SmokeOperationsHTTP1Server' from project 'smoke-framework')
/Users/admin/builder/spi-builder-workspace/Sources/SmokeOperationsHTTP1Server/SmokeServerInvocationReporting+withInvocationTraceContext.swift:47:37: warning: generic parameter 'TraceContextType' shadows generic parameter from outer scope with the same name; this is an error in the Swift 6 language mode
45 | * Creates an instance conforming to the `HTTPClientCoreInvocationReporting` protocol from this instance and the provided trace context.
46 | */
47 | func withInvocationTraceContext<TraceContextType: InvocationTraceContext>(traceContext: TraceContextType) -> DelegatedInvocationReporting<TraceContextType> {
| `- warning: generic parameter 'TraceContextType' shadows generic parameter from outer scope with the same name; this is an error in the Swift 6 language mode
48 | return DelegatedInvocationReporting(logger: self.logger,
49 | internalRequestId: self.internalRequestId,
/Users/admin/builder/spi-builder-workspace/Sources/SmokeOperationsHTTP1Server/SmokeServerInvocationReporting.swift:34:46: note: 'TraceContextType' previously declared here
32 | A context related to reporting on the invocation of the SmokeFramework.
33 | */
34 | public struct SmokeServerInvocationReporting<TraceContextType: OperationTraceContext>: InvocationReportingWithTraceContext,
| `- note: 'TraceContextType' previously declared here
35 | HTTPClientInvocationAttributes {
36 | public let logger: Logger
SwiftCompile normal arm64 /Users/admin/builder/spi-builder-workspace/Sources/SmokeOperationsHTTP1Server/SmokeServerInvocationContext+HTTP1RequestInvocationContext.swift (in target 'SmokeOperationsHTTP1Server' from project 'smoke-framework')
cd /Users/admin/builder/spi-builder-workspace/.swiftpm/xcode
builtin-SwiftPerFileCompile SmokeServerInvocationContext+HTTP1RequestInvocationContext.swift
SwiftCompile normal arm64 /Users/admin/builder/spi-builder-workspace/Sources/SmokeOperationsHTTP1Server/SmokeServerInvocationReporting+withInvocationTraceContext.swift (in target 'SmokeOperationsHTTP1Server' from project 'smoke-framework')
cd /Users/admin/builder/spi-builder-workspace/.swiftpm/xcode
builtin-SwiftPerFileCompile SmokeServerInvocationReporting+withInvocationTraceContext.swift
SwiftDriverJobDiscovery normal arm64_32 Compiling SmokeServerPerInvocationContextInitializerV2.swift, SmokeServerStaticContextInitializer.swift (in target 'SmokeOperationsHTTP1Server' from project 'smoke-framework')
SwiftDriverJobDiscovery normal arm64_32 Emitting module for SmokeOperationsHTTP1Server (in target 'SmokeOperationsHTTP1Server' from project 'smoke-framework')
SwiftDriverJobDiscovery normal arm64 Emitting module for SmokeOperationsHTTP1Server (in target 'SmokeOperationsHTTP1Server' from project 'smoke-framework')
SwiftMergeGeneratedHeaders /Users/admin/builder/spi-builder-workspace/.derivedData/Build/Intermediates.noindex/GeneratedModuleMaps-watchos/_SmokeOperationsHTTP1Concurrency-Swift.h /Users/admin/builder/spi-builder-workspace/.derivedData/Build/Intermediates.noindex/smoke-framework.build/Debug-watchos/_SmokeOperationsHTTP1Concurrency-t.build/Objects-normal/arm64/_SmokeOperationsHTTP1Concurrency-Swift.h /Users/admin/builder/spi-builder-workspace/.derivedData/Build/Intermediates.noindex/smoke-framework.build/Debug-watchos/_SmokeOperationsHTTP1Concurrency-t.build/Objects-normal/arm64_32/_SmokeOperationsHTTP1Concurrency-Swift.h (in target '_SmokeOperationsHTTP1Concurrency' from project 'smoke-framework')
cd /Users/admin/builder/spi-builder-workspace
builtin-swiftHeaderTool -arch arm64 /Users/admin/builder/spi-builder-workspace/.derivedData/Build/Intermediates.noindex/smoke-framework.build/Debug-watchos/_SmokeOperationsHTTP1Concurrency-t.build/Objects-normal/arm64/_SmokeOperationsHTTP1Concurrency-Swift.h -arch arm64_32 /Users/admin/builder/spi-builder-workspace/.derivedData/Build/Intermediates.noindex/smoke-framework.build/Debug-watchos/_SmokeOperationsHTTP1Concurrency-t.build/Objects-normal/arm64_32/_SmokeOperationsHTTP1Concurrency-Swift.h -o /Users/admin/builder/spi-builder-workspace/.derivedData/Build/Intermediates.noindex/GeneratedModuleMaps-watchos/_SmokeOperationsHTTP1Concurrency-Swift.h
SwiftDriverJobDiscovery normal arm64 Compiling SmokeAsyncServerPerInvocationContextInitializer.swift, SmokeAsyncServerStaticContextInitializer.swift (in target 'SmokeOperationsHTTP1Server' from project 'smoke-framework')
Copy /Users/admin/builder/spi-builder-workspace/.derivedData/Build/Products/Debug-watchos/_SmokeOperationsHTTP1Concurrency.swiftmodule/arm64_32-apple-watchos.swiftmodule /Users/admin/builder/spi-builder-workspace/.derivedData/Build/Intermediates.noindex/smoke-framework.build/Debug-watchos/_SmokeOperationsHTTP1Concurrency-t.build/Objects-normal/arm64_32/_SmokeOperationsHTTP1Concurrency.swiftmodule (in target '_SmokeOperationsHTTP1Concurrency' from project 'smoke-framework')
cd /Users/admin/builder/spi-builder-workspace
builtin-copy -exclude .DS_Store -exclude CVS -exclude .svn -exclude .git -exclude .hg -resolve-src-symlinks -rename /Users/admin/builder/spi-builder-workspace/.derivedData/Build/Intermediates.noindex/smoke-framework.build/Debug-watchos/_SmokeOperationsHTTP1Concurrency-t.build/Objects-normal/arm64_32/_SmokeOperationsHTTP1Concurrency.swiftmodule /Users/admin/builder/spi-builder-workspace/.derivedData/Build/Products/Debug-watchos/_SmokeOperationsHTTP1Concurrency.swiftmodule/arm64_32-apple-watchos.swiftmodule
Copy /Users/admin/builder/spi-builder-workspace/.derivedData/Build/Products/Debug-watchos/_SmokeOperationsHTTP1Concurrency.swiftmodule/arm64_32-apple-watchos.swiftdoc /Users/admin/builder/spi-builder-workspace/.derivedData/Build/Intermediates.noindex/smoke-framework.build/Debug-watchos/_SmokeOperationsHTTP1Concurrency-t.build/Objects-normal/arm64_32/_SmokeOperationsHTTP1Concurrency.swiftdoc (in target '_SmokeOperationsHTTP1Concurrency' from project 'smoke-framework')
cd /Users/admin/builder/spi-builder-workspace
builtin-copy -exclude .DS_Store -exclude CVS -exclude .svn -exclude .git -exclude .hg -resolve-src-symlinks -rename /Users/admin/builder/spi-builder-workspace/.derivedData/Build/Intermediates.noindex/smoke-framework.build/Debug-watchos/_SmokeOperationsHTTP1Concurrency-t.build/Objects-normal/arm64_32/_SmokeOperationsHTTP1Concurrency.swiftdoc /Users/admin/builder/spi-builder-workspace/.derivedData/Build/Products/Debug-watchos/_SmokeOperationsHTTP1Concurrency.swiftmodule/arm64_32-apple-watchos.swiftdoc
Copy /Users/admin/builder/spi-builder-workspace/.derivedData/Build/Products/Debug-watchos/_SmokeOperationsHTTP1Concurrency.swiftmodule/arm64_32-apple-watchos.abi.json /Users/admin/builder/spi-builder-workspace/.derivedData/Build/Intermediates.noindex/smoke-framework.build/Debug-watchos/_SmokeOperationsHTTP1Concurrency-t.build/Objects-normal/arm64_32/_SmokeOperationsHTTP1Concurrency.abi.json (in target '_SmokeOperationsHTTP1Concurrency' from project 'smoke-framework')
cd /Users/admin/builder/spi-builder-workspace
builtin-copy -exclude .DS_Store -exclude CVS -exclude .svn -exclude .git -exclude .hg -resolve-src-symlinks -rename /Users/admin/builder/spi-builder-workspace/.derivedData/Build/Intermediates.noindex/smoke-framework.build/Debug-watchos/_SmokeOperationsHTTP1Concurrency-t.build/Objects-normal/arm64_32/_SmokeOperationsHTTP1Concurrency.abi.json /Users/admin/builder/spi-builder-workspace/.derivedData/Build/Products/Debug-watchos/_SmokeOperationsHTTP1Concurrency.swiftmodule/arm64_32-apple-watchos.abi.json
Copy /Users/admin/builder/spi-builder-workspace/.derivedData/Build/Products/Debug-watchos/_SmokeOperationsHTTP1Concurrency.swiftmodule/arm64-apple-watchos.swiftmodule /Users/admin/builder/spi-builder-workspace/.derivedData/Build/Intermediates.noindex/smoke-framework.build/Debug-watchos/_SmokeOperationsHTTP1Concurrency-t.build/Objects-normal/arm64/_SmokeOperationsHTTP1Concurrency.swiftmodule (in target '_SmokeOperationsHTTP1Concurrency' from project 'smoke-framework')
cd /Users/admin/builder/spi-builder-workspace
builtin-copy -exclude .DS_Store -exclude CVS -exclude .svn -exclude .git -exclude .hg -resolve-src-symlinks -rename /Users/admin/builder/spi-builder-workspace/.derivedData/Build/Intermediates.noindex/smoke-framework.build/Debug-watchos/_SmokeOperationsHTTP1Concurrency-t.build/Objects-normal/arm64/_SmokeOperationsHTTP1Concurrency.swiftmodule /Users/admin/builder/spi-builder-workspace/.derivedData/Build/Products/Debug-watchos/_SmokeOperationsHTTP1Concurrency.swiftmodule/arm64-apple-watchos.swiftmodule
Copy /Users/admin/builder/spi-builder-workspace/.derivedData/Build/Products/Debug-watchos/_SmokeOperationsHTTP1Concurrency.swiftmodule/arm64-apple-watchos.swiftdoc /Users/admin/builder/spi-builder-workspace/.derivedData/Build/Intermediates.noindex/smoke-framework.build/Debug-watchos/_SmokeOperationsHTTP1Concurrency-t.build/Objects-normal/arm64/_SmokeOperationsHTTP1Concurrency.swiftdoc (in target '_SmokeOperationsHTTP1Concurrency' from project 'smoke-framework')
cd /Users/admin/builder/spi-builder-workspace
builtin-copy -exclude .DS_Store -exclude CVS -exclude .svn -exclude .git -exclude .hg -resolve-src-symlinks -rename /Users/admin/builder/spi-builder-workspace/.derivedData/Build/Intermediates.noindex/smoke-framework.build/Debug-watchos/_SmokeOperationsHTTP1Concurrency-t.build/Objects-normal/arm64/_SmokeOperationsHTTP1Concurrency.swiftdoc /Users/admin/builder/spi-builder-workspace/.derivedData/Build/Products/Debug-watchos/_SmokeOperationsHTTP1Concurrency.swiftmodule/arm64-apple-watchos.swiftdoc
Copy /Users/admin/builder/spi-builder-workspace/.derivedData/Build/Products/Debug-watchos/_SmokeOperationsHTTP1Concurrency.swiftmodule/arm64-apple-watchos.abi.json /Users/admin/builder/spi-builder-workspace/.derivedData/Build/Intermediates.noindex/smoke-framework.build/Debug-watchos/_SmokeOperationsHTTP1Concurrency-t.build/Objects-normal/arm64/_SmokeOperationsHTTP1Concurrency.abi.json (in target '_SmokeOperationsHTTP1Concurrency' from project 'smoke-framework')
cd /Users/admin/builder/spi-builder-workspace
builtin-copy -exclude .DS_Store -exclude CVS -exclude .svn -exclude .git -exclude .hg -resolve-src-symlinks -rename /Users/admin/builder/spi-builder-workspace/.derivedData/Build/Intermediates.noindex/smoke-framework.build/Debug-watchos/_SmokeOperationsHTTP1Concurrency-t.build/Objects-normal/arm64/_SmokeOperationsHTTP1Concurrency.abi.json /Users/admin/builder/spi-builder-workspace/.derivedData/Build/Products/Debug-watchos/_SmokeOperationsHTTP1Concurrency.swiftmodule/arm64-apple-watchos.abi.json
Copy /Users/admin/builder/spi-builder-workspace/.derivedData/Build/Products/Debug-watchos/_SmokeOperationsHTTP1Concurrency.swiftmodule/Project/arm64_32-apple-watchos.swiftsourceinfo /Users/admin/builder/spi-builder-workspace/.derivedData/Build/Intermediates.noindex/smoke-framework.build/Debug-watchos/_SmokeOperationsHTTP1Concurrency-t.build/Objects-normal/arm64_32/_SmokeOperationsHTTP1Concurrency.swiftsourceinfo (in target '_SmokeOperationsHTTP1Concurrency' from project 'smoke-framework')
cd /Users/admin/builder/spi-builder-workspace
builtin-copy -exclude .DS_Store -exclude CVS -exclude .svn -exclude .git -exclude .hg -resolve-src-symlinks -rename /Users/admin/builder/spi-builder-workspace/.derivedData/Build/Intermediates.noindex/smoke-framework.build/Debug-watchos/_SmokeOperationsHTTP1Concurrency-t.build/Objects-normal/arm64_32/_SmokeOperationsHTTP1Concurrency.swiftsourceinfo /Users/admin/builder/spi-builder-workspace/.derivedData/Build/Products/Debug-watchos/_SmokeOperationsHTTP1Concurrency.swiftmodule/Project/arm64_32-apple-watchos.swiftsourceinfo
Copy /Users/admin/builder/spi-builder-workspace/.derivedData/Build/Products/Debug-watchos/_SmokeOperationsHTTP1Concurrency.swiftmodule/Project/arm64-apple-watchos.swiftsourceinfo /Users/admin/builder/spi-builder-workspace/.derivedData/Build/Intermediates.noindex/smoke-framework.build/Debug-watchos/_SmokeOperationsHTTP1Concurrency-t.build/Objects-normal/arm64/_SmokeOperationsHTTP1Concurrency.swiftsourceinfo (in target '_SmokeOperationsHTTP1Concurrency' from project 'smoke-framework')
cd /Users/admin/builder/spi-builder-workspace
builtin-copy -exclude .DS_Store -exclude CVS -exclude .svn -exclude .git -exclude .hg -resolve-src-symlinks -rename /Users/admin/builder/spi-builder-workspace/.derivedData/Build/Intermediates.noindex/smoke-framework.build/Debug-watchos/_SmokeOperationsHTTP1Concurrency-t.build/Objects-normal/arm64/_SmokeOperationsHTTP1Concurrency.swiftsourceinfo /Users/admin/builder/spi-builder-workspace/.derivedData/Build/Products/Debug-watchos/_SmokeOperationsHTTP1Concurrency.swiftmodule/Project/arm64-apple-watchos.swiftsourceinfo
SwiftDriver\ Compilation\ Requirements SmokeOperationsHTTP1Server normal arm64_32 com.apple.xcode.tools.swift.compiler (in target 'SmokeOperationsHTTP1Server' from project 'smoke-framework')
cd /Users/admin/builder/spi-builder-workspace/.swiftpm/xcode
builtin-Swift-Compilation-Requirements -- /Applications/Xcode-27.0.0-Release.Candidate.app/Contents/Developer/Toolchains/XcodeDefault.xctoolchain/usr/bin/swiftc -parse-as-library -module-name SmokeOperationsHTTP1Server -Onone @/Users/admin/builder/spi-builder-workspace/.derivedData/Build/Intermediates.noindex/smoke-framework.build/Debug-watchos/SmokeOperationsHTTP1Server-t.build/Objects-normal/arm64_32/SmokeOperationsHTTP1Server.SwiftFileList -DSWIFT_PACKAGE -DDEBUG -DSWIFT_MODULE_RESOURCE_BUNDLE_UNAVAILABLE -Xcc -fmodule-map-file\=/Users/admin/builder/spi-builder-workspace/.derivedData/Build/Intermediates.noindex/GeneratedModuleMaps-watchos/CNIOBoringSSLShims.modulemap -Xcc -fmodule-map-file\=/Users/admin/builder/spi-builder-workspace/.dependencies/checkouts/swift-nio-ssl/Sources/CNIOBoringSSL/include/module.modulemap -Xcc -fmodule-map-file\=/Users/admin/builder/spi-builder-workspace/.derivedData/Build/Intermediates.noindex/GeneratedModuleMaps-watchos/CNIOExtrasZlib.modulemap -Xcc -fmodule-map-file\=/Users/admin/builder/spi-builder-workspace/.dependencies/checkouts/swift-numerics/Sources/_NumericsShims/include/module.modulemap -Xcc -fmodule-map-file\=/Users/admin/builder/spi-builder-workspace/.dependencies/checkouts/swift-system/Sources/CSystem/include/module.modulemap -Xcc -fmodule-map-file\=/Users/admin/builder/spi-builder-workspace/.derivedData/Build/Intermediates.noindex/GeneratedModuleMaps-watchos/CAsyncHTTPClient.modulemap -Xcc -fmodule-map-file\=/Users/admin/builder/spi-builder-workspace/.derivedData/Build/Intermediates.noindex/GeneratedModuleMaps-watchos/CNIOLLHTTP.modulemap -Xcc -fmodule-map-file\=/Users/admin/builder/spi-builder-workspace/.derivedData/Build/Intermediates.noindex/GeneratedModuleMaps-watchos/CNIOPosix.modulemap -Xcc -fmodule-map-file\=/Users/admin/builder/spi-builder-workspace/.dependencies/checkouts/swift-atomics/Sources/_AtomicsShims/include/module.modulemap -Xcc -fmodule-map-file\=/Users/admin/builder/spi-builder-workspace/.derivedData/Build/Intermediates.noindex/GeneratedModuleMaps-watchos/CNIOWASI.modulemap -Xcc -fmodule-map-file\=/Users/admin/builder/spi-builder-workspace/.dependencies/checkouts/swift-nio/Sources/CNIOWindows/include/module.modulemap -Xcc -fmodule-map-file\=/Users/admin/builder/spi-builder-workspace/.derivedData/Build/Intermediates.noindex/GeneratedModuleMaps-watchos/CNIOLinux.modulemap -Xcc -fmodule-map-file\=/Users/admin/builder/spi-builder-workspace/.derivedData/Build/Intermediates.noindex/GeneratedModuleMaps-watchos/CNIODarwin.modulemap -Xcc -fmodule-map-file\=/Users/admin/builder/spi-builder-workspace/.derivedData/Build/Intermediates.noindex/GeneratedModuleMaps-watchos/CNIOFreeBSD.modulemap -Xcc -fmodule-map-file\=/Users/admin/builder/spi-builder-workspace/.derivedData/Build/Intermediates.noindex/GeneratedModuleMaps-watchos/CNIOOpenBSD.modulemap -Xcc -fmodule-map-file\=/Users/admin/builder/spi-builder-workspace/.derivedData/Build/Intermediates.noindex/GeneratedModuleMaps-watchos/CNIOAtomics.modulemap -DXcode -plugin-path /Applications/Xcode-27.0.0-Release.Candidate.app/Contents/Developer/Toolchains/XcodeDefault.xctoolchain/usr/lib/swift/host/plugins/testing -enable-experimental-feature DebugDescriptionMacro -sdk /Applications/Xcode-27.0.0-Release.Candidate.app/Contents/Developer/Platforms/WatchOS.platform/Developer/SDKs/WatchOS27.0.sdk -target arm64_32-apple-watchos9.0 -g -module-cache-path /Users/admin/builder/spi-builder-workspace/.derivedData/ModuleCache.noindex -Xfrontend -serialize-debugging-options -profile-coverage-mapping -profile-generate -enable-testing -index-store-path /Users/admin/builder/spi-builder-workspace/.derivedData/Index.noindex/DataStore -Xcc -D_LIBCPP_HARDENING_MODE\=_LIBCPP_HARDENING_MODE_DEBUG -swift-version 5 -I /Users/admin/builder/spi-builder-workspace/.derivedData/Build/Products/Debug-watchos -Isystem /Applications/Xcode-27.0.0-Release.Candidate.app/Contents/Developer/Platforms/WatchOS.platform/Developer/usr/lib -F /Users/admin/builder/spi-builder-workspace/.derivedData/Build/Products/Debug-watchos/PackageFrameworks -F /Users/admin/builder/spi-builder-workspace/.derivedData/Build/Products/Debug-watchos -F /Applications/Xcode-27.0.0-Release.Candidate.app/Contents/Developer/Platforms/WatchOS.platform/Developer/Library/Frameworks -F /Applications/Xcode-27.0.0-Release.Candidate.app/Contents/Developer/Platforms/WatchOS.platform/Developer/SDKs/WatchOS27.0.sdk/Developer/Library/Frameworks -c -j10 -enable-batch-mode -incremental -Xcc -ivfsstatcache -Xcc /Users/admin/builder/spi-builder-workspace/.derivedData/SDKStatCaches.noindex/watchos27.0-24R360-e829b21a6f8c9b70876ba0858053c04477534ef55a1706bf4c1112bbb242f0a2.sdkstatcache -output-file-map /Users/admin/builder/spi-builder-workspace/.derivedData/Build/Intermediates.noindex/smoke-framework.build/Debug-watchos/SmokeOperationsHTTP1Server-t.build/Objects-normal/arm64_32/SmokeOperationsHTTP1Server-OutputFileMap.json -save-temps -no-color-diagnostics -explicit-module-build -module-cache-path /Users/admin/builder/spi-builder-workspace/.derivedData/Build/Intermediates.noindex/SwiftExplicitPrecompiledModules -clang-scanner-module-cache-path /Users/admin/builder/spi-builder-workspace/.derivedData/ModuleCache.noindex -sdk-module-cache-path /Users/admin/builder/spi-builder-workspace/.derivedData/SDKExplicitPrecompiledModules -emit-dependencies -emit-module -emit-module-path /Users/admin/builder/spi-builder-workspace/.derivedData/Build/Intermediates.noindex/smoke-framework.build/Debug-watchos/SmokeOperationsHTTP1Server-t.build/Objects-normal/arm64_32/SmokeOperationsHTTP1Server.swiftmodule -serialize-diagnostics -dependency-scan-serialize-diagnostics-path /Users/admin/builder/spi-builder-workspace/.derivedData/Build/Intermediates.noindex/smoke-framework.build/Debug-watchos/SmokeOperationsHTTP1Server-t.build/Objects-normal/arm64_32/SmokeOperationsHTTP1Server-dependency-scan.dia -validate-clang-modules-once -clang-build-session-file /Users/admin/builder/spi-builder-workspace/.derivedData/ModuleCache.noindex/Session.modulevalidation -Xcc -fmodules-prune-interval\=86400 -Xcc -fmodules-prune-after\=345600 -emit-const-values -const-gather-protocols-list /Users/admin/builder/spi-builder-workspace/.derivedData/Build/Intermediates.noindex/smoke-framework.build/Debug-watchos/SmokeOperationsHTTP1Server-t.build/Objects-normal/arm64_32/SmokeOperationsHTTP1Server_const_extract_protocols.json -Xcc -I/Users/admin/builder/spi-builder-workspace/.dependencies/checkouts/swift-nio-ssl/Sources/CNIOBoringSSLShims/include -Xcc -I/Users/admin/builder/spi-builder-workspace/.dependencies/checkouts/swift-nio-ssl/Sources/CNIOBoringSSL/include -Xcc -I/Users/admin/builder/spi-builder-workspace/.dependencies/checkouts/swift-nio-extras/Sources/CNIOExtrasZlib/include -Xcc -I/Users/admin/builder/spi-builder-workspace/.dependencies/checkouts/swift-numerics/Sources/_NumericsShims/include -Xcc -I/Users/admin/builder/spi-builder-workspace/.dependencies/checkouts/swift-system/Sources/CSystem/include -Xcc -I/Users/admin/builder/spi-builder-workspace/.dependencies/checkouts/async-http-client/Sources/CAsyncHTTPClient/include -Xcc -I/Users/admin/builder/spi-builder-workspace/.dependencies/checkouts/swift-nio/Sources/CNIOLLHTTP/include -Xcc -I/Users/admin/builder/spi-builder-workspace/.dependencies/checkouts/swift-nio/Sources/CNIOPosix/include -Xcc -I/Users/admin/builder/spi-builder-workspace/.dependencies/checkouts/swift-atomics/Sources/_AtomicsShims/include -Xcc -I/Users/admin/builder/spi-builder-workspace/.dependencies/checkouts/swift-nio/Sources/CNIOWASI/include -Xcc -I/Users/admin/builder/spi-builder-workspace/.dependencies/checkouts/swift-nio/Sources/CNIOWindows/include -Xcc -I/Users/admin/builder/spi-builder-workspace/.dependencies/checkouts/swift-nio/Sources/CNIOLinux/include -Xcc -I/Users/admin/builder/spi-builder-workspace/.dependencies/checkouts/swift-nio/Sources/CNIODarwin/include -Xcc -I/Users/admin/builder/spi-builder-workspace/.dependencies/checkouts/swift-nio/Sources/CNIOFreeBSD/include -Xcc -I/Users/admin/builder/spi-builder-workspace/.dependencies/checkouts/swift-nio/Sources/CNIOOpenBSD/include -Xcc -I/Users/admin/builder/spi-builder-workspace/.dependencies/checkouts/swift-nio/Sources/CNIOAtomics/include -Xcc -I/Users/admin/builder/spi-builder-workspace/.derivedData/Build/Products/Debug-watchos/include -Xcc -I/Users/admin/builder/spi-builder-workspace/.derivedData/Build/Intermediates.noindex/smoke-framework.build/Debug-watchos/SmokeOperationsHTTP1Server-t.build/DerivedSources-normal/arm64_32 -Xcc -I/Users/admin/builder/spi-builder-workspace/.derivedData/Build/Intermediates.noindex/smoke-framework.build/Debug-watchos/SmokeOperationsHTTP1Server-t.build/DerivedSources/arm64_32 -Xcc -I/Users/admin/builder/spi-builder-workspace/.derivedData/Build/Intermediates.noindex/smoke-framework.build/Debug-watchos/SmokeOperationsHTTP1Server-t.build/DerivedSources -Xcc -DSWIFT_PACKAGE -Xcc -DDEBUG\=1 -emit-objc-header -emit-objc-header-path /Users/admin/builder/spi-builder-workspace/.derivedData/Build/Intermediates.noindex/smoke-framework.build/Debug-watchos/SmokeOperationsHTTP1Server-t.build/Objects-normal/arm64_32/SmokeOperationsHTTP1Server-Swift.h -working-directory /Users/admin/builder/spi-builder-workspace/.swiftpm/xcode -experimental-emit-module-separately -disable-cmo
SwiftDriver\ Compilation\ Requirements SmokeOperationsHTTP1Server normal arm64 com.apple.xcode.tools.swift.compiler (in target 'SmokeOperationsHTTP1Server' from project 'smoke-framework')
cd /Users/admin/builder/spi-builder-workspace/.swiftpm/xcode
builtin-Swift-Compilation-Requirements -- /Applications/Xcode-27.0.0-Release.Candidate.app/Contents/Developer/Toolchains/XcodeDefault.xctoolchain/usr/bin/swiftc -parse-as-library -module-name SmokeOperationsHTTP1Server -Onone @/Users/admin/builder/spi-builder-workspace/.derivedData/Build/Intermediates.noindex/smoke-framework.build/Debug-watchos/SmokeOperationsHTTP1Server-t.build/Objects-normal/arm64/SmokeOperationsHTTP1Server.SwiftFileList -DSWIFT_PACKAGE -DDEBUG -DSWIFT_MODULE_RESOURCE_BUNDLE_UNAVAILABLE -Xcc -fmodule-map-file\=/Users/admin/builder/spi-builder-workspace/.derivedData/Build/Intermediates.noindex/GeneratedModuleMaps-watchos/CNIOBoringSSLShims.modulemap -Xcc -fmodule-map-file\=/Users/admin/builder/spi-builder-workspace/.dependencies/checkouts/swift-nio-ssl/Sources/CNIOBoringSSL/include/module.modulemap -Xcc -fmodule-map-file\=/Users/admin/builder/spi-builder-workspace/.derivedData/Build/Intermediates.noindex/GeneratedModuleMaps-watchos/CNIOExtrasZlib.modulemap -Xcc -fmodule-map-file\=/Users/admin/builder/spi-builder-workspace/.dependencies/checkouts/swift-numerics/Sources/_NumericsShims/include/module.modulemap -Xcc -fmodule-map-file\=/Users/admin/builder/spi-builder-workspace/.dependencies/checkouts/swift-system/Sources/CSystem/include/module.modulemap -Xcc -fmodule-map-file\=/Users/admin/builder/spi-builder-workspace/.derivedData/Build/Intermediates.noindex/GeneratedModuleMaps-watchos/CAsyncHTTPClient.modulemap -Xcc -fmodule-map-file\=/Users/admin/builder/spi-builder-workspace/.derivedData/Build/Intermediates.noindex/GeneratedModuleMaps-watchos/CNIOLLHTTP.modulemap -Xcc -fmodule-map-file\=/Users/admin/builder/spi-builder-workspace/.derivedData/Build/Intermediates.noindex/GeneratedModuleMaps-watchos/CNIOPosix.modulemap -Xcc -fmodule-map-file\=/Users/admin/builder/spi-builder-workspace/.dependencies/checkouts/swift-atomics/Sources/_AtomicsShims/include/module.modulemap -Xcc -fmodule-map-file\=/Users/admin/builder/spi-builder-workspace/.derivedData/Build/Intermediates.noindex/GeneratedModuleMaps-watchos/CNIOWASI.modulemap -Xcc -fmodule-map-file\=/Users/admin/builder/spi-builder-workspace/.dependencies/checkouts/swift-nio/Sources/CNIOWindows/include/module.modulemap -Xcc -fmodule-map-file\=/Users/admin/builder/spi-builder-workspace/.derivedData/Build/Intermediates.noindex/GeneratedModuleMaps-watchos/CNIOLinux.modulemap -Xcc -fmodule-map-file\=/Users/admin/builder/spi-builder-workspace/.derivedData/Build/Intermediates.noindex/GeneratedModuleMaps-watchos/CNIODarwin.modulemap -Xcc -fmodule-map-file\=/Users/admin/builder/spi-builder-workspace/.derivedData/Build/Intermediates.noindex/GeneratedModuleMaps-watchos/CNIOFreeBSD.modulemap -Xcc -fmodule-map-file\=/Users/admin/builder/spi-builder-workspace/.derivedData/Build/Intermediates.noindex/GeneratedModuleMaps-watchos/CNIOOpenBSD.modulemap -Xcc -fmodule-map-file\=/Users/admin/builder/spi-builder-workspace/.derivedData/Build/Intermediates.noindex/GeneratedModuleMaps-watchos/CNIOAtomics.modulemap -DXcode -plugin-path /Applications/Xcode-27.0.0-Release.Candidate.app/Contents/Developer/Toolchains/XcodeDefault.xctoolchain/usr/lib/swift/host/plugins/testing -enable-experimental-feature DebugDescriptionMacro -sdk /Applications/Xcode-27.0.0-Release.Candidate.app/Contents/Developer/Platforms/WatchOS.platform/Developer/SDKs/WatchOS27.0.sdk -target arm64-apple-watchos9.0 -g -module-cache-path /Users/admin/builder/spi-builder-workspace/.derivedData/ModuleCache.noindex -Xfrontend -serialize-debugging-options -profile-coverage-mapping -profile-generate -enable-testing -index-store-path /Users/admin/builder/spi-builder-workspace/.derivedData/Index.noindex/DataStore -Xcc -D_LIBCPP_HARDENING_MODE\=_LIBCPP_HARDENING_MODE_DEBUG -swift-version 5 -I /Users/admin/builder/spi-builder-workspace/.derivedData/Build/Products/Debug-watchos -Isystem /Applications/Xcode-27.0.0-Release.Candidate.app/Contents/Developer/Platforms/WatchOS.platform/Developer/usr/lib -F /Users/admin/builder/spi-builder-workspace/.derivedData/Build/Products/Debug-watchos/PackageFrameworks -F /Users/admin/builder/spi-builder-workspace/.derivedData/Build/Products/Debug-watchos -F /Applications/Xcode-27.0.0-Release.Candidate.app/Contents/Developer/Platforms/WatchOS.platform/Developer/Library/Frameworks -F /Applications/Xcode-27.0.0-Release.Candidate.app/Contents/Developer/Platforms/WatchOS.platform/Developer/SDKs/WatchOS27.0.sdk/Developer/Library/Frameworks -c -j10 -enable-batch-mode -incremental -Xcc -ivfsstatcache -Xcc /Users/admin/builder/spi-builder-workspace/.derivedData/SDKStatCaches.noindex/watchos27.0-24R360-e829b21a6f8c9b70876ba0858053c04477534ef55a1706bf4c1112bbb242f0a2.sdkstatcache -output-file-map /Users/admin/builder/spi-builder-workspace/.derivedData/Build/Intermediates.noindex/smoke-framework.build/Debug-watchos/SmokeOperationsHTTP1Server-t.build/Objects-normal/arm64/SmokeOperationsHTTP1Server-OutputFileMap.json -save-temps -no-color-diagnostics -explicit-module-build -module-cache-path /Users/admin/builder/spi-builder-workspace/.derivedData/Build/Intermediates.noindex/SwiftExplicitPrecompiledModules -clang-scanner-module-cache-path /Users/admin/builder/spi-builder-workspace/.derivedData/ModuleCache.noindex -sdk-module-cache-path /Users/admin/builder/spi-builder-workspace/.derivedData/SDKExplicitPrecompiledModules -emit-dependencies -emit-module -emit-module-path /Users/admin/builder/spi-builder-workspace/.derivedData/Build/Intermediates.noindex/smoke-framework.build/Debug-watchos/SmokeOperationsHTTP1Server-t.build/Objects-normal/arm64/SmokeOperationsHTTP1Server.swiftmodule -serialize-diagnostics -dependency-scan-serialize-diagnostics-path /Users/admin/builder/spi-builder-workspace/.derivedData/Build/Intermediates.noindex/smoke-framework.build/Debug-watchos/SmokeOperationsHTTP1Server-t.build/Objects-normal/arm64/SmokeOperationsHTTP1Server-dependency-scan.dia -validate-clang-modules-once -clang-build-session-file /Users/admin/builder/spi-builder-workspace/.derivedData/ModuleCache.noindex/Session.modulevalidation -Xcc -fmodules-prune-interval\=86400 -Xcc -fmodules-prune-after\=345600 -emit-const-values -const-gather-protocols-list /Users/admin/builder/spi-builder-workspace/.derivedData/Build/Intermediates.noindex/smoke-framework.build/Debug-watchos/SmokeOperationsHTTP1Server-t.build/Objects-normal/arm64/SmokeOperationsHTTP1Server_const_extract_protocols.json -Xcc -I/Users/admin/builder/spi-builder-workspace/.dependencies/checkouts/swift-nio-ssl/Sources/CNIOBoringSSLShims/include -Xcc -I/Users/admin/builder/spi-builder-workspace/.dependencies/checkouts/swift-nio-ssl/Sources/CNIOBoringSSL/include -Xcc -I/Users/admin/builder/spi-builder-workspace/.dependencies/checkouts/swift-nio-extras/Sources/CNIOExtrasZlib/include -Xcc -I/Users/admin/builder/spi-builder-workspace/.dependencies/checkouts/swift-numerics/Sources/_NumericsShims/include -Xcc -I/Users/admin/builder/spi-builder-workspace/.dependencies/checkouts/swift-system/Sources/CSystem/include -Xcc -I/Users/admin/builder/spi-builder-workspace/.dependencies/checkouts/async-http-client/Sources/CAsyncHTTPClient/include -Xcc -I/Users/admin/builder/spi-builder-workspace/.dependencies/checkouts/swift-nio/Sources/CNIOLLHTTP/include -Xcc -I/Users/admin/builder/spi-builder-workspace/.dependencies/checkouts/swift-nio/Sources/CNIOPosix/include -Xcc -I/Users/admin/builder/spi-builder-workspace/.dependencies/checkouts/swift-atomics/Sources/_AtomicsShims/include -Xcc -I/Users/admin/builder/spi-builder-workspace/.dependencies/checkouts/swift-nio/Sources/CNIOWASI/include -Xcc -I/Users/admin/builder/spi-builder-workspace/.dependencies/checkouts/swift-nio/Sources/CNIOWindows/include -Xcc -I/Users/admin/builder/spi-builder-workspace/.dependencies/checkouts/swift-nio/Sources/CNIOLinux/include -Xcc -I/Users/admin/builder/spi-builder-workspace/.dependencies/checkouts/swift-nio/Sources/CNIODarwin/include -Xcc -I/Users/admin/builder/spi-builder-workspace/.dependencies/checkouts/swift-nio/Sources/CNIOFreeBSD/include -Xcc -I/Users/admin/builder/spi-builder-workspace/.dependencies/checkouts/swift-nio/Sources/CNIOOpenBSD/include -Xcc -I/Users/admin/builder/spi-builder-workspace/.dependencies/checkouts/swift-nio/Sources/CNIOAtomics/include -Xcc -I/Users/admin/builder/spi-builder-workspace/.derivedData/Build/Products/Debug-watchos/include -Xcc -I/Users/admin/builder/spi-builder-workspace/.derivedData/Build/Intermediates.noindex/smoke-framework.build/Debug-watchos/SmokeOperationsHTTP1Server-t.build/DerivedSources-normal/arm64 -Xcc -I/Users/admin/builder/spi-builder-workspace/.derivedData/Build/Intermediates.noindex/smoke-framework.build/Debug-watchos/SmokeOperationsHTTP1Server-t.build/DerivedSources/arm64 -Xcc -I/Users/admin/builder/spi-builder-workspace/.derivedData/Build/Intermediates.noindex/smoke-framework.build/Debug-watchos/SmokeOperationsHTTP1Server-t.build/DerivedSources -Xcc -DSWIFT_PACKAGE -Xcc -DDEBUG\=1 -emit-objc-header -emit-objc-header-path /Users/admin/builder/spi-builder-workspace/.derivedData/Build/Intermediates.noindex/smoke-framework.build/Debug-watchos/SmokeOperationsHTTP1Server-t.build/Objects-normal/arm64/SmokeOperationsHTTP1Server-Swift.h -working-directory /Users/admin/builder/spi-builder-workspace/.swiftpm/xcode -experimental-emit-module-separately -disable-cmo
SwiftEmitModule normal arm64 Emitting\ module\ for\ SmokeAsyncHTTP1 (in target 'SmokeAsyncHTTP1' from project 'smoke-framework')
SwiftCompile normal arm64 (in target 'SmokeAsyncHTTP1' from project 'smoke-framework')
cd /Users/admin/builder/spi-builder-workspace/.swiftpm/xcode
SwiftEmitModule normal arm64_32 Emitting\ module\ for\ SmokeAsyncHTTP1 (in target 'SmokeAsyncHTTP1' from project 'smoke-framework')
SwiftCompile normal arm64_32 (in target 'SmokeAsyncHTTP1' from project 'smoke-framework')
cd /Users/admin/builder/spi-builder-workspace/.swiftpm/xcode
SwiftCompile normal arm64_32 Compiling\ SmokeServerInvocationReporting.swift,\ SmokeServerPerInvocationContextInitializer.swift /Users/admin/builder/spi-builder-workspace/Sources/SmokeOperationsHTTP1Server/SmokeServerInvocationReporting.swift /Users/admin/builder/spi-builder-workspace/Sources/SmokeOperationsHTTP1Server/SmokeServerPerInvocationContextInitializer.swift (in target 'SmokeOperationsHTTP1Server' from project 'smoke-framework')
SwiftCompile normal arm64_32 /Users/admin/builder/spi-builder-workspace/Sources/SmokeOperationsHTTP1Server/SmokeServerInvocationReporting.swift (in target 'SmokeOperationsHTTP1Server' from project 'smoke-framework')
cd /Users/admin/builder/spi-builder-workspace/.swiftpm/xcode
builtin-SwiftPerFileCompile SmokeServerInvocationReporting.swift
SwiftCompile normal arm64_32 /Users/admin/builder/spi-builder-workspace/Sources/SmokeOperationsHTTP1Server/SmokeServerPerInvocationContextInitializer.swift (in target 'SmokeOperationsHTTP1Server' from project 'smoke-framework')
cd /Users/admin/builder/spi-builder-workspace/.swiftpm/xcode
builtin-SwiftPerFileCompile SmokeServerPerInvocationContextInitializer.swift
SwiftCompile normal arm64 Compiling\ SmokeHTTP1Server+runAsOperationServer.swift,\ SmokeHTTP1Server+startAsOperationServer.swift /Users/admin/builder/spi-builder-workspace/Sources/SmokeOperationsHTTP1Server/SmokeHTTP1Server+runAsOperationServer.swift /Users/admin/builder/spi-builder-workspace/Sources/SmokeOperationsHTTP1Server/SmokeHTTP1Server+startAsOperationServer.swift (in target 'SmokeOperationsHTTP1Server' from project 'smoke-framework')
SwiftCompile normal arm64 /Users/admin/builder/spi-builder-workspace/Sources/SmokeOperationsHTTP1Server/SmokeHTTP1Server+runAsOperationServer.swift (in target 'SmokeOperationsHTTP1Server' from project 'smoke-framework')
cd /Users/admin/builder/spi-builder-workspace/.swiftpm/xcode
builtin-SwiftPerFileCompile SmokeHTTP1Server+runAsOperationServer.swift
SwiftCompile normal arm64 /Users/admin/builder/spi-builder-workspace/Sources/SmokeOperationsHTTP1Server/SmokeHTTP1Server+startAsOperationServer.swift (in target 'SmokeOperationsHTTP1Server' from project 'smoke-framework')
cd /Users/admin/builder/spi-builder-workspace/.swiftpm/xcode
builtin-SwiftPerFileCompile SmokeHTTP1Server+startAsOperationServer.swift
SwiftCompile normal arm64 Compiling\ SmokeServerStaticContextInitializerV2.swift,\ StandardHTTP1ResponseHandler.swift /Users/admin/builder/spi-builder-workspace/Sources/SmokeOperationsHTTP1Server/SmokeServerStaticContextInitializerV2.swift /Users/admin/builder/spi-builder-workspace/Sources/SmokeOperationsHTTP1Server/StandardHTTP1ResponseHandler.swift (in target 'SmokeOperationsHTTP1Server' from project 'smoke-framework')
SwiftCompile normal arm64 /Users/admin/builder/spi-builder-workspace/Sources/SmokeOperationsHTTP1Server/SmokeServerStaticContextInitializerV2.swift (in target 'SmokeOperationsHTTP1Server' from project 'smoke-framework')
cd /Users/admin/builder/spi-builder-workspace/.swiftpm/xcode
builtin-SwiftPerFileCompile SmokeServerStaticContextInitializerV2.swift
SwiftCompile normal arm64 /Users/admin/builder/spi-builder-workspace/Sources/SmokeOperationsHTTP1Server/StandardHTTP1ResponseHandler.swift (in target 'SmokeOperationsHTTP1Server' from project 'smoke-framework')
cd /Users/admin/builder/spi-builder-workspace/.swiftpm/xcode
builtin-SwiftPerFileCompile StandardHTTP1ResponseHandler.swift
SwiftCompile normal arm64_32 Compiling\ SmokeServerInvocationContext+HTTP1RequestInvocationContext.swift,\ SmokeServerInvocationReporting+withInvocationTraceContext.swift /Users/admin/builder/spi-builder-workspace/Sources/SmokeOperationsHTTP1Server/SmokeServerInvocationContext+HTTP1RequestInvocationContext.swift /Users/admin/builder/spi-builder-workspace/Sources/SmokeOperationsHTTP1Server/SmokeServerInvocationReporting+withInvocationTraceContext.swift (in target 'SmokeOperationsHTTP1Server' from project 'smoke-framework')
/Users/admin/builder/spi-builder-workspace/Sources/SmokeOperationsHTTP1Server/SmokeServerInvocationReporting+withInvocationTraceContext.swift:47:37: warning: generic parameter 'TraceContextType' shadows generic parameter from outer scope with the same name; this is an error in the Swift 6 language mode
45 | * Creates an instance conforming to the `HTTPClientCoreInvocationReporting` protocol from this instance and the provided trace context.
46 | */
47 | func withInvocationTraceContext<TraceContextType: InvocationTraceContext>(traceContext: TraceContextType) -> DelegatedInvocationReporting<TraceContextType> {
| `- warning: generic parameter 'TraceContextType' shadows generic parameter from outer scope with the same name; this is an error in the Swift 6 language mode
48 | return DelegatedInvocationReporting(logger: self.logger,
49 | internalRequestId: self.internalRequestId,
/Users/admin/builder/spi-builder-workspace/Sources/SmokeOperationsHTTP1Server/SmokeServerInvocationReporting.swift:34:46: note: 'TraceContextType' previously declared here
32 | A context related to reporting on the invocation of the SmokeFramework.
33 | */
34 | public struct SmokeServerInvocationReporting<TraceContextType: OperationTraceContext>: InvocationReportingWithTraceContext,
| `- note: 'TraceContextType' previously declared here
35 | HTTPClientInvocationAttributes {
36 | public let logger: Logger
SwiftCompile normal arm64_32 /Users/admin/builder/spi-builder-workspace/Sources/SmokeOperationsHTTP1Server/SmokeServerInvocationContext+HTTP1RequestInvocationContext.swift (in target 'SmokeOperationsHTTP1Server' from project 'smoke-framework')
cd /Users/admin/builder/spi-builder-workspace/.swiftpm/xcode
builtin-SwiftPerFileCompile SmokeServerInvocationContext+HTTP1RequestInvocationContext.swift
SwiftCompile normal arm64_32 /Users/admin/builder/spi-builder-workspace/Sources/SmokeOperationsHTTP1Server/SmokeServerInvocationReporting+withInvocationTraceContext.swift (in target 'SmokeOperationsHTTP1Server' from project 'smoke-framework')
cd /Users/admin/builder/spi-builder-workspace/.swiftpm/xcode
builtin-SwiftPerFileCompile SmokeServerInvocationReporting+withInvocationTraceContext.swift
SwiftDriverJobDiscovery normal arm64 Compiling StandardJSONSmokeAsyncServerPerInvocationContextInitializer.swift, StandardJSONSmokeAsyncServerStaticContextInitializer.swift (in target 'SmokeOperationsHTTP1Server' from project 'smoke-framework')
SwiftDriverJobDiscovery normal arm64 Compiling SmokeServerPerInvocationContextInitializerV2.swift, SmokeServerStaticContextInitializer.swift (in target 'SmokeOperationsHTTP1Server' from project 'smoke-framework')
SwiftDriverJobDiscovery normal arm64 Compiling HTTP1OperationTraceContext.swift, HTTP1RequestInvocationContext.swift, JSONPayloadHTTP1OperationDelegate.swift (in target 'SmokeOperationsHTTP1Server' from project 'smoke-framework')
SwiftMergeGeneratedHeaders /Users/admin/builder/spi-builder-workspace/.derivedData/Build/Intermediates.noindex/GeneratedModuleMaps-watchos/SmokeOperationsHTTP1Server-Swift.h /Users/admin/builder/spi-builder-workspace/.derivedData/Build/Intermediates.noindex/smoke-framework.build/Debug-watchos/SmokeOperationsHTTP1Server-t.build/Objects-normal/arm64/SmokeOperationsHTTP1Server-Swift.h /Users/admin/builder/spi-builder-workspace/.derivedData/Build/Intermediates.noindex/smoke-framework.build/Debug-watchos/SmokeOperationsHTTP1Server-t.build/Objects-normal/arm64_32/SmokeOperationsHTTP1Server-Swift.h (in target 'SmokeOperationsHTTP1Server' from project 'smoke-framework')
cd /Users/admin/builder/spi-builder-workspace
builtin-swiftHeaderTool -arch arm64 /Users/admin/builder/spi-builder-workspace/.derivedData/Build/Intermediates.noindex/smoke-framework.build/Debug-watchos/SmokeOperationsHTTP1Server-t.build/Objects-normal/arm64/SmokeOperationsHTTP1Server-Swift.h -arch arm64_32 /Users/admin/builder/spi-builder-workspace/.derivedData/Build/Intermediates.noindex/smoke-framework.build/Debug-watchos/SmokeOperationsHTTP1Server-t.build/Objects-normal/arm64_32/SmokeOperationsHTTP1Server-Swift.h -o /Users/admin/builder/spi-builder-workspace/.derivedData/Build/Intermediates.noindex/GeneratedModuleMaps-watchos/SmokeOperationsHTTP1Server-Swift.h
SwiftDriverJobDiscovery normal arm64 Compiling SmokeServerInvocationContext+HTTP1RequestInvocationContext.swift, SmokeServerInvocationReporting+withInvocationTraceContext.swift (in target 'SmokeOperationsHTTP1Server' from project 'smoke-framework')
SwiftEmitModule normal arm64_32 Emitting\ module\ for\ SmokeHTTPClient (in target 'SmokeHTTPClient' from project 'smoke-http')
SwiftCompile normal arm64_32 (in target 'SmokeHTTPClient' from project 'smoke-http')
cd /Users/admin/builder/spi-builder-workspace/.swiftpm/xcode
Copy /Users/admin/builder/spi-builder-workspace/.derivedData/Build/Products/Debug-watchos/SmokeOperationsHTTP1Server.swiftmodule/arm64_32-apple-watchos.swiftmodule /Users/admin/builder/spi-builder-workspace/.derivedData/Build/Intermediates.noindex/smoke-framework.build/Debug-watchos/SmokeOperationsHTTP1Server-t.build/Objects-normal/arm64_32/SmokeOperationsHTTP1Server.swiftmodule (in target 'SmokeOperationsHTTP1Server' from project 'smoke-framework')
cd /Users/admin/builder/spi-builder-workspace
builtin-copy -exclude .DS_Store -exclude CVS -exclude .svn -exclude .git -exclude .hg -resolve-src-symlinks -rename /Users/admin/builder/spi-builder-workspace/.derivedData/Build/Intermediates.noindex/smoke-framework.build/Debug-watchos/SmokeOperationsHTTP1Server-t.build/Objects-normal/arm64_32/SmokeOperationsHTTP1Server.swiftmodule /Users/admin/builder/spi-builder-workspace/.derivedData/Build/Products/Debug-watchos/SmokeOperationsHTTP1Server.swiftmodule/arm64_32-apple-watchos.swiftmodule
Copy /Users/admin/builder/spi-builder-workspace/.derivedData/Build/Products/Debug-watchos/SmokeOperationsHTTP1Server.swiftmodule/arm64_32-apple-watchos.swiftdoc /Users/admin/builder/spi-builder-workspace/.derivedData/Build/Intermediates.noindex/smoke-framework.build/Debug-watchos/SmokeOperationsHTTP1Server-t.build/Objects-normal/arm64_32/SmokeOperationsHTTP1Server.swiftdoc (in target 'SmokeOperationsHTTP1Server' from project 'smoke-framework')
cd /Users/admin/builder/spi-builder-workspace
builtin-copy -exclude .DS_Store -exclude CVS -exclude .svn -exclude .git -exclude .hg -resolve-src-symlinks -rename /Users/admin/builder/spi-builder-workspace/.derivedData/Build/Intermediates.noindex/smoke-framework.build/Debug-watchos/SmokeOperationsHTTP1Server-t.build/Objects-normal/arm64_32/SmokeOperationsHTTP1Server.swiftdoc /Users/admin/builder/spi-builder-workspace/.derivedData/Build/Products/Debug-watchos/SmokeOperationsHTTP1Server.swiftmodule/arm64_32-apple-watchos.swiftdoc
Copy /Users/admin/builder/spi-builder-workspace/.derivedData/Build/Products/Debug-watchos/SmokeOperationsHTTP1Server.swiftmodule/arm64_32-apple-watchos.abi.json /Users/admin/builder/spi-builder-workspace/.derivedData/Build/Intermediates.noindex/smoke-framework.build/Debug-watchos/SmokeOperationsHTTP1Server-t.build/Objects-normal/arm64_32/SmokeOperationsHTTP1Server.abi.json (in target 'SmokeOperationsHTTP1Server' from project 'smoke-framework')
cd /Users/admin/builder/spi-builder-workspace
builtin-copy -exclude .DS_Store -exclude CVS -exclude .svn -exclude .git -exclude .hg -resolve-src-symlinks -rename /Users/admin/builder/spi-builder-workspace/.derivedData/Build/Intermediates.noindex/smoke-framework.build/Debug-watchos/SmokeOperationsHTTP1Server-t.build/Objects-normal/arm64_32/SmokeOperationsHTTP1Server.abi.json /Users/admin/builder/spi-builder-workspace/.derivedData/Build/Products/Debug-watchos/SmokeOperationsHTTP1Server.swiftmodule/arm64_32-apple-watchos.abi.json
Copy /Users/admin/builder/spi-builder-workspace/.derivedData/Build/Products/Debug-watchos/SmokeOperationsHTTP1Server.swiftmodule/arm64-apple-watchos.swiftmodule /Users/admin/builder/spi-builder-workspace/.derivedData/Build/Intermediates.noindex/smoke-framework.build/Debug-watchos/SmokeOperationsHTTP1Server-t.build/Objects-normal/arm64/SmokeOperationsHTTP1Server.swiftmodule (in target 'SmokeOperationsHTTP1Server' from project 'smoke-framework')
cd /Users/admin/builder/spi-builder-workspace
builtin-copy -exclude .DS_Store -exclude CVS -exclude .svn -exclude .git -exclude .hg -resolve-src-symlinks -rename /Users/admin/builder/spi-builder-workspace/.derivedData/Build/Intermediates.noindex/smoke-framework.build/Debug-watchos/SmokeOperationsHTTP1Server-t.build/Objects-normal/arm64/SmokeOperationsHTTP1Server.swiftmodule /Users/admin/builder/spi-builder-workspace/.derivedData/Build/Products/Debug-watchos/SmokeOperationsHTTP1Server.swiftmodule/arm64-apple-watchos.swiftmodule
Copy /Users/admin/builder/spi-builder-workspace/.derivedData/Build/Products/Debug-watchos/SmokeOperationsHTTP1Server.swiftmodule/arm64-apple-watchos.swiftdoc /Users/admin/builder/spi-builder-workspace/.derivedData/Build/Intermediates.noindex/smoke-framework.build/Debug-watchos/SmokeOperationsHTTP1Server-t.build/Objects-normal/arm64/SmokeOperationsHTTP1Server.swiftdoc (in target 'SmokeOperationsHTTP1Server' from project 'smoke-framework')
cd /Users/admin/builder/spi-builder-workspace
builtin-copy -exclude .DS_Store -exclude CVS -exclude .svn -exclude .git -exclude .hg -resolve-src-symlinks -rename /Users/admin/builder/spi-builder-workspace/.derivedData/Build/Intermediates.noindex/smoke-framework.build/Debug-watchos/SmokeOperationsHTTP1Server-t.build/Objects-normal/arm64/SmokeOperationsHTTP1Server.swiftdoc /Users/admin/builder/spi-builder-workspace/.derivedData/Build/Products/Debug-watchos/SmokeOperationsHTTP1Server.swiftmodule/arm64-apple-watchos.swiftdoc
Copy /Users/admin/builder/spi-builder-workspace/.derivedData/Build/Products/Debug-watchos/SmokeOperationsHTTP1Server.swiftmodule/arm64-apple-watchos.abi.json /Users/admin/builder/spi-builder-workspace/.derivedData/Build/Intermediates.noindex/smoke-framework.build/Debug-watchos/SmokeOperationsHTTP1Server-t.build/Objects-normal/arm64/SmokeOperationsHTTP1Server.abi.json (in target 'SmokeOperationsHTTP1Server' from project 'smoke-framework')
cd /Users/admin/builder/spi-builder-workspace
builtin-copy -exclude .DS_Store -exclude CVS -exclude .svn -exclude .git -exclude .hg -resolve-src-symlinks -rename /Users/admin/builder/spi-builder-workspace/.derivedData/Build/Intermediates.noindex/smoke-framework.build/Debug-watchos/SmokeOperationsHTTP1Server-t.build/Objects-normal/arm64/SmokeOperationsHTTP1Server.abi.json /Users/admin/builder/spi-builder-workspace/.derivedData/Build/Products/Debug-watchos/SmokeOperationsHTTP1Server.swiftmodule/arm64-apple-watchos.abi.json
Copy /Users/admin/builder/spi-builder-workspace/.derivedData/Build/Products/Debug-watchos/SmokeOperationsHTTP1Server.swiftmodule/Project/arm64_32-apple-watchos.swiftsourceinfo /Users/admin/builder/spi-builder-workspace/.derivedData/Build/Intermediates.noindex/smoke-framework.build/Debug-watchos/SmokeOperationsHTTP1Server-t.build/Objects-normal/arm64_32/SmokeOperationsHTTP1Server.swiftsourceinfo (in target 'SmokeOperationsHTTP1Server' from project 'smoke-framework')
cd /Users/admin/builder/spi-builder-workspace
builtin-copy -exclude .DS_Store -exclude CVS -exclude .svn -exclude .git -exclude .hg -resolve-src-symlinks -rename /Users/admin/builder/spi-builder-workspace/.derivedData/Build/Intermediates.noindex/smoke-framework.build/Debug-watchos/SmokeOperationsHTTP1Server-t.build/Objects-normal/arm64_32/SmokeOperationsHTTP1Server.swiftsourceinfo /Users/admin/builder/spi-builder-workspace/.derivedData/Build/Products/Debug-watchos/SmokeOperationsHTTP1Server.swiftmodule/Project/arm64_32-apple-watchos.swiftsourceinfo
Copy /Users/admin/builder/spi-builder-workspace/.derivedData/Build/Products/Debug-watchos/SmokeOperationsHTTP1Server.swiftmodule/Project/arm64-apple-watchos.swiftsourceinfo /Users/admin/builder/spi-builder-workspace/.derivedData/Build/Intermediates.noindex/smoke-framework.build/Debug-watchos/SmokeOperationsHTTP1Server-t.build/Objects-normal/arm64/SmokeOperationsHTTP1Server.swiftsourceinfo (in target 'SmokeOperationsHTTP1Server' from project 'smoke-framework')
cd /Users/admin/builder/spi-builder-workspace
builtin-copy -exclude .DS_Store -exclude CVS -exclude .svn -exclude .git -exclude .hg -resolve-src-symlinks -rename /Users/admin/builder/spi-builder-workspace/.derivedData/Build/Intermediates.noindex/smoke-framework.build/Debug-watchos/SmokeOperationsHTTP1Server-t.build/Objects-normal/arm64/SmokeOperationsHTTP1Server.swiftsourceinfo /Users/admin/builder/spi-builder-workspace/.derivedData/Build/Products/Debug-watchos/SmokeOperationsHTTP1Server.swiftmodule/Project/arm64-apple-watchos.swiftsourceinfo
SwiftEmitModule normal arm64 Emitting\ module\ for\ SmokeHTTPClient (in target 'SmokeHTTPClient' from project 'smoke-http')
SwiftCompile normal arm64 (in target 'SmokeHTTPClient' from project 'smoke-http')
cd /Users/admin/builder/spi-builder-workspace/.swiftpm/xcode
SwiftCompile normal arm64 Compiling\ StandardJSONSmokeServerPerInvocationContextInitializer.swift,\ StandardJSONSmokeServerStaticContextInitializer.swift /Users/admin/builder/spi-builder-workspace/Sources/SmokeOperationsHTTP1Server/StandardJSONSmokeServerPerInvocationContextInitializer.swift /Users/admin/builder/spi-builder-workspace/Sources/SmokeOperationsHTTP1Server/StandardJSONSmokeServerStaticContextInitializer.swift (in target 'SmokeOperationsHTTP1Server' from project 'smoke-framework')
SwiftCompile normal arm64 /Users/admin/builder/spi-builder-workspace/Sources/SmokeOperationsHTTP1Server/StandardJSONSmokeServerPerInvocationContextInitializer.swift (in target 'SmokeOperationsHTTP1Server' from project 'smoke-framework')
cd /Users/admin/builder/spi-builder-workspace/.swiftpm/xcode
builtin-SwiftPerFileCompile StandardJSONSmokeServerPerInvocationContextInitializer.swift
SwiftCompile normal arm64 /Users/admin/builder/spi-builder-workspace/Sources/SmokeOperationsHTTP1Server/StandardJSONSmokeServerStaticContextInitializer.swift (in target 'SmokeOperationsHTTP1Server' from project 'smoke-framework')
cd /Users/admin/builder/spi-builder-workspace/.swiftpm/xcode
builtin-SwiftPerFileCompile StandardJSONSmokeServerStaticContextInitializer.swift
SwiftEmitModule normal arm64_32 Emitting\ module\ for\ AsyncHTTPClient (in target 'AsyncHTTPClient' from project 'async-http-client')
SwiftCompile normal arm64_32 (in target 'AsyncHTTPClient' from project 'async-http-client')
cd /Users/admin/builder/spi-builder-workspace/.swiftpm/xcode
SwiftDriverJobDiscovery normal arm64 Emitting module for SmokeAsyncHTTP1 (in target 'SmokeAsyncHTTP1' from project 'smoke-framework')
SwiftDriver\ Compilation\ Requirements SmokeAsyncHTTP1 normal arm64 com.apple.xcode.tools.swift.compiler (in target 'SmokeAsyncHTTP1' from project 'smoke-framework')
cd /Users/admin/builder/spi-builder-workspace/.swiftpm/xcode
builtin-Swift-Compilation-Requirements -- /Applications/Xcode-27.0.0-Release.Candidate.app/Contents/Developer/Toolchains/XcodeDefault.xctoolchain/usr/bin/swiftc -parse-as-library -module-name SmokeAsyncHTTP1 -Onone @/Users/admin/builder/spi-builder-workspace/.derivedData/Build/Intermediates.noindex/smoke-framework.build/Debug-watchos/SmokeAsyncHTTP1-t.build/Objects-normal/arm64/SmokeAsyncHTTP1.SwiftFileList -DSWIFT_PACKAGE -DDEBUG -DSWIFT_MODULE_RESOURCE_BUNDLE_UNAVAILABLE -Xcc -fmodule-map-file\=/Users/admin/builder/spi-builder-workspace/.derivedData/Build/Intermediates.noindex/GeneratedModuleMaps-watchos/CNIOBoringSSLShims.modulemap -Xcc -fmodule-map-file\=/Users/admin/builder/spi-builder-workspace/.dependencies/checkouts/swift-nio-ssl/Sources/CNIOBoringSSL/include/module.modulemap -Xcc -fmodule-map-file\=/Users/admin/builder/spi-builder-workspace/.derivedData/Build/Intermediates.noindex/GeneratedModuleMaps-watchos/CNIOExtrasZlib.modulemap -Xcc -fmodule-map-file\=/Users/admin/builder/spi-builder-workspace/.dependencies/checkouts/swift-numerics/Sources/_NumericsShims/include/module.modulemap -Xcc -fmodule-map-file\=/Users/admin/builder/spi-builder-workspace/.dependencies/checkouts/swift-system/Sources/CSystem/include/module.modulemap -Xcc -fmodule-map-file\=/Users/admin/builder/spi-builder-workspace/.derivedData/Build/Intermediates.noindex/GeneratedModuleMaps-watchos/CAsyncHTTPClient.modulemap -Xcc -fmodule-map-file\=/Users/admin/builder/spi-builder-workspace/.dependencies/checkouts/swift-atomics/Sources/_AtomicsShims/include/module.modulemap -Xcc -fmodule-map-file\=/Users/admin/builder/spi-builder-workspace/.derivedData/Build/Intermediates.noindex/GeneratedModuleMaps-watchos/CNIOLLHTTP.modulemap -Xcc -fmodule-map-file\=/Users/admin/builder/spi-builder-workspace/.derivedData/Build/Intermediates.noindex/GeneratedModuleMaps-watchos/CNIOPosix.modulemap -Xcc -fmodule-map-file\=/Users/admin/builder/spi-builder-workspace/.derivedData/Build/Intermediates.noindex/GeneratedModuleMaps-watchos/CNIOWASI.modulemap -Xcc -fmodule-map-file\=/Users/admin/builder/spi-builder-workspace/.dependencies/checkouts/swift-nio/Sources/CNIOWindows/include/module.modulemap -Xcc -fmodule-map-file\=/Users/admin/builder/spi-builder-workspace/.derivedData/Build/Intermediates.noindex/GeneratedModuleMaps-watchos/CNIOLinux.modulemap -Xcc -fmodule-map-file\=/Users/admin/builder/spi-builder-workspace/.derivedData/Build/Intermediates.noindex/GeneratedModuleMaps-watchos/CNIODarwin.modulemap -Xcc -fmodule-map-file\=/Users/admin/builder/spi-builder-workspace/.derivedData/Build/Intermediates.noindex/GeneratedModuleMaps-watchos/CNIOFreeBSD.modulemap -Xcc -fmodule-map-file\=/Users/admin/builder/spi-builder-workspace/.derivedData/Build/Intermediates.noindex/GeneratedModuleMaps-watchos/CNIOOpenBSD.modulemap -Xcc -fmodule-map-file\=/Users/admin/builder/spi-builder-workspace/.derivedData/Build/Intermediates.noindex/GeneratedModuleMaps-watchos/CNIOAtomics.modulemap -DXcode -plugin-path /Applications/Xcode-27.0.0-Release.Candidate.app/Contents/Developer/Toolchains/XcodeDefault.xctoolchain/usr/lib/swift/host/plugins/testing -enable-experimental-feature DebugDescriptionMacro -sdk /Applications/Xcode-27.0.0-Release.Candidate.app/Contents/Developer/Platforms/WatchOS.platform/Developer/SDKs/WatchOS27.0.sdk -target arm64-apple-watchos9.0 -g -module-cache-path /Users/admin/builder/spi-builder-workspace/.derivedData/ModuleCache.noindex -Xfrontend -serialize-debugging-options -profile-coverage-mapping -profile-generate -enable-testing -index-store-path /Users/admin/builder/spi-builder-workspace/.derivedData/Index.noindex/DataStore -Xcc -D_LIBCPP_HARDENING_MODE\=_LIBCPP_HARDENING_MODE_DEBUG -swift-version 5 -I /Users/admin/builder/spi-builder-workspace/.derivedData/Build/Products/Debug-watchos -Isystem /Applications/Xcode-27.0.0-Release.Candidate.app/Contents/Developer/Platforms/WatchOS.platform/Developer/usr/lib -F /Users/admin/builder/spi-builder-workspace/.derivedData/Build/Products/Debug-watchos/PackageFrameworks -F /Users/admin/builder/spi-builder-workspace/.derivedData/Build/Products/Debug-watchos -F /Applications/Xcode-27.0.0-Release.Candidate.app/Contents/Developer/Platforms/WatchOS.platform/Developer/Library/Frameworks -F /Applications/Xcode-27.0.0-Release.Candidate.app/Contents/Developer/Platforms/WatchOS.platform/Developer/SDKs/WatchOS27.0.sdk/Developer/Library/Frameworks -c -j10 -enable-batch-mode -incremental -Xcc -ivfsstatcache -Xcc /Users/admin/builder/spi-builder-workspace/.derivedData/SDKStatCaches.noindex/watchos27.0-24R360-e829b21a6f8c9b70876ba0858053c04477534ef55a1706bf4c1112bbb242f0a2.sdkstatcache -output-file-map /Users/admin/builder/spi-builder-workspace/.derivedData/Build/Intermediates.noindex/smoke-framework.build/Debug-watchos/SmokeAsyncHTTP1-t.build/Objects-normal/arm64/SmokeAsyncHTTP1-OutputFileMap.json -save-temps -no-color-diagnostics -explicit-module-build -module-cache-path /Users/admin/builder/spi-builder-workspace/.derivedData/Build/Intermediates.noindex/SwiftExplicitPrecompiledModules -clang-scanner-module-cache-path /Users/admin/builder/spi-builder-workspace/.derivedData/ModuleCache.noindex -sdk-module-cache-path /Users/admin/builder/spi-builder-workspace/.derivedData/SDKExplicitPrecompiledModules -emit-dependencies -emit-module -emit-module-path /Users/admin/builder/spi-builder-workspace/.derivedData/Build/Intermediates.noindex/smoke-framework.build/Debug-watchos/SmokeAsyncHTTP1-t.build/Objects-normal/arm64/SmokeAsyncHTTP1.swiftmodule -serialize-diagnostics -dependency-scan-serialize-diagnostics-path /Users/admin/builder/spi-builder-workspace/.derivedData/Build/Intermediates.noindex/smoke-framework.build/Debug-watchos/SmokeAsyncHTTP1-t.build/Objects-normal/arm64/SmokeAsyncHTTP1-dependency-scan.dia -validate-clang-modules-once -clang-build-session-file /Users/admin/builder/spi-builder-workspace/.derivedData/ModuleCache.noindex/Session.modulevalidation -Xcc -fmodules-prune-interval\=86400 -Xcc -fmodules-prune-after\=345600 -emit-const-values -const-gather-protocols-list /Users/admin/builder/spi-builder-workspace/.derivedData/Build/Intermediates.noindex/smoke-framework.build/Debug-watchos/SmokeAsyncHTTP1-t.build/Objects-normal/arm64/SmokeAsyncHTTP1_const_extract_protocols.json -Xcc -I/Users/admin/builder/spi-builder-workspace/.dependencies/checkouts/swift-nio-ssl/Sources/CNIOBoringSSLShims/include -Xcc -I/Users/admin/builder/spi-builder-workspace/.dependencies/checkouts/swift-nio-ssl/Sources/CNIOBoringSSL/include -Xcc -I/Users/admin/builder/spi-builder-workspace/.dependencies/checkouts/swift-nio-extras/Sources/CNIOExtrasZlib/include -Xcc -I/Users/admin/builder/spi-builder-workspace/.dependencies/checkouts/swift-numerics/Sources/_NumericsShims/include -Xcc -I/Users/admin/builder/spi-builder-workspace/.dependencies/checkouts/swift-system/Sources/CSystem/include -Xcc -I/Users/admin/builder/spi-builder-workspace/.dependencies/checkouts/async-http-client/Sources/CAsyncHTTPClient/include -Xcc -I/Users/admin/builder/spi-builder-workspace/.dependencies/checkouts/swift-atomics/Sources/_AtomicsShims/include -Xcc -I/Users/admin/builder/spi-builder-workspace/.dependencies/checkouts/swift-nio/Sources/CNIOLLHTTP/include -Xcc -I/Users/admin/builder/spi-builder-workspace/.dependencies/checkouts/swift-nio/Sources/CNIOPosix/include -Xcc -I/Users/admin/builder/spi-builder-workspace/.dependencies/checkouts/swift-nio/Sources/CNIOWASI/include -Xcc -I/Users/admin/builder/spi-builder-workspace/.dependencies/checkouts/swift-nio/Sources/CNIOWindows/include -Xcc -I/Users/admin/builder/spi-builder-workspace/.dependencies/checkouts/swift-nio/Sources/CNIOLinux/include -Xcc -I/Users/admin/builder/spi-builder-workspace/.dependencies/checkouts/swift-nio/Sources/CNIODarwin/include -Xcc -I/Users/admin/builder/spi-builder-workspace/.dependencies/checkouts/swift-nio/Sources/CNIOFreeBSD/include -Xcc -I/Users/admin/builder/spi-builder-workspace/.dependencies/checkouts/swift-nio/Sources/CNIOOpenBSD/include -Xcc -I/Users/admin/builder/spi-builder-workspace/.dependencies/checkouts/swift-nio/Sources/CNIOAtomics/include -Xcc -I/Users/admin/builder/spi-builder-workspace/.derivedData/Build/Products/Debug-watchos/include -Xcc -I/Users/admin/builder/spi-builder-workspace/.derivedData/Build/Intermediates.noindex/smoke-framework.build/Debug-watchos/SmokeAsyncHTTP1-t.build/DerivedSources-normal/arm64 -Xcc -I/Users/admin/builder/spi-builder-workspace/.derivedData/Build/Intermediates.noindex/smoke-framework.build/Debug-watchos/SmokeAsyncHTTP1-t.build/DerivedSources/arm64 -Xcc -I/Users/admin/builder/spi-builder-workspace/.derivedData/Build/Intermediates.noindex/smoke-framework.build/Debug-watchos/SmokeAsyncHTTP1-t.build/DerivedSources -Xcc -DSWIFT_PACKAGE -Xcc -DDEBUG\=1 -emit-objc-header -emit-objc-header-path /Users/admin/builder/spi-builder-workspace/.derivedData/Build/Intermediates.noindex/smoke-framework.build/Debug-watchos/SmokeAsyncHTTP1-t.build/Objects-normal/arm64/SmokeAsyncHTTP1-Swift.h -working-directory /Users/admin/builder/spi-builder-workspace/.swiftpm/xcode -experimental-emit-module-separately -disable-cmo
SwiftDriverJobDiscovery normal arm64_32 Emitting module for SmokeAsyncHTTP1 (in target 'SmokeAsyncHTTP1' from project 'smoke-framework')
SwiftDriver\ Compilation\ Requirements SmokeAsyncHTTP1 normal arm64_32 com.apple.xcode.tools.swift.compiler (in target 'SmokeAsyncHTTP1' from project 'smoke-framework')
cd /Users/admin/builder/spi-builder-workspace/.swiftpm/xcode
builtin-Swift-Compilation-Requirements -- /Applications/Xcode-27.0.0-Release.Candidate.app/Contents/Developer/Toolchains/XcodeDefault.xctoolchain/usr/bin/swiftc -parse-as-library -module-name SmokeAsyncHTTP1 -Onone @/Users/admin/builder/spi-builder-workspace/.derivedData/Build/Intermediates.noindex/smoke-framework.build/Debug-watchos/SmokeAsyncHTTP1-t.build/Objects-normal/arm64_32/SmokeAsyncHTTP1.SwiftFileList -DSWIFT_PACKAGE -DDEBUG -DSWIFT_MODULE_RESOURCE_BUNDLE_UNAVAILABLE -Xcc -fmodule-map-file\=/Users/admin/builder/spi-builder-workspace/.derivedData/Build/Intermediates.noindex/GeneratedModuleMaps-watchos/CNIOBoringSSLShims.modulemap -Xcc -fmodule-map-file\=/Users/admin/builder/spi-builder-workspace/.dependencies/checkouts/swift-nio-ssl/Sources/CNIOBoringSSL/include/module.modulemap -Xcc -fmodule-map-file\=/Users/admin/builder/spi-builder-workspace/.derivedData/Build/Intermediates.noindex/GeneratedModuleMaps-watchos/CNIOExtrasZlib.modulemap -Xcc -fmodule-map-file\=/Users/admin/builder/spi-builder-workspace/.dependencies/checkouts/swift-numerics/Sources/_NumericsShims/include/module.modulemap -Xcc -fmodule-map-file\=/Users/admin/builder/spi-builder-workspace/.dependencies/checkouts/swift-system/Sources/CSystem/include/module.modulemap -Xcc -fmodule-map-file\=/Users/admin/builder/spi-builder-workspace/.derivedData/Build/Intermediates.noindex/GeneratedModuleMaps-watchos/CAsyncHTTPClient.modulemap -Xcc -fmodule-map-file\=/Users/admin/builder/spi-builder-workspace/.dependencies/checkouts/swift-atomics/Sources/_AtomicsShims/include/module.modulemap -Xcc -fmodule-map-file\=/Users/admin/builder/spi-builder-workspace/.derivedData/Build/Intermediates.noindex/GeneratedModuleMaps-watchos/CNIOLLHTTP.modulemap -Xcc -fmodule-map-file\=/Users/admin/builder/spi-builder-workspace/.derivedData/Build/Intermediates.noindex/GeneratedModuleMaps-watchos/CNIOPosix.modulemap -Xcc -fmodule-map-file\=/Users/admin/builder/spi-builder-workspace/.derivedData/Build/Intermediates.noindex/GeneratedModuleMaps-watchos/CNIOWASI.modulemap -Xcc -fmodule-map-file\=/Users/admin/builder/spi-builder-workspace/.dependencies/checkouts/swift-nio/Sources/CNIOWindows/include/module.modulemap -Xcc -fmodule-map-file\=/Users/admin/builder/spi-builder-workspace/.derivedData/Build/Intermediates.noindex/GeneratedModuleMaps-watchos/CNIOLinux.modulemap -Xcc -fmodule-map-file\=/Users/admin/builder/spi-builder-workspace/.derivedData/Build/Intermediates.noindex/GeneratedModuleMaps-watchos/CNIODarwin.modulemap -Xcc -fmodule-map-file\=/Users/admin/builder/spi-builder-workspace/.derivedData/Build/Intermediates.noindex/GeneratedModuleMaps-watchos/CNIOFreeBSD.modulemap -Xcc -fmodule-map-file\=/Users/admin/builder/spi-builder-workspace/.derivedData/Build/Intermediates.noindex/GeneratedModuleMaps-watchos/CNIOOpenBSD.modulemap -Xcc -fmodule-map-file\=/Users/admin/builder/spi-builder-workspace/.derivedData/Build/Intermediates.noindex/GeneratedModuleMaps-watchos/CNIOAtomics.modulemap -DXcode -plugin-path /Applications/Xcode-27.0.0-Release.Candidate.app/Contents/Developer/Toolchains/XcodeDefault.xctoolchain/usr/lib/swift/host/plugins/testing -enable-experimental-feature DebugDescriptionMacro -sdk /Applications/Xcode-27.0.0-Release.Candidate.app/Contents/Developer/Platforms/WatchOS.platform/Developer/SDKs/WatchOS27.0.sdk -target arm64_32-apple-watchos9.0 -g -module-cache-path /Users/admin/builder/spi-builder-workspace/.derivedData/ModuleCache.noindex -Xfrontend -serialize-debugging-options -profile-coverage-mapping -profile-generate -enable-testing -index-store-path /Users/admin/builder/spi-builder-workspace/.derivedData/Index.noindex/DataStore -Xcc -D_LIBCPP_HARDENING_MODE\=_LIBCPP_HARDENING_MODE_DEBUG -swift-version 5 -I /Users/admin/builder/spi-builder-workspace/.derivedData/Build/Products/Debug-watchos -Isystem /Applications/Xcode-27.0.0-Release.Candidate.app/Contents/Developer/Platforms/WatchOS.platform/Developer/usr/lib -F /Users/admin/builder/spi-builder-workspace/.derivedData/Build/Products/Debug-watchos/PackageFrameworks -F /Users/admin/builder/spi-builder-workspace/.derivedData/Build/Products/Debug-watchos -F /Applications/Xcode-27.0.0-Release.Candidate.app/Contents/Developer/Platforms/WatchOS.platform/Developer/Library/Frameworks -F /Applications/Xcode-27.0.0-Release.Candidate.app/Contents/Developer/Platforms/WatchOS.platform/Developer/SDKs/WatchOS27.0.sdk/Developer/Library/Frameworks -c -j10 -enable-batch-mode -incremental -Xcc -ivfsstatcache -Xcc /Users/admin/builder/spi-builder-workspace/.derivedData/SDKStatCaches.noindex/watchos27.0-24R360-e829b21a6f8c9b70876ba0858053c04477534ef55a1706bf4c1112bbb242f0a2.sdkstatcache -output-file-map /Users/admin/builder/spi-builder-workspace/.derivedData/Build/Intermediates.noindex/smoke-framework.build/Debug-watchos/SmokeAsyncHTTP1-t.build/Objects-normal/arm64_32/SmokeAsyncHTTP1-OutputFileMap.json -save-temps -no-color-diagnostics -explicit-module-build -module-cache-path /Users/admin/builder/spi-builder-workspace/.derivedData/Build/Intermediates.noindex/SwiftExplicitPrecompiledModules -clang-scanner-module-cache-path /Users/admin/builder/spi-builder-workspace/.derivedData/ModuleCache.noindex -sdk-module-cache-path /Users/admin/builder/spi-builder-workspace/.derivedData/SDKExplicitPrecompiledModules -emit-dependencies -emit-module -emit-module-path /Users/admin/builder/spi-builder-workspace/.derivedData/Build/Intermediates.noindex/smoke-framework.build/Debug-watchos/SmokeAsyncHTTP1-t.build/Objects-normal/arm64_32/SmokeAsyncHTTP1.swiftmodule -serialize-diagnostics -dependency-scan-serialize-diagnostics-path /Users/admin/builder/spi-builder-workspace/.derivedData/Build/Intermediates.noindex/smoke-framework.build/Debug-watchos/SmokeAsyncHTTP1-t.build/Objects-normal/arm64_32/SmokeAsyncHTTP1-dependency-scan.dia -validate-clang-modules-once -clang-build-session-file /Users/admin/builder/spi-builder-workspace/.derivedData/ModuleCache.noindex/Session.modulevalidation -Xcc -fmodules-prune-interval\=86400 -Xcc -fmodules-prune-after\=345600 -emit-const-values -const-gather-protocols-list /Users/admin/builder/spi-builder-workspace/.derivedData/Build/Intermediates.noindex/smoke-framework.build/Debug-watchos/SmokeAsyncHTTP1-t.build/Objects-normal/arm64_32/SmokeAsyncHTTP1_const_extract_protocols.json -Xcc -I/Users/admin/builder/spi-builder-workspace/.dependencies/checkouts/swift-nio-ssl/Sources/CNIOBoringSSLShims/include -Xcc -I/Users/admin/builder/spi-builder-workspace/.dependencies/checkouts/swift-nio-ssl/Sources/CNIOBoringSSL/include -Xcc -I/Users/admin/builder/spi-builder-workspace/.dependencies/checkouts/swift-nio-extras/Sources/CNIOExtrasZlib/include -Xcc -I/Users/admin/builder/spi-builder-workspace/.dependencies/checkouts/swift-numerics/Sources/_NumericsShims/include -Xcc -I/Users/admin/builder/spi-builder-workspace/.dependencies/checkouts/swift-system/Sources/CSystem/include -Xcc -I/Users/admin/builder/spi-builder-workspace/.dependencies/checkouts/async-http-client/Sources/CAsyncHTTPClient/include -Xcc -I/Users/admin/builder/spi-builder-workspace/.dependencies/checkouts/swift-atomics/Sources/_AtomicsShims/include -Xcc -I/Users/admin/builder/spi-builder-workspace/.dependencies/checkouts/swift-nio/Sources/CNIOLLHTTP/include -Xcc -I/Users/admin/builder/spi-builder-workspace/.dependencies/checkouts/swift-nio/Sources/CNIOPosix/include -Xcc -I/Users/admin/builder/spi-builder-workspace/.dependencies/checkouts/swift-nio/Sources/CNIOWASI/include -Xcc -I/Users/admin/builder/spi-builder-workspace/.dependencies/checkouts/swift-nio/Sources/CNIOWindows/include -Xcc -I/Users/admin/builder/spi-builder-workspace/.dependencies/checkouts/swift-nio/Sources/CNIOLinux/include -Xcc -I/Users/admin/builder/spi-builder-workspace/.dependencies/checkouts/swift-nio/Sources/CNIODarwin/include -Xcc -I/Users/admin/builder/spi-builder-workspace/.dependencies/checkouts/swift-nio/Sources/CNIOFreeBSD/include -Xcc -I/Users/admin/builder/spi-builder-workspace/.dependencies/checkouts/swift-nio/Sources/CNIOOpenBSD/include -Xcc -I/Users/admin/builder/spi-builder-workspace/.dependencies/checkouts/swift-nio/Sources/CNIOAtomics/include -Xcc -I/Users/admin/builder/spi-builder-workspace/.derivedData/Build/Products/Debug-watchos/include -Xcc -I/Users/admin/builder/spi-builder-workspace/.derivedData/Build/Intermediates.noindex/smoke-framework.build/Debug-watchos/SmokeAsyncHTTP1-t.build/DerivedSources-normal/arm64_32 -Xcc -I/Users/admin/builder/spi-builder-workspace/.derivedData/Build/Intermediates.noindex/smoke-framework.build/Debug-watchos/SmokeAsyncHTTP1-t.build/DerivedSources/arm64_32 -Xcc -I/Users/admin/builder/spi-builder-workspace/.derivedData/Build/Intermediates.noindex/smoke-framework.build/Debug-watchos/SmokeAsyncHTTP1-t.build/DerivedSources -Xcc -DSWIFT_PACKAGE -Xcc -DDEBUG\=1 -emit-objc-header -emit-objc-header-path /Users/admin/builder/spi-builder-workspace/.derivedData/Build/Intermediates.noindex/smoke-framework.build/Debug-watchos/SmokeAsyncHTTP1-t.build/Objects-normal/arm64_32/SmokeAsyncHTTP1-Swift.h -working-directory /Users/admin/builder/spi-builder-workspace/.swiftpm/xcode -experimental-emit-module-separately -disable-cmo
Copy /Users/admin/builder/spi-builder-workspace/.derivedData/Build/Products/Debug-watchos/SmokeAsyncHTTP1.swiftmodule/arm64-apple-watchos.swiftmodule /Users/admin/builder/spi-builder-workspace/.derivedData/Build/Intermediates.noindex/smoke-framework.build/Debug-watchos/SmokeAsyncHTTP1-t.build/Objects-normal/arm64/SmokeAsyncHTTP1.swiftmodule (in target 'SmokeAsyncHTTP1' from project 'smoke-framework')
cd /Users/admin/builder/spi-builder-workspace
builtin-copy -exclude .DS_Store -exclude CVS -exclude .svn -exclude .git -exclude .hg -resolve-src-symlinks -rename /Users/admin/builder/spi-builder-workspace/.derivedData/Build/Intermediates.noindex/smoke-framework.build/Debug-watchos/SmokeAsyncHTTP1-t.build/Objects-normal/arm64/SmokeAsyncHTTP1.swiftmodule /Users/admin/builder/spi-builder-workspace/.derivedData/Build/Products/Debug-watchos/SmokeAsyncHTTP1.swiftmodule/arm64-apple-watchos.swiftmodule
SwiftMergeGeneratedHeaders /Users/admin/builder/spi-builder-workspace/.derivedData/Build/Intermediates.noindex/GeneratedModuleMaps-watchos/SmokeAsyncHTTP1-Swift.h /Users/admin/builder/spi-builder-workspace/.derivedData/Build/Intermediates.noindex/smoke-framework.build/Debug-watchos/SmokeAsyncHTTP1-t.build/Objects-normal/arm64/SmokeAsyncHTTP1-Swift.h /Users/admin/builder/spi-builder-workspace/.derivedData/Build/Intermediates.noindex/smoke-framework.build/Debug-watchos/SmokeAsyncHTTP1-t.build/Objects-normal/arm64_32/SmokeAsyncHTTP1-Swift.h (in target 'SmokeAsyncHTTP1' from project 'smoke-framework')
cd /Users/admin/builder/spi-builder-workspace
builtin-swiftHeaderTool -arch arm64 /Users/admin/builder/spi-builder-workspace/.derivedData/Build/Intermediates.noindex/smoke-framework.build/Debug-watchos/SmokeAsyncHTTP1-t.build/Objects-normal/arm64/SmokeAsyncHTTP1-Swift.h -arch arm64_32 /Users/admin/builder/spi-builder-workspace/.derivedData/Build/Intermediates.noindex/smoke-framework.build/Debug-watchos/SmokeAsyncHTTP1-t.build/Objects-normal/arm64_32/SmokeAsyncHTTP1-Swift.h -o /Users/admin/builder/spi-builder-workspace/.derivedData/Build/Intermediates.noindex/GeneratedModuleMaps-watchos/SmokeAsyncHTTP1-Swift.h
Copy /Users/admin/builder/spi-builder-workspace/.derivedData/Build/Products/Debug-watchos/SmokeAsyncHTTP1.swiftmodule/arm64_32-apple-watchos.swiftmodule /Users/admin/builder/spi-builder-workspace/.derivedData/Build/Intermediates.noindex/smoke-framework.build/Debug-watchos/SmokeAsyncHTTP1-t.build/Objects-normal/arm64_32/SmokeAsyncHTTP1.swiftmodule (in target 'SmokeAsyncHTTP1' from project 'smoke-framework')
cd /Users/admin/builder/spi-builder-workspace
builtin-copy -exclude .DS_Store -exclude CVS -exclude .svn -exclude .git -exclude .hg -resolve-src-symlinks -rename /Users/admin/builder/spi-builder-workspace/.derivedData/Build/Intermediates.noindex/smoke-framework.build/Debug-watchos/SmokeAsyncHTTP1-t.build/Objects-normal/arm64_32/SmokeAsyncHTTP1.swiftmodule /Users/admin/builder/spi-builder-workspace/.derivedData/Build/Products/Debug-watchos/SmokeAsyncHTTP1.swiftmodule/arm64_32-apple-watchos.swiftmodule
Copy /Users/admin/builder/spi-builder-workspace/.derivedData/Build/Products/Debug-watchos/SmokeAsyncHTTP1.swiftmodule/arm64_32-apple-watchos.swiftdoc /Users/admin/builder/spi-builder-workspace/.derivedData/Build/Intermediates.noindex/smoke-framework.build/Debug-watchos/SmokeAsyncHTTP1-t.build/Objects-normal/arm64_32/SmokeAsyncHTTP1.swiftdoc (in target 'SmokeAsyncHTTP1' from project 'smoke-framework')
cd /Users/admin/builder/spi-builder-workspace
builtin-copy -exclude .DS_Store -exclude CVS -exclude .svn -exclude .git -exclude .hg -resolve-src-symlinks -rename /Users/admin/builder/spi-builder-workspace/.derivedData/Build/Intermediates.noindex/smoke-framework.build/Debug-watchos/SmokeAsyncHTTP1-t.build/Objects-normal/arm64_32/SmokeAsyncHTTP1.swiftdoc /Users/admin/builder/spi-builder-workspace/.derivedData/Build/Products/Debug-watchos/SmokeAsyncHTTP1.swiftmodule/arm64_32-apple-watchos.swiftdoc
Copy /Users/admin/builder/spi-builder-workspace/.derivedData/Build/Products/Debug-watchos/SmokeAsyncHTTP1.swiftmodule/arm64_32-apple-watchos.abi.json /Users/admin/builder/spi-builder-workspace/.derivedData/Build/Intermediates.noindex/smoke-framework.build/Debug-watchos/SmokeAsyncHTTP1-t.build/Objects-normal/arm64_32/SmokeAsyncHTTP1.abi.json (in target 'SmokeAsyncHTTP1' from project 'smoke-framework')
cd /Users/admin/builder/spi-builder-workspace
builtin-copy -exclude .DS_Store -exclude CVS -exclude .svn -exclude .git -exclude .hg -resolve-src-symlinks -rename /Users/admin/builder/spi-builder-workspace/.derivedData/Build/Intermediates.noindex/smoke-framework.build/Debug-watchos/SmokeAsyncHTTP1-t.build/Objects-normal/arm64_32/SmokeAsyncHTTP1.abi.json /Users/admin/builder/spi-builder-workspace/.derivedData/Build/Products/Debug-watchos/SmokeAsyncHTTP1.swiftmodule/arm64_32-apple-watchos.abi.json
Copy /Users/admin/builder/spi-builder-workspace/.derivedData/Build/Products/Debug-watchos/SmokeAsyncHTTP1.swiftmodule/arm64-apple-watchos.swiftdoc /Users/admin/builder/spi-builder-workspace/.derivedData/Build/Intermediates.noindex/smoke-framework.build/Debug-watchos/SmokeAsyncHTTP1-t.build/Objects-normal/arm64/SmokeAsyncHTTP1.swiftdoc (in target 'SmokeAsyncHTTP1' from project 'smoke-framework')
cd /Users/admin/builder/spi-builder-workspace
builtin-copy -exclude .DS_Store -exclude CVS -exclude .svn -exclude .git -exclude .hg -resolve-src-symlinks -rename /Users/admin/builder/spi-builder-workspace/.derivedData/Build/Intermediates.noindex/smoke-framework.build/Debug-watchos/SmokeAsyncHTTP1-t.build/Objects-normal/arm64/SmokeAsyncHTTP1.swiftdoc /Users/admin/builder/spi-builder-workspace/.derivedData/Build/Products/Debug-watchos/SmokeAsyncHTTP1.swiftmodule/arm64-apple-watchos.swiftdoc
Copy /Users/admin/builder/spi-builder-workspace/.derivedData/Build/Products/Debug-watchos/SmokeAsyncHTTP1.swiftmodule/arm64-apple-watchos.abi.json /Users/admin/builder/spi-builder-workspace/.derivedData/Build/Intermediates.noindex/smoke-framework.build/Debug-watchos/SmokeAsyncHTTP1-t.build/Objects-normal/arm64/SmokeAsyncHTTP1.abi.json (in target 'SmokeAsyncHTTP1' from project 'smoke-framework')
cd /Users/admin/builder/spi-builder-workspace
builtin-copy -exclude .DS_Store -exclude CVS -exclude .svn -exclude .git -exclude .hg -resolve-src-symlinks -rename /Users/admin/builder/spi-builder-workspace/.derivedData/Build/Intermediates.noindex/smoke-framework.build/Debug-watchos/SmokeAsyncHTTP1-t.build/Objects-normal/arm64/SmokeAsyncHTTP1.abi.json /Users/admin/builder/spi-builder-workspace/.derivedData/Build/Products/Debug-watchos/SmokeAsyncHTTP1.swiftmodule/arm64-apple-watchos.abi.json
Copy /Users/admin/builder/spi-builder-workspace/.derivedData/Build/Products/Debug-watchos/SmokeAsyncHTTP1.swiftmodule/Project/arm64_32-apple-watchos.swiftsourceinfo /Users/admin/builder/spi-builder-workspace/.derivedData/Build/Intermediates.noindex/smoke-framework.build/Debug-watchos/SmokeAsyncHTTP1-t.build/Objects-normal/arm64_32/SmokeAsyncHTTP1.swiftsourceinfo (in target 'SmokeAsyncHTTP1' from project 'smoke-framework')
cd /Users/admin/builder/spi-builder-workspace
builtin-copy -exclude .DS_Store -exclude CVS -exclude .svn -exclude .git -exclude .hg -resolve-src-symlinks -rename /Users/admin/builder/spi-builder-workspace/.derivedData/Build/Intermediates.noindex/smoke-framework.build/Debug-watchos/SmokeAsyncHTTP1-t.build/Objects-normal/arm64_32/SmokeAsyncHTTP1.swiftsourceinfo /Users/admin/builder/spi-builder-workspace/.derivedData/Build/Products/Debug-watchos/SmokeAsyncHTTP1.swiftmodule/Project/arm64_32-apple-watchos.swiftsourceinfo
Copy /Users/admin/builder/spi-builder-workspace/.derivedData/Build/Products/Debug-watchos/SmokeAsyncHTTP1.swiftmodule/Project/arm64-apple-watchos.swiftsourceinfo /Users/admin/builder/spi-builder-workspace/.derivedData/Build/Intermediates.noindex/smoke-framework.build/Debug-watchos/SmokeAsyncHTTP1-t.build/Objects-normal/arm64/SmokeAsyncHTTP1.swiftsourceinfo (in target 'SmokeAsyncHTTP1' from project 'smoke-framework')
cd /Users/admin/builder/spi-builder-workspace
builtin-copy -exclude .DS_Store -exclude CVS -exclude .svn -exclude .git -exclude .hg -resolve-src-symlinks -rename /Users/admin/builder/spi-builder-workspace/.derivedData/Build/Intermediates.noindex/smoke-framework.build/Debug-watchos/SmokeAsyncHTTP1-t.build/Objects-normal/arm64/SmokeAsyncHTTP1.swiftsourceinfo /Users/admin/builder/spi-builder-workspace/.derivedData/Build/Products/Debug-watchos/SmokeAsyncHTTP1.swiftmodule/Project/arm64-apple-watchos.swiftsourceinfo
SwiftCompile normal arm64_32 Compiling\ SmokeInvocationTraceContext.swift,\ SmokeServerHTTP1RequestHandler.swift /Users/admin/builder/spi-builder-workspace/Sources/SmokeOperationsHTTP1Server/SmokeInvocationTraceContext.swift /Users/admin/builder/spi-builder-workspace/Sources/SmokeOperationsHTTP1Server/SmokeServerHTTP1RequestHandler.swift (in target 'SmokeOperationsHTTP1Server' from project 'smoke-framework')
SwiftCompile normal arm64_32 /Users/admin/builder/spi-builder-workspace/Sources/SmokeOperationsHTTP1Server/SmokeInvocationTraceContext.swift (in target 'SmokeOperationsHTTP1Server' from project 'smoke-framework')
cd /Users/admin/builder/spi-builder-workspace/.swiftpm/xcode
builtin-SwiftPerFileCompile SmokeInvocationTraceContext.swift
SwiftCompile normal arm64_32 /Users/admin/builder/spi-builder-workspace/Sources/SmokeOperationsHTTP1Server/SmokeServerHTTP1RequestHandler.swift (in target 'SmokeOperationsHTTP1Server' from project 'smoke-framework')
cd /Users/admin/builder/spi-builder-workspace/.swiftpm/xcode
builtin-SwiftPerFileCompile SmokeServerHTTP1RequestHandler.swift
SwiftDriverJobDiscovery normal arm64_32 Compiling SmokeServerStaticContextInitializerV2.swift, StandardHTTP1ResponseHandler.swift (in target 'SmokeOperationsHTTP1Server' from project 'smoke-framework')
SwiftCompile normal arm64 Compiling\ SmokeServerInvocationReporting.swift,\ SmokeServerPerInvocationContextInitializer.swift /Users/admin/builder/spi-builder-workspace/Sources/SmokeOperationsHTTP1Server/SmokeServerInvocationReporting.swift /Users/admin/builder/spi-builder-workspace/Sources/SmokeOperationsHTTP1Server/SmokeServerPerInvocationContextInitializer.swift (in target 'SmokeOperationsHTTP1Server' from project 'smoke-framework')
SwiftCompile normal arm64 /Users/admin/builder/spi-builder-workspace/Sources/SmokeOperationsHTTP1Server/SmokeServerInvocationReporting.swift (in target 'SmokeOperationsHTTP1Server' from project 'smoke-framework')
cd /Users/admin/builder/spi-builder-workspace/.swiftpm/xcode
builtin-SwiftPerFileCompile SmokeServerInvocationReporting.swift
SwiftCompile normal arm64 /Users/admin/builder/spi-builder-workspace/Sources/SmokeOperationsHTTP1Server/SmokeServerPerInvocationContextInitializer.swift (in target 'SmokeOperationsHTTP1Server' from project 'smoke-framework')
cd /Users/admin/builder/spi-builder-workspace/.swiftpm/xcode
builtin-SwiftPerFileCompile SmokeServerPerInvocationContextInitializer.swift
SwiftDriverJobDiscovery normal arm64_32 Compiling SmokeServerInvocationReporting.swift, SmokeServerPerInvocationContextInitializer.swift (in target 'SmokeOperationsHTTP1Server' from project 'smoke-framework')
SwiftCompile normal arm64_32 Compiling\ HTTP1OperationTraceContext.swift,\ HTTP1RequestInvocationContext.swift,\ JSONPayloadHTTP1OperationDelegate.swift /Users/admin/builder/spi-builder-workspace/Sources/SmokeOperationsHTTP1Server/HTTP1OperationTraceContext.swift /Users/admin/builder/spi-builder-workspace/Sources/SmokeOperationsHTTP1Server/HTTP1RequestInvocationContext.swift /Users/admin/builder/spi-builder-workspace/Sources/SmokeOperationsHTTP1Server/JSONPayloadHTTP1OperationDelegate.swift (in target 'SmokeOperationsHTTP1Server' from project 'smoke-framework')
SwiftCompile normal arm64_32 /Users/admin/builder/spi-builder-workspace/Sources/SmokeOperationsHTTP1Server/HTTP1OperationTraceContext.swift (in target 'SmokeOperationsHTTP1Server' from project 'smoke-framework')
cd /Users/admin/builder/spi-builder-workspace/.swiftpm/xcode
builtin-SwiftPerFileCompile HTTP1OperationTraceContext.swift
SwiftCompile normal arm64_32 /Users/admin/builder/spi-builder-workspace/Sources/SmokeOperationsHTTP1Server/HTTP1RequestInvocationContext.swift (in target 'SmokeOperationsHTTP1Server' from project 'smoke-framework')
cd /Users/admin/builder/spi-builder-workspace/.swiftpm/xcode
builtin-SwiftPerFileCompile HTTP1RequestInvocationContext.swift
SwiftCompile normal arm64_32 /Users/admin/builder/spi-builder-workspace/Sources/SmokeOperationsHTTP1Server/JSONPayloadHTTP1OperationDelegate.swift (in target 'SmokeOperationsHTTP1Server' from project 'smoke-framework')
cd /Users/admin/builder/spi-builder-workspace/.swiftpm/xcode
builtin-SwiftPerFileCompile JSONPayloadHTTP1OperationDelegate.swift
SwiftCompile normal arm64_32 Compiling\ SmokeHTTP1Server+runAsOperationServer.swift,\ SmokeHTTP1Server+startAsOperationServer.swift /Users/admin/builder/spi-builder-workspace/Sources/SmokeOperationsHTTP1Server/SmokeHTTP1Server+runAsOperationServer.swift /Users/admin/builder/spi-builder-workspace/Sources/SmokeOperationsHTTP1Server/SmokeHTTP1Server+startAsOperationServer.swift (in target 'SmokeOperationsHTTP1Server' from project 'smoke-framework')
SwiftCompile normal arm64_32 /Users/admin/builder/spi-builder-workspace/Sources/SmokeOperationsHTTP1Server/SmokeHTTP1Server+runAsOperationServer.swift (in target 'SmokeOperationsHTTP1Server' from project 'smoke-framework')
cd /Users/admin/builder/spi-builder-workspace/.swiftpm/xcode
builtin-SwiftPerFileCompile SmokeHTTP1Server+runAsOperationServer.swift
SwiftCompile normal arm64_32 /Users/admin/builder/spi-builder-workspace/Sources/SmokeOperationsHTTP1Server/SmokeHTTP1Server+startAsOperationServer.swift (in target 'SmokeOperationsHTTP1Server' from project 'smoke-framework')
cd /Users/admin/builder/spi-builder-workspace/.swiftpm/xcode
builtin-SwiftPerFileCompile SmokeHTTP1Server+startAsOperationServer.swift
SwiftDriverJobDiscovery normal arm64_32 Compiling SmokeServerInvocationContext+HTTP1RequestInvocationContext.swift, SmokeServerInvocationReporting+withInvocationTraceContext.swift (in target 'SmokeOperationsHTTP1Server' from project 'smoke-framework')
SwiftCompile normal arm64_32 Compiling\ SmokeAsyncServerPerInvocationContextInitializer.swift,\ SmokeAsyncServerStaticContextInitializer.swift /Users/admin/builder/spi-builder-workspace/Sources/SmokeOperationsHTTP1Server/SmokeAsyncServerPerInvocationContextInitializer.swift /Users/admin/builder/spi-builder-workspace/Sources/SmokeOperationsHTTP1Server/SmokeAsyncServerStaticContextInitializer.swift (in target 'SmokeOperationsHTTP1Server' from project 'smoke-framework')
SwiftCompile normal arm64_32 /Users/admin/builder/spi-builder-workspace/Sources/SmokeOperationsHTTP1Server/SmokeAsyncServerPerInvocationContextInitializer.swift (in target 'SmokeOperationsHTTP1Server' from project 'smoke-framework')
cd /Users/admin/builder/spi-builder-workspace/.swiftpm/xcode
builtin-SwiftPerFileCompile SmokeAsyncServerPerInvocationContextInitializer.swift
SwiftCompile normal arm64_32 /Users/admin/builder/spi-builder-workspace/Sources/SmokeOperationsHTTP1Server/SmokeAsyncServerStaticContextInitializer.swift (in target 'SmokeOperationsHTTP1Server' from project 'smoke-framework')
cd /Users/admin/builder/spi-builder-workspace/.swiftpm/xcode
builtin-SwiftPerFileCompile SmokeAsyncServerStaticContextInitializer.swift
SwiftDriverJobDiscovery normal arm64 Compiling StandardJSONSmokeServerPerInvocationContextInitializer.swift, StandardJSONSmokeServerStaticContextInitializer.swift (in target 'SmokeOperationsHTTP1Server' from project 'smoke-framework')
SwiftCompile normal arm64 Compiling\ SmokeInvocationTraceContext.swift,\ SmokeServerHTTP1RequestHandler.swift /Users/admin/builder/spi-builder-workspace/Sources/SmokeOperationsHTTP1Server/SmokeInvocationTraceContext.swift /Users/admin/builder/spi-builder-workspace/Sources/SmokeOperationsHTTP1Server/SmokeServerHTTP1RequestHandler.swift (in target 'SmokeOperationsHTTP1Server' from project 'smoke-framework')
SwiftCompile normal arm64 /Users/admin/builder/spi-builder-workspace/Sources/SmokeOperationsHTTP1Server/SmokeInvocationTraceContext.swift (in target 'SmokeOperationsHTTP1Server' from project 'smoke-framework')
cd /Users/admin/builder/spi-builder-workspace/.swiftpm/xcode
builtin-SwiftPerFileCompile SmokeInvocationTraceContext.swift
SwiftCompile normal arm64 /Users/admin/builder/spi-builder-workspace/Sources/SmokeOperationsHTTP1Server/SmokeServerHTTP1RequestHandler.swift (in target 'SmokeOperationsHTTP1Server' from project 'smoke-framework')
cd /Users/admin/builder/spi-builder-workspace/.swiftpm/xcode
builtin-SwiftPerFileCompile SmokeServerHTTP1RequestHandler.swift
SwiftDriverJobDiscovery normal arm64_32 Compiling HTTP1OperationTraceContext.swift, HTTP1RequestInvocationContext.swift, JSONPayloadHTTP1OperationDelegate.swift (in target 'SmokeOperationsHTTP1Server' from project 'smoke-framework')
SwiftCompile normal arm64_32 Compiling\ StandardJSONSmokeServerPerInvocationContextInitializer.swift,\ StandardJSONSmokeServerStaticContextInitializer.swift /Users/admin/builder/spi-builder-workspace/Sources/SmokeOperationsHTTP1Server/StandardJSONSmokeServerPerInvocationContextInitializer.swift /Users/admin/builder/spi-builder-workspace/Sources/SmokeOperationsHTTP1Server/StandardJSONSmokeServerStaticContextInitializer.swift (in target 'SmokeOperationsHTTP1Server' from project 'smoke-framework')
SwiftCompile normal arm64_32 /Users/admin/builder/spi-builder-workspace/Sources/SmokeOperationsHTTP1Server/StandardJSONSmokeServerPerInvocationContextInitializer.swift (in target 'SmokeOperationsHTTP1Server' from project 'smoke-framework')
cd /Users/admin/builder/spi-builder-workspace/.swiftpm/xcode
builtin-SwiftPerFileCompile StandardJSONSmokeServerPerInvocationContextInitializer.swift
SwiftCompile normal arm64_32 /Users/admin/builder/spi-builder-workspace/Sources/SmokeOperationsHTTP1Server/StandardJSONSmokeServerStaticContextInitializer.swift (in target 'SmokeOperationsHTTP1Server' from project 'smoke-framework')
cd /Users/admin/builder/spi-builder-workspace/.swiftpm/xcode
builtin-SwiftPerFileCompile StandardJSONSmokeServerStaticContextInitializer.swift
SwiftDriverJobDiscovery normal arm64 Compiling SmokeServerInvocationReporting.swift, SmokeServerPerInvocationContextInitializer.swift (in target 'SmokeOperationsHTTP1Server' from project 'smoke-framework')
SwiftCompile normal arm64_32 Compiling\ HTTPClientInvocationReporting.swift,\ HTTPClientReportingConfiguration.swift,\ HTTPClientRetryConfiguration.swift,\ HTTPError.swift /Users/admin/builder/spi-builder-workspace/.dependencies/checkouts/smoke-http/Sources/SmokeHTTPClient/HTTPClientInvocationReporting.swift /Users/admin/builder/spi-builder-workspace/.dependencies/checkouts/smoke-http/Sources/SmokeHTTPClient/HTTPClientReportingConfiguration.swift /Users/admin/builder/spi-builder-workspace/.dependencies/checkouts/smoke-http/Sources/SmokeHTTPClient/HTTPClientRetryConfiguration.swift /Users/admin/builder/spi-builder-workspace/.dependencies/checkouts/smoke-http/Sources/SmokeHTTPClient/HTTPError.swift (in target 'SmokeHTTPClient' from project 'smoke-http')
SwiftCompile normal arm64_32 /Users/admin/builder/spi-builder-workspace/.dependencies/checkouts/smoke-http/Sources/SmokeHTTPClient/HTTPClientInvocationReporting.swift (in target 'SmokeHTTPClient' from project 'smoke-http')
cd /Users/admin/builder/spi-builder-workspace/.swiftpm/xcode
builtin-SwiftPerFileCompile HTTPClientInvocationReporting.swift
SwiftCompile normal arm64_32 /Users/admin/builder/spi-builder-workspace/.dependencies/checkouts/smoke-http/Sources/SmokeHTTPClient/HTTPClientReportingConfiguration.swift (in target 'SmokeHTTPClient' from project 'smoke-http')
cd /Users/admin/builder/spi-builder-workspace/.swiftpm/xcode
builtin-SwiftPerFileCompile HTTPClientReportingConfiguration.swift
SwiftCompile normal arm64_32 /Users/admin/builder/spi-builder-workspace/.dependencies/checkouts/smoke-http/Sources/SmokeHTTPClient/HTTPClientRetryConfiguration.swift (in target 'SmokeHTTPClient' from project 'smoke-http')
cd /Users/admin/builder/spi-builder-workspace/.swiftpm/xcode
builtin-SwiftPerFileCompile HTTPClientRetryConfiguration.swift
SwiftCompile normal arm64_32 /Users/admin/builder/spi-builder-workspace/.dependencies/checkouts/smoke-http/Sources/SmokeHTTPClient/HTTPError.swift (in target 'SmokeHTTPClient' from project 'smoke-http')
cd /Users/admin/builder/spi-builder-workspace/.swiftpm/xcode
builtin-SwiftPerFileCompile HTTPError.swift
SwiftDriverJobDiscovery normal arm64_32 Compiling SmokeInvocationTraceContext.swift, SmokeServerHTTP1RequestHandler.swift (in target 'SmokeOperationsHTTP1Server' from project 'smoke-framework')
SwiftCompile normal arm64 Compiling\ MockInvocationTraceContext.swift,\ NoHTTPRequestInput.swift,\ QueryHTTPRequestInput.swift,\ RetriableOutwardsRequestLatencyAggregator.swift /Users/admin/builder/spi-builder-workspace/.dependencies/checkouts/smoke-http/Sources/SmokeHTTPClient/MockInvocationTraceContext.swift /Users/admin/builder/spi-builder-workspace/.dependencies/checkouts/smoke-http/Sources/SmokeHTTPClient/NoHTTPRequestInput.swift /Users/admin/builder/spi-builder-workspace/.dependencies/checkouts/smoke-http/Sources/SmokeHTTPClient/QueryHTTPRequestInput.swift /Users/admin/builder/spi-builder-workspace/.dependencies/checkouts/smoke-http/Sources/SmokeHTTPClient/RetriableOutwardsRequestLatencyAggregator.swift (in target 'SmokeHTTPClient' from project 'smoke-http')
SwiftCompile normal arm64 /Users/admin/builder/spi-builder-workspace/.dependencies/checkouts/smoke-http/Sources/SmokeHTTPClient/MockInvocationTraceContext.swift (in target 'SmokeHTTPClient' from project 'smoke-http')
cd /Users/admin/builder/spi-builder-workspace/.swiftpm/xcode
builtin-SwiftPerFileCompile MockInvocationTraceContext.swift
SwiftCompile normal arm64 /Users/admin/builder/spi-builder-workspace/.dependencies/checkouts/smoke-http/Sources/SmokeHTTPClient/NoHTTPRequestInput.swift (in target 'SmokeHTTPClient' from project 'smoke-http')
cd /Users/admin/builder/spi-builder-workspace/.swiftpm/xcode
builtin-SwiftPerFileCompile NoHTTPRequestInput.swift
SwiftCompile normal arm64 /Users/admin/builder/spi-builder-workspace/.dependencies/checkouts/smoke-http/Sources/SmokeHTTPClient/QueryHTTPRequestInput.swift (in target 'SmokeHTTPClient' from project 'smoke-http')
cd /Users/admin/builder/spi-builder-workspace/.swiftpm/xcode
builtin-SwiftPerFileCompile QueryHTTPRequestInput.swift
SwiftCompile normal arm64 /Users/admin/builder/spi-builder-workspace/.dependencies/checkouts/smoke-http/Sources/SmokeHTTPClient/RetriableOutwardsRequestLatencyAggregator.swift (in target 'SmokeHTTPClient' from project 'smoke-http')
cd /Users/admin/builder/spi-builder-workspace/.swiftpm/xcode
builtin-SwiftPerFileCompile RetriableOutwardsRequestLatencyAggregator.swift
SwiftDriverJobDiscovery normal arm64 Compiling SmokeServerStaticContextInitializerV2.swift, StandardHTTP1ResponseHandler.swift (in target 'SmokeOperationsHTTP1Server' from project 'smoke-framework')
SwiftCompile normal arm64 Compiling\ AsyncResponseInvocationStrategy.swift,\ BodyHTTPRequestInput.swift,\ GlobalDispatchQueueAsyncResponseInvocationStrategy.swift,\ HTTPClientCoreInvocationReporting.swift,\ HTTPClientDelegate.swift /Users/admin/builder/spi-builder-workspace/.dependencies/checkouts/smoke-http/Sources/SmokeHTTPClient/AsyncResponseInvocationStrategy.swift /Users/admin/builder/spi-builder-workspace/.dependencies/checkouts/smoke-http/Sources/SmokeHTTPClient/BodyHTTPRequestInput.swift /Users/admin/builder/spi-builder-workspace/.dependencies/checkouts/smoke-http/Sources/SmokeHTTPClient/GlobalDispatchQueueAsyncResponseInvocationStrategy.swift /Users/admin/builder/spi-builder-workspace/.dependencies/checkouts/smoke-http/Sources/SmokeHTTPClient/HTTPClientCoreInvocationReporting.swift /Users/admin/builder/spi-builder-workspace/.dependencies/checkouts/smoke-http/Sources/SmokeHTTPClient/HTTPClientDelegate.swift (in target 'SmokeHTTPClient' from project 'smoke-http')
/Users/admin/builder/spi-builder-workspace/.dependencies/checkouts/smoke-http/Sources/SmokeHTTPClient/HTTPClientDelegate.swift:75:63: error: ambiguous use of 'none'
73 | // To help debugging, turn off certificate verification when locally calling.
74 | #if DEBUG
75 | let certificateVerification = CertificateVerification.none
| `- error: ambiguous use of 'none'
76 | #else
77 | let certificateVerification = CertificateVerification.fullVerification
NIOSSL.CertificateVerification.none:2:19: note: found this candidate in module 'NIOSSL'
1 | enum CertificateVerification {
2 | public static var none: NIOSSL.CertificateVerification { get }}
| `- note: found this candidate in module 'NIOSSL'
3 |
NIOSSL.CertificateVerification.none:2:6: note: found this candidate in module 'NIOSSL'
1 | enum CertificateVerification {
2 | case none(NIOSSL.CertificateVerification.NoneOptions)}
| `- note: found this candidate in module 'NIOSSL'
3 |
Failed frontend command:
/Applications/Xcode-27.0.0-Release.Candidate.app/Contents/Developer/Toolchains/XcodeDefault.xctoolchain/usr/bin/swift-frontend -frontend -c -primary-file /Users/admin/builder/spi-builder-workspace/.dependencies/checkouts/smoke-http/Sources/SmokeHTTPClient/AsyncResponseInvocationStrategy.swift -primary-file /Users/admin/builder/spi-builder-workspace/.dependencies/checkouts/smoke-http/Sources/SmokeHTTPClient/BodyHTTPRequestInput.swift -primary-file /Users/admin/builder/spi-builder-workspace/.dependencies/checkouts/smoke-http/Sources/SmokeHTTPClient/GlobalDispatchQueueAsyncResponseInvocationStrategy.swift -primary-file /Users/admin/builder/spi-builder-workspace/.dependencies/checkouts/smoke-http/Sources/SmokeHTTPClient/HTTPClientCoreInvocationReporting.swift -primary-file /Users/admin/builder/spi-builder-workspace/.dependencies/checkouts/smoke-http/Sources/SmokeHTTPClient/HTTPClientDelegate.swift /Users/admin/builder/spi-builder-workspace/.dependencies/checkouts/smoke-http/Sources/SmokeHTTPClient/HTTPClientInnerRetryInvocationReporting.swift /Users/admin/builder/spi-builder-workspace/.dependencies/checkouts/smoke-http/Sources/SmokeHTTPClient/HTTPClientInvocationContext.swift /Users/admin/builder/spi-builder-workspace/.dependencies/checkouts/smoke-http/Sources/SmokeHTTPClient/HTTPClientInvocationDelegate.swift /Users/admin/builder/spi-builder-workspace/.dependencies/checkouts/smoke-http/Sources/SmokeHTTPClient/HTTPClientInvocationReporting.swift /Users/admin/builder/spi-builder-workspace/.dependencies/checkouts/smoke-http/Sources/SmokeHTTPClient/HTTPClientReportingConfiguration.swift /Users/admin/builder/spi-builder-workspace/.dependencies/checkouts/smoke-http/Sources/SmokeHTTPClient/HTTPClientRetryConfiguration.swift /Users/admin/builder/spi-builder-workspace/.dependencies/checkouts/smoke-http/Sources/SmokeHTTPClient/HTTPError.swift /Users/admin/builder/spi-builder-workspace/.dependencies/checkouts/smoke-http/Sources/SmokeHTTPClient/HTTPInvocationClient.swift /Users/admin/builder/spi-builder-workspace/.dependencies/checkouts/smoke-http/Sources/SmokeHTTPClient/HTTPOperationsClient\ +executeAsyncRetriableWithOutput.swift /Users/admin/builder/spi-builder-workspace/.dependencies/checkouts/smoke-http/Sources/SmokeHTTPClient/HTTPOperationsClient\ +executeAsyncWithOutput.swift /Users/admin/builder/spi-builder-workspace/.dependencies/checkouts/smoke-http/Sources/SmokeHTTPClient/HTTPOperationsClient\ +executeAsyncWithoutOutput.swift /Users/admin/builder/spi-builder-workspace/.dependencies/checkouts/smoke-http/Sources/SmokeHTTPClient/HTTPOperationsClient\ +executeSyncRetriableWithOutput.swift /Users/admin/builder/spi-builder-workspace/.dependencies/checkouts/smoke-http/Sources/SmokeHTTPClient/HTTPOperationsClient\ +executeSyncRetriableWithoutOutput.swift /Users/admin/builder/spi-builder-workspace/.dependencies/checkouts/smoke-http/Sources/SmokeHTTPClient/HTTPOperationsClient\ +executeSyncWithOutput.swift /Users/admin/builder/spi-builder-workspace/.dependencies/checkouts/smoke-http/Sources/SmokeHTTPClient/HTTPOperationsClient\ +executeSyncWithoutOutput.swift /Users/admin/builder/spi-builder-workspace/.dependencies/checkouts/smoke-http/Sources/SmokeHTTPClient/HTTPOperationsClient+executeAsEventLoopFutureRetriableWithOutput.swift /Users/admin/builder/spi-builder-workspace/.dependencies/checkouts/smoke-http/Sources/SmokeHTTPClient/HTTPOperationsClient+executeAsEventLoopFutureRetriableWithoutOutput.swift /Users/admin/builder/spi-builder-workspace/.dependencies/checkouts/smoke-http/Sources/SmokeHTTPClient/HTTPOperationsClient+executeAsEventLoopFutureWithOutput.swift /Users/admin/builder/spi-builder-workspace/.dependencies/checkouts/smoke-http/Sources/SmokeHTTPClient/HTTPOperationsClient+executeAsEventLoopFutureWithoutOutput.swift /Users/admin/builder/spi-builder-workspace/.dependencies/checkouts/smoke-http/Sources/SmokeHTTPClient/HTTPOperationsClient+executeAsyncRetriableWithoutOutput.swift /Users/admin/builder/spi-builder-workspace/.dependencies/checkouts/smoke-http/Sources/SmokeHTTPClient/HTTPOperationsClient+executeRetriableWithOutput.swift /Users/admin/builder/spi-builder-workspace/.dependencies/checkouts/smoke-http/Sources/SmokeHTTPClient/HTTPOperationsClient+executeRetriableWithoutOutput.swift /Users/admin/builder/spi-builder-workspace/.dependencies/checkouts/smoke-http/Sources/SmokeHTTPClient/HTTPOperationsClient+executeWithOutput.swift /Users/admin/builder/spi-builder-workspace/.dependencies/checkouts/smoke-http/Sources/SmokeHTTPClient/HTTPOperationsClient+executeWithoutOutput.swift /Users/admin/builder/spi-builder-workspace/.dependencies/checkouts/smoke-http/Sources/SmokeHTTPClient/HTTPOperationsClient.swift /Users/admin/builder/spi-builder-workspace/.dependencies/checkouts/smoke-http/Sources/SmokeHTTPClient/HTTPRequestComponents.swift /Users/admin/builder/spi-builder-workspace/.dependencies/checkouts/smoke-http/Sources/SmokeHTTPClient/HTTPRequestInput.swift /Users/admin/builder/spi-builder-workspace/.dependencies/checkouts/smoke-http/Sources/SmokeHTTPClient/HTTPRequestInputProtocol.swift /Users/admin/builder/spi-builder-workspace/.dependencies/checkouts/smoke-http/Sources/SmokeHTTPClient/HTTPResponseComponents.swift /Users/admin/builder/spi-builder-workspace/.dependencies/checkouts/smoke-http/Sources/SmokeHTTPClient/HTTPResponseOutputProtocol.swift /Users/admin/builder/spi-builder-workspace/.dependencies/checkouts/smoke-http/Sources/SmokeHTTPClient/HttpClientError.swift /Users/admin/builder/spi-builder-workspace/.dependencies/checkouts/smoke-http/Sources/SmokeHTTPClient/InvocationTraceContext.swift /Users/admin/builder/spi-builder-workspace/.dependencies/checkouts/smoke-http/Sources/SmokeHTTPClient/MockCoreInvocationReporting.swift /Users/admin/builder/spi-builder-workspace/.dependencies/checkouts/smoke-http/Sources/SmokeHTTPClient/MockHTTPClient.swift /Users/admin/builder/spi-builder-workspace/.dependencies/checkouts/smoke-http/Sources/SmokeHTTPClient/MockHTTPInvocationClient.swift /Users/admin/builder/spi-builder-workspace/.dependencies/checkouts/smoke-http/Sources/SmokeHTTPClient/MockInvocationTraceContext.swift /Users/admin/builder/spi-builder-workspace/.dependencies/checkouts/smoke-http/Sources/SmokeHTTPClient/NoHTTPRequestInput.swift /Users/admin/builder/spi-builder-workspace/.dependencies/checkouts/smoke-http/Sources/SmokeHTTPClient/QueryHTTPRequestInput.swift /Users/admin/builder/spi-builder-workspace/.dependencies/checkouts/smoke-http/Sources/SmokeHTTPClient/RetriableOutwardsRequestLatencyAggregator.swift /Users/admin/builder/spi-builder-workspace/.dependencies/checkouts/smoke-http/Sources/SmokeHTTPClient/SameThreadAsyncResponseInvocationStrategy.swift /Users/admin/builder/spi-builder-workspace/.dependencies/checkouts/smoke-http/Sources/SmokeHTTPClient/StandardHTTPClientCoreInvocationReporting.swift /Users/admin/builder/spi-builder-workspace/.dependencies/checkouts/smoke-http/Sources/SmokeHTTPClient/StandardHTTPClientInvocationReporting.swift /Users/admin/builder/spi-builder-workspace/.dependencies/checkouts/smoke-http/Sources/SmokeHTTPClient/TestEventLoopProvider.swift -supplementary-output-file-map /Users/admin/builder/spi-builder-workspace/.derivedData/Build/Intermediates.noindex/smoke-http.build/Debug-watchos/SmokeHTTPClient-t.build/Objects-normal/arm64/supplementaryOutputs-23 -target arm64-apple-watchos9.0 -module-can-import-version _Concurrency 6.4.0.31 0 -disable-cross-import-overlay-search -swift-module-cross-import Darwin /Applications/Xcode-27.0.0-Release.Candidate.app/Contents/Developer/Platforms/WatchOS.platform/Developer/SDKs/WatchOS.sdk/usr/include/Darwin.swiftcrossimport/xlocale.swiftoverlay -load-resolved-plugin /Applications/Xcode-27.0.0-Release.Candidate.app/Contents/Developer/Platforms/WatchOS.platform/Developer/usr/lib/swift/host/plugins/libFoundationMacros.dylib\#/Applications/Xcode-27.0.0-Release.Candidate.app/Contents/Developer/Platforms/WatchOS.platform/Developer/usr/bin/swift-plugin-server\#FoundationMacros -load-resolved-plugin /Applications/Xcode-27.0.0-Release.Candidate.app/Contents/Developer/Platforms/WatchOS.platform/Developer/usr/lib/swift/host/plugins/libObservationMacros.dylib\#/Applications/Xcode-27.0.0-Release.Candidate.app/Contents/Developer/Platforms/WatchOS.platform/Developer/usr/bin/swift-plugin-server\#ObservationMacros -load-resolved-plugin /Applications/Xcode-27.0.0-Release.Candidate.app/Contents/Developer/Platforms/WatchOS.platform/Developer/usr/lib/swift/host/plugins/libSwiftMacros.dylib\#/Applications/Xcode-27.0.0-Release.Candidate.app/Contents/Developer/Platforms/WatchOS.platform/Developer/usr/bin/swift-plugin-server\#SwiftMacros -disable-implicit-swift-modules -Xcc -fno-implicit-modules -Xcc -fno-implicit-module-maps -explicit-swift-module-map-file /Users/admin/builder/spi-builder-workspace/.derivedData/Build/Intermediates.noindex/smoke-http.build/Debug-watchos/SmokeHTTPClient-t.build/Objects-normal/arm64/SmokeHTTPClient-dependencies-1.json -Xllvm -aarch64-use-tbi -enable-objc-interop -stack-check -sdk /Applications/Xcode-27.0.0-Release.Candidate.app/Contents/Developer/Platforms/WatchOS.platform/Developer/SDKs/WatchOS27.0.sdk -I /Users/admin/builder/spi-builder-workspace/.derivedData/Build/Products/Debug-watchos -Isystem /Applications/Xcode-27.0.0-Release.Candidate.app/Contents/Developer/Platforms/WatchOS.platform/Developer/usr/lib -F /Users/admin/builder/spi-builder-workspace/.derivedData/Build/Products/Debug-watchos/PackageFrameworks -F /Users/admin/builder/spi-builder-workspace/.derivedData/Build/Products/Debug-watchos -F /Applications/Xcode-27.0.0-Release.Candidate.app/Contents/Developer/Platforms/WatchOS.platform/Developer/Library/Frameworks -F /Applications/Xcode-27.0.0-Release.Candidate.app/Contents/Developer/Platforms/WatchOS.platform/Developer/SDKs/WatchOS27.0.sdk/Developer/Library/Frameworks -module-cache-path /Users/admin/builder/spi-builder-workspace/.derivedData/Build/Intermediates.noindex/SwiftExplicitPrecompiledModules -no-color-diagnostics -Xcc -fno-color-diagnostics -enable-testing -g -debug-info-format\=dwarf -dwarf-version\=4 -suppress-warnings -profile-generate -profile-coverage-mapping -swift-version 5 -Onone -D SWIFT_PACKAGE -D DEBUG -D SWIFT_MODULE_RESOURCE_BUNDLE_UNAVAILABLE -D Xcode -serialize-debugging-options -enable-experimental-feature DebugDescriptionMacro -empty-abi-descriptor -validate-clang-modules-once -clang-build-session-file /Users/admin/builder/spi-builder-workspace/.derivedData/ModuleCache.noindex/Session.modulevalidation -Xcc -working-directory -Xcc /Users/admin/builder/spi-builder-workspace/.swiftpm/xcode -enable-anonymous-context-mangled-names -file-compilation-dir /Users/admin/builder/spi-builder-workspace/.swiftpm/xcode -Xcc -fmodule-map-file\=/Users/admin/builder/spi-builder-workspace/.derivedData/Build/Intermediates.noindex/GeneratedModuleMaps-watchos/CNIOLLHTTP.modulemap -Xcc -fmodule-map-file\=/Users/admin/builder/spi-builder-workspace/.derivedData/Build/Intermediates.noindex/GeneratedModuleMaps-watchos/CNIOBoringSSLShims.modulemap -Xcc -fmodule-map-file\=/Users/admin/builder/spi-builder-workspace/.dependencies/checkouts/swift-nio-ssl/Sources/CNIOBoringSSL/include/module.modulemap -Xcc -fmodule-map-file\=/Users/admin/builder/spi-builder-workspace/.derivedData/Build/Intermediates.noindex/GeneratedModuleMaps-watchos/CNIOPosix.modulemap -Xcc -fmodule-map-file\=/Users/admin/builder/spi-builder-workspace/.derivedData/Build/Intermediates.noindex/GeneratedModuleMaps-watchos/CNIOWASI.modulemap -Xcc -fmodule-map-file\=/Users/admin/builder/spi-builder-workspace/.derivedData/Build/Intermediates.noindex/GeneratedModuleMaps-watchos/CNIOFreeBSD.modulemap -Xcc -fmodule-map-file\=/Users/admin/builder/spi-builder-workspace/.dependencies/checkouts/swift-nio/Sources/CNIOWindows/include/module.modulemap -Xcc -fmodule-map-file\=/Users/admin/builder/spi-builder-workspace/.derivedData/Build/Intermediates.noindex/GeneratedModuleMaps-watchos/CNIODarwin.modulemap -Xcc -fmodule-map-file\=/Users/admin/builder/spi-builder-workspace/.derivedData/Build/Intermediates.noindex/GeneratedModuleMaps-watchos/CNIOLinux.modulemap -Xcc -fmodule-map-file\=/Users/admin/builder/spi-builder-workspace/.derivedData/Build/Intermediates.noindex/GeneratedModuleMaps-watchos/CNIOOpenBSD.modulemap -Xcc -fmodule-map-file\=/Users/admin/builder/spi-builder-workspace/.derivedData/Build/Intermediates.noindex/GeneratedModuleMaps-watchos/CNIOAtomics.modulemap -Xcc -fmodule-map-file\=/Users/admin/builder/spi-builder-workspace/.derivedData/Build/Intermediates.noindex/GeneratedModuleMaps-watchos/CNIOExtrasZlib.modulemap -Xcc -fmodule-map-file\=/Users/admin/builder/spi-builder-workspace/.dependencies/checkouts/swift-atomics/Sources/_AtomicsShims/include/module.modulemap -Xcc -fmodule-map-file\=/Users/admin/builder/spi-builder-workspace/.dependencies/checkouts/swift-numerics/Sources/_NumericsShims/include/module.modulemap -Xcc -fmodule-map-file\=/Users/admin/builder/spi-builder-workspace/.dependencies/checkouts/swift-system/Sources/CSystem/include/module.modulemap -Xcc -fmodule-map-file\=/Users/admin/builder/spi-builder-workspace/.derivedData/Build/Intermediates.noindex/GeneratedModuleMaps-watchos/CAsyncHTTPClient.modulemap -Xcc -D_LIBCPP_HARDENING_MODE\=_LIBCPP_HARDENING_MODE_DEBUG -Xcc -ivfsstatcache -Xcc /Users/admin/builder/spi-builder-workspace/.derivedData/SDKStatCaches.noindex/watchos27.0-24R360-e829b21a6f8c9b70876ba0858053c04477534ef55a1706bf4c1112bbb242f0a2.sdkstatcache -Xcc -fmodules-prune-interval\=86400 -Xcc -fmodules-prune-after\=345600 -Xcc -I/Users/admin/builder/spi-builder-workspace/.dependencies/checkouts/swift-nio/Sources/CNIOLLHTTP/include -Xcc -I/Users/admin/builder/spi-builder-workspace/.dependencies/checkouts/swift-nio-ssl/Sources/CNIOBoringSSLShims/include -Xcc -I/Users/admin/builder/spi-builder-workspace/.dependencies/checkouts/swift-nio-ssl/Sources/CNIOBoringSSL/include -Xcc -I/Users/admin/builder/spi-builder-workspace/.dependencies/checkouts/swift-nio/Sources/CNIOPosix/include -Xcc -I/Users/admin/builder/spi-builder-workspace/.dependencies/checkouts/swift-nio/Sources/CNIOWASI/include -Xcc -I/Users/admin/builder/spi-builder-workspace/.dependencies/checkouts/swift-nio/Sources/CNIOFreeBSD/include -Xcc -I/Users/admin/builder/spi-builder-workspace/.dependencies/checkouts/swift-nio/Sources/CNIOWindows/include -Xcc -I/Users/admin/builder/spi-builder-workspace/.dependencies/checkouts/swift-nio/Sources/CNIODarwin/include -Xcc -I/Users/admin/builder/spi-builder-workspace/.dependencies/checkouts/swift-nio/Sources/CNIOLinux/include -Xcc -I/Users/admin/builder/spi-builder-workspace/.dependencies/checkouts/swift-nio/Sources/CNIOOpenBSD/include -Xcc -I/Users/admin/builder/spi-builder-workspace/.dependencies/checkouts/swift-nio/Sources/CNIOAtomics/include -Xcc -I/Users/admin/builder/spi-builder-workspace/.dependencies/checkouts/swift-nio-extras/Sources/CNIOExtrasZlib/include -Xcc -I/Users/admin/builder/spi-builder-workspace/.dependencies/checkouts/swift-atomics/Sources/_AtomicsShims/include -Xcc -I/Users/admin/builder/spi-builder-workspace/.dependencies/checkouts/swift-numerics/Sources/_NumericsShims/include -Xcc -I/Users/admin/builder/spi-builder-workspace/.dependencies/checkouts/swift-system/Sources/CSystem/include -Xcc -I/Users/admin/builder/spi-builder-workspace/.dependencies/checkouts/async-http-client/Sources/CAsyncHTTPClient/include -Xcc -I/Users/admin/builder/spi-builder-workspace/.derivedData/Build/Products/Debug-watchos/include -Xcc -I/Users/admin/builder/spi-builder-workspace/.derivedData/Build/Intermediates.noindex/smoke-http.build/Debug-watchos/SmokeHTTPClient-t.build/DerivedSources-normal/arm64 -Xcc -I/Users/admin/builder/spi-builder-workspace/.derivedData/Build/Intermediates.noindex/smoke-http.build/Debug-watchos/SmokeHTTPClient-t.build/DerivedSources/arm64 -Xcc -I/Users/admin/builder/spi-builder-workspace/.derivedData/Build/Intermediates.noindex/smoke-http.build/Debug-watchos/SmokeHTTPClient-t.build/DerivedSources -Xcc -DSWIFT_PACKAGE -Xcc -DDEBUG\=1 -no-auto-bridging-header-chaining -module-name SmokeHTTPClient -const-gather-protocols-file /Users/admin/builder/spi-builder-workspace/.derivedData/Build/Intermediates.noindex/smoke-http.build/Debug-watchos/SmokeHTTPClient-t.build/Objects-normal/arm64/SmokeHTTPClient_const_extract_protocols.json -disable-clang-spi -clang-target arm64-apple-watchos27.0 -target-sdk-version 27.0 -target-sdk-name watchos27.0 -in-process-plugin-server-path /Applications/Xcode-27.0.0-Release.Candidate.app/Contents/Developer/Toolchains/XcodeDefault.xctoolchain/usr/lib/swift/host/libSwiftInProcPluginServer.dylib -parse-as-library -o /Users/admin/builder/spi-builder-workspace/.derivedData/Build/Intermediates.noindex/smoke-http.build/Debug-watchos/SmokeHTTPClient-t.build/Objects-normal/arm64/AsyncResponseInvocationStrategy.o -o /Users/admin/builder/spi-builder-workspace/.derivedData/Build/Intermediates.noindex/smoke-http.build/Debug-watchos/SmokeHTTPClient-t.build/Objects-normal/arm64/BodyHTTPRequestInput.o -o /Users/admin/builder/spi-builder-workspace/.derivedData/Build/Intermediates.noindex/smoke-http.build/Debug-watchos/SmokeHTTPClient-t.build/Objects-normal/arm64/GlobalDispatchQueueAsyncResponseInvocationStrategy.o -o /Users/admin/builder/spi-builder-workspace/.derivedData/Build/Intermediates.noindex/smoke-http.build/Debug-watchos/SmokeHTTPClient-t.build/Objects-normal/arm64/HTTPClientCoreInvocationReporting.o -o /Users/admin/builder/spi-builder-workspace/.derivedData/Build/Intermediates.noindex/smoke-http.build/Debug-watchos/SmokeHTTPClient-t.build/Objects-normal/arm64/HTTPClientDelegate.o -debug-module-path /Users/admin/builder/spi-builder-workspace/.derivedData/Build/Intermediates.noindex/smoke-http.build/Debug-watchos/SmokeHTTPClient-t.build/Objects-normal/arm64/SmokeHTTPClient.swiftmodule -index-unit-output-path /smoke-http.build/Debug-watchos/SmokeHTTPClient-t.build/Objects-normal/arm64/AsyncResponseInvocationStrategy.o -index-unit-output-path /smoke-http.build/Debug-watchos/SmokeHTTPClient-t.build/Objects-normal/arm64/BodyHTTPRequestInput.o -index-unit-output-path /smoke-http.build/Debug-watchos/SmokeHTTPClient-t.build/Objects-normal/arm64/GlobalDispatchQueueAsyncResponseInvocationStrategy.o -index-unit-output-path /smoke-http.build/Debug-watchos/SmokeHTTPClient-t.build/Objects-normal/arm64/HTTPClientCoreInvocationReporting.o -index-unit-output-path /smoke-http.build/Debug-watchos/SmokeHTTPClient-t.build/Objects-normal/arm64/HTTPClientDelegate.o -index-store-path /Users/admin/builder/spi-builder-workspace/.derivedData/Index.noindex/DataStore -index-system-modules
SwiftCompile normal arm64 /Users/admin/builder/spi-builder-workspace/.dependencies/checkouts/smoke-http/Sources/SmokeHTTPClient/AsyncResponseInvocationStrategy.swift (in target 'SmokeHTTPClient' from project 'smoke-http')
cd /Users/admin/builder/spi-builder-workspace/.swiftpm/xcode
builtin-SwiftPerFileCompile AsyncResponseInvocationStrategy.swift
SwiftCompile normal arm64 /Users/admin/builder/spi-builder-workspace/.dependencies/checkouts/smoke-http/Sources/SmokeHTTPClient/BodyHTTPRequestInput.swift (in target 'SmokeHTTPClient' from project 'smoke-http')
cd /Users/admin/builder/spi-builder-workspace/.swiftpm/xcode
builtin-SwiftPerFileCompile BodyHTTPRequestInput.swift
SwiftCompile normal arm64 /Users/admin/builder/spi-builder-workspace/.dependencies/checkouts/smoke-http/Sources/SmokeHTTPClient/GlobalDispatchQueueAsyncResponseInvocationStrategy.swift (in target 'SmokeHTTPClient' from project 'smoke-http')
cd /Users/admin/builder/spi-builder-workspace/.swiftpm/xcode
builtin-SwiftPerFileCompile GlobalDispatchQueueAsyncResponseInvocationStrategy.swift
SwiftCompile normal arm64 /Users/admin/builder/spi-builder-workspace/.dependencies/checkouts/smoke-http/Sources/SmokeHTTPClient/HTTPClientCoreInvocationReporting.swift (in target 'SmokeHTTPClient' from project 'smoke-http')
cd /Users/admin/builder/spi-builder-workspace/.swiftpm/xcode
builtin-SwiftPerFileCompile HTTPClientCoreInvocationReporting.swift
SwiftCompile normal arm64 /Users/admin/builder/spi-builder-workspace/.dependencies/checkouts/smoke-http/Sources/SmokeHTTPClient/HTTPClientDelegate.swift (in target 'SmokeHTTPClient' from project 'smoke-http')
cd /Users/admin/builder/spi-builder-workspace/.swiftpm/xcode
builtin-SwiftPerFileCompile HTTPClientDelegate.swift
SwiftDriverJobDiscovery normal arm64_32 Compiling SmokeAsyncServerPerInvocationContextInitializer.swift, SmokeAsyncServerStaticContextInitializer.swift (in target 'SmokeOperationsHTTP1Server' from project 'smoke-framework')
SwiftCompile normal arm64_32 Compiling\ AsyncResponseInvocationStrategy.swift,\ BodyHTTPRequestInput.swift,\ GlobalDispatchQueueAsyncResponseInvocationStrategy.swift,\ HTTPClientCoreInvocationReporting.swift /Users/admin/builder/spi-builder-workspace/.dependencies/checkouts/smoke-http/Sources/SmokeHTTPClient/AsyncResponseInvocationStrategy.swift /Users/admin/builder/spi-builder-workspace/.dependencies/checkouts/smoke-http/Sources/SmokeHTTPClient/BodyHTTPRequestInput.swift /Users/admin/builder/spi-builder-workspace/.dependencies/checkouts/smoke-http/Sources/SmokeHTTPClient/GlobalDispatchQueueAsyncResponseInvocationStrategy.swift /Users/admin/builder/spi-builder-workspace/.dependencies/checkouts/smoke-http/Sources/SmokeHTTPClient/HTTPClientCoreInvocationReporting.swift (in target 'SmokeHTTPClient' from project 'smoke-http')
SwiftCompile normal arm64_32 /Users/admin/builder/spi-builder-workspace/.dependencies/checkouts/smoke-http/Sources/SmokeHTTPClient/AsyncResponseInvocationStrategy.swift (in target 'SmokeHTTPClient' from project 'smoke-http')
cd /Users/admin/builder/spi-builder-workspace/.swiftpm/xcode
builtin-SwiftPerFileCompile AsyncResponseInvocationStrategy.swift
SwiftCompile normal arm64_32 /Users/admin/builder/spi-builder-workspace/.dependencies/checkouts/smoke-http/Sources/SmokeHTTPClient/BodyHTTPRequestInput.swift (in target 'SmokeHTTPClient' from project 'smoke-http')
cd /Users/admin/builder/spi-builder-workspace/.swiftpm/xcode
builtin-SwiftPerFileCompile BodyHTTPRequestInput.swift
SwiftCompile normal arm64_32 /Users/admin/builder/spi-builder-workspace/.dependencies/checkouts/smoke-http/Sources/SmokeHTTPClient/GlobalDispatchQueueAsyncResponseInvocationStrategy.swift (in target 'SmokeHTTPClient' from project 'smoke-http')
cd /Users/admin/builder/spi-builder-workspace/.swiftpm/xcode
builtin-SwiftPerFileCompile GlobalDispatchQueueAsyncResponseInvocationStrategy.swift
SwiftCompile normal arm64_32 /Users/admin/builder/spi-builder-workspace/.dependencies/checkouts/smoke-http/Sources/SmokeHTTPClient/HTTPClientCoreInvocationReporting.swift (in target 'SmokeHTTPClient' from project 'smoke-http')
cd /Users/admin/builder/spi-builder-workspace/.swiftpm/xcode
builtin-SwiftPerFileCompile HTTPClientCoreInvocationReporting.swift
SwiftCompile normal arm64 Compiling\ HTTPClientRetryConfiguration.swift,\ HTTPError.swift,\ HTTPInvocationClient.swift,\ HTTPOperationsClient\ +executeAsyncRetriableWithOutput.swift,\ HTTPOperationsClient\ +executeAsyncWithOutput.swift /Users/admin/builder/spi-builder-workspace/.dependencies/checkouts/smoke-http/Sources/SmokeHTTPClient/HTTPClientRetryConfiguration.swift /Users/admin/builder/spi-builder-workspace/.dependencies/checkouts/smoke-http/Sources/SmokeHTTPClient/HTTPError.swift /Users/admin/builder/spi-builder-workspace/.dependencies/checkouts/smoke-http/Sources/SmokeHTTPClient/HTTPInvocationClient.swift /Users/admin/builder/spi-builder-workspace/.dependencies/checkouts/smoke-http/Sources/SmokeHTTPClient/HTTPOperationsClient\ +executeAsyncRetriableWithOutput.swift /Users/admin/builder/spi-builder-workspace/.dependencies/checkouts/smoke-http/Sources/SmokeHTTPClient/HTTPOperationsClient\ +executeAsyncWithOutput.swift (in target 'SmokeHTTPClient' from project 'smoke-http')
SwiftCompile normal arm64 /Users/admin/builder/spi-builder-workspace/.dependencies/checkouts/smoke-http/Sources/SmokeHTTPClient/HTTPClientRetryConfiguration.swift (in target 'SmokeHTTPClient' from project 'smoke-http')
cd /Users/admin/builder/spi-builder-workspace/.swiftpm/xcode
builtin-SwiftPerFileCompile HTTPClientRetryConfiguration.swift
SwiftCompile normal arm64 /Users/admin/builder/spi-builder-workspace/.dependencies/checkouts/smoke-http/Sources/SmokeHTTPClient/HTTPError.swift (in target 'SmokeHTTPClient' from project 'smoke-http')
cd /Users/admin/builder/spi-builder-workspace/.swiftpm/xcode
builtin-SwiftPerFileCompile HTTPError.swift
SwiftCompile normal arm64 /Users/admin/builder/spi-builder-workspace/.dependencies/checkouts/smoke-http/Sources/SmokeHTTPClient/HTTPInvocationClient.swift (in target 'SmokeHTTPClient' from project 'smoke-http')
cd /Users/admin/builder/spi-builder-workspace/.swiftpm/xcode
builtin-SwiftPerFileCompile HTTPInvocationClient.swift
SwiftCompile normal arm64 /Users/admin/builder/spi-builder-workspace/.dependencies/checkouts/smoke-http/Sources/SmokeHTTPClient/HTTPOperationsClient\ +executeAsyncRetriableWithOutput.swift (in target 'SmokeHTTPClient' from project 'smoke-http')
cd /Users/admin/builder/spi-builder-workspace/.swiftpm/xcode
builtin-SwiftPerFileCompile HTTPOperationsClient\ +executeAsyncRetriableWithOutput.swift
SwiftCompile normal arm64 /Users/admin/builder/spi-builder-workspace/.dependencies/checkouts/smoke-http/Sources/SmokeHTTPClient/HTTPOperationsClient\ +executeAsyncWithOutput.swift (in target 'SmokeHTTPClient' from project 'smoke-http')
cd /Users/admin/builder/spi-builder-workspace/.swiftpm/xcode
builtin-SwiftPerFileCompile HTTPOperationsClient\ +executeAsyncWithOutput.swift
SwiftCompile normal arm64_32 Compiling\ HTTPOperationsClient\ +executeSyncRetriableWithOutput.swift,\ HTTPOperationsClient\ +executeSyncRetriableWithoutOutput.swift,\ HTTPOperationsClient\ +executeSyncWithOutput.swift,\ HTTPOperationsClient\ +executeSyncWithoutOutput.swift /Users/admin/builder/spi-builder-workspace/.dependencies/checkouts/smoke-http/Sources/SmokeHTTPClient/HTTPOperationsClient\ +executeSyncRetriableWithOutput.swift /Users/admin/builder/spi-builder-workspace/.dependencies/checkouts/smoke-http/Sources/SmokeHTTPClient/HTTPOperationsClient\ +executeSyncRetriableWithoutOutput.swift /Users/admin/builder/spi-builder-workspace/.dependencies/checkouts/smoke-http/Sources/SmokeHTTPClient/HTTPOperationsClient\ +executeSyncWithOutput.swift /Users/admin/builder/spi-builder-workspace/.dependencies/checkouts/smoke-http/Sources/SmokeHTTPClient/HTTPOperationsClient\ +executeSyncWithoutOutput.swift (in target 'SmokeHTTPClient' from project 'smoke-http')
SwiftCompile normal arm64_32 /Users/admin/builder/spi-builder-workspace/.dependencies/checkouts/smoke-http/Sources/SmokeHTTPClient/HTTPOperationsClient\ +executeSyncRetriableWithOutput.swift (in target 'SmokeHTTPClient' from project 'smoke-http')
cd /Users/admin/builder/spi-builder-workspace/.swiftpm/xcode
builtin-SwiftPerFileCompile HTTPOperationsClient\ +executeSyncRetriableWithOutput.swift
SwiftCompile normal arm64_32 /Users/admin/builder/spi-builder-workspace/.dependencies/checkouts/smoke-http/Sources/SmokeHTTPClient/HTTPOperationsClient\ +executeSyncRetriableWithoutOutput.swift (in target 'SmokeHTTPClient' from project 'smoke-http')
cd /Users/admin/builder/spi-builder-workspace/.swiftpm/xcode
builtin-SwiftPerFileCompile HTTPOperationsClient\ +executeSyncRetriableWithoutOutput.swift
SwiftCompile normal arm64_32 /Users/admin/builder/spi-builder-workspace/.dependencies/checkouts/smoke-http/Sources/SmokeHTTPClient/HTTPOperationsClient\ +executeSyncWithOutput.swift (in target 'SmokeHTTPClient' from project 'smoke-http')
cd /Users/admin/builder/spi-builder-workspace/.swiftpm/xcode
builtin-SwiftPerFileCompile HTTPOperationsClient\ +executeSyncWithOutput.swift
SwiftCompile normal arm64_32 /Users/admin/builder/spi-builder-workspace/.dependencies/checkouts/smoke-http/Sources/SmokeHTTPClient/HTTPOperationsClient\ +executeSyncWithoutOutput.swift (in target 'SmokeHTTPClient' from project 'smoke-http')
cd /Users/admin/builder/spi-builder-workspace/.swiftpm/xcode
builtin-SwiftPerFileCompile HTTPOperationsClient\ +executeSyncWithoutOutput.swift
SwiftDriverJobDiscovery normal arm64_32 Compiling StandardJSONSmokeServerPerInvocationContextInitializer.swift, StandardJSONSmokeServerStaticContextInitializer.swift (in target 'SmokeOperationsHTTP1Server' from project 'smoke-framework')
SwiftCompile normal arm64 Compiling\ HTTPOperationsClient+executeAsEventLoopFutureWithoutOutput.swift,\ HTTPOperationsClient+executeAsyncRetriableWithoutOutput.swift,\ HTTPOperationsClient+executeRetriableWithOutput.swift,\ HTTPOperationsClient+executeRetriableWithoutOutput.swift /Users/admin/builder/spi-builder-workspace/.dependencies/checkouts/smoke-http/Sources/SmokeHTTPClient/HTTPOperationsClient+executeAsEventLoopFutureWithoutOutput.swift /Users/admin/builder/spi-builder-workspace/.dependencies/checkouts/smoke-http/Sources/SmokeHTTPClient/HTTPOperationsClient+executeAsyncRetriableWithoutOutput.swift /Users/admin/builder/spi-builder-workspace/.dependencies/checkouts/smoke-http/Sources/SmokeHTTPClient/HTTPOperationsClient+executeRetriableWithOutput.swift /Users/admin/builder/spi-builder-workspace/.dependencies/checkouts/smoke-http/Sources/SmokeHTTPClient/HTTPOperationsClient+executeRetriableWithoutOutput.swift (in target 'SmokeHTTPClient' from project 'smoke-http')
SwiftCompile normal arm64 /Users/admin/builder/spi-builder-workspace/.dependencies/checkouts/smoke-http/Sources/SmokeHTTPClient/HTTPOperationsClient+executeAsEventLoopFutureWithoutOutput.swift (in target 'SmokeHTTPClient' from project 'smoke-http')
cd /Users/admin/builder/spi-builder-workspace/.swiftpm/xcode
builtin-SwiftPerFileCompile HTTPOperationsClient+executeAsEventLoopFutureWithoutOutput.swift
SwiftCompile normal arm64 /Users/admin/builder/spi-builder-workspace/.dependencies/checkouts/smoke-http/Sources/SmokeHTTPClient/HTTPOperationsClient+executeAsyncRetriableWithoutOutput.swift (in target 'SmokeHTTPClient' from project 'smoke-http')
cd /Users/admin/builder/spi-builder-workspace/.swiftpm/xcode
builtin-SwiftPerFileCompile HTTPOperationsClient+executeAsyncRetriableWithoutOutput.swift
SwiftCompile normal arm64 /Users/admin/builder/spi-builder-workspace/.dependencies/checkouts/smoke-http/Sources/SmokeHTTPClient/HTTPOperationsClient+executeRetriableWithOutput.swift (in target 'SmokeHTTPClient' from project 'smoke-http')
cd /Users/admin/builder/spi-builder-workspace/.swiftpm/xcode
builtin-SwiftPerFileCompile HTTPOperationsClient+executeRetriableWithOutput.swift
SwiftCompile normal arm64 /Users/admin/builder/spi-builder-workspace/.dependencies/checkouts/smoke-http/Sources/SmokeHTTPClient/HTTPOperationsClient+executeRetriableWithoutOutput.swift (in target 'SmokeHTTPClient' from project 'smoke-http')
cd /Users/admin/builder/spi-builder-workspace/.swiftpm/xcode
builtin-SwiftPerFileCompile HTTPOperationsClient+executeRetriableWithoutOutput.swift
SwiftDriverJobDiscovery normal arm64 Compiling SmokeInvocationTraceContext.swift, SmokeServerHTTP1RequestHandler.swift (in target 'SmokeOperationsHTTP1Server' from project 'smoke-framework')
SwiftCompile normal arm64_32 Compiling\ MockCoreInvocationReporting.swift,\ MockHTTPClient.swift,\ MockHTTPInvocationClient.swift /Users/admin/builder/spi-builder-workspace/.dependencies/checkouts/smoke-http/Sources/SmokeHTTPClient/MockCoreInvocationReporting.swift /Users/admin/builder/spi-builder-workspace/.dependencies/checkouts/smoke-http/Sources/SmokeHTTPClient/MockHTTPClient.swift /Users/admin/builder/spi-builder-workspace/.dependencies/checkouts/smoke-http/Sources/SmokeHTTPClient/MockHTTPInvocationClient.swift (in target 'SmokeHTTPClient' from project 'smoke-http')
SwiftCompile normal arm64_32 /Users/admin/builder/spi-builder-workspace/.dependencies/checkouts/smoke-http/Sources/SmokeHTTPClient/MockCoreInvocationReporting.swift (in target 'SmokeHTTPClient' from project 'smoke-http')
cd /Users/admin/builder/spi-builder-workspace/.swiftpm/xcode
builtin-SwiftPerFileCompile MockCoreInvocationReporting.swift
SwiftCompile normal arm64_32 /Users/admin/builder/spi-builder-workspace/.dependencies/checkouts/smoke-http/Sources/SmokeHTTPClient/MockHTTPClient.swift (in target 'SmokeHTTPClient' from project 'smoke-http')
cd /Users/admin/builder/spi-builder-workspace/.swiftpm/xcode
builtin-SwiftPerFileCompile MockHTTPClient.swift
SwiftCompile normal arm64_32 /Users/admin/builder/spi-builder-workspace/.dependencies/checkouts/smoke-http/Sources/SmokeHTTPClient/MockHTTPInvocationClient.swift (in target 'SmokeHTTPClient' from project 'smoke-http')
cd /Users/admin/builder/spi-builder-workspace/.swiftpm/xcode
builtin-SwiftPerFileCompile MockHTTPInvocationClient.swift
SwiftDriverJobDiscovery normal arm64 Compiling SmokeHTTP1Server+runAsOperationServer.swift, SmokeHTTP1Server+startAsOperationServer.swift (in target 'SmokeOperationsHTTP1Server' from project 'smoke-framework')
SwiftDriver\ Compilation SmokeOperationsHTTP1Server normal arm64 com.apple.xcode.tools.swift.compiler (in target 'SmokeOperationsHTTP1Server' from project 'smoke-framework')
cd /Users/admin/builder/spi-builder-workspace/.swiftpm/xcode
builtin-Swift-Compilation -- /Applications/Xcode-27.0.0-Release.Candidate.app/Contents/Developer/Toolchains/XcodeDefault.xctoolchain/usr/bin/swiftc -parse-as-library -module-name SmokeOperationsHTTP1Server -Onone @/Users/admin/builder/spi-builder-workspace/.derivedData/Build/Intermediates.noindex/smoke-framework.build/Debug-watchos/SmokeOperationsHTTP1Server-t.build/Objects-normal/arm64/SmokeOperationsHTTP1Server.SwiftFileList -DSWIFT_PACKAGE -DDEBUG -DSWIFT_MODULE_RESOURCE_BUNDLE_UNAVAILABLE -Xcc -fmodule-map-file\=/Users/admin/builder/spi-builder-workspace/.derivedData/Build/Intermediates.noindex/GeneratedModuleMaps-watchos/CNIOBoringSSLShims.modulemap -Xcc -fmodule-map-file\=/Users/admin/builder/spi-builder-workspace/.dependencies/checkouts/swift-nio-ssl/Sources/CNIOBoringSSL/include/module.modulemap -Xcc -fmodule-map-file\=/Users/admin/builder/spi-builder-workspace/.derivedData/Build/Intermediates.noindex/GeneratedModuleMaps-watchos/CNIOExtrasZlib.modulemap -Xcc -fmodule-map-file\=/Users/admin/builder/spi-builder-workspace/.dependencies/checkouts/swift-numerics/Sources/_NumericsShims/include/module.modulemap -Xcc -fmodule-map-file\=/Users/admin/builder/spi-builder-workspace/.dependencies/checkouts/swift-system/Sources/CSystem/include/module.modulemap -Xcc -fmodule-map-file\=/Users/admin/builder/spi-builder-workspace/.derivedData/Build/Intermediates.noindex/GeneratedModuleMaps-watchos/CAsyncHTTPClient.modulemap -Xcc -fmodule-map-file\=/Users/admin/builder/spi-builder-workspace/.derivedData/Build/Intermediates.noindex/GeneratedModuleMaps-watchos/CNIOLLHTTP.modulemap -Xcc -fmodule-map-file\=/Users/admin/builder/spi-builder-workspace/.derivedData/Build/Intermediates.noindex/GeneratedModuleMaps-watchos/CNIOPosix.modulemap -Xcc -fmodule-map-file\=/Users/admin/builder/spi-builder-workspace/.dependencies/checkouts/swift-atomics/Sources/_AtomicsShims/include/module.modulemap -Xcc -fmodule-map-file\=/Users/admin/builder/spi-builder-workspace/.derivedData/Build/Intermediates.noindex/GeneratedModuleMaps-watchos/CNIOWASI.modulemap -Xcc -fmodule-map-file\=/Users/admin/builder/spi-builder-workspace/.dependencies/checkouts/swift-nio/Sources/CNIOWindows/include/module.modulemap -Xcc -fmodule-map-file\=/Users/admin/builder/spi-builder-workspace/.derivedData/Build/Intermediates.noindex/GeneratedModuleMaps-watchos/CNIOLinux.modulemap -Xcc -fmodule-map-file\=/Users/admin/builder/spi-builder-workspace/.derivedData/Build/Intermediates.noindex/GeneratedModuleMaps-watchos/CNIODarwin.modulemap -Xcc -fmodule-map-file\=/Users/admin/builder/spi-builder-workspace/.derivedData/Build/Intermediates.noindex/GeneratedModuleMaps-watchos/CNIOFreeBSD.modulemap -Xcc -fmodule-map-file\=/Users/admin/builder/spi-builder-workspace/.derivedData/Build/Intermediates.noindex/GeneratedModuleMaps-watchos/CNIOOpenBSD.modulemap -Xcc -fmodule-map-file\=/Users/admin/builder/spi-builder-workspace/.derivedData/Build/Intermediates.noindex/GeneratedModuleMaps-watchos/CNIOAtomics.modulemap -DXcode -plugin-path /Applications/Xcode-27.0.0-Release.Candidate.app/Contents/Developer/Toolchains/XcodeDefault.xctoolchain/usr/lib/swift/host/plugins/testing -enable-experimental-feature DebugDescriptionMacro -sdk /Applications/Xcode-27.0.0-Release.Candidate.app/Contents/Developer/Platforms/WatchOS.platform/Developer/SDKs/WatchOS27.0.sdk -target arm64-apple-watchos9.0 -g -module-cache-path /Users/admin/builder/spi-builder-workspace/.derivedData/ModuleCache.noindex -Xfrontend -serialize-debugging-options -profile-coverage-mapping -profile-generate -enable-testing -index-store-path /Users/admin/builder/spi-builder-workspace/.derivedData/Index.noindex/DataStore -Xcc -D_LIBCPP_HARDENING_MODE\=_LIBCPP_HARDENING_MODE_DEBUG -swift-version 5 -I /Users/admin/builder/spi-builder-workspace/.derivedData/Build/Products/Debug-watchos -Isystem /Applications/Xcode-27.0.0-Release.Candidate.app/Contents/Developer/Platforms/WatchOS.platform/Developer/usr/lib -F /Users/admin/builder/spi-builder-workspace/.derivedData/Build/Products/Debug-watchos/PackageFrameworks -F /Users/admin/builder/spi-builder-workspace/.derivedData/Build/Products/Debug-watchos -F /Applications/Xcode-27.0.0-Release.Candidate.app/Contents/Developer/Platforms/WatchOS.platform/Developer/Library/Frameworks -F /Applications/Xcode-27.0.0-Release.Candidate.app/Contents/Developer/Platforms/WatchOS.platform/Developer/SDKs/WatchOS27.0.sdk/Developer/Library/Frameworks -c -j10 -enable-batch-mode -incremental -Xcc -ivfsstatcache -Xcc /Users/admin/builder/spi-builder-workspace/.derivedData/SDKStatCaches.noindex/watchos27.0-24R360-e829b21a6f8c9b70876ba0858053c04477534ef55a1706bf4c1112bbb242f0a2.sdkstatcache -output-file-map /Users/admin/builder/spi-builder-workspace/.derivedData/Build/Intermediates.noindex/smoke-framework.build/Debug-watchos/SmokeOperationsHTTP1Server-t.build/Objects-normal/arm64/SmokeOperationsHTTP1Server-OutputFileMap.json -save-temps -no-color-diagnostics -explicit-module-build -module-cache-path /Users/admin/builder/spi-builder-workspace/.derivedData/Build/Intermediates.noindex/SwiftExplicitPrecompiledModules -clang-scanner-module-cache-path /Users/admin/builder/spi-builder-workspace/.derivedData/ModuleCache.noindex -sdk-module-cache-path /Users/admin/builder/spi-builder-workspace/.derivedData/SDKExplicitPrecompiledModules -emit-dependencies -emit-module -emit-module-path /Users/admin/builder/spi-builder-workspace/.derivedData/Build/Intermediates.noindex/smoke-framework.build/Debug-watchos/SmokeOperationsHTTP1Server-t.build/Objects-normal/arm64/SmokeOperationsHTTP1Server.swiftmodule -serialize-diagnostics -dependency-scan-serialize-diagnostics-path /Users/admin/builder/spi-builder-workspace/.derivedData/Build/Intermediates.noindex/smoke-framework.build/Debug-watchos/SmokeOperationsHTTP1Server-t.build/Objects-normal/arm64/SmokeOperationsHTTP1Server-dependency-scan.dia -validate-clang-modules-once -clang-build-session-file /Users/admin/builder/spi-builder-workspace/.derivedData/ModuleCache.noindex/Session.modulevalidation -Xcc -fmodules-prune-interval\=86400 -Xcc -fmodules-prune-after\=345600 -emit-const-values -const-gather-protocols-list /Users/admin/builder/spi-builder-workspace/.derivedData/Build/Intermediates.noindex/smoke-framework.build/Debug-watchos/SmokeOperationsHTTP1Server-t.build/Objects-normal/arm64/SmokeOperationsHTTP1Server_const_extract_protocols.json -Xcc -I/Users/admin/builder/spi-builder-workspace/.dependencies/checkouts/swift-nio-ssl/Sources/CNIOBoringSSLShims/include -Xcc -I/Users/admin/builder/spi-builder-workspace/.dependencies/checkouts/swift-nio-ssl/Sources/CNIOBoringSSL/include -Xcc -I/Users/admin/builder/spi-builder-workspace/.dependencies/checkouts/swift-nio-extras/Sources/CNIOExtrasZlib/include -Xcc -I/Users/admin/builder/spi-builder-workspace/.dependencies/checkouts/swift-numerics/Sources/_NumericsShims/include -Xcc -I/Users/admin/builder/spi-builder-workspace/.dependencies/checkouts/swift-system/Sources/CSystem/include -Xcc -I/Users/admin/builder/spi-builder-workspace/.dependencies/checkouts/async-http-client/Sources/CAsyncHTTPClient/include -Xcc -I/Users/admin/builder/spi-builder-workspace/.dependencies/checkouts/swift-nio/Sources/CNIOLLHTTP/include -Xcc -I/Users/admin/builder/spi-builder-workspace/.dependencies/checkouts/swift-nio/Sources/CNIOPosix/include -Xcc -I/Users/admin/builder/spi-builder-workspace/.dependencies/checkouts/swift-atomics/Sources/_AtomicsShims/include -Xcc -I/Users/admin/builder/spi-builder-workspace/.dependencies/checkouts/swift-nio/Sources/CNIOWASI/include -Xcc -I/Users/admin/builder/spi-builder-workspace/.dependencies/checkouts/swift-nio/Sources/CNIOWindows/include -Xcc -I/Users/admin/builder/spi-builder-workspace/.dependencies/checkouts/swift-nio/Sources/CNIOLinux/include -Xcc -I/Users/admin/builder/spi-builder-workspace/.dependencies/checkouts/swift-nio/Sources/CNIODarwin/include -Xcc -I/Users/admin/builder/spi-builder-workspace/.dependencies/checkouts/swift-nio/Sources/CNIOFreeBSD/include -Xcc -I/Users/admin/builder/spi-builder-workspace/.dependencies/checkouts/swift-nio/Sources/CNIOOpenBSD/include -Xcc -I/Users/admin/builder/spi-builder-workspace/.dependencies/checkouts/swift-nio/Sources/CNIOAtomics/include -Xcc -I/Users/admin/builder/spi-builder-workspace/.derivedData/Build/Products/Debug-watchos/include -Xcc -I/Users/admin/builder/spi-builder-workspace/.derivedData/Build/Intermediates.noindex/smoke-framework.build/Debug-watchos/SmokeOperationsHTTP1Server-t.build/DerivedSources-normal/arm64 -Xcc -I/Users/admin/builder/spi-builder-workspace/.derivedData/Build/Intermediates.noindex/smoke-framework.build/Debug-watchos/SmokeOperationsHTTP1Server-t.build/DerivedSources/arm64 -Xcc -I/Users/admin/builder/spi-builder-workspace/.derivedData/Build/Intermediates.noindex/smoke-framework.build/Debug-watchos/SmokeOperationsHTTP1Server-t.build/DerivedSources -Xcc -DSWIFT_PACKAGE -Xcc -DDEBUG\=1 -emit-objc-header -emit-objc-header-path /Users/admin/builder/spi-builder-workspace/.derivedData/Build/Intermediates.noindex/smoke-framework.build/Debug-watchos/SmokeOperationsHTTP1Server-t.build/Objects-normal/arm64/SmokeOperationsHTTP1Server-Swift.h -working-directory /Users/admin/builder/spi-builder-workspace/.swiftpm/xcode -experimental-emit-module-separately -disable-cmo
SwiftDriverJobDiscovery normal arm64_32 Compiling HTTPClientInvocationReporting.swift, HTTPClientReportingConfiguration.swift, HTTPClientRetryConfiguration.swift, HTTPError.swift (in target 'SmokeHTTPClient' from project 'smoke-http')
SwiftCompile normal arm64 Compiling\ SameThreadAsyncResponseInvocationStrategy.swift,\ StandardHTTPClientCoreInvocationReporting.swift,\ StandardHTTPClientInvocationReporting.swift,\ TestEventLoopProvider.swift /Users/admin/builder/spi-builder-workspace/.dependencies/checkouts/smoke-http/Sources/SmokeHTTPClient/SameThreadAsyncResponseInvocationStrategy.swift /Users/admin/builder/spi-builder-workspace/.dependencies/checkouts/smoke-http/Sources/SmokeHTTPClient/StandardHTTPClientCoreInvocationReporting.swift /Users/admin/builder/spi-builder-workspace/.dependencies/checkouts/smoke-http/Sources/SmokeHTTPClient/StandardHTTPClientInvocationReporting.swift /Users/admin/builder/spi-builder-workspace/.dependencies/checkouts/smoke-http/Sources/SmokeHTTPClient/TestEventLoopProvider.swift (in target 'SmokeHTTPClient' from project 'smoke-http')
SwiftCompile normal arm64 /Users/admin/builder/spi-builder-workspace/.dependencies/checkouts/smoke-http/Sources/SmokeHTTPClient/SameThreadAsyncResponseInvocationStrategy.swift (in target 'SmokeHTTPClient' from project 'smoke-http')
cd /Users/admin/builder/spi-builder-workspace/.swiftpm/xcode
builtin-SwiftPerFileCompile SameThreadAsyncResponseInvocationStrategy.swift
SwiftCompile normal arm64 /Users/admin/builder/spi-builder-workspace/.dependencies/checkouts/smoke-http/Sources/SmokeHTTPClient/StandardHTTPClientCoreInvocationReporting.swift (in target 'SmokeHTTPClient' from project 'smoke-http')
cd /Users/admin/builder/spi-builder-workspace/.swiftpm/xcode
builtin-SwiftPerFileCompile StandardHTTPClientCoreInvocationReporting.swift
SwiftCompile normal arm64 /Users/admin/builder/spi-builder-workspace/.dependencies/checkouts/smoke-http/Sources/SmokeHTTPClient/StandardHTTPClientInvocationReporting.swift (in target 'SmokeHTTPClient' from project 'smoke-http')
cd /Users/admin/builder/spi-builder-workspace/.swiftpm/xcode
builtin-SwiftPerFileCompile StandardHTTPClientInvocationReporting.swift
SwiftCompile normal arm64 /Users/admin/builder/spi-builder-workspace/.dependencies/checkouts/smoke-http/Sources/SmokeHTTPClient/TestEventLoopProvider.swift (in target 'SmokeHTTPClient' from project 'smoke-http')
cd /Users/admin/builder/spi-builder-workspace/.swiftpm/xcode
builtin-SwiftPerFileCompile TestEventLoopProvider.swift
PruneExplicitPrecompiledModules /Users/admin/builder/spi-builder-workspace/.derivedData/Build/Intermediates.noindex/SwiftExplicitPrecompiledModules
PruneExplicitPrecompiledModules /Users/admin/builder/spi-builder-workspace/.derivedData/Build/Intermediates.noindex/ExplicitPrecompiledModules
PruneExplicitPrecompiledModules /Users/admin/builder/spi-builder-workspace/.derivedData/SDKExplicitPrecompiledModules
2026-09-20 20:15:01.331 xcodebuild[4963:18969] [MT] IDERunDestination: Supported platforms for the buildables in the current scheme is empty.
** BUILD FAILED **
The following build commands failed:
SwiftCompile normal arm64 Compiling\ AsyncResponseInvocationStrategy.swift,\ BodyHTTPRequestInput.swift,\ GlobalDispatchQueueAsyncResponseInvocationStrategy.swift,\ HTTPClientCoreInvocationReporting.swift,\ HTTPClientDelegate.swift /Users/admin/builder/spi-builder-workspace/.dependencies/checkouts/smoke-http/Sources/SmokeHTTPClient/AsyncResponseInvocationStrategy.swift /Users/admin/builder/spi-builder-workspace/.dependencies/checkouts/smoke-http/Sources/SmokeHTTPClient/BodyHTTPRequestInput.swift /Users/admin/builder/spi-builder-workspace/.dependencies/checkouts/smoke-http/Sources/SmokeHTTPClient/GlobalDispatchQueueAsyncResponseInvocationStrategy.swift /Users/admin/builder/spi-builder-workspace/.dependencies/checkouts/smoke-http/Sources/SmokeHTTPClient/HTTPClientCoreInvocationReporting.swift /Users/admin/builder/spi-builder-workspace/.dependencies/checkouts/smoke-http/Sources/SmokeHTTPClient/HTTPClientDelegate.swift (in target 'SmokeHTTPClient' from project 'smoke-http')
SwiftCompile normal arm64 /Users/admin/builder/spi-builder-workspace/.dependencies/checkouts/smoke-http/Sources/SmokeHTTPClient/HTTPClientDelegate.swift (in target 'SmokeHTTPClient' from project 'smoke-http')
Building workspace smoke-framework with scheme smoke-framework-Package
(3 failures)
BUILD FAILURE 6.4 watchOS