Build Information
Failed to build SolarSystem, reference master (518f80), with Swift 6.4 for watchOS using Xcode 27.0 on 18 Sep 2026 20:43:26 UTC.
Build Command
env DEVELOPER_DIR=/Applications/Xcode-27.0.0-Release.Candidate.app xcrun xcodebuild -IDEClonedSourcePackagesDirPathOverride=$PWD/.dependencies -skipMacroValidation -skipPackagePluginValidation -derivedDataPath $PWD/.derivedData build -scheme SolarSystem -destination generic/platform=watchOSBuild Log
cd /Users/admin/builder/spi-builder-workspace
write-file /Users/admin/builder/spi-builder-workspace/.derivedData/Build/Intermediates.noindex/SolarSystem.build/Debug-watchos/SolarSystem-p.build/SolarSystem.DependencyStaticMetadataFileList
WriteAuxiliaryFile /Users/admin/builder/spi-builder-workspace/.derivedData/Build/Intermediates.noindex/SolarSystem.build/Debug-watchos/SolarSystem_SolarSystem-b.build/SolarSystem_SolarSystem.DependencyMetadataFileList (in target 'SolarSystem_SolarSystem' from project 'SolarSystem')
cd /Users/admin/builder/spi-builder-workspace
write-file /Users/admin/builder/spi-builder-workspace/.derivedData/Build/Intermediates.noindex/SolarSystem.build/Debug-watchos/SolarSystem_SolarSystem-b.build/SolarSystem_SolarSystem.DependencyMetadataFileList
WriteAuxiliaryFile /Users/admin/builder/spi-builder-workspace/.derivedData/Build/Intermediates.noindex/SolarSystem.build/Debug-watchos/SolarSystem-p.build/Objects-normal/arm64_32/SolarSystem.SwiftFileList (in target 'SolarSystem-product' from project 'SolarSystem')
cd /Users/admin/builder/spi-builder-workspace
write-file /Users/admin/builder/spi-builder-workspace/.derivedData/Build/Intermediates.noindex/SolarSystem.build/Debug-watchos/SolarSystem-p.build/Objects-normal/arm64_32/SolarSystem.SwiftFileList
WriteAuxiliaryFile /Users/admin/builder/spi-builder-workspace/.derivedData/Build/Intermediates.noindex/SolarSystem.build/Debug-watchos/SolarSystem-p.build/Objects-normal/arm64_32/SolarSystem_const_extract_protocols.json (in target 'SolarSystem-product' from project 'SolarSystem')
cd /Users/admin/builder/spi-builder-workspace
write-file /Users/admin/builder/spi-builder-workspace/.derivedData/Build/Intermediates.noindex/SolarSystem.build/Debug-watchos/SolarSystem-p.build/Objects-normal/arm64_32/SolarSystem_const_extract_protocols.json
WriteAuxiliaryFile /Users/admin/builder/spi-builder-workspace/.derivedData/Build/Intermediates.noindex/SolarSystem.build/Debug-watchos/SolarSystem-p.build/Objects-normal/arm64_32/SolarSystem.LinkFileList (in target 'SolarSystem-product' from project 'SolarSystem')
cd /Users/admin/builder/spi-builder-workspace
write-file /Users/admin/builder/spi-builder-workspace/.derivedData/Build/Intermediates.noindex/SolarSystem.build/Debug-watchos/SolarSystem-p.build/Objects-normal/arm64_32/SolarSystem.LinkFileList
WriteAuxiliaryFile /Users/admin/builder/spi-builder-workspace/.derivedData/Build/Intermediates.noindex/SolarSystem.build/Debug-watchos/SolarSystem-p.build/Objects-normal/arm64_32/SolarSystem-OutputFileMap.json (in target 'SolarSystem-product' from project 'SolarSystem')
cd /Users/admin/builder/spi-builder-workspace
write-file /Users/admin/builder/spi-builder-workspace/.derivedData/Build/Intermediates.noindex/SolarSystem.build/Debug-watchos/SolarSystem-p.build/Objects-normal/arm64_32/SolarSystem-OutputFileMap.json
WriteAuxiliaryFile /Users/admin/builder/spi-builder-workspace/.derivedData/Build/Intermediates.noindex/SolarSystem.build/Debug-watchos/SolarSystem-p.build/Objects-normal/arm64/SolarSystem.LinkFileList (in target 'SolarSystem-product' from project 'SolarSystem')
cd /Users/admin/builder/spi-builder-workspace
write-file /Users/admin/builder/spi-builder-workspace/.derivedData/Build/Intermediates.noindex/SolarSystem.build/Debug-watchos/SolarSystem-p.build/Objects-normal/arm64/SolarSystem.LinkFileList
WriteAuxiliaryFile /Users/admin/builder/spi-builder-workspace/.derivedData/Build/Intermediates.noindex/SolarSystem.build/Debug-watchos/SolarSystem-p.build/Objects-normal/arm64/SolarSystem_const_extract_protocols.json (in target 'SolarSystem-product' from project 'SolarSystem')
cd /Users/admin/builder/spi-builder-workspace
write-file /Users/admin/builder/spi-builder-workspace/.derivedData/Build/Intermediates.noindex/SolarSystem.build/Debug-watchos/SolarSystem-p.build/Objects-normal/arm64/SolarSystem_const_extract_protocols.json
WriteAuxiliaryFile /Users/admin/builder/spi-builder-workspace/.derivedData/Build/Intermediates.noindex/SolarSystem.build/Debug-watchos/SolarSystem-p.build/Objects-normal/arm64/SolarSystem.SwiftFileList (in target 'SolarSystem-product' from project 'SolarSystem')
cd /Users/admin/builder/spi-builder-workspace
write-file /Users/admin/builder/spi-builder-workspace/.derivedData/Build/Intermediates.noindex/SolarSystem.build/Debug-watchos/SolarSystem-p.build/Objects-normal/arm64/SolarSystem.SwiftFileList
WriteAuxiliaryFile /Users/admin/builder/spi-builder-workspace/.derivedData/Build/Intermediates.noindex/SolarSystem.build/Debug-watchos/SolarSystem-p.build/Objects-normal/arm64/SolarSystem-OutputFileMap.json (in target 'SolarSystem-product' from project 'SolarSystem')
cd /Users/admin/builder/spi-builder-workspace
write-file /Users/admin/builder/spi-builder-workspace/.derivedData/Build/Intermediates.noindex/SolarSystem.build/Debug-watchos/SolarSystem-p.build/Objects-normal/arm64/SolarSystem-OutputFileMap.json
WriteAuxiliaryFile /Users/admin/builder/spi-builder-workspace/.derivedData/Build/Intermediates.noindex/SolarSystem.build/Debug-watchos/SolarSystem-p.build/DerivedSources/resource_bundle_accessor.swift (in target 'SolarSystem-product' from project 'SolarSystem')
cd /Users/admin/builder/spi-builder-workspace
write-file /Users/admin/builder/spi-builder-workspace/.derivedData/Build/Intermediates.noindex/SolarSystem.build/Debug-watchos/SolarSystem-p.build/DerivedSources/resource_bundle_accessor.swift
WriteAuxiliaryFile /Users/admin/builder/spi-builder-workspace/.derivedData/Build/Intermediates.noindex/Raylib.build/Debug-watchos/RaylibC-t.build/RaylibC.modulemap (in target 'RaylibC' from project 'Raylib')
cd /Users/admin/builder/spi-builder-workspace/.dependencies/checkouts/Raylib
write-file /Users/admin/builder/spi-builder-workspace/.derivedData/Build/Intermediates.noindex/Raylib.build/Debug-watchos/RaylibC-t.build/RaylibC.modulemap
WriteAuxiliaryFile /Users/admin/builder/spi-builder-workspace/.derivedData/Build/Intermediates.noindex/Raylib.build/Debug-watchos/RaylibC-t.build/RaylibC.DependencyStaticMetadataFileList (in target 'RaylibC' from project 'Raylib')
cd /Users/admin/builder/spi-builder-workspace/.dependencies/checkouts/Raylib
write-file /Users/admin/builder/spi-builder-workspace/.derivedData/Build/Intermediates.noindex/Raylib.build/Debug-watchos/RaylibC-t.build/RaylibC.DependencyStaticMetadataFileList
WriteAuxiliaryFile /Users/admin/builder/spi-builder-workspace/.derivedData/Build/Intermediates.noindex/Raylib.build/Debug-watchos/RaylibC-t.build/RaylibC.DependencyMetadataFileList (in target 'RaylibC' from project 'Raylib')
cd /Users/admin/builder/spi-builder-workspace/.dependencies/checkouts/Raylib
write-file /Users/admin/builder/spi-builder-workspace/.derivedData/Build/Intermediates.noindex/Raylib.build/Debug-watchos/RaylibC-t.build/RaylibC.DependencyMetadataFileList
WriteAuxiliaryFile /Users/admin/builder/spi-builder-workspace/.derivedData/Build/Intermediates.noindex/Raylib.build/Debug-watchos/RaylibC-t.build/Objects-normal/arm64_32/e6072d4f65d7061329687fe24e3d63a7-common-args.resp (in target 'RaylibC' from project 'Raylib')
cd /Users/admin/builder/spi-builder-workspace/.dependencies/checkouts/Raylib
write-file /Users/admin/builder/spi-builder-workspace/.derivedData/Build/Intermediates.noindex/Raylib.build/Debug-watchos/RaylibC-t.build/Objects-normal/arm64_32/e6072d4f65d7061329687fe24e3d63a7-common-args.resp
'-std=c99' -fobjc-arc -fmodules -gmodules '-fmodules-cache-path=/Users/admin/builder/spi-builder-workspace/.derivedData/ModuleCache.noindex' '-fmodule-name=RaylibC' -fpascal-strings -O0 -DSWIFT_PACKAGE '-DDEBUG=1' -DSUPPORT_DEFAULT_FONT -DRAYGUI_IMPLEMENTATION -D_DEBUG '-DOBJC_OLD_DISPATCH_PROTOTYPES=1' -g -I/Users/admin/builder/spi-builder-workspace/.derivedData/Build/Products/Debug-watchos/include -I/Users/admin/builder/spi-builder-workspace/.dependencies/checkouts/Raylib/Sources/RaylibC/Include -I/Users/admin/builder/spi-builder-workspace/.dependencies/checkouts/Raylib/Sources/RaylibC/UnmodifiedRaylibSrc/external/glfw/include -I/Users/admin/builder/spi-builder-workspace/.dependencies/checkouts/Raylib/Sources/RaylibC/UnmodifiedRaylibSrc -I/Users/admin/builder/spi-builder-workspace/.derivedData/Build/Intermediates.noindex/Raylib.build/Debug-watchos/RaylibC-t.build/DerivedSources-normal/arm64_32 -I/Users/admin/builder/spi-builder-workspace/.derivedData/Build/Intermediates.noindex/Raylib.build/Debug-watchos/RaylibC-t.build/DerivedSources/arm64_32 -I/Users/admin/builder/spi-builder-workspace/.derivedData/Build/Intermediates.noindex/Raylib.build/Debug-watchos/RaylibC-t.build/DerivedSources -F/Users/admin/builder/spi-builder-workspace/.derivedData/Build/Products/Debug-watchos -iframework /Applications/Xcode-27.0.0-Release.Candidate.app/Contents/Developer/Platforms/WatchOS.platform/Developer/Library/Frameworks -iframework /Applications/Xcode-27.0.0-Release.Candidate.app/Contents/Developer/Platforms/WatchOS.platform/Developer/SDKs/WatchOS27.0.sdk/Developer/Library/Frameworks -DXcode
WriteAuxiliaryFile /Users/admin/builder/spi-builder-workspace/.derivedData/Build/Intermediates.noindex/Raylib.build/Debug-watchos/RaylibC-t.build/Objects-normal/arm64_32/RaylibC.LinkFileList (in target 'RaylibC' from project 'Raylib')
cd /Users/admin/builder/spi-builder-workspace/.dependencies/checkouts/Raylib
write-file /Users/admin/builder/spi-builder-workspace/.derivedData/Build/Intermediates.noindex/Raylib.build/Debug-watchos/RaylibC-t.build/Objects-normal/arm64_32/RaylibC.LinkFileList
WriteAuxiliaryFile /Users/admin/builder/spi-builder-workspace/.derivedData/Build/Intermediates.noindex/Raylib.build/Debug-watchos/RaylibC-t.build/Objects-normal/arm64_32/7187679823f38a2a940e0043cdf9d637-common-args.resp (in target 'RaylibC' from project 'Raylib')
cd /Users/admin/builder/spi-builder-workspace/.dependencies/checkouts/Raylib
write-file /Users/admin/builder/spi-builder-workspace/.derivedData/Build/Intermediates.noindex/Raylib.build/Debug-watchos/RaylibC-t.build/Objects-normal/arm64_32/7187679823f38a2a940e0043cdf9d637-common-args.resp
'-std=c99' -fmodules -gmodules '-fmodules-cache-path=/Users/admin/builder/spi-builder-workspace/.derivedData/ModuleCache.noindex' '-fmodule-name=RaylibC' -fpascal-strings -O0 -DSWIFT_PACKAGE '-DDEBUG=1' -DSUPPORT_DEFAULT_FONT -DRAYGUI_IMPLEMENTATION -D_DEBUG -g -I/Users/admin/builder/spi-builder-workspace/.derivedData/Build/Products/Debug-watchos/include -I/Users/admin/builder/spi-builder-workspace/.dependencies/checkouts/Raylib/Sources/RaylibC/Include -I/Users/admin/builder/spi-builder-workspace/.dependencies/checkouts/Raylib/Sources/RaylibC/UnmodifiedRaylibSrc/external/glfw/include -I/Users/admin/builder/spi-builder-workspace/.dependencies/checkouts/Raylib/Sources/RaylibC/UnmodifiedRaylibSrc -I/Users/admin/builder/spi-builder-workspace/.derivedData/Build/Intermediates.noindex/Raylib.build/Debug-watchos/RaylibC-t.build/DerivedSources-normal/arm64_32 -I/Users/admin/builder/spi-builder-workspace/.derivedData/Build/Intermediates.noindex/Raylib.build/Debug-watchos/RaylibC-t.build/DerivedSources/arm64_32 -I/Users/admin/builder/spi-builder-workspace/.derivedData/Build/Intermediates.noindex/Raylib.build/Debug-watchos/RaylibC-t.build/DerivedSources -F/Users/admin/builder/spi-builder-workspace/.derivedData/Build/Products/Debug-watchos -iframework /Applications/Xcode-27.0.0-Release.Candidate.app/Contents/Developer/Platforms/WatchOS.platform/Developer/Library/Frameworks -iframework /Applications/Xcode-27.0.0-Release.Candidate.app/Contents/Developer/Platforms/WatchOS.platform/Developer/SDKs/WatchOS27.0.sdk/Developer/Library/Frameworks -DXcode
WriteAuxiliaryFile /Users/admin/builder/spi-builder-workspace/.derivedData/Build/Intermediates.noindex/Raylib.build/Debug-watchos/RaylibC-t.build/Objects-normal/arm64/RaylibC.LinkFileList (in target 'RaylibC' from project 'Raylib')
cd /Users/admin/builder/spi-builder-workspace/.dependencies/checkouts/Raylib
write-file /Users/admin/builder/spi-builder-workspace/.derivedData/Build/Intermediates.noindex/Raylib.build/Debug-watchos/RaylibC-t.build/Objects-normal/arm64/RaylibC.LinkFileList
WriteAuxiliaryFile /Users/admin/builder/spi-builder-workspace/.derivedData/Build/Intermediates.noindex/Raylib.build/Debug-watchos/RaylibC-t.build/Objects-normal/arm64/7187679823f38a2a940e0043cdf9d637-common-args.resp (in target 'RaylibC' from project 'Raylib')
cd /Users/admin/builder/spi-builder-workspace/.dependencies/checkouts/Raylib
write-file /Users/admin/builder/spi-builder-workspace/.derivedData/Build/Intermediates.noindex/Raylib.build/Debug-watchos/RaylibC-t.build/Objects-normal/arm64/7187679823f38a2a940e0043cdf9d637-common-args.resp
'-std=c99' -fmodules -gmodules '-fmodules-cache-path=/Users/admin/builder/spi-builder-workspace/.derivedData/ModuleCache.noindex' '-fmodule-name=RaylibC' -fpascal-strings -O0 -DSWIFT_PACKAGE '-DDEBUG=1' -DSUPPORT_DEFAULT_FONT -DRAYGUI_IMPLEMENTATION -D_DEBUG -g -I/Users/admin/builder/spi-builder-workspace/.derivedData/Build/Products/Debug-watchos/include -I/Users/admin/builder/spi-builder-workspace/.dependencies/checkouts/Raylib/Sources/RaylibC/Include -I/Users/admin/builder/spi-builder-workspace/.dependencies/checkouts/Raylib/Sources/RaylibC/UnmodifiedRaylibSrc/external/glfw/include -I/Users/admin/builder/spi-builder-workspace/.dependencies/checkouts/Raylib/Sources/RaylibC/UnmodifiedRaylibSrc -I/Users/admin/builder/spi-builder-workspace/.derivedData/Build/Intermediates.noindex/Raylib.build/Debug-watchos/RaylibC-t.build/DerivedSources-normal/arm64 -I/Users/admin/builder/spi-builder-workspace/.derivedData/Build/Intermediates.noindex/Raylib.build/Debug-watchos/RaylibC-t.build/DerivedSources/arm64 -I/Users/admin/builder/spi-builder-workspace/.derivedData/Build/Intermediates.noindex/Raylib.build/Debug-watchos/RaylibC-t.build/DerivedSources -F/Users/admin/builder/spi-builder-workspace/.derivedData/Build/Products/Debug-watchos -iframework /Applications/Xcode-27.0.0-Release.Candidate.app/Contents/Developer/Platforms/WatchOS.platform/Developer/Library/Frameworks -iframework /Applications/Xcode-27.0.0-Release.Candidate.app/Contents/Developer/Platforms/WatchOS.platform/Developer/SDKs/WatchOS27.0.sdk/Developer/Library/Frameworks -DXcode
WriteAuxiliaryFile /Users/admin/builder/spi-builder-workspace/.derivedData/Build/Intermediates.noindex/Raylib.build/Debug-watchos/RaylibC-t.build/Objects-normal/arm64/e6072d4f65d7061329687fe24e3d63a7-common-args.resp (in target 'RaylibC' from project 'Raylib')
cd /Users/admin/builder/spi-builder-workspace/.dependencies/checkouts/Raylib
write-file /Users/admin/builder/spi-builder-workspace/.derivedData/Build/Intermediates.noindex/Raylib.build/Debug-watchos/RaylibC-t.build/Objects-normal/arm64/e6072d4f65d7061329687fe24e3d63a7-common-args.resp
'-std=c99' -fobjc-arc -fmodules -gmodules '-fmodules-cache-path=/Users/admin/builder/spi-builder-workspace/.derivedData/ModuleCache.noindex' '-fmodule-name=RaylibC' -fpascal-strings -O0 -DSWIFT_PACKAGE '-DDEBUG=1' -DSUPPORT_DEFAULT_FONT -DRAYGUI_IMPLEMENTATION -D_DEBUG '-DOBJC_OLD_DISPATCH_PROTOTYPES=1' -g -I/Users/admin/builder/spi-builder-workspace/.derivedData/Build/Products/Debug-watchos/include -I/Users/admin/builder/spi-builder-workspace/.dependencies/checkouts/Raylib/Sources/RaylibC/Include -I/Users/admin/builder/spi-builder-workspace/.dependencies/checkouts/Raylib/Sources/RaylibC/UnmodifiedRaylibSrc/external/glfw/include -I/Users/admin/builder/spi-builder-workspace/.dependencies/checkouts/Raylib/Sources/RaylibC/UnmodifiedRaylibSrc -I/Users/admin/builder/spi-builder-workspace/.derivedData/Build/Intermediates.noindex/Raylib.build/Debug-watchos/RaylibC-t.build/DerivedSources-normal/arm64 -I/Users/admin/builder/spi-builder-workspace/.derivedData/Build/Intermediates.noindex/Raylib.build/Debug-watchos/RaylibC-t.build/DerivedSources/arm64 -I/Users/admin/builder/spi-builder-workspace/.derivedData/Build/Intermediates.noindex/Raylib.build/Debug-watchos/RaylibC-t.build/DerivedSources -F/Users/admin/builder/spi-builder-workspace/.derivedData/Build/Products/Debug-watchos -iframework /Applications/Xcode-27.0.0-Release.Candidate.app/Contents/Developer/Platforms/WatchOS.platform/Developer/Library/Frameworks -iframework /Applications/Xcode-27.0.0-Release.Candidate.app/Contents/Developer/Platforms/WatchOS.platform/Developer/SDKs/WatchOS27.0.sdk/Developer/Library/Frameworks -DXcode
WriteAuxiliaryFile /Users/admin/builder/spi-builder-workspace/.derivedData/Build/Intermediates.noindex/Raylib.build/Debug-watchos/Raylib-t.build/Raylib.modulemap (in target 'Raylib' from project 'Raylib')
cd /Users/admin/builder/spi-builder-workspace/.dependencies/checkouts/Raylib
write-file /Users/admin/builder/spi-builder-workspace/.derivedData/Build/Intermediates.noindex/Raylib.build/Debug-watchos/Raylib-t.build/Raylib.modulemap
WriteAuxiliaryFile /Users/admin/builder/spi-builder-workspace/.derivedData/Build/Intermediates.noindex/Raylib.build/Debug-watchos/Raylib-t.build/Raylib.DependencyStaticMetadataFileList (in target 'Raylib' from project 'Raylib')
cd /Users/admin/builder/spi-builder-workspace/.dependencies/checkouts/Raylib
write-file /Users/admin/builder/spi-builder-workspace/.derivedData/Build/Intermediates.noindex/Raylib.build/Debug-watchos/Raylib-t.build/Raylib.DependencyStaticMetadataFileList
Copy /Users/admin/builder/spi-builder-workspace/.derivedData/Build/Intermediates.noindex/GeneratedModuleMaps-watchos/RaylibC.modulemap /Users/admin/builder/spi-builder-workspace/.derivedData/Build/Intermediates.noindex/Raylib.build/Debug-watchos/RaylibC-t.build/RaylibC.modulemap (in target 'RaylibC' from project 'Raylib')
cd /Users/admin/builder/spi-builder-workspace/.dependencies/checkouts/Raylib
builtin-copy -exclude .DS_Store -exclude CVS -exclude .svn -exclude .git -exclude .hg -resolve-src-symlinks /Users/admin/builder/spi-builder-workspace/.derivedData/Build/Intermediates.noindex/Raylib.build/Debug-watchos/RaylibC-t.build/RaylibC.modulemap /Users/admin/builder/spi-builder-workspace/.derivedData/Build/Intermediates.noindex/GeneratedModuleMaps-watchos
WriteAuxiliaryFile /Users/admin/builder/spi-builder-workspace/.derivedData/Build/Intermediates.noindex/Raylib.build/Debug-watchos/Raylib-t.build/Raylib.DependencyMetadataFileList (in target 'Raylib' from project 'Raylib')
cd /Users/admin/builder/spi-builder-workspace/.dependencies/checkouts/Raylib
write-file /Users/admin/builder/spi-builder-workspace/.derivedData/Build/Intermediates.noindex/Raylib.build/Debug-watchos/Raylib-t.build/Raylib.DependencyMetadataFileList
WriteAuxiliaryFile /Users/admin/builder/spi-builder-workspace/.derivedData/Build/Intermediates.noindex/Raylib.build/Debug-watchos/Raylib-t.build/Objects-normal/arm64_32/Raylib_const_extract_protocols.json (in target 'Raylib' from project 'Raylib')
cd /Users/admin/builder/spi-builder-workspace/.dependencies/checkouts/Raylib
write-file /Users/admin/builder/spi-builder-workspace/.derivedData/Build/Intermediates.noindex/Raylib.build/Debug-watchos/Raylib-t.build/Objects-normal/arm64_32/Raylib_const_extract_protocols.json
WriteAuxiliaryFile /Users/admin/builder/spi-builder-workspace/.derivedData/Build/Intermediates.noindex/Raylib.build/Debug-watchos/Raylib-t.build/Objects-normal/arm64_32/Raylib.SwiftFileList (in target 'Raylib' from project 'Raylib')
cd /Users/admin/builder/spi-builder-workspace/.dependencies/checkouts/Raylib
write-file /Users/admin/builder/spi-builder-workspace/.derivedData/Build/Intermediates.noindex/Raylib.build/Debug-watchos/Raylib-t.build/Objects-normal/arm64_32/Raylib.SwiftFileList
WriteAuxiliaryFile /Users/admin/builder/spi-builder-workspace/.derivedData/Build/Intermediates.noindex/Raylib.build/Debug-watchos/Raylib-t.build/Objects-normal/arm64_32/Raylib.SwiftConstValuesFileList (in target 'Raylib' from project 'Raylib')
cd /Users/admin/builder/spi-builder-workspace/.dependencies/checkouts/Raylib
write-file /Users/admin/builder/spi-builder-workspace/.derivedData/Build/Intermediates.noindex/Raylib.build/Debug-watchos/Raylib-t.build/Objects-normal/arm64_32/Raylib.SwiftConstValuesFileList
WriteAuxiliaryFile /Users/admin/builder/spi-builder-workspace/.derivedData/Build/Intermediates.noindex/Raylib.build/Debug-watchos/Raylib-t.build/Objects-normal/arm64_32/Raylib-OutputFileMap.json (in target 'Raylib' from project 'Raylib')
cd /Users/admin/builder/spi-builder-workspace/.dependencies/checkouts/Raylib
write-file /Users/admin/builder/spi-builder-workspace/.derivedData/Build/Intermediates.noindex/Raylib.build/Debug-watchos/Raylib-t.build/Objects-normal/arm64_32/Raylib-OutputFileMap.json
WriteAuxiliaryFile /Users/admin/builder/spi-builder-workspace/.derivedData/Build/Intermediates.noindex/Raylib.build/Debug-watchos/Raylib-t.build/Objects-normal/arm64_32/Raylib.LinkFileList (in target 'Raylib' from project 'Raylib')
cd /Users/admin/builder/spi-builder-workspace/.dependencies/checkouts/Raylib
write-file /Users/admin/builder/spi-builder-workspace/.derivedData/Build/Intermediates.noindex/Raylib.build/Debug-watchos/Raylib-t.build/Objects-normal/arm64_32/Raylib.LinkFileList
WriteAuxiliaryFile /Users/admin/builder/spi-builder-workspace/.derivedData/Build/Intermediates.noindex/Raylib.build/Debug-watchos/Raylib-t.build/Objects-normal/arm64/Raylib_const_extract_protocols.json (in target 'Raylib' from project 'Raylib')
cd /Users/admin/builder/spi-builder-workspace/.dependencies/checkouts/Raylib
write-file /Users/admin/builder/spi-builder-workspace/.derivedData/Build/Intermediates.noindex/Raylib.build/Debug-watchos/Raylib-t.build/Objects-normal/arm64/Raylib_const_extract_protocols.json
WriteAuxiliaryFile /Users/admin/builder/spi-builder-workspace/.derivedData/Build/Intermediates.noindex/Raylib.build/Debug-watchos/Raylib-t.build/Objects-normal/arm64/Raylib.SwiftFileList (in target 'Raylib' from project 'Raylib')
cd /Users/admin/builder/spi-builder-workspace/.dependencies/checkouts/Raylib
write-file /Users/admin/builder/spi-builder-workspace/.derivedData/Build/Intermediates.noindex/Raylib.build/Debug-watchos/Raylib-t.build/Objects-normal/arm64/Raylib.SwiftFileList
WriteAuxiliaryFile /Users/admin/builder/spi-builder-workspace/.derivedData/Build/Intermediates.noindex/Raylib.build/Debug-watchos/Raylib-t.build/Objects-normal/arm64/Raylib.SwiftConstValuesFileList (in target 'Raylib' from project 'Raylib')
cd /Users/admin/builder/spi-builder-workspace/.dependencies/checkouts/Raylib
write-file /Users/admin/builder/spi-builder-workspace/.derivedData/Build/Intermediates.noindex/Raylib.build/Debug-watchos/Raylib-t.build/Objects-normal/arm64/Raylib.SwiftConstValuesFileList
WriteAuxiliaryFile /Users/admin/builder/spi-builder-workspace/.derivedData/Build/Intermediates.noindex/Raylib.build/Debug-watchos/Raylib-t.build/Objects-normal/arm64/Raylib.LinkFileList (in target 'Raylib' from project 'Raylib')
cd /Users/admin/builder/spi-builder-workspace/.dependencies/checkouts/Raylib
write-file /Users/admin/builder/spi-builder-workspace/.derivedData/Build/Intermediates.noindex/Raylib.build/Debug-watchos/Raylib-t.build/Objects-normal/arm64/Raylib.LinkFileList
WriteAuxiliaryFile /Users/admin/builder/spi-builder-workspace/.derivedData/Build/Intermediates.noindex/Raylib.build/Debug-watchos/Raylib-t.build/Objects-normal/arm64/Raylib-OutputFileMap.json (in target 'Raylib' from project 'Raylib')
cd /Users/admin/builder/spi-builder-workspace/.dependencies/checkouts/Raylib
write-file /Users/admin/builder/spi-builder-workspace/.derivedData/Build/Intermediates.noindex/Raylib.build/Debug-watchos/Raylib-t.build/Objects-normal/arm64/Raylib-OutputFileMap.json
Copy /Users/admin/builder/spi-builder-workspace/.derivedData/Build/Intermediates.noindex/GeneratedModuleMaps-watchos/Raylib.modulemap /Users/admin/builder/spi-builder-workspace/.derivedData/Build/Intermediates.noindex/Raylib.build/Debug-watchos/Raylib-t.build/Raylib.modulemap (in target 'Raylib' from project 'Raylib')
cd /Users/admin/builder/spi-builder-workspace/.dependencies/checkouts/Raylib
builtin-copy -exclude .DS_Store -exclude CVS -exclude .svn -exclude .git -exclude .hg -resolve-src-symlinks /Users/admin/builder/spi-builder-workspace/.derivedData/Build/Intermediates.noindex/Raylib.build/Debug-watchos/Raylib-t.build/Raylib.modulemap /Users/admin/builder/spi-builder-workspace/.derivedData/Build/Intermediates.noindex/GeneratedModuleMaps-watchos
MkDir /Users/admin/builder/spi-builder-workspace/.derivedData/Build/Products/Debug-watchos/SolarSystem_SolarSystem.bundle (in target 'SolarSystem_SolarSystem' from project 'SolarSystem')
cd /Users/admin/builder/spi-builder-workspace
/bin/mkdir -p /Users/admin/builder/spi-builder-workspace/.derivedData/Build/Products/Debug-watchos/SolarSystem_SolarSystem.bundle
ProcessInfoPlistFile /Users/admin/builder/spi-builder-workspace/.derivedData/Build/Products/Debug-watchos/SolarSystem_SolarSystem.bundle/Info.plist /Users/admin/builder/spi-builder-workspace/.derivedData/Build/Intermediates.noindex/SolarSystem.build/Debug-watchos/SolarSystem_SolarSystem-b.build/empty-SolarSystem_SolarSystem.plist (in target 'SolarSystem_SolarSystem' from project 'SolarSystem')
cd /Users/admin/builder/spi-builder-workspace
builtin-infoPlistUtility /Users/admin/builder/spi-builder-workspace/.derivedData/Build/Intermediates.noindex/SolarSystem.build/Debug-watchos/SolarSystem_SolarSystem-b.build/empty-SolarSystem_SolarSystem.plist -producttype com.apple.product-type.bundle -expandbuildsettings -format binary -platform watchos -o /Users/admin/builder/spi-builder-workspace/.derivedData/Build/Products/Debug-watchos/SolarSystem_SolarSystem.bundle/Info.plist
CpResource /Users/admin/builder/spi-builder-workspace/.derivedData/Build/Products/Debug-watchos/SolarSystem_SolarSystem.bundle/Venus.glb /Users/admin/builder/spi-builder-workspace/Sources/SolarSystem/Resources/Models/Venus.glb (in target 'SolarSystem_SolarSystem' from project 'SolarSystem')
cd /Users/admin/builder/spi-builder-workspace
builtin-copy -exclude .DS_Store -exclude CVS -exclude .svn -exclude .git -exclude .hg -resolve-src-symlinks /Users/admin/builder/spi-builder-workspace/Sources/SolarSystem/Resources/Models/Venus.glb /Users/admin/builder/spi-builder-workspace/.derivedData/Build/Products/Debug-watchos/SolarSystem_SolarSystem.bundle
CpResource /Users/admin/builder/spi-builder-workspace/.derivedData/Build/Products/Debug-watchos/SolarSystem_SolarSystem.bundle/Uranus.glb /Users/admin/builder/spi-builder-workspace/Sources/SolarSystem/Resources/Models/Uranus.glb (in target 'SolarSystem_SolarSystem' from project 'SolarSystem')
cd /Users/admin/builder/spi-builder-workspace
builtin-copy -exclude .DS_Store -exclude CVS -exclude .svn -exclude .git -exclude .hg -resolve-src-symlinks /Users/admin/builder/spi-builder-workspace/Sources/SolarSystem/Resources/Models/Uranus.glb /Users/admin/builder/spi-builder-workspace/.derivedData/Build/Products/Debug-watchos/SolarSystem_SolarSystem.bundle
CpResource /Users/admin/builder/spi-builder-workspace/.derivedData/Build/Products/Debug-watchos/SolarSystem_SolarSystem.bundle/Sun.glb /Users/admin/builder/spi-builder-workspace/Sources/SolarSystem/Resources/Models/Sun.glb (in target 'SolarSystem_SolarSystem' from project 'SolarSystem')
cd /Users/admin/builder/spi-builder-workspace
builtin-copy -exclude .DS_Store -exclude CVS -exclude .svn -exclude .git -exclude .hg -resolve-src-symlinks /Users/admin/builder/spi-builder-workspace/Sources/SolarSystem/Resources/Models/Sun.glb /Users/admin/builder/spi-builder-workspace/.derivedData/Build/Products/Debug-watchos/SolarSystem_SolarSystem.bundle
CpResource /Users/admin/builder/spi-builder-workspace/.derivedData/Build/Products/Debug-watchos/SolarSystem_SolarSystem.bundle/Saturn.glb /Users/admin/builder/spi-builder-workspace/Sources/SolarSystem/Resources/Models/Saturn.glb (in target 'SolarSystem_SolarSystem' from project 'SolarSystem')
cd /Users/admin/builder/spi-builder-workspace
builtin-copy -exclude .DS_Store -exclude CVS -exclude .svn -exclude .git -exclude .hg -resolve-src-symlinks /Users/admin/builder/spi-builder-workspace/Sources/SolarSystem/Resources/Models/Saturn.glb /Users/admin/builder/spi-builder-workspace/.derivedData/Build/Products/Debug-watchos/SolarSystem_SolarSystem.bundle
CpResource /Users/admin/builder/spi-builder-workspace/.derivedData/Build/Products/Debug-watchos/SolarSystem_SolarSystem.bundle/Neptune.glb /Users/admin/builder/spi-builder-workspace/Sources/SolarSystem/Resources/Models/Neptune.glb (in target 'SolarSystem_SolarSystem' from project 'SolarSystem')
cd /Users/admin/builder/spi-builder-workspace
builtin-copy -exclude .DS_Store -exclude CVS -exclude .svn -exclude .git -exclude .hg -resolve-src-symlinks /Users/admin/builder/spi-builder-workspace/Sources/SolarSystem/Resources/Models/Neptune.glb /Users/admin/builder/spi-builder-workspace/.derivedData/Build/Products/Debug-watchos/SolarSystem_SolarSystem.bundle
CpResource /Users/admin/builder/spi-builder-workspace/.derivedData/Build/Products/Debug-watchos/SolarSystem_SolarSystem.bundle/Mercury.glb /Users/admin/builder/spi-builder-workspace/Sources/SolarSystem/Resources/Models/Mercury.glb (in target 'SolarSystem_SolarSystem' from project 'SolarSystem')
cd /Users/admin/builder/spi-builder-workspace
builtin-copy -exclude .DS_Store -exclude CVS -exclude .svn -exclude .git -exclude .hg -resolve-src-symlinks /Users/admin/builder/spi-builder-workspace/Sources/SolarSystem/Resources/Models/Mercury.glb /Users/admin/builder/spi-builder-workspace/.derivedData/Build/Products/Debug-watchos/SolarSystem_SolarSystem.bundle
CpResource /Users/admin/builder/spi-builder-workspace/.derivedData/Build/Products/Debug-watchos/SolarSystem_SolarSystem.bundle/Mars.glb /Users/admin/builder/spi-builder-workspace/Sources/SolarSystem/Resources/Models/Mars.glb (in target 'SolarSystem_SolarSystem' from project 'SolarSystem')
cd /Users/admin/builder/spi-builder-workspace
builtin-copy -exclude .DS_Store -exclude CVS -exclude .svn -exclude .git -exclude .hg -resolve-src-symlinks /Users/admin/builder/spi-builder-workspace/Sources/SolarSystem/Resources/Models/Mars.glb /Users/admin/builder/spi-builder-workspace/.derivedData/Build/Products/Debug-watchos/SolarSystem_SolarSystem.bundle
CpResource /Users/admin/builder/spi-builder-workspace/.derivedData/Build/Products/Debug-watchos/SolarSystem_SolarSystem.bundle/Jupiter.glb /Users/admin/builder/spi-builder-workspace/Sources/SolarSystem/Resources/Models/Jupiter.glb (in target 'SolarSystem_SolarSystem' from project 'SolarSystem')
cd /Users/admin/builder/spi-builder-workspace
builtin-copy -exclude .DS_Store -exclude CVS -exclude .svn -exclude .git -exclude .hg -resolve-src-symlinks /Users/admin/builder/spi-builder-workspace/Sources/SolarSystem/Resources/Models/Jupiter.glb /Users/admin/builder/spi-builder-workspace/.derivedData/Build/Products/Debug-watchos/SolarSystem_SolarSystem.bundle
CpResource /Users/admin/builder/spi-builder-workspace/.derivedData/Build/Products/Debug-watchos/SolarSystem_SolarSystem.bundle/Earth.glb /Users/admin/builder/spi-builder-workspace/Sources/SolarSystem/Resources/Models/Earth.glb (in target 'SolarSystem_SolarSystem' from project 'SolarSystem')
cd /Users/admin/builder/spi-builder-workspace
builtin-copy -exclude .DS_Store -exclude CVS -exclude .svn -exclude .git -exclude .hg -resolve-src-symlinks /Users/admin/builder/spi-builder-workspace/Sources/SolarSystem/Resources/Models/Earth.glb /Users/admin/builder/spi-builder-workspace/.derivedData/Build/Products/Debug-watchos/SolarSystem_SolarSystem.bundle
RegisterExecutionPolicyException /Users/admin/builder/spi-builder-workspace/.derivedData/Build/Products/Debug-watchos/SolarSystem_SolarSystem.bundle (in target 'SolarSystem_SolarSystem' from project 'SolarSystem')
cd /Users/admin/builder/spi-builder-workspace
builtin-RegisterExecutionPolicyException /Users/admin/builder/spi-builder-workspace/.derivedData/Build/Products/Debug-watchos/SolarSystem_SolarSystem.bundle
Touch /Users/admin/builder/spi-builder-workspace/.derivedData/Build/Products/Debug-watchos/SolarSystem_SolarSystem.bundle (in target 'SolarSystem_SolarSystem' from project 'SolarSystem')
cd /Users/admin/builder/spi-builder-workspace
/usr/bin/touch -c /Users/admin/builder/spi-builder-workspace/.derivedData/Build/Products/Debug-watchos/SolarSystem_SolarSystem.bundle
ScanDependencies /Users/admin/builder/spi-builder-workspace/.derivedData/Build/Intermediates.noindex/Raylib.build/Debug-watchos/RaylibC-t.build/Objects-normal/arm64_32/vulkan.o /Users/admin/builder/spi-builder-workspace/.dependencies/checkouts/Raylib/Sources/RaylibC/UnmodifiedRaylibSrc/external/glfw/src/vulkan.c normal arm64_32 c com.apple.compilers.llvm.clang.1_0.compiler (in target 'RaylibC' from project 'Raylib')
cd /Users/admin/builder/spi-builder-workspace/.swiftpm/xcode
Using response file: /Users/admin/builder/spi-builder-workspace/.derivedData/Build/Intermediates.noindex/Raylib.build/Debug-watchos/RaylibC-t.build/Objects-normal/arm64_32/7187679823f38a2a940e0043cdf9d637-common-args.resp
builtin-ScanDependencies -o /Users/admin/builder/spi-builder-workspace/.derivedData/Build/Intermediates.noindex/Raylib.build/Debug-watchos/RaylibC-t.build/Objects-normal/arm64_32/vulkan.o.scan -- /Applications/Xcode-27.0.0-Release.Candidate.app/Contents/Developer/Toolchains/XcodeDefault.xctoolchain/usr/bin/clang -x c -ivfsstatcache /Users/admin/builder/spi-builder-workspace/.derivedData/SDKStatCaches.noindex/watchos27.0-24R360-e829b21a6f8c9b70876ba0858053c04477534ef55a1706bf4c1112bbb242f0a2.sdkstatcache -target arm64_32-apple-watchos9.0 -fmessage-length\=0 -fdiagnostics-show-note-include-stack -fmacro-backtrace-limit\=0 -fno-color-diagnostics -fmodules-prune-interval\=86400 -fmodules-prune-after\=345600 -fbuild-session-file\=/Users/admin/builder/spi-builder-workspace/.derivedData/ModuleCache.noindex/Session.modulevalidation -fmodules-validate-once-per-build-session -Wnon-modular-include-in-framework-module -Werror\=non-modular-include-in-framework-module -Wno-trigraphs -Wno-missing-field-initializers -Wno-missing-prototypes -Wno-return-type -Wno-missing-braces -Wparentheses -Wswitch -Wno-unused-function -Wno-unused-label -Wno-unused-parameter -Wno-unused-variable -Wunused-value -Wno-empty-body -Wno-uninitialized -Wno-unknown-pragmas -w -Wno-shadow -Wno-four-char-constants -Wno-conversion -Wno-constant-conversion -Wno-int-conversion -Wno-bool-conversion -Wno-enum-conversion -Wno-float-conversion -Wno-non-literal-null-conversion -Wno-objc-literal-conversion -Wno-shorten-64-to-32 -Wpointer-sign -Wno-newline-eof -Wno-implicit-fallthrough -isysroot /Applications/Xcode-27.0.0-Release.Candidate.app/Contents/Developer/Platforms/WatchOS.platform/Developer/SDKs/WatchOS27.0.sdk -fstrict-aliasing -Wdeprecated-declarations -Wno-sign-conversion -Wno-infinite-recursion -Wno-comma -Wno-block-capture-autoreleasing -Wno-strict-prototypes -Wno-semicolon-before-method-body -index-store-path /Users/admin/builder/spi-builder-workspace/.derivedData/Index.noindex/DataStore @/Users/admin/builder/spi-builder-workspace/.derivedData/Build/Intermediates.noindex/Raylib.build/Debug-watchos/RaylibC-t.build/Objects-normal/arm64_32/7187679823f38a2a940e0043cdf9d637-common-args.resp -MMD -MT dependencies -MF /Users/admin/builder/spi-builder-workspace/.derivedData/Build/Intermediates.noindex/Raylib.build/Debug-watchos/RaylibC-t.build/Objects-normal/arm64_32/vulkan.d --serialize-diagnostics /Users/admin/builder/spi-builder-workspace/.derivedData/Build/Intermediates.noindex/Raylib.build/Debug-watchos/RaylibC-t.build/Objects-normal/arm64_32/vulkan.dia -c /Users/admin/builder/spi-builder-workspace/.dependencies/checkouts/Raylib/Sources/RaylibC/UnmodifiedRaylibSrc/external/glfw/src/vulkan.c -o /Users/admin/builder/spi-builder-workspace/.derivedData/Build/Intermediates.noindex/Raylib.build/Debug-watchos/RaylibC-t.build/Objects-normal/arm64_32/vulkan.o -index-unit-output-path /Raylib.build/Debug-watchos/RaylibC-t.build/Objects-normal/arm64_32/vulkan.o
ScanDependencies /Users/admin/builder/spi-builder-workspace/.derivedData/Build/Intermediates.noindex/Raylib.build/Debug-watchos/RaylibC-t.build/Objects-normal/arm64_32/window.o /Users/admin/builder/spi-builder-workspace/.dependencies/checkouts/Raylib/Sources/RaylibC/UnmodifiedRaylibSrc/external/glfw/src/window.c normal arm64_32 c com.apple.compilers.llvm.clang.1_0.compiler (in target 'RaylibC' from project 'Raylib')
cd /Users/admin/builder/spi-builder-workspace/.swiftpm/xcode
Using response file: /Users/admin/builder/spi-builder-workspace/.derivedData/Build/Intermediates.noindex/Raylib.build/Debug-watchos/RaylibC-t.build/Objects-normal/arm64_32/7187679823f38a2a940e0043cdf9d637-common-args.resp
builtin-ScanDependencies -o /Users/admin/builder/spi-builder-workspace/.derivedData/Build/Intermediates.noindex/Raylib.build/Debug-watchos/RaylibC-t.build/Objects-normal/arm64_32/window.o.scan -- /Applications/Xcode-27.0.0-Release.Candidate.app/Contents/Developer/Toolchains/XcodeDefault.xctoolchain/usr/bin/clang -x c -ivfsstatcache /Users/admin/builder/spi-builder-workspace/.derivedData/SDKStatCaches.noindex/watchos27.0-24R360-e829b21a6f8c9b70876ba0858053c04477534ef55a1706bf4c1112bbb242f0a2.sdkstatcache -target arm64_32-apple-watchos9.0 -fmessage-length\=0 -fdiagnostics-show-note-include-stack -fmacro-backtrace-limit\=0 -fno-color-diagnostics -fmodules-prune-interval\=86400 -fmodules-prune-after\=345600 -fbuild-session-file\=/Users/admin/builder/spi-builder-workspace/.derivedData/ModuleCache.noindex/Session.modulevalidation -fmodules-validate-once-per-build-session -Wnon-modular-include-in-framework-module -Werror\=non-modular-include-in-framework-module -Wno-trigraphs -Wno-missing-field-initializers -Wno-missing-prototypes -Wno-return-type -Wno-missing-braces -Wparentheses -Wswitch -Wno-unused-function -Wno-unused-label -Wno-unused-parameter -Wno-unused-variable -Wunused-value -Wno-empty-body -Wno-uninitialized -Wno-unknown-pragmas -w -Wno-shadow -Wno-four-char-constants -Wno-conversion -Wno-constant-conversion -Wno-int-conversion -Wno-bool-conversion -Wno-enum-conversion -Wno-float-conversion -Wno-non-literal-null-conversion -Wno-objc-literal-conversion -Wno-shorten-64-to-32 -Wpointer-sign -Wno-newline-eof -Wno-implicit-fallthrough -isysroot /Applications/Xcode-27.0.0-Release.Candidate.app/Contents/Developer/Platforms/WatchOS.platform/Developer/SDKs/WatchOS27.0.sdk -fstrict-aliasing -Wdeprecated-declarations -Wno-sign-conversion -Wno-infinite-recursion -Wno-comma -Wno-block-capture-autoreleasing -Wno-strict-prototypes -Wno-semicolon-before-method-body -index-store-path /Users/admin/builder/spi-builder-workspace/.derivedData/Index.noindex/DataStore @/Users/admin/builder/spi-builder-workspace/.derivedData/Build/Intermediates.noindex/Raylib.build/Debug-watchos/RaylibC-t.build/Objects-normal/arm64_32/7187679823f38a2a940e0043cdf9d637-common-args.resp -MMD -MT dependencies -MF /Users/admin/builder/spi-builder-workspace/.derivedData/Build/Intermediates.noindex/Raylib.build/Debug-watchos/RaylibC-t.build/Objects-normal/arm64_32/window.d --serialize-diagnostics /Users/admin/builder/spi-builder-workspace/.derivedData/Build/Intermediates.noindex/Raylib.build/Debug-watchos/RaylibC-t.build/Objects-normal/arm64_32/window.dia -c /Users/admin/builder/spi-builder-workspace/.dependencies/checkouts/Raylib/Sources/RaylibC/UnmodifiedRaylibSrc/external/glfw/src/window.c -o /Users/admin/builder/spi-builder-workspace/.derivedData/Build/Intermediates.noindex/Raylib.build/Debug-watchos/RaylibC-t.build/Objects-normal/arm64_32/window.o -index-unit-output-path /Raylib.build/Debug-watchos/RaylibC-t.build/Objects-normal/arm64_32/window.o
ScanDependencies /Users/admin/builder/spi-builder-workspace/.derivedData/Build/Intermediates.noindex/Raylib.build/Debug-watchos/RaylibC-t.build/Objects-normal/arm64_32/rtextures.o /Users/admin/builder/spi-builder-workspace/.dependencies/checkouts/Raylib/Sources/RaylibC/UnmodifiedRaylibSrc/rtextures.c normal arm64_32 c com.apple.compilers.llvm.clang.1_0.compiler (in target 'RaylibC' from project 'Raylib')
cd /Users/admin/builder/spi-builder-workspace/.swiftpm/xcode
Using response file: /Users/admin/builder/spi-builder-workspace/.derivedData/Build/Intermediates.noindex/Raylib.build/Debug-watchos/RaylibC-t.build/Objects-normal/arm64_32/7187679823f38a2a940e0043cdf9d637-common-args.resp
builtin-ScanDependencies -o /Users/admin/builder/spi-builder-workspace/.derivedData/Build/Intermediates.noindex/Raylib.build/Debug-watchos/RaylibC-t.build/Objects-normal/arm64_32/rtextures.o.scan -- /Applications/Xcode-27.0.0-Release.Candidate.app/Contents/Developer/Toolchains/XcodeDefault.xctoolchain/usr/bin/clang -x c -ivfsstatcache /Users/admin/builder/spi-builder-workspace/.derivedData/SDKStatCaches.noindex/watchos27.0-24R360-e829b21a6f8c9b70876ba0858053c04477534ef55a1706bf4c1112bbb242f0a2.sdkstatcache -target arm64_32-apple-watchos9.0 -fmessage-length\=0 -fdiagnostics-show-note-include-stack -fmacro-backtrace-limit\=0 -fno-color-diagnostics -fmodules-prune-interval\=86400 -fmodules-prune-after\=345600 -fbuild-session-file\=/Users/admin/builder/spi-builder-workspace/.derivedData/ModuleCache.noindex/Session.modulevalidation -fmodules-validate-once-per-build-session -Wnon-modular-include-in-framework-module -Werror\=non-modular-include-in-framework-module -Wno-trigraphs -Wno-missing-field-initializers -Wno-missing-prototypes -Wno-return-type -Wno-missing-braces -Wparentheses -Wswitch -Wno-unused-function -Wno-unused-label -Wno-unused-parameter -Wno-unused-variable -Wunused-value -Wno-empty-body -Wno-uninitialized -Wno-unknown-pragmas -w -Wno-shadow -Wno-four-char-constants -Wno-conversion -Wno-constant-conversion -Wno-int-conversion -Wno-bool-conversion -Wno-enum-conversion -Wno-float-conversion -Wno-non-literal-null-conversion -Wno-objc-literal-conversion -Wno-shorten-64-to-32 -Wpointer-sign -Wno-newline-eof -Wno-implicit-fallthrough -isysroot /Applications/Xcode-27.0.0-Release.Candidate.app/Contents/Developer/Platforms/WatchOS.platform/Developer/SDKs/WatchOS27.0.sdk -fstrict-aliasing -Wdeprecated-declarations -Wno-sign-conversion -Wno-infinite-recursion -Wno-comma -Wno-block-capture-autoreleasing -Wno-strict-prototypes -Wno-semicolon-before-method-body -index-store-path /Users/admin/builder/spi-builder-workspace/.derivedData/Index.noindex/DataStore @/Users/admin/builder/spi-builder-workspace/.derivedData/Build/Intermediates.noindex/Raylib.build/Debug-watchos/RaylibC-t.build/Objects-normal/arm64_32/7187679823f38a2a940e0043cdf9d637-common-args.resp -MMD -MT dependencies -MF /Users/admin/builder/spi-builder-workspace/.derivedData/Build/Intermediates.noindex/Raylib.build/Debug-watchos/RaylibC-t.build/Objects-normal/arm64_32/rtextures.d --serialize-diagnostics /Users/admin/builder/spi-builder-workspace/.derivedData/Build/Intermediates.noindex/Raylib.build/Debug-watchos/RaylibC-t.build/Objects-normal/arm64_32/rtextures.dia -c /Users/admin/builder/spi-builder-workspace/.dependencies/checkouts/Raylib/Sources/RaylibC/UnmodifiedRaylibSrc/rtextures.c -o /Users/admin/builder/spi-builder-workspace/.derivedData/Build/Intermediates.noindex/Raylib.build/Debug-watchos/RaylibC-t.build/Objects-normal/arm64_32/rtextures.o -index-unit-output-path /Raylib.build/Debug-watchos/RaylibC-t.build/Objects-normal/arm64_32/rtextures.o
ScanDependencies /Users/admin/builder/spi-builder-workspace/.derivedData/Build/Intermediates.noindex/Raylib.build/Debug-watchos/RaylibC-t.build/Objects-normal/arm64_32/utils.o /Users/admin/builder/spi-builder-workspace/.dependencies/checkouts/Raylib/Sources/RaylibC/UnmodifiedRaylibSrc/utils.c normal arm64_32 c com.apple.compilers.llvm.clang.1_0.compiler (in target 'RaylibC' from project 'Raylib')
cd /Users/admin/builder/spi-builder-workspace/.swiftpm/xcode
Using response file: /Users/admin/builder/spi-builder-workspace/.derivedData/Build/Intermediates.noindex/Raylib.build/Debug-watchos/RaylibC-t.build/Objects-normal/arm64_32/7187679823f38a2a940e0043cdf9d637-common-args.resp
builtin-ScanDependencies -o /Users/admin/builder/spi-builder-workspace/.derivedData/Build/Intermediates.noindex/Raylib.build/Debug-watchos/RaylibC-t.build/Objects-normal/arm64_32/utils.o.scan -- /Applications/Xcode-27.0.0-Release.Candidate.app/Contents/Developer/Toolchains/XcodeDefault.xctoolchain/usr/bin/clang -x c -ivfsstatcache /Users/admin/builder/spi-builder-workspace/.derivedData/SDKStatCaches.noindex/watchos27.0-24R360-e829b21a6f8c9b70876ba0858053c04477534ef55a1706bf4c1112bbb242f0a2.sdkstatcache -target arm64_32-apple-watchos9.0 -fmessage-length\=0 -fdiagnostics-show-note-include-stack -fmacro-backtrace-limit\=0 -fno-color-diagnostics -fmodules-prune-interval\=86400 -fmodules-prune-after\=345600 -fbuild-session-file\=/Users/admin/builder/spi-builder-workspace/.derivedData/ModuleCache.noindex/Session.modulevalidation -fmodules-validate-once-per-build-session -Wnon-modular-include-in-framework-module -Werror\=non-modular-include-in-framework-module -Wno-trigraphs -Wno-missing-field-initializers -Wno-missing-prototypes -Wno-return-type -Wno-missing-braces -Wparentheses -Wswitch -Wno-unused-function -Wno-unused-label -Wno-unused-parameter -Wno-unused-variable -Wunused-value -Wno-empty-body -Wno-uninitialized -Wno-unknown-pragmas -w -Wno-shadow -Wno-four-char-constants -Wno-conversion -Wno-constant-conversion -Wno-int-conversion -Wno-bool-conversion -Wno-enum-conversion -Wno-float-conversion -Wno-non-literal-null-conversion -Wno-objc-literal-conversion -Wno-shorten-64-to-32 -Wpointer-sign -Wno-newline-eof -Wno-implicit-fallthrough -isysroot /Applications/Xcode-27.0.0-Release.Candidate.app/Contents/Developer/Platforms/WatchOS.platform/Developer/SDKs/WatchOS27.0.sdk -fstrict-aliasing -Wdeprecated-declarations -Wno-sign-conversion -Wno-infinite-recursion -Wno-comma -Wno-block-capture-autoreleasing -Wno-strict-prototypes -Wno-semicolon-before-method-body -index-store-path /Users/admin/builder/spi-builder-workspace/.derivedData/Index.noindex/DataStore @/Users/admin/builder/spi-builder-workspace/.derivedData/Build/Intermediates.noindex/Raylib.build/Debug-watchos/RaylibC-t.build/Objects-normal/arm64_32/7187679823f38a2a940e0043cdf9d637-common-args.resp -MMD -MT dependencies -MF /Users/admin/builder/spi-builder-workspace/.derivedData/Build/Intermediates.noindex/Raylib.build/Debug-watchos/RaylibC-t.build/Objects-normal/arm64_32/utils.d --serialize-diagnostics /Users/admin/builder/spi-builder-workspace/.derivedData/Build/Intermediates.noindex/Raylib.build/Debug-watchos/RaylibC-t.build/Objects-normal/arm64_32/utils.dia -c /Users/admin/builder/spi-builder-workspace/.dependencies/checkouts/Raylib/Sources/RaylibC/UnmodifiedRaylibSrc/utils.c -o /Users/admin/builder/spi-builder-workspace/.derivedData/Build/Intermediates.noindex/Raylib.build/Debug-watchos/RaylibC-t.build/Objects-normal/arm64_32/utils.o -index-unit-output-path /Raylib.build/Debug-watchos/RaylibC-t.build/Objects-normal/arm64_32/utils.o
ScanDependencies /Users/admin/builder/spi-builder-workspace/.derivedData/Build/Intermediates.noindex/Raylib.build/Debug-watchos/RaylibC-t.build/Objects-normal/arm64_32/rtext.o /Users/admin/builder/spi-builder-workspace/.dependencies/checkouts/Raylib/Sources/RaylibC/UnmodifiedRaylibSrc/rtext.c normal arm64_32 c com.apple.compilers.llvm.clang.1_0.compiler (in target 'RaylibC' from project 'Raylib')
cd /Users/admin/builder/spi-builder-workspace/.swiftpm/xcode
Using response file: /Users/admin/builder/spi-builder-workspace/.derivedData/Build/Intermediates.noindex/Raylib.build/Debug-watchos/RaylibC-t.build/Objects-normal/arm64_32/7187679823f38a2a940e0043cdf9d637-common-args.resp
builtin-ScanDependencies -o /Users/admin/builder/spi-builder-workspace/.derivedData/Build/Intermediates.noindex/Raylib.build/Debug-watchos/RaylibC-t.build/Objects-normal/arm64_32/rtext.o.scan -- /Applications/Xcode-27.0.0-Release.Candidate.app/Contents/Developer/Toolchains/XcodeDefault.xctoolchain/usr/bin/clang -x c -ivfsstatcache /Users/admin/builder/spi-builder-workspace/.derivedData/SDKStatCaches.noindex/watchos27.0-24R360-e829b21a6f8c9b70876ba0858053c04477534ef55a1706bf4c1112bbb242f0a2.sdkstatcache -target arm64_32-apple-watchos9.0 -fmessage-length\=0 -fdiagnostics-show-note-include-stack -fmacro-backtrace-limit\=0 -fno-color-diagnostics -fmodules-prune-interval\=86400 -fmodules-prune-after\=345600 -fbuild-session-file\=/Users/admin/builder/spi-builder-workspace/.derivedData/ModuleCache.noindex/Session.modulevalidation -fmodules-validate-once-per-build-session -Wnon-modular-include-in-framework-module -Werror\=non-modular-include-in-framework-module -Wno-trigraphs -Wno-missing-field-initializers -Wno-missing-prototypes -Wno-return-type -Wno-missing-braces -Wparentheses -Wswitch -Wno-unused-function -Wno-unused-label -Wno-unused-parameter -Wno-unused-variable -Wunused-value -Wno-empty-body -Wno-uninitialized -Wno-unknown-pragmas -w -Wno-shadow -Wno-four-char-constants -Wno-conversion -Wno-constant-conversion -Wno-int-conversion -Wno-bool-conversion -Wno-enum-conversion -Wno-float-conversion -Wno-non-literal-null-conversion -Wno-objc-literal-conversion -Wno-shorten-64-to-32 -Wpointer-sign -Wno-newline-eof -Wno-implicit-fallthrough -isysroot /Applications/Xcode-27.0.0-Release.Candidate.app/Contents/Developer/Platforms/WatchOS.platform/Developer/SDKs/WatchOS27.0.sdk -fstrict-aliasing -Wdeprecated-declarations -Wno-sign-conversion -Wno-infinite-recursion -Wno-comma -Wno-block-capture-autoreleasing -Wno-strict-prototypes -Wno-semicolon-before-method-body -index-store-path /Users/admin/builder/spi-builder-workspace/.derivedData/Index.noindex/DataStore @/Users/admin/builder/spi-builder-workspace/.derivedData/Build/Intermediates.noindex/Raylib.build/Debug-watchos/RaylibC-t.build/Objects-normal/arm64_32/7187679823f38a2a940e0043cdf9d637-common-args.resp -MMD -MT dependencies -MF /Users/admin/builder/spi-builder-workspace/.derivedData/Build/Intermediates.noindex/Raylib.build/Debug-watchos/RaylibC-t.build/Objects-normal/arm64_32/rtext.d --serialize-diagnostics /Users/admin/builder/spi-builder-workspace/.derivedData/Build/Intermediates.noindex/Raylib.build/Debug-watchos/RaylibC-t.build/Objects-normal/arm64_32/rtext.dia -c /Users/admin/builder/spi-builder-workspace/.dependencies/checkouts/Raylib/Sources/RaylibC/UnmodifiedRaylibSrc/rtext.c -o /Users/admin/builder/spi-builder-workspace/.derivedData/Build/Intermediates.noindex/Raylib.build/Debug-watchos/RaylibC-t.build/Objects-normal/arm64_32/rtext.o -index-unit-output-path /Raylib.build/Debug-watchos/RaylibC-t.build/Objects-normal/arm64_32/rtext.o
ScanDependencies /Users/admin/builder/spi-builder-workspace/.derivedData/Build/Intermediates.noindex/Raylib.build/Debug-watchos/RaylibC-t.build/Objects-normal/arm64_32/rshapes.o /Users/admin/builder/spi-builder-workspace/.dependencies/checkouts/Raylib/Sources/RaylibC/UnmodifiedRaylibSrc/rshapes.c normal arm64_32 c com.apple.compilers.llvm.clang.1_0.compiler (in target 'RaylibC' from project 'Raylib')
cd /Users/admin/builder/spi-builder-workspace/.swiftpm/xcode
Using response file: /Users/admin/builder/spi-builder-workspace/.derivedData/Build/Intermediates.noindex/Raylib.build/Debug-watchos/RaylibC-t.build/Objects-normal/arm64_32/7187679823f38a2a940e0043cdf9d637-common-args.resp
builtin-ScanDependencies -o /Users/admin/builder/spi-builder-workspace/.derivedData/Build/Intermediates.noindex/Raylib.build/Debug-watchos/RaylibC-t.build/Objects-normal/arm64_32/rshapes.o.scan -- /Applications/Xcode-27.0.0-Release.Candidate.app/Contents/Developer/Toolchains/XcodeDefault.xctoolchain/usr/bin/clang -x c -ivfsstatcache /Users/admin/builder/spi-builder-workspace/.derivedData/SDKStatCaches.noindex/watchos27.0-24R360-e829b21a6f8c9b70876ba0858053c04477534ef55a1706bf4c1112bbb242f0a2.sdkstatcache -target arm64_32-apple-watchos9.0 -fmessage-length\=0 -fdiagnostics-show-note-include-stack -fmacro-backtrace-limit\=0 -fno-color-diagnostics -fmodules-prune-interval\=86400 -fmodules-prune-after\=345600 -fbuild-session-file\=/Users/admin/builder/spi-builder-workspace/.derivedData/ModuleCache.noindex/Session.modulevalidation -fmodules-validate-once-per-build-session -Wnon-modular-include-in-framework-module -Werror\=non-modular-include-in-framework-module -Wno-trigraphs -Wno-missing-field-initializers -Wno-missing-prototypes -Wno-return-type -Wno-missing-braces -Wparentheses -Wswitch -Wno-unused-function -Wno-unused-label -Wno-unused-parameter -Wno-unused-variable -Wunused-value -Wno-empty-body -Wno-uninitialized -Wno-unknown-pragmas -w -Wno-shadow -Wno-four-char-constants -Wno-conversion -Wno-constant-conversion -Wno-int-conversion -Wno-bool-conversion -Wno-enum-conversion -Wno-float-conversion -Wno-non-literal-null-conversion -Wno-objc-literal-conversion -Wno-shorten-64-to-32 -Wpointer-sign -Wno-newline-eof -Wno-implicit-fallthrough -isysroot /Applications/Xcode-27.0.0-Release.Candidate.app/Contents/Developer/Platforms/WatchOS.platform/Developer/SDKs/WatchOS27.0.sdk -fstrict-aliasing -Wdeprecated-declarations -Wno-sign-conversion -Wno-infinite-recursion -Wno-comma -Wno-block-capture-autoreleasing -Wno-strict-prototypes -Wno-semicolon-before-method-body -index-store-path /Users/admin/builder/spi-builder-workspace/.derivedData/Index.noindex/DataStore @/Users/admin/builder/spi-builder-workspace/.derivedData/Build/Intermediates.noindex/Raylib.build/Debug-watchos/RaylibC-t.build/Objects-normal/arm64_32/7187679823f38a2a940e0043cdf9d637-common-args.resp -MMD -MT dependencies -MF /Users/admin/builder/spi-builder-workspace/.derivedData/Build/Intermediates.noindex/Raylib.build/Debug-watchos/RaylibC-t.build/Objects-normal/arm64_32/rshapes.d --serialize-diagnostics /Users/admin/builder/spi-builder-workspace/.derivedData/Build/Intermediates.noindex/Raylib.build/Debug-watchos/RaylibC-t.build/Objects-normal/arm64_32/rshapes.dia -c /Users/admin/builder/spi-builder-workspace/.dependencies/checkouts/Raylib/Sources/RaylibC/UnmodifiedRaylibSrc/rshapes.c -o /Users/admin/builder/spi-builder-workspace/.derivedData/Build/Intermediates.noindex/Raylib.build/Debug-watchos/RaylibC-t.build/Objects-normal/arm64_32/rshapes.o -index-unit-output-path /Raylib.build/Debug-watchos/RaylibC-t.build/Objects-normal/arm64_32/rshapes.o
ScanDependencies /Users/admin/builder/spi-builder-workspace/.derivedData/Build/Intermediates.noindex/Raylib.build/Debug-watchos/RaylibC-t.build/Objects-normal/arm64_32/rcore.o /Users/admin/builder/spi-builder-workspace/.dependencies/checkouts/Raylib/Sources/RaylibC/UnmodifiedRaylibSrc/rcore.c normal arm64_32 c com.apple.compilers.llvm.clang.1_0.compiler (in target 'RaylibC' from project 'Raylib')
cd /Users/admin/builder/spi-builder-workspace/.swiftpm/xcode
Using response file: /Users/admin/builder/spi-builder-workspace/.derivedData/Build/Intermediates.noindex/Raylib.build/Debug-watchos/RaylibC-t.build/Objects-normal/arm64_32/7187679823f38a2a940e0043cdf9d637-common-args.resp
builtin-ScanDependencies -o /Users/admin/builder/spi-builder-workspace/.derivedData/Build/Intermediates.noindex/Raylib.build/Debug-watchos/RaylibC-t.build/Objects-normal/arm64_32/rcore.o.scan -- /Applications/Xcode-27.0.0-Release.Candidate.app/Contents/Developer/Toolchains/XcodeDefault.xctoolchain/usr/bin/clang -x c -ivfsstatcache /Users/admin/builder/spi-builder-workspace/.derivedData/SDKStatCaches.noindex/watchos27.0-24R360-e829b21a6f8c9b70876ba0858053c04477534ef55a1706bf4c1112bbb242f0a2.sdkstatcache -target arm64_32-apple-watchos9.0 -fmessage-length\=0 -fdiagnostics-show-note-include-stack -fmacro-backtrace-limit\=0 -fno-color-diagnostics -fmodules-prune-interval\=86400 -fmodules-prune-after\=345600 -fbuild-session-file\=/Users/admin/builder/spi-builder-workspace/.derivedData/ModuleCache.noindex/Session.modulevalidation -fmodules-validate-once-per-build-session -Wnon-modular-include-in-framework-module -Werror\=non-modular-include-in-framework-module -Wno-trigraphs -Wno-missing-field-initializers -Wno-missing-prototypes -Wno-return-type -Wno-missing-braces -Wparentheses -Wswitch -Wno-unused-function -Wno-unused-label -Wno-unused-parameter -Wno-unused-variable -Wunused-value -Wno-empty-body -Wno-uninitialized -Wno-unknown-pragmas -w -Wno-shadow -Wno-four-char-constants -Wno-conversion -Wno-constant-conversion -Wno-int-conversion -Wno-bool-conversion -Wno-enum-conversion -Wno-float-conversion -Wno-non-literal-null-conversion -Wno-objc-literal-conversion -Wno-shorten-64-to-32 -Wpointer-sign -Wno-newline-eof -Wno-implicit-fallthrough -isysroot /Applications/Xcode-27.0.0-Release.Candidate.app/Contents/Developer/Platforms/WatchOS.platform/Developer/SDKs/WatchOS27.0.sdk -fstrict-aliasing -Wdeprecated-declarations -Wno-sign-conversion -Wno-infinite-recursion -Wno-comma -Wno-block-capture-autoreleasing -Wno-strict-prototypes -Wno-semicolon-before-method-body -index-store-path /Users/admin/builder/spi-builder-workspace/.derivedData/Index.noindex/DataStore @/Users/admin/builder/spi-builder-workspace/.derivedData/Build/Intermediates.noindex/Raylib.build/Debug-watchos/RaylibC-t.build/Objects-normal/arm64_32/7187679823f38a2a940e0043cdf9d637-common-args.resp -MMD -MT dependencies -MF /Users/admin/builder/spi-builder-workspace/.derivedData/Build/Intermediates.noindex/Raylib.build/Debug-watchos/RaylibC-t.build/Objects-normal/arm64_32/rcore.d --serialize-diagnostics /Users/admin/builder/spi-builder-workspace/.derivedData/Build/Intermediates.noindex/Raylib.build/Debug-watchos/RaylibC-t.build/Objects-normal/arm64_32/rcore.dia -c /Users/admin/builder/spi-builder-workspace/.dependencies/checkouts/Raylib/Sources/RaylibC/UnmodifiedRaylibSrc/rcore.c -o /Users/admin/builder/spi-builder-workspace/.derivedData/Build/Intermediates.noindex/Raylib.build/Debug-watchos/RaylibC-t.build/Objects-normal/arm64_32/rcore.o -index-unit-output-path /Raylib.build/Debug-watchos/RaylibC-t.build/Objects-normal/arm64_32/rcore.o
/Users/admin/builder/spi-builder-workspace/.dependencies/checkouts/Raylib/Sources/RaylibC/UnmodifiedRaylibSrc/rlgl.h:736:18: error: 'OpenGL/gl3.h' file not found (in target 'RaylibC' from project 'Raylib')
/Users/admin/builder/spi-builder-workspace/.dependencies/checkouts/Raylib/Sources/RaylibC/UnmodifiedRaylibSrc/rcore.c:125:10: note: in file included from /Users/admin/builder/spi-builder-workspace/.dependencies/checkouts/Raylib/Sources/RaylibC/UnmodifiedRaylibSrc/rcore.c:125:
ScanDependencies /Users/admin/builder/spi-builder-workspace/.derivedData/Build/Intermediates.noindex/Raylib.build/Debug-watchos/RaylibC-t.build/Objects-normal/arm64_32/raygui.o /Users/admin/builder/spi-builder-workspace/.dependencies/checkouts/Raylib/Sources/RaylibC/ModifiedRaylibSrc/extras/raygui.c normal arm64_32 c com.apple.compilers.llvm.clang.1_0.compiler (in target 'RaylibC' from project 'Raylib')
cd /Users/admin/builder/spi-builder-workspace/.swiftpm/xcode
Using response file: /Users/admin/builder/spi-builder-workspace/.derivedData/Build/Intermediates.noindex/Raylib.build/Debug-watchos/RaylibC-t.build/Objects-normal/arm64_32/7187679823f38a2a940e0043cdf9d637-common-args.resp
builtin-ScanDependencies -o /Users/admin/builder/spi-builder-workspace/.derivedData/Build/Intermediates.noindex/Raylib.build/Debug-watchos/RaylibC-t.build/Objects-normal/arm64_32/raygui.o.scan -- /Applications/Xcode-27.0.0-Release.Candidate.app/Contents/Developer/Toolchains/XcodeDefault.xctoolchain/usr/bin/clang -x c -ivfsstatcache /Users/admin/builder/spi-builder-workspace/.derivedData/SDKStatCaches.noindex/watchos27.0-24R360-e829b21a6f8c9b70876ba0858053c04477534ef55a1706bf4c1112bbb242f0a2.sdkstatcache -target arm64_32-apple-watchos9.0 -fmessage-length\=0 -fdiagnostics-show-note-include-stack -fmacro-backtrace-limit\=0 -fno-color-diagnostics -fmodules-prune-interval\=86400 -fmodules-prune-after\=345600 -fbuild-session-file\=/Users/admin/builder/spi-builder-workspace/.derivedData/ModuleCache.noindex/Session.modulevalidation -fmodules-validate-once-per-build-session -Wnon-modular-include-in-framework-module -Werror\=non-modular-include-in-framework-module -Wno-trigraphs -Wno-missing-field-initializers -Wno-missing-prototypes -Wno-return-type -Wno-missing-braces -Wparentheses -Wswitch -Wno-unused-function -Wno-unused-label -Wno-unused-parameter -Wno-unused-variable -Wunused-value -Wno-empty-body -Wno-uninitialized -Wno-unknown-pragmas -w -Wno-shadow -Wno-four-char-constants -Wno-conversion -Wno-constant-conversion -Wno-int-conversion -Wno-bool-conversion -Wno-enum-conversion -Wno-float-conversion -Wno-non-literal-null-conversion -Wno-objc-literal-conversion -Wno-shorten-64-to-32 -Wpointer-sign -Wno-newline-eof -Wno-implicit-fallthrough -isysroot /Applications/Xcode-27.0.0-Release.Candidate.app/Contents/Developer/Platforms/WatchOS.platform/Developer/SDKs/WatchOS27.0.sdk -fstrict-aliasing -Wdeprecated-declarations -Wno-sign-conversion -Wno-infinite-recursion -Wno-comma -Wno-block-capture-autoreleasing -Wno-strict-prototypes -Wno-semicolon-before-method-body -index-store-path /Users/admin/builder/spi-builder-workspace/.derivedData/Index.noindex/DataStore @/Users/admin/builder/spi-builder-workspace/.derivedData/Build/Intermediates.noindex/Raylib.build/Debug-watchos/RaylibC-t.build/Objects-normal/arm64_32/7187679823f38a2a940e0043cdf9d637-common-args.resp -MMD -MT dependencies -MF /Users/admin/builder/spi-builder-workspace/.derivedData/Build/Intermediates.noindex/Raylib.build/Debug-watchos/RaylibC-t.build/Objects-normal/arm64_32/raygui.d --serialize-diagnostics /Users/admin/builder/spi-builder-workspace/.derivedData/Build/Intermediates.noindex/Raylib.build/Debug-watchos/RaylibC-t.build/Objects-normal/arm64_32/raygui.dia -c /Users/admin/builder/spi-builder-workspace/.dependencies/checkouts/Raylib/Sources/RaylibC/ModifiedRaylibSrc/extras/raygui.c -o /Users/admin/builder/spi-builder-workspace/.derivedData/Build/Intermediates.noindex/Raylib.build/Debug-watchos/RaylibC-t.build/Objects-normal/arm64_32/raygui.o -index-unit-output-path /Raylib.build/Debug-watchos/RaylibC-t.build/Objects-normal/arm64_32/raygui.o
ScanDependencies /Users/admin/builder/spi-builder-workspace/.derivedData/Build/Intermediates.noindex/Raylib.build/Debug-watchos/RaylibC-t.build/Objects-normal/arm64_32/rmodels.o /Users/admin/builder/spi-builder-workspace/.dependencies/checkouts/Raylib/Sources/RaylibC/UnmodifiedRaylibSrc/rmodels.c normal arm64_32 c com.apple.compilers.llvm.clang.1_0.compiler (in target 'RaylibC' from project 'Raylib')
cd /Users/admin/builder/spi-builder-workspace/.swiftpm/xcode
Using response file: /Users/admin/builder/spi-builder-workspace/.derivedData/Build/Intermediates.noindex/Raylib.build/Debug-watchos/RaylibC-t.build/Objects-normal/arm64_32/7187679823f38a2a940e0043cdf9d637-common-args.resp
builtin-ScanDependencies -o /Users/admin/builder/spi-builder-workspace/.derivedData/Build/Intermediates.noindex/Raylib.build/Debug-watchos/RaylibC-t.build/Objects-normal/arm64_32/rmodels.o.scan -- /Applications/Xcode-27.0.0-Release.Candidate.app/Contents/Developer/Toolchains/XcodeDefault.xctoolchain/usr/bin/clang -x c -ivfsstatcache /Users/admin/builder/spi-builder-workspace/.derivedData/SDKStatCaches.noindex/watchos27.0-24R360-e829b21a6f8c9b70876ba0858053c04477534ef55a1706bf4c1112bbb242f0a2.sdkstatcache -target arm64_32-apple-watchos9.0 -fmessage-length\=0 -fdiagnostics-show-note-include-stack -fmacro-backtrace-limit\=0 -fno-color-diagnostics -fmodules-prune-interval\=86400 -fmodules-prune-after\=345600 -fbuild-session-file\=/Users/admin/builder/spi-builder-workspace/.derivedData/ModuleCache.noindex/Session.modulevalidation -fmodules-validate-once-per-build-session -Wnon-modular-include-in-framework-module -Werror\=non-modular-include-in-framework-module -Wno-trigraphs -Wno-missing-field-initializers -Wno-missing-prototypes -Wno-return-type -Wno-missing-braces -Wparentheses -Wswitch -Wno-unused-function -Wno-unused-label -Wno-unused-parameter -Wno-unused-variable -Wunused-value -Wno-empty-body -Wno-uninitialized -Wno-unknown-pragmas -w -Wno-shadow -Wno-four-char-constants -Wno-conversion -Wno-constant-conversion -Wno-int-conversion -Wno-bool-conversion -Wno-enum-conversion -Wno-float-conversion -Wno-non-literal-null-conversion -Wno-objc-literal-conversion -Wno-shorten-64-to-32 -Wpointer-sign -Wno-newline-eof -Wno-implicit-fallthrough -isysroot /Applications/Xcode-27.0.0-Release.Candidate.app/Contents/Developer/Platforms/WatchOS.platform/Developer/SDKs/WatchOS27.0.sdk -fstrict-aliasing -Wdeprecated-declarations -Wno-sign-conversion -Wno-infinite-recursion -Wno-comma -Wno-block-capture-autoreleasing -Wno-strict-prototypes -Wno-semicolon-before-method-body -index-store-path /Users/admin/builder/spi-builder-workspace/.derivedData/Index.noindex/DataStore @/Users/admin/builder/spi-builder-workspace/.derivedData/Build/Intermediates.noindex/Raylib.build/Debug-watchos/RaylibC-t.build/Objects-normal/arm64_32/7187679823f38a2a940e0043cdf9d637-common-args.resp -MMD -MT dependencies -MF /Users/admin/builder/spi-builder-workspace/.derivedData/Build/Intermediates.noindex/Raylib.build/Debug-watchos/RaylibC-t.build/Objects-normal/arm64_32/rmodels.d --serialize-diagnostics /Users/admin/builder/spi-builder-workspace/.derivedData/Build/Intermediates.noindex/Raylib.build/Debug-watchos/RaylibC-t.build/Objects-normal/arm64_32/rmodels.dia -c /Users/admin/builder/spi-builder-workspace/.dependencies/checkouts/Raylib/Sources/RaylibC/UnmodifiedRaylibSrc/rmodels.c -o /Users/admin/builder/spi-builder-workspace/.derivedData/Build/Intermediates.noindex/Raylib.build/Debug-watchos/RaylibC-t.build/Objects-normal/arm64_32/rmodels.o -index-unit-output-path /Raylib.build/Debug-watchos/RaylibC-t.build/Objects-normal/arm64_32/rmodels.o
ScanDependencies /Users/admin/builder/spi-builder-workspace/.derivedData/Build/Intermediates.noindex/Raylib.build/Debug-watchos/RaylibC-t.build/Objects-normal/arm64_32/raudio.o /Users/admin/builder/spi-builder-workspace/.dependencies/checkouts/Raylib/Sources/RaylibC/UnmodifiedRaylibSrc/raudio.c normal arm64_32 c com.apple.compilers.llvm.clang.1_0.compiler (in target 'RaylibC' from project 'Raylib')
cd /Users/admin/builder/spi-builder-workspace/.swiftpm/xcode
Using response file: /Users/admin/builder/spi-builder-workspace/.derivedData/Build/Intermediates.noindex/Raylib.build/Debug-watchos/RaylibC-t.build/Objects-normal/arm64_32/7187679823f38a2a940e0043cdf9d637-common-args.resp
builtin-ScanDependencies -o /Users/admin/builder/spi-builder-workspace/.derivedData/Build/Intermediates.noindex/Raylib.build/Debug-watchos/RaylibC-t.build/Objects-normal/arm64_32/raudio.o.scan -- /Applications/Xcode-27.0.0-Release.Candidate.app/Contents/Developer/Toolchains/XcodeDefault.xctoolchain/usr/bin/clang -x c -ivfsstatcache /Users/admin/builder/spi-builder-workspace/.derivedData/SDKStatCaches.noindex/watchos27.0-24R360-e829b21a6f8c9b70876ba0858053c04477534ef55a1706bf4c1112bbb242f0a2.sdkstatcache -target arm64_32-apple-watchos9.0 -fmessage-length\=0 -fdiagnostics-show-note-include-stack -fmacro-backtrace-limit\=0 -fno-color-diagnostics -fmodules-prune-interval\=86400 -fmodules-prune-after\=345600 -fbuild-session-file\=/Users/admin/builder/spi-builder-workspace/.derivedData/ModuleCache.noindex/Session.modulevalidation -fmodules-validate-once-per-build-session -Wnon-modular-include-in-framework-module -Werror\=non-modular-include-in-framework-module -Wno-trigraphs -Wno-missing-field-initializers -Wno-missing-prototypes -Wno-return-type -Wno-missing-braces -Wparentheses -Wswitch -Wno-unused-function -Wno-unused-label -Wno-unused-parameter -Wno-unused-variable -Wunused-value -Wno-empty-body -Wno-uninitialized -Wno-unknown-pragmas -w -Wno-shadow -Wno-four-char-constants -Wno-conversion -Wno-constant-conversion -Wno-int-conversion -Wno-bool-conversion -Wno-enum-conversion -Wno-float-conversion -Wno-non-literal-null-conversion -Wno-objc-literal-conversion -Wno-shorten-64-to-32 -Wpointer-sign -Wno-newline-eof -Wno-implicit-fallthrough -isysroot /Applications/Xcode-27.0.0-Release.Candidate.app/Contents/Developer/Platforms/WatchOS.platform/Developer/SDKs/WatchOS27.0.sdk -fstrict-aliasing -Wdeprecated-declarations -Wno-sign-conversion -Wno-infinite-recursion -Wno-comma -Wno-block-capture-autoreleasing -Wno-strict-prototypes -Wno-semicolon-before-method-body -index-store-path /Users/admin/builder/spi-builder-workspace/.derivedData/Index.noindex/DataStore @/Users/admin/builder/spi-builder-workspace/.derivedData/Build/Intermediates.noindex/Raylib.build/Debug-watchos/RaylibC-t.build/Objects-normal/arm64_32/7187679823f38a2a940e0043cdf9d637-common-args.resp -MMD -MT dependencies -MF /Users/admin/builder/spi-builder-workspace/.derivedData/Build/Intermediates.noindex/Raylib.build/Debug-watchos/RaylibC-t.build/Objects-normal/arm64_32/raudio.d --serialize-diagnostics /Users/admin/builder/spi-builder-workspace/.derivedData/Build/Intermediates.noindex/Raylib.build/Debug-watchos/RaylibC-t.build/Objects-normal/arm64_32/raudio.dia -c /Users/admin/builder/spi-builder-workspace/.dependencies/checkouts/Raylib/Sources/RaylibC/UnmodifiedRaylibSrc/raudio.c -o /Users/admin/builder/spi-builder-workspace/.derivedData/Build/Intermediates.noindex/Raylib.build/Debug-watchos/RaylibC-t.build/Objects-normal/arm64_32/raudio.o -index-unit-output-path /Raylib.build/Debug-watchos/RaylibC-t.build/Objects-normal/arm64_32/raudio.o
/Applications/Xcode-27.0.0-Release.Candidate.app/Contents/Developer/Platforms/WatchOS.platform/Developer/SDKs/WatchOS27.0.sdk/usr/include/ObjectiveC.modulemap:18:10: error: Module 'ObjectiveC.NSObject' requires feature 'objc' (in target 'RaylibC' from project 'Raylib')
/Users/admin/builder/spi-builder-workspace/.dependencies/checkouts/Raylib/Sources/RaylibC/UnmodifiedRaylibSrc/external/miniaudio.h:24602:10: note: while building module 'AVFoundation' imported from /Users/admin/builder/spi-builder-workspace/.dependencies/checkouts/Raylib/Sources/RaylibC/UnmodifiedRaylibSrc/external/miniaudio.h:24602:
/Applications/Xcode-27.0.0-Release.Candidate.app/Contents/Developer/Platforms/WatchOS.platform/Developer/SDKs/WatchOS27.0.sdk/System/Library/Frameworks/AVFoundation.framework/Headers/AVBase.h:13:9: note: while building module 'Foundation' imported from /Applications/Xcode-27.0.0-Release.Candidate.app/Contents/Developer/Platforms/WatchOS.platform/Developer/SDKs/WatchOS27.0.sdk/System/Library/Frameworks/AVFoundation.framework/Headers/AVBase.h:13:
/Users/admin/builder/spi-builder-workspace/.swiftpm/xcode/<module-includes>:1:10: note: in file included from <module-includes>:1:
/Applications/Xcode-27.0.0-Release.Candidate.app/Contents/Developer/Platforms/WatchOS.platform/Developer/SDKs/WatchOS27.0.sdk/System/Library/Frameworks/Foundation.framework/Headers/Foundation.h:9:9: note: in file included from /Applications/Xcode-27.0.0-Release.Candidate.app/Contents/Developer/Platforms/WatchOS.platform/Developer/SDKs/WatchOS27.0.sdk/System/Library/Frameworks/Foundation.framework/Headers/Foundation.h:9:
/Applications/Xcode-27.0.0-Release.Candidate.app/Contents/Developer/Platforms/WatchOS.platform/Developer/SDKs/WatchOS27.0.sdk/System/Library/Frameworks/Foundation.framework/Headers/NSObjCRuntime.h:9:2: note: in file included from /Applications/Xcode-27.0.0-Release.Candidate.app/Contents/Developer/Platforms/WatchOS.platform/Developer/SDKs/WatchOS27.0.sdk/System/Library/Frameworks/Foundation.framework/Headers/NSObjCRuntime.h:9:
/Applications/Xcode-27.0.0-Release.Candidate.app/Contents/Developer/Platforms/WatchOS.platform/Developer/SDKs/WatchOS27.0.sdk/System/Library/Frameworks/Foundation.framework/Headers/NSObject.h:5:9: note: Submodule of top-level module 'ObjectiveC' implicitly imported here
/Applications/Xcode-27.0.0-Release.Candidate.app/Contents/Developer/Platforms/WatchOS.platform/Developer/SDKs/WatchOS27.0.sdk/System/Library/Frameworks/AVFoundation.framework/Headers/AVBase.h:13:9: error: Could not build module 'Foundation' (in target 'RaylibC' from project 'Raylib')
/Users/admin/builder/spi-builder-workspace/.dependencies/checkouts/Raylib/Sources/RaylibC/UnmodifiedRaylibSrc/external/miniaudio.h:24602:10: note: while building module 'AVFoundation' imported from /Users/admin/builder/spi-builder-workspace/.dependencies/checkouts/Raylib/Sources/RaylibC/UnmodifiedRaylibSrc/external/miniaudio.h:24602:
/Users/admin/builder/spi-builder-workspace/.swiftpm/xcode/<module-includes>:1:10: note: in file included from <module-includes>:1:
/Applications/Xcode-27.0.0-Release.Candidate.app/Contents/Developer/Platforms/WatchOS.platform/Developer/SDKs/WatchOS27.0.sdk/System/Library/Frameworks/AVFoundation.framework/Headers/AVFoundation.h:13:9: note: in file included from /Applications/Xcode-27.0.0-Release.Candidate.app/Contents/Developer/Platforms/WatchOS.platform/Developer/SDKs/WatchOS27.0.sdk/System/Library/Frameworks/AVFoundation.framework/Headers/AVFoundation.h:13:
/Applications/Xcode-27.0.0-Release.Candidate.app/Contents/Developer/Platforms/WatchOS.platform/Developer/SDKs/WatchOS27.0.sdk/System/Library/Frameworks/AVFoundation.framework/Headers/AVFCore.h:13:9: note: in file included from /Applications/Xcode-27.0.0-Release.Candidate.app/Contents/Developer/Platforms/WatchOS.platform/Developer/SDKs/WatchOS27.0.sdk/System/Library/Frameworks/AVFoundation.framework/Headers/AVFCore.h:13:
/Applications/Xcode-27.0.0-Release.Candidate.app/Contents/Developer/Platforms/WatchOS.platform/Developer/SDKs/WatchOS27.0.sdk/System/Library/Frameworks/UniformTypeIdentifiers.framework/Headers/UTTagClass.h:10:9: error: Could not build module 'Foundation' (in target 'RaylibC' from project 'Raylib')
/Users/admin/builder/spi-builder-workspace/.dependencies/checkouts/Raylib/Sources/RaylibC/UnmodifiedRaylibSrc/external/miniaudio.h:24602:10: note: while building module 'AVFoundation' imported from /Users/admin/builder/spi-builder-workspace/.dependencies/checkouts/Raylib/Sources/RaylibC/UnmodifiedRaylibSrc/external/miniaudio.h:24602:
/Applications/Xcode-27.0.0-Release.Candidate.app/Contents/Developer/Platforms/WatchOS.platform/Developer/SDKs/WatchOS27.0.sdk/System/Library/Frameworks/AVFoundation.framework/Headers/AVAsset.h:22:9: note: while building module 'UniformTypeIdentifiers' imported from /Applications/Xcode-27.0.0-Release.Candidate.app/Contents/Developer/Platforms/WatchOS.platform/Developer/SDKs/WatchOS27.0.sdk/System/Library/Frameworks/AVFoundation.framework/Headers/AVAsset.h:22:
/Users/admin/builder/spi-builder-workspace/.swiftpm/xcode/<module-includes>:1:10: note: in file included from <module-includes>:1:
/Applications/Xcode-27.0.0-Release.Candidate.app/Contents/Developer/Platforms/WatchOS.platform/Developer/SDKs/WatchOS27.0.sdk/System/Library/Frameworks/UniformTypeIdentifiers.framework/Headers/UniformTypeIdentifiers.h:12:9: note: in file included from /Applications/Xcode-27.0.0-Release.Candidate.app/Contents/Developer/Platforms/WatchOS.platform/Developer/SDKs/WatchOS27.0.sdk/System/Library/Frameworks/UniformTypeIdentifiers.framework/Headers/UniformTypeIdentifiers.h:12:
/Applications/Xcode-27.0.0-Release.Candidate.app/Contents/Developer/Platforms/WatchOS.platform/Developer/SDKs/WatchOS27.0.sdk/System/Library/Frameworks/AVFAudio.framework/Headers/AVAudioTypes.h:11:9: error: Could not build module 'Foundation' (in target 'RaylibC' from project 'Raylib')
/Users/admin/builder/spi-builder-workspace/.dependencies/checkouts/Raylib/Sources/RaylibC/UnmodifiedRaylibSrc/external/miniaudio.h:24602:10: note: while building module 'AVFoundation' imported from /Users/admin/builder/spi-builder-workspace/.dependencies/checkouts/Raylib/Sources/RaylibC/UnmodifiedRaylibSrc/external/miniaudio.h:24602:
/Applications/Xcode-27.0.0-Release.Candidate.app/Contents/Developer/Platforms/WatchOS.platform/Developer/SDKs/WatchOS27.0.sdk/System/Library/Frameworks/AVFoundation.framework/Headers/AVFAudio.h:8:9: note: while building module 'AVFAudio' imported from /Applications/Xcode-27.0.0-Release.Candidate.app/Contents/Developer/Platforms/WatchOS.platform/Developer/SDKs/WatchOS27.0.sdk/System/Library/Frameworks/AVFoundation.framework/Headers/AVFAudio.h:8:
/Users/admin/builder/spi-builder-workspace/.swiftpm/xcode/<module-includes>:1:10: note: in file included from <module-includes>:1:
/Applications/Xcode-27.0.0-Release.Candidate.app/Contents/Developer/Platforms/WatchOS.platform/Developer/SDKs/WatchOS27.0.sdk/System/Library/Frameworks/AVFAudio.framework/Headers/AVFAudio.h:6:9: note: in file included from /Applications/Xcode-27.0.0-Release.Candidate.app/Contents/Developer/Platforms/WatchOS.platform/Developer/SDKs/WatchOS27.0.sdk/System/Library/Frameworks/AVFAudio.framework/Headers/AVFAudio.h:6:
/Applications/Xcode-27.0.0-Release.Candidate.app/Contents/Developer/Platforms/WatchOS.platform/Developer/SDKs/WatchOS27.0.sdk/System/Library/Frameworks/AVFAudio.framework/Headers/AVAudioBuffer.h:8:9: note: in file included from /Applications/Xcode-27.0.0-Release.Candidate.app/Contents/Developer/Platforms/WatchOS.platform/Developer/SDKs/WatchOS27.0.sdk/System/Library/Frameworks/AVFAudio.framework/Headers/AVAudioBuffer.h:8:
/Users/admin/builder/spi-builder-workspace/.dependencies/checkouts/Raylib/Sources/RaylibC/UnmodifiedRaylibSrc/external/miniaudio.h:24602:10: error: Could not build module 'AVFoundation' (in target 'RaylibC' from project 'Raylib')
/Users/admin/builder/spi-builder-workspace/.dependencies/checkouts/Raylib/Sources/RaylibC/UnmodifiedRaylibSrc/raudio.c:172:10: note: in file included from /Users/admin/builder/spi-builder-workspace/.dependencies/checkouts/Raylib/Sources/RaylibC/UnmodifiedRaylibSrc/raudio.c:172:
SwiftDriver Raylib normal arm64 com.apple.xcode.tools.swift.compiler (in target 'Raylib' from project 'Raylib')
cd /Users/admin/builder/spi-builder-workspace/.swiftpm/xcode
builtin-SwiftDriver -- /Applications/Xcode-27.0.0-Release.Candidate.app/Contents/Developer/Toolchains/XcodeDefault.xctoolchain/usr/bin/swiftc -parse-as-library -module-name Raylib -Onone @/Users/admin/builder/spi-builder-workspace/.derivedData/Build/Intermediates.noindex/Raylib.build/Debug-watchos/Raylib-t.build/Objects-normal/arm64/Raylib.SwiftFileList -DSWIFT_PACKAGE -DDEBUG -DSWIFT_MODULE_RESOURCE_BUNDLE_UNAVAILABLE -Xcc -fmodule-map-file\=/Users/admin/builder/spi-builder-workspace/.derivedData/Build/Intermediates.noindex/GeneratedModuleMaps-watchos/RaylibC.modulemap -DXcode -plugin-path /Applications/Xcode-27.0.0-Release.Candidate.app/Contents/Developer/Toolchains/XcodeDefault.xctoolchain/usr/lib/swift/host/plugins/testing -enable-experimental-feature DebugDescriptionMacro -sdk /Applications/Xcode-27.0.0-Release.Candidate.app/Contents/Developer/Platforms/WatchOS.platform/Developer/SDKs/WatchOS27.0.sdk -target arm64-apple-watchos9.0 -g -module-cache-path /Users/admin/builder/spi-builder-workspace/.derivedData/ModuleCache.noindex -Xfrontend -serialize-debugging-options -enable-testing -suppress-warnings -index-store-path /Users/admin/builder/spi-builder-workspace/.derivedData/Index.noindex/DataStore -Xcc -D_LIBCPP_HARDENING_MODE\=_LIBCPP_HARDENING_MODE_DEBUG -swift-version 5 -I /Users/admin/builder/spi-builder-workspace/.derivedData/Build/Products/Debug-watchos -Isystem /Applications/Xcode-27.0.0-Release.Candidate.app/Contents/Developer/Platforms/WatchOS.platform/Developer/usr/lib -F /Users/admin/builder/spi-builder-workspace/.derivedData/Build/Products/Debug-watchos/PackageFrameworks -F /Users/admin/builder/spi-builder-workspace/.derivedData/Build/Products/Debug-watchos -F /Applications/Xcode-27.0.0-Release.Candidate.app/Contents/Developer/Platforms/WatchOS.platform/Developer/Library/Frameworks -F /Applications/Xcode-27.0.0-Release.Candidate.app/Contents/Developer/Platforms/WatchOS.platform/Developer/SDKs/WatchOS27.0.sdk/Developer/Library/Frameworks -c -j10 -enable-batch-mode -incremental -Xcc -ivfsstatcache -Xcc /Users/admin/builder/spi-builder-workspace/.derivedData/SDKStatCaches.noindex/watchos27.0-24R360-e829b21a6f8c9b70876ba0858053c04477534ef55a1706bf4c1112bbb242f0a2.sdkstatcache -output-file-map /Users/admin/builder/spi-builder-workspace/.derivedData/Build/Intermediates.noindex/Raylib.build/Debug-watchos/Raylib-t.build/Objects-normal/arm64/Raylib-OutputFileMap.json -save-temps -no-color-diagnostics -explicit-module-build -module-cache-path /Users/admin/builder/spi-builder-workspace/.derivedData/Build/Intermediates.noindex/SwiftExplicitPrecompiledModules -clang-scanner-module-cache-path /Users/admin/builder/spi-builder-workspace/.derivedData/ModuleCache.noindex -sdk-module-cache-path /Users/admin/builder/spi-builder-workspace/.derivedData/SDKExplicitPrecompiledModules -emit-dependencies -emit-module -emit-module-path /Users/admin/builder/spi-builder-workspace/.derivedData/Build/Intermediates.noindex/Raylib.build/Debug-watchos/Raylib-t.build/Objects-normal/arm64/Raylib.swiftmodule -serialize-diagnostics -dependency-scan-serialize-diagnostics-path /Users/admin/builder/spi-builder-workspace/.derivedData/Build/Intermediates.noindex/Raylib.build/Debug-watchos/Raylib-t.build/Objects-normal/arm64/Raylib-dependency-scan.dia -validate-clang-modules-once -clang-build-session-file /Users/admin/builder/spi-builder-workspace/.derivedData/ModuleCache.noindex/Session.modulevalidation -Xcc -fmodules-prune-interval\=86400 -Xcc -fmodules-prune-after\=345600 -emit-const-values -const-gather-protocols-list /Users/admin/builder/spi-builder-workspace/.derivedData/Build/Intermediates.noindex/Raylib.build/Debug-watchos/Raylib-t.build/Objects-normal/arm64/Raylib_const_extract_protocols.json -Xcc -I/Users/admin/builder/spi-builder-workspace/.dependencies/checkouts/Raylib/Sources/RaylibC/Include -Xcc -I/Users/admin/builder/spi-builder-workspace/.derivedData/Build/Products/Debug-watchos/include -Xcc -I/Users/admin/builder/spi-builder-workspace/.derivedData/Build/Intermediates.noindex/Raylib.build/Debug-watchos/Raylib-t.build/DerivedSources-normal/arm64 -Xcc -I/Users/admin/builder/spi-builder-workspace/.derivedData/Build/Intermediates.noindex/Raylib.build/Debug-watchos/Raylib-t.build/DerivedSources/arm64 -Xcc -I/Users/admin/builder/spi-builder-workspace/.derivedData/Build/Intermediates.noindex/Raylib.build/Debug-watchos/Raylib-t.build/DerivedSources -Xcc -DSWIFT_PACKAGE -Xcc -DDEBUG\=1 -emit-objc-header -emit-objc-header-path /Users/admin/builder/spi-builder-workspace/.derivedData/Build/Intermediates.noindex/Raylib.build/Debug-watchos/Raylib-t.build/Objects-normal/arm64/Raylib-Swift.h -working-directory /Users/admin/builder/spi-builder-workspace/.swiftpm/xcode -experimental-emit-module-separately -disable-cmo
SwiftDriver Raylib normal arm64_32 com.apple.xcode.tools.swift.compiler (in target 'Raylib' from project 'Raylib')
cd /Users/admin/builder/spi-builder-workspace/.swiftpm/xcode
builtin-SwiftDriver -- /Applications/Xcode-27.0.0-Release.Candidate.app/Contents/Developer/Toolchains/XcodeDefault.xctoolchain/usr/bin/swiftc -parse-as-library -module-name Raylib -Onone @/Users/admin/builder/spi-builder-workspace/.derivedData/Build/Intermediates.noindex/Raylib.build/Debug-watchos/Raylib-t.build/Objects-normal/arm64_32/Raylib.SwiftFileList -DSWIFT_PACKAGE -DDEBUG -DSWIFT_MODULE_RESOURCE_BUNDLE_UNAVAILABLE -Xcc -fmodule-map-file\=/Users/admin/builder/spi-builder-workspace/.derivedData/Build/Intermediates.noindex/GeneratedModuleMaps-watchos/RaylibC.modulemap -DXcode -plugin-path /Applications/Xcode-27.0.0-Release.Candidate.app/Contents/Developer/Toolchains/XcodeDefault.xctoolchain/usr/lib/swift/host/plugins/testing -enable-experimental-feature DebugDescriptionMacro -sdk /Applications/Xcode-27.0.0-Release.Candidate.app/Contents/Developer/Platforms/WatchOS.platform/Developer/SDKs/WatchOS27.0.sdk -target arm64_32-apple-watchos9.0 -g -module-cache-path /Users/admin/builder/spi-builder-workspace/.derivedData/ModuleCache.noindex -Xfrontend -serialize-debugging-options -enable-testing -suppress-warnings -index-store-path /Users/admin/builder/spi-builder-workspace/.derivedData/Index.noindex/DataStore -Xcc -D_LIBCPP_HARDENING_MODE\=_LIBCPP_HARDENING_MODE_DEBUG -swift-version 5 -I /Users/admin/builder/spi-builder-workspace/.derivedData/Build/Products/Debug-watchos -Isystem /Applications/Xcode-27.0.0-Release.Candidate.app/Contents/Developer/Platforms/WatchOS.platform/Developer/usr/lib -F /Users/admin/builder/spi-builder-workspace/.derivedData/Build/Products/Debug-watchos/PackageFrameworks -F /Users/admin/builder/spi-builder-workspace/.derivedData/Build/Products/Debug-watchos -F /Applications/Xcode-27.0.0-Release.Candidate.app/Contents/Developer/Platforms/WatchOS.platform/Developer/Library/Frameworks -F /Applications/Xcode-27.0.0-Release.Candidate.app/Contents/Developer/Platforms/WatchOS.platform/Developer/SDKs/WatchOS27.0.sdk/Developer/Library/Frameworks -c -j10 -enable-batch-mode -incremental -Xcc -ivfsstatcache -Xcc /Users/admin/builder/spi-builder-workspace/.derivedData/SDKStatCaches.noindex/watchos27.0-24R360-e829b21a6f8c9b70876ba0858053c04477534ef55a1706bf4c1112bbb242f0a2.sdkstatcache -output-file-map /Users/admin/builder/spi-builder-workspace/.derivedData/Build/Intermediates.noindex/Raylib.build/Debug-watchos/Raylib-t.build/Objects-normal/arm64_32/Raylib-OutputFileMap.json -save-temps -no-color-diagnostics -explicit-module-build -module-cache-path /Users/admin/builder/spi-builder-workspace/.derivedData/Build/Intermediates.noindex/SwiftExplicitPrecompiledModules -clang-scanner-module-cache-path /Users/admin/builder/spi-builder-workspace/.derivedData/ModuleCache.noindex -sdk-module-cache-path /Users/admin/builder/spi-builder-workspace/.derivedData/SDKExplicitPrecompiledModules -emit-dependencies -emit-module -emit-module-path /Users/admin/builder/spi-builder-workspace/.derivedData/Build/Intermediates.noindex/Raylib.build/Debug-watchos/Raylib-t.build/Objects-normal/arm64_32/Raylib.swiftmodule -serialize-diagnostics -dependency-scan-serialize-diagnostics-path /Users/admin/builder/spi-builder-workspace/.derivedData/Build/Intermediates.noindex/Raylib.build/Debug-watchos/Raylib-t.build/Objects-normal/arm64_32/Raylib-dependency-scan.dia -validate-clang-modules-once -clang-build-session-file /Users/admin/builder/spi-builder-workspace/.derivedData/ModuleCache.noindex/Session.modulevalidation -Xcc -fmodules-prune-interval\=86400 -Xcc -fmodules-prune-after\=345600 -emit-const-values -const-gather-protocols-list /Users/admin/builder/spi-builder-workspace/.derivedData/Build/Intermediates.noindex/Raylib.build/Debug-watchos/Raylib-t.build/Objects-normal/arm64_32/Raylib_const_extract_protocols.json -Xcc -I/Users/admin/builder/spi-builder-workspace/.dependencies/checkouts/Raylib/Sources/RaylibC/Include -Xcc -I/Users/admin/builder/spi-builder-workspace/.derivedData/Build/Products/Debug-watchos/include -Xcc -I/Users/admin/builder/spi-builder-workspace/.derivedData/Build/Intermediates.noindex/Raylib.build/Debug-watchos/Raylib-t.build/DerivedSources-normal/arm64_32 -Xcc -I/Users/admin/builder/spi-builder-workspace/.derivedData/Build/Intermediates.noindex/Raylib.build/Debug-watchos/Raylib-t.build/DerivedSources/arm64_32 -Xcc -I/Users/admin/builder/spi-builder-workspace/.derivedData/Build/Intermediates.noindex/Raylib.build/Debug-watchos/Raylib-t.build/DerivedSources -Xcc -DSWIFT_PACKAGE -Xcc -DDEBUG\=1 -emit-objc-header -emit-objc-header-path /Users/admin/builder/spi-builder-workspace/.derivedData/Build/Intermediates.noindex/Raylib.build/Debug-watchos/Raylib-t.build/Objects-normal/arm64_32/Raylib-Swift.h -working-directory /Users/admin/builder/spi-builder-workspace/.swiftpm/xcode -experimental-emit-module-separately -disable-cmo
PrecompileModule /Users/admin/builder/spi-builder-workspace/.derivedData/Build/Intermediates.noindex/ExplicitPrecompiledModules/ptrcheck-F28L32GRX12CFVEXJRT1J3YHH.scan
cd /
builtin-precompileModule /Users/admin/builder/spi-builder-workspace/.derivedData/Build/Intermediates.noindex/ExplicitPrecompiledModules/ptrcheck-F28L32GRX12CFVEXJRT1J3YHH.scan
PrecompileModule /Users/admin/builder/spi-builder-workspace/.derivedData/Build/Intermediates.noindex/ExplicitPrecompiledModules/_Builtin_stdarg-7EQYB0O57WAQLP6HDPVDUD3WV.scan
cd /
builtin-precompileModule /Users/admin/builder/spi-builder-workspace/.derivedData/Build/Intermediates.noindex/ExplicitPrecompiledModules/_Builtin_stdarg-7EQYB0O57WAQLP6HDPVDUD3WV.scan
PrecompileModule /Users/admin/builder/spi-builder-workspace/.derivedData/Build/Intermediates.noindex/ExplicitPrecompiledModules/_AvailabilityInternal-9ZQRDUMWSK8TGV5OWFWSM4HQF.scan
cd /
builtin-precompileModule /Users/admin/builder/spi-builder-workspace/.derivedData/Build/Intermediates.noindex/ExplicitPrecompiledModules/_AvailabilityInternal-9ZQRDUMWSK8TGV5OWFWSM4HQF.scan
PrecompileModule /Users/admin/builder/spi-builder-workspace/.derivedData/Build/Intermediates.noindex/ExplicitPrecompiledModules/_Builtin_float-9AVM6477JMTRFW4ON6Q5IESED.scan
cd /
builtin-precompileModule /Users/admin/builder/spi-builder-workspace/.derivedData/Build/Intermediates.noindex/ExplicitPrecompiledModules/_Builtin_float-9AVM6477JMTRFW4ON6Q5IESED.scan
PrecompileModule /Users/admin/builder/spi-builder-workspace/.derivedData/Build/Intermediates.noindex/ExplicitPrecompiledModules/_Builtin_stdbool-98CHMH91WT7Y66CUTBR1UHMOD.scan
cd /
builtin-precompileModule /Users/admin/builder/spi-builder-workspace/.derivedData/Build/Intermediates.noindex/ExplicitPrecompiledModules/_Builtin_stdbool-98CHMH91WT7Y66CUTBR1UHMOD.scan
PrecompileModule /Users/admin/builder/spi-builder-workspace/.derivedData/Build/Intermediates.noindex/ExplicitPrecompiledModules/_Builtin_stddef-5GQ69QWR7UX3MFLD2HDUH0CKA.scan
cd /
builtin-precompileModule /Users/admin/builder/spi-builder-workspace/.derivedData/Build/Intermediates.noindex/ExplicitPrecompiledModules/_Builtin_stddef-5GQ69QWR7UX3MFLD2HDUH0CKA.scan
ScanDependencies /Users/admin/builder/spi-builder-workspace/.derivedData/Build/Intermediates.noindex/Raylib.build/Debug-watchos/RaylibC-t.build/Objects-normal/arm64_32/posix_thread.o /Users/admin/builder/spi-builder-workspace/.dependencies/checkouts/Raylib/Sources/RaylibC/UnmodifiedRaylibSrc/external/glfw/src/posix_thread.c normal arm64_32 c com.apple.compilers.llvm.clang.1_0.compiler (in target 'RaylibC' from project 'Raylib')
cd /Users/admin/builder/spi-builder-workspace/.swiftpm/xcode
Using response file: /Users/admin/builder/spi-builder-workspace/.derivedData/Build/Intermediates.noindex/Raylib.build/Debug-watchos/RaylibC-t.build/Objects-normal/arm64_32/7187679823f38a2a940e0043cdf9d637-common-args.resp
builtin-ScanDependencies -o /Users/admin/builder/spi-builder-workspace/.derivedData/Build/Intermediates.noindex/Raylib.build/Debug-watchos/RaylibC-t.build/Objects-normal/arm64_32/posix_thread.o.scan -- /Applications/Xcode-27.0.0-Release.Candidate.app/Contents/Developer/Toolchains/XcodeDefault.xctoolchain/usr/bin/clang -x c -ivfsstatcache /Users/admin/builder/spi-builder-workspace/.derivedData/SDKStatCaches.noindex/watchos27.0-24R360-e829b21a6f8c9b70876ba0858053c04477534ef55a1706bf4c1112bbb242f0a2.sdkstatcache -target arm64_32-apple-watchos9.0 -fmessage-length\=0 -fdiagnostics-show-note-include-stack -fmacro-backtrace-limit\=0 -fno-color-diagnostics -fmodules-prune-interval\=86400 -fmodules-prune-after\=345600 -fbuild-session-file\=/Users/admin/builder/spi-builder-workspace/.derivedData/ModuleCache.noindex/Session.modulevalidation -fmodules-validate-once-per-build-session -Wnon-modular-include-in-framework-module -Werror\=non-modular-include-in-framework-module -Wno-trigraphs -Wno-missing-field-initializers -Wno-missing-prototypes -Wno-return-type -Wno-missing-braces -Wparentheses -Wswitch -Wno-unused-function -Wno-unused-label -Wno-unused-parameter -Wno-unused-variable -Wunused-value -Wno-empty-body -Wno-uninitialized -Wno-unknown-pragmas -w -Wno-shadow -Wno-four-char-constants -Wno-conversion -Wno-constant-conversion -Wno-int-conversion -Wno-bool-conversion -Wno-enum-conversion -Wno-float-conversion -Wno-non-literal-null-conversion -Wno-objc-literal-conversion -Wno-shorten-64-to-32 -Wpointer-sign -Wno-newline-eof -Wno-implicit-fallthrough -isysroot /Applications/Xcode-27.0.0-Release.Candidate.app/Contents/Developer/Platforms/WatchOS.platform/Developer/SDKs/WatchOS27.0.sdk -fstrict-aliasing -Wdeprecated-declarations -Wno-sign-conversion -Wno-infinite-recursion -Wno-comma -Wno-block-capture-autoreleasing -Wno-strict-prototypes -Wno-semicolon-before-method-body -index-store-path /Users/admin/builder/spi-builder-workspace/.derivedData/Index.noindex/DataStore @/Users/admin/builder/spi-builder-workspace/.derivedData/Build/Intermediates.noindex/Raylib.build/Debug-watchos/RaylibC-t.build/Objects-normal/arm64_32/7187679823f38a2a940e0043cdf9d637-common-args.resp -MMD -MT dependencies -MF /Users/admin/builder/spi-builder-workspace/.derivedData/Build/Intermediates.noindex/Raylib.build/Debug-watchos/RaylibC-t.build/Objects-normal/arm64_32/posix_thread.d --serialize-diagnostics /Users/admin/builder/spi-builder-workspace/.derivedData/Build/Intermediates.noindex/Raylib.build/Debug-watchos/RaylibC-t.build/Objects-normal/arm64_32/posix_thread.dia -c /Users/admin/builder/spi-builder-workspace/.dependencies/checkouts/Raylib/Sources/RaylibC/UnmodifiedRaylibSrc/external/glfw/src/posix_thread.c -o /Users/admin/builder/spi-builder-workspace/.derivedData/Build/Intermediates.noindex/Raylib.build/Debug-watchos/RaylibC-t.build/Objects-normal/arm64_32/posix_thread.o -index-unit-output-path /Raylib.build/Debug-watchos/RaylibC-t.build/Objects-normal/arm64_32/posix_thread.o
ScanDependencies /Users/admin/builder/spi-builder-workspace/.derivedData/Build/Intermediates.noindex/Raylib.build/Debug-watchos/RaylibC-t.build/Objects-normal/arm64_32/osmesa_context.o /Users/admin/builder/spi-builder-workspace/.dependencies/checkouts/Raylib/Sources/RaylibC/UnmodifiedRaylibSrc/external/glfw/src/osmesa_context.c normal arm64_32 c com.apple.compilers.llvm.clang.1_0.compiler (in target 'RaylibC' from project 'Raylib')
cd /Users/admin/builder/spi-builder-workspace/.swiftpm/xcode
Using response file: /Users/admin/builder/spi-builder-workspace/.derivedData/Build/Intermediates.noindex/Raylib.build/Debug-watchos/RaylibC-t.build/Objects-normal/arm64_32/7187679823f38a2a940e0043cdf9d637-common-args.resp
builtin-ScanDependencies -o /Users/admin/builder/spi-builder-workspace/.derivedData/Build/Intermediates.noindex/Raylib.build/Debug-watchos/RaylibC-t.build/Objects-normal/arm64_32/osmesa_context.o.scan -- /Applications/Xcode-27.0.0-Release.Candidate.app/Contents/Developer/Toolchains/XcodeDefault.xctoolchain/usr/bin/clang -x c -ivfsstatcache /Users/admin/builder/spi-builder-workspace/.derivedData/SDKStatCaches.noindex/watchos27.0-24R360-e829b21a6f8c9b70876ba0858053c04477534ef55a1706bf4c1112bbb242f0a2.sdkstatcache -target arm64_32-apple-watchos9.0 -fmessage-length\=0 -fdiagnostics-show-note-include-stack -fmacro-backtrace-limit\=0 -fno-color-diagnostics -fmodules-prune-interval\=86400 -fmodules-prune-after\=345600 -fbuild-session-file\=/Users/admin/builder/spi-builder-workspace/.derivedData/ModuleCache.noindex/Session.modulevalidation -fmodules-validate-once-per-build-session -Wnon-modular-include-in-framework-module -Werror\=non-modular-include-in-framework-module -Wno-trigraphs -Wno-missing-field-initializers -Wno-missing-prototypes -Wno-return-type -Wno-missing-braces -Wparentheses -Wswitch -Wno-unused-function -Wno-unused-label -Wno-unused-parameter -Wno-unused-variable -Wunused-value -Wno-empty-body -Wno-uninitialized -Wno-unknown-pragmas -w -Wno-shadow -Wno-four-char-constants -Wno-conversion -Wno-constant-conversion -Wno-int-conversion -Wno-bool-conversion -Wno-enum-conversion -Wno-float-conversion -Wno-non-literal-null-conversion -Wno-objc-literal-conversion -Wno-shorten-64-to-32 -Wpointer-sign -Wno-newline-eof -Wno-implicit-fallthrough -isysroot /Applications/Xcode-27.0.0-Release.Candidate.app/Contents/Developer/Platforms/WatchOS.platform/Developer/SDKs/WatchOS27.0.sdk -fstrict-aliasing -Wdeprecated-declarations -Wno-sign-conversion -Wno-infinite-recursion -Wno-comma -Wno-block-capture-autoreleasing -Wno-strict-prototypes -Wno-semicolon-before-method-body -index-store-path /Users/admin/builder/spi-builder-workspace/.derivedData/Index.noindex/DataStore @/Users/admin/builder/spi-builder-workspace/.derivedData/Build/Intermediates.noindex/Raylib.build/Debug-watchos/RaylibC-t.build/Objects-normal/arm64_32/7187679823f38a2a940e0043cdf9d637-common-args.resp -MMD -MT dependencies -MF /Users/admin/builder/spi-builder-workspace/.derivedData/Build/Intermediates.noindex/Raylib.build/Debug-watchos/RaylibC-t.build/Objects-normal/arm64_32/osmesa_context.d --serialize-diagnostics /Users/admin/builder/spi-builder-workspace/.derivedData/Build/Intermediates.noindex/Raylib.build/Debug-watchos/RaylibC-t.build/Objects-normal/arm64_32/osmesa_context.dia -c /Users/admin/builder/spi-builder-workspace/.dependencies/checkouts/Raylib/Sources/RaylibC/UnmodifiedRaylibSrc/external/glfw/src/osmesa_context.c -o /Users/admin/builder/spi-builder-workspace/.derivedData/Build/Intermediates.noindex/Raylib.build/Debug-watchos/RaylibC-t.build/Objects-normal/arm64_32/osmesa_context.o -index-unit-output-path /Raylib.build/Debug-watchos/RaylibC-t.build/Objects-normal/arm64_32/osmesa_context.o
ScanDependencies /Users/admin/builder/spi-builder-workspace/.derivedData/Build/Intermediates.noindex/Raylib.build/Debug-watchos/RaylibC-t.build/Objects-normal/arm64_32/nsgl_context.o /Users/admin/builder/spi-builder-workspace/.dependencies/checkouts/Raylib/Sources/RaylibC/ModifiedRaylibSrc/external/glfw/src/nsgl_context.m normal arm64_32 objective-c com.apple.compilers.llvm.clang.1_0.compiler (in target 'RaylibC' from project 'Raylib')
cd /Users/admin/builder/spi-builder-workspace/.swiftpm/xcode
Using response file: /Users/admin/builder/spi-builder-workspace/.derivedData/Build/Intermediates.noindex/Raylib.build/Debug-watchos/RaylibC-t.build/Objects-normal/arm64_32/e6072d4f65d7061329687fe24e3d63a7-common-args.resp
builtin-ScanDependencies -o /Users/admin/builder/spi-builder-workspace/.derivedData/Build/Intermediates.noindex/Raylib.build/Debug-watchos/RaylibC-t.build/Objects-normal/arm64_32/nsgl_context.o.scan -- /Applications/Xcode-27.0.0-Release.Candidate.app/Contents/Developer/Toolchains/XcodeDefault.xctoolchain/usr/bin/clang -x objective-c -ivfsstatcache /Users/admin/builder/spi-builder-workspace/.derivedData/SDKStatCaches.noindex/watchos27.0-24R360-e829b21a6f8c9b70876ba0858053c04477534ef55a1706bf4c1112bbb242f0a2.sdkstatcache -target arm64_32-apple-watchos9.0 -fmessage-length\=0 -fdiagnostics-show-note-include-stack -fmacro-backtrace-limit\=0 -fno-color-diagnostics -fmodules-prune-interval\=86400 -fmodules-prune-after\=345600 -fbuild-session-file\=/Users/admin/builder/spi-builder-workspace/.derivedData/ModuleCache.noindex/Session.modulevalidation -fmodules-validate-once-per-build-session -Wnon-modular-include-in-framework-module -Werror\=non-modular-include-in-framework-module -Wno-trigraphs -Wno-missing-field-initializers -Wno-missing-prototypes -Wno-return-type -Wno-implicit-atomic-properties -Wno-objc-interface-ivars -Wno-arc-repeated-use-of-weak -Wno-missing-braces -Wparentheses -Wswitch -Wno-unused-function -Wno-unused-label -Wno-unused-parameter -Wno-unused-variable -Wunused-value -Wno-empty-body -Wno-uninitialized -Wno-unknown-pragmas -w -Wno-shadow -Wno-four-char-constants -Wno-conversion -Wno-constant-conversion -Wno-int-conversion -Wno-bool-conversion -Wno-enum-conversion -Wno-float-conversion -Wno-non-literal-null-conversion -Wno-objc-literal-conversion -Wno-shorten-64-to-32 -Wpointer-sign -Wno-newline-eof -Wno-selector -Wno-strict-selector-match -Wno-undeclared-selector -Wno-deprecated-implementations -Wno-implicit-fallthrough -isysroot /Applications/Xcode-27.0.0-Release.Candidate.app/Contents/Developer/Platforms/WatchOS.platform/Developer/SDKs/WatchOS27.0.sdk -fstrict-aliasing -Wprotocol -Wdeprecated-declarations -Wno-sign-conversion -Wno-infinite-recursion -Wno-comma -Wno-block-capture-autoreleasing -Wno-strict-prototypes -Wno-semicolon-before-method-body -index-store-path /Users/admin/builder/spi-builder-workspace/.derivedData/Index.noindex/DataStore @/Users/admin/builder/spi-builder-workspace/.derivedData/Build/Intermediates.noindex/Raylib.build/Debug-watchos/RaylibC-t.build/Objects-normal/arm64_32/e6072d4f65d7061329687fe24e3d63a7-common-args.resp -MMD -MT dependencies -MF /Users/admin/builder/spi-builder-workspace/.derivedData/Build/Intermediates.noindex/Raylib.build/Debug-watchos/RaylibC-t.build/Objects-normal/arm64_32/nsgl_context.d --serialize-diagnostics /Users/admin/builder/spi-builder-workspace/.derivedData/Build/Intermediates.noindex/Raylib.build/Debug-watchos/RaylibC-t.build/Objects-normal/arm64_32/nsgl_context.dia -c /Users/admin/builder/spi-builder-workspace/.dependencies/checkouts/Raylib/Sources/RaylibC/ModifiedRaylibSrc/external/glfw/src/nsgl_context.m -o /Users/admin/builder/spi-builder-workspace/.derivedData/Build/Intermediates.noindex/Raylib.build/Debug-watchos/RaylibC-t.build/Objects-normal/arm64_32/nsgl_context.o -index-unit-output-path /Raylib.build/Debug-watchos/RaylibC-t.build/Objects-normal/arm64_32/nsgl_context.o
ScanDependencies /Users/admin/builder/spi-builder-workspace/.derivedData/Build/Intermediates.noindex/Raylib.build/Debug-watchos/RaylibC-t.build/Objects-normal/arm64_32/monitor.o /Users/admin/builder/spi-builder-workspace/.dependencies/checkouts/Raylib/Sources/RaylibC/UnmodifiedRaylibSrc/external/glfw/src/monitor.c normal arm64_32 c com.apple.compilers.llvm.clang.1_0.compiler (in target 'RaylibC' from project 'Raylib')
cd /Users/admin/builder/spi-builder-workspace/.swiftpm/xcode
Using response file: /Users/admin/builder/spi-builder-workspace/.derivedData/Build/Intermediates.noindex/Raylib.build/Debug-watchos/RaylibC-t.build/Objects-normal/arm64_32/7187679823f38a2a940e0043cdf9d637-common-args.resp
builtin-ScanDependencies -o /Users/admin/builder/spi-builder-workspace/.derivedData/Build/Intermediates.noindex/Raylib.build/Debug-watchos/RaylibC-t.build/Objects-normal/arm64_32/monitor.o.scan -- /Applications/Xcode-27.0.0-Release.Candidate.app/Contents/Developer/Toolchains/XcodeDefault.xctoolchain/usr/bin/clang -x c -ivfsstatcache /Users/admin/builder/spi-builder-workspace/.derivedData/SDKStatCaches.noindex/watchos27.0-24R360-e829b21a6f8c9b70876ba0858053c04477534ef55a1706bf4c1112bbb242f0a2.sdkstatcache -target arm64_32-apple-watchos9.0 -fmessage-length\=0 -fdiagnostics-show-note-include-stack -fmacro-backtrace-limit\=0 -fno-color-diagnostics -fmodules-prune-interval\=86400 -fmodules-prune-after\=345600 -fbuild-session-file\=/Users/admin/builder/spi-builder-workspace/.derivedData/ModuleCache.noindex/Session.modulevalidation -fmodules-validate-once-per-build-session -Wnon-modular-include-in-framework-module -Werror\=non-modular-include-in-framework-module -Wno-trigraphs -Wno-missing-field-initializers -Wno-missing-prototypes -Wno-return-type -Wno-missing-braces -Wparentheses -Wswitch -Wno-unused-function -Wno-unused-label -Wno-unused-parameter -Wno-unused-variable -Wunused-value -Wno-empty-body -Wno-uninitialized -Wno-unknown-pragmas -w -Wno-shadow -Wno-four-char-constants -Wno-conversion -Wno-constant-conversion -Wno-int-conversion -Wno-bool-conversion -Wno-enum-conversion -Wno-float-conversion -Wno-non-literal-null-conversion -Wno-objc-literal-conversion -Wno-shorten-64-to-32 -Wpointer-sign -Wno-newline-eof -Wno-implicit-fallthrough -isysroot /Applications/Xcode-27.0.0-Release.Candidate.app/Contents/Developer/Platforms/WatchOS.platform/Developer/SDKs/WatchOS27.0.sdk -fstrict-aliasing -Wdeprecated-declarations -Wno-sign-conversion -Wno-infinite-recursion -Wno-comma -Wno-block-capture-autoreleasing -Wno-strict-prototypes -Wno-semicolon-before-method-body -index-store-path /Users/admin/builder/spi-builder-workspace/.derivedData/Index.noindex/DataStore @/Users/admin/builder/spi-builder-workspace/.derivedData/Build/Intermediates.noindex/Raylib.build/Debug-watchos/RaylibC-t.build/Objects-normal/arm64_32/7187679823f38a2a940e0043cdf9d637-common-args.resp -MMD -MT dependencies -MF /Users/admin/builder/spi-builder-workspace/.derivedData/Build/Intermediates.noindex/Raylib.build/Debug-watchos/RaylibC-t.build/Objects-normal/arm64_32/monitor.d --serialize-diagnostics /Users/admin/builder/spi-builder-workspace/.derivedData/Build/Intermediates.noindex/Raylib.build/Debug-watchos/RaylibC-t.build/Objects-normal/arm64_32/monitor.dia -c /Users/admin/builder/spi-builder-workspace/.dependencies/checkouts/Raylib/Sources/RaylibC/UnmodifiedRaylibSrc/external/glfw/src/monitor.c -o /Users/admin/builder/spi-builder-workspace/.derivedData/Build/Intermediates.noindex/Raylib.build/Debug-watchos/RaylibC-t.build/Objects-normal/arm64_32/monitor.o -index-unit-output-path /Raylib.build/Debug-watchos/RaylibC-t.build/Objects-normal/arm64_32/monitor.o
ScanDependencies /Users/admin/builder/spi-builder-workspace/.derivedData/Build/Intermediates.noindex/Raylib.build/Debug-watchos/RaylibC-t.build/Objects-normal/arm64_32/input.o /Users/admin/builder/spi-builder-workspace/.dependencies/checkouts/Raylib/Sources/RaylibC/UnmodifiedRaylibSrc/external/glfw/src/input.c normal arm64_32 c com.apple.compilers.llvm.clang.1_0.compiler (in target 'RaylibC' from project 'Raylib')
cd /Users/admin/builder/spi-builder-workspace/.swiftpm/xcode
Using response file: /Users/admin/builder/spi-builder-workspace/.derivedData/Build/Intermediates.noindex/Raylib.build/Debug-watchos/RaylibC-t.build/Objects-normal/arm64_32/7187679823f38a2a940e0043cdf9d637-common-args.resp
builtin-ScanDependencies -o /Users/admin/builder/spi-builder-workspace/.derivedData/Build/Intermediates.noindex/Raylib.build/Debug-watchos/RaylibC-t.build/Objects-normal/arm64_32/input.o.scan -- /Applications/Xcode-27.0.0-Release.Candidate.app/Contents/Developer/Toolchains/XcodeDefault.xctoolchain/usr/bin/clang -x c -ivfsstatcache /Users/admin/builder/spi-builder-workspace/.derivedData/SDKStatCaches.noindex/watchos27.0-24R360-e829b21a6f8c9b70876ba0858053c04477534ef55a1706bf4c1112bbb242f0a2.sdkstatcache -target arm64_32-apple-watchos9.0 -fmessage-length\=0 -fdiagnostics-show-note-include-stack -fmacro-backtrace-limit\=0 -fno-color-diagnostics -fmodules-prune-interval\=86400 -fmodules-prune-after\=345600 -fbuild-session-file\=/Users/admin/builder/spi-builder-workspace/.derivedData/ModuleCache.noindex/Session.modulevalidation -fmodules-validate-once-per-build-session -Wnon-modular-include-in-framework-module -Werror\=non-modular-include-in-framework-module -Wno-trigraphs -Wno-missing-field-initializers -Wno-missing-prototypes -Wno-return-type -Wno-missing-braces -Wparentheses -Wswitch -Wno-unused-function -Wno-unused-label -Wno-unused-parameter -Wno-unused-variable -Wunused-value -Wno-empty-body -Wno-uninitialized -Wno-unknown-pragmas -w -Wno-shadow -Wno-four-char-constants -Wno-conversion -Wno-constant-conversion -Wno-int-conversion -Wno-bool-conversion -Wno-enum-conversion -Wno-float-conversion -Wno-non-literal-null-conversion -Wno-objc-literal-conversion -Wno-shorten-64-to-32 -Wpointer-sign -Wno-newline-eof -Wno-implicit-fallthrough -isysroot /Applications/Xcode-27.0.0-Release.Candidate.app/Contents/Developer/Platforms/WatchOS.platform/Developer/SDKs/WatchOS27.0.sdk -fstrict-aliasing -Wdeprecated-declarations -Wno-sign-conversion -Wno-infinite-recursion -Wno-comma -Wno-block-capture-autoreleasing -Wno-strict-prototypes -Wno-semicolon-before-method-body -index-store-path /Users/admin/builder/spi-builder-workspace/.derivedData/Index.noindex/DataStore @/Users/admin/builder/spi-builder-workspace/.derivedData/Build/Intermediates.noindex/Raylib.build/Debug-watchos/RaylibC-t.build/Objects-normal/arm64_32/7187679823f38a2a940e0043cdf9d637-common-args.resp -MMD -MT dependencies -MF /Users/admin/builder/spi-builder-workspace/.derivedData/Build/Intermediates.noindex/Raylib.build/Debug-watchos/RaylibC-t.build/Objects-normal/arm64_32/input.d --serialize-diagnostics /Users/admin/builder/spi-builder-workspace/.derivedData/Build/Intermediates.noindex/Raylib.build/Debug-watchos/RaylibC-t.build/Objects-normal/arm64_32/input.dia -c /Users/admin/builder/spi-builder-workspace/.dependencies/checkouts/Raylib/Sources/RaylibC/UnmodifiedRaylibSrc/external/glfw/src/input.c -o /Users/admin/builder/spi-builder-workspace/.derivedData/Build/Intermediates.noindex/Raylib.build/Debug-watchos/RaylibC-t.build/Objects-normal/arm64_32/input.o -index-unit-output-path /Raylib.build/Debug-watchos/RaylibC-t.build/Objects-normal/arm64_32/input.o
PrecompileModule /Users/admin/builder/spi-builder-workspace/.derivedData/Build/Intermediates.noindex/ExplicitPrecompiledModules/_DarwinFoundation1-2N7ARBMHR0KL2FVIFH9BHQ9DS.scan
cd /
builtin-precompileModule /Users/admin/builder/spi-builder-workspace/.derivedData/Build/Intermediates.noindex/ExplicitPrecompiledModules/_DarwinFoundation1-2N7ARBMHR0KL2FVIFH9BHQ9DS.scan
ScanDependencies /Users/admin/builder/spi-builder-workspace/.derivedData/Build/Intermediates.noindex/Raylib.build/Debug-watchos/RaylibC-t.build/Objects-normal/arm64_32/init.o /Users/admin/builder/spi-builder-workspace/.dependencies/checkouts/Raylib/Sources/RaylibC/UnmodifiedRaylibSrc/external/glfw/src/init.c normal arm64_32 c com.apple.compilers.llvm.clang.1_0.compiler (in target 'RaylibC' from project 'Raylib')
cd /Users/admin/builder/spi-builder-workspace/.swiftpm/xcode
Using response file: /Users/admin/builder/spi-builder-workspace/.derivedData/Build/Intermediates.noindex/Raylib.build/Debug-watchos/RaylibC-t.build/Objects-normal/arm64_32/7187679823f38a2a940e0043cdf9d637-common-args.resp
builtin-ScanDependencies -o /Users/admin/builder/spi-builder-workspace/.derivedData/Build/Intermediates.noindex/Raylib.build/Debug-watchos/RaylibC-t.build/Objects-normal/arm64_32/init.o.scan -- /Applications/Xcode-27.0.0-Release.Candidate.app/Contents/Developer/Toolchains/XcodeDefault.xctoolchain/usr/bin/clang -x c -ivfsstatcache /Users/admin/builder/spi-builder-workspace/.derivedData/SDKStatCaches.noindex/watchos27.0-24R360-e829b21a6f8c9b70876ba0858053c04477534ef55a1706bf4c1112bbb242f0a2.sdkstatcache -target arm64_32-apple-watchos9.0 -fmessage-length\=0 -fdiagnostics-show-note-include-stack -fmacro-backtrace-limit\=0 -fno-color-diagnostics -fmodules-prune-interval\=86400 -fmodules-prune-after\=345600 -fbuild-session-file\=/Users/admin/builder/spi-builder-workspace/.derivedData/ModuleCache.noindex/Session.modulevalidation -fmodules-validate-once-per-build-session -Wnon-modular-include-in-framework-module -Werror\=non-modular-include-in-framework-module -Wno-trigraphs -Wno-missing-field-initializers -Wno-missing-prototypes -Wno-return-type -Wno-missing-braces -Wparentheses -Wswitch -Wno-unused-function -Wno-unused-label -Wno-unused-parameter -Wno-unused-variable -Wunused-value -Wno-empty-body -Wno-uninitialized -Wno-unknown-pragmas -w -Wno-shadow -Wno-four-char-constants -Wno-conversion -Wno-constant-conversion -Wno-int-conversion -Wno-bool-conversion -Wno-enum-conversion -Wno-float-conversion -Wno-non-literal-null-conversion -Wno-objc-literal-conversion -Wno-shorten-64-to-32 -Wpointer-sign -Wno-newline-eof -Wno-implicit-fallthrough -isysroot /Applications/Xcode-27.0.0-Release.Candidate.app/Contents/Developer/Platforms/WatchOS.platform/Developer/SDKs/WatchOS27.0.sdk -fstrict-aliasing -Wdeprecated-declarations -Wno-sign-conversion -Wno-infinite-recursion -Wno-comma -Wno-block-capture-autoreleasing -Wno-strict-prototypes -Wno-semicolon-before-method-body -index-store-path /Users/admin/builder/spi-builder-workspace/.derivedData/Index.noindex/DataStore @/Users/admin/builder/spi-builder-workspace/.derivedData/Build/Intermediates.noindex/Raylib.build/Debug-watchos/RaylibC-t.build/Objects-normal/arm64_32/7187679823f38a2a940e0043cdf9d637-common-args.resp -MMD -MT dependencies -MF /Users/admin/builder/spi-builder-workspace/.derivedData/Build/Intermediates.noindex/Raylib.build/Debug-watchos/RaylibC-t.build/Objects-normal/arm64_32/init.d --serialize-diagnostics /Users/admin/builder/spi-builder-workspace/.derivedData/Build/Intermediates.noindex/Raylib.build/Debug-watchos/RaylibC-t.build/Objects-normal/arm64_32/init.dia -c /Users/admin/builder/spi-builder-workspace/.dependencies/checkouts/Raylib/Sources/RaylibC/UnmodifiedRaylibSrc/external/glfw/src/init.c -o /Users/admin/builder/spi-builder-workspace/.derivedData/Build/Intermediates.noindex/Raylib.build/Debug-watchos/RaylibC-t.build/Objects-normal/arm64_32/init.o -index-unit-output-path /Raylib.build/Debug-watchos/RaylibC-t.build/Objects-normal/arm64_32/init.o
ScanDependencies /Users/admin/builder/spi-builder-workspace/.derivedData/Build/Intermediates.noindex/Raylib.build/Debug-watchos/RaylibC-t.build/Objects-normal/arm64_32/egl_context.o /Users/admin/builder/spi-builder-workspace/.dependencies/checkouts/Raylib/Sources/RaylibC/UnmodifiedRaylibSrc/external/glfw/src/egl_context.c normal arm64_32 c com.apple.compilers.llvm.clang.1_0.compiler (in target 'RaylibC' from project 'Raylib')
cd /Users/admin/builder/spi-builder-workspace/.swiftpm/xcode
Using response file: /Users/admin/builder/spi-builder-workspace/.derivedData/Build/Intermediates.noindex/Raylib.build/Debug-watchos/RaylibC-t.build/Objects-normal/arm64_32/7187679823f38a2a940e0043cdf9d637-common-args.resp
builtin-ScanDependencies -o /Users/admin/builder/spi-builder-workspace/.derivedData/Build/Intermediates.noindex/Raylib.build/Debug-watchos/RaylibC-t.build/Objects-normal/arm64_32/egl_context.o.scan -- /Applications/Xcode-27.0.0-Release.Candidate.app/Contents/Developer/Toolchains/XcodeDefault.xctoolchain/usr/bin/clang -x c -ivfsstatcache /Users/admin/builder/spi-builder-workspace/.derivedData/SDKStatCaches.noindex/watchos27.0-24R360-e829b21a6f8c9b70876ba0858053c04477534ef55a1706bf4c1112bbb242f0a2.sdkstatcache -target arm64_32-apple-watchos9.0 -fmessage-length\=0 -fdiagnostics-show-note-include-stack -fmacro-backtrace-limit\=0 -fno-color-diagnostics -fmodules-prune-interval\=86400 -fmodules-prune-after\=345600 -fbuild-session-file\=/Users/admin/builder/spi-builder-workspace/.derivedData/ModuleCache.noindex/Session.modulevalidation -fmodules-validate-once-per-build-session -Wnon-modular-include-in-framework-module -Werror\=non-modular-include-in-framework-module -Wno-trigraphs -Wno-missing-field-initializers -Wno-missing-prototypes -Wno-return-type -Wno-missing-braces -Wparentheses -Wswitch -Wno-unused-function -Wno-unused-label -Wno-unused-parameter -Wno-unused-variable -Wunused-value -Wno-empty-body -Wno-uninitialized -Wno-unknown-pragmas -w -Wno-shadow -Wno-four-char-constants -Wno-conversion -Wno-constant-conversion -Wno-int-conversion -Wno-bool-conversion -Wno-enum-conversion -Wno-float-conversion -Wno-non-literal-null-conversion -Wno-objc-literal-conversion -Wno-shorten-64-to-32 -Wpointer-sign -Wno-newline-eof -Wno-implicit-fallthrough -isysroot /Applications/Xcode-27.0.0-Release.Candidate.app/Contents/Developer/Platforms/WatchOS.platform/Developer/SDKs/WatchOS27.0.sdk -fstrict-aliasing -Wdeprecated-declarations -Wno-sign-conversion -Wno-infinite-recursion -Wno-comma -Wno-block-capture-autoreleasing -Wno-strict-prototypes -Wno-semicolon-before-method-body -index-store-path /Users/admin/builder/spi-builder-workspace/.derivedData/Index.noindex/DataStore @/Users/admin/builder/spi-builder-workspace/.derivedData/Build/Intermediates.noindex/Raylib.build/Debug-watchos/RaylibC-t.build/Objects-normal/arm64_32/7187679823f38a2a940e0043cdf9d637-common-args.resp -MMD -MT dependencies -MF /Users/admin/builder/spi-builder-workspace/.derivedData/Build/Intermediates.noindex/Raylib.build/Debug-watchos/RaylibC-t.build/Objects-normal/arm64_32/egl_context.d --serialize-diagnostics /Users/admin/builder/spi-builder-workspace/.derivedData/Build/Intermediates.noindex/Raylib.build/Debug-watchos/RaylibC-t.build/Objects-normal/arm64_32/egl_context.dia -c /Users/admin/builder/spi-builder-workspace/.dependencies/checkouts/Raylib/Sources/RaylibC/UnmodifiedRaylibSrc/external/glfw/src/egl_context.c -o /Users/admin/builder/spi-builder-workspace/.derivedData/Build/Intermediates.noindex/Raylib.build/Debug-watchos/RaylibC-t.build/Objects-normal/arm64_32/egl_context.o -index-unit-output-path /Raylib.build/Debug-watchos/RaylibC-t.build/Objects-normal/arm64_32/egl_context.o
ScanDependencies /Users/admin/builder/spi-builder-workspace/.derivedData/Build/Intermediates.noindex/Raylib.build/Debug-watchos/RaylibC-t.build/Objects-normal/arm64_32/context.o /Users/admin/builder/spi-builder-workspace/.dependencies/checkouts/Raylib/Sources/RaylibC/UnmodifiedRaylibSrc/external/glfw/src/context.c normal arm64_32 c com.apple.compilers.llvm.clang.1_0.compiler (in target 'RaylibC' from project 'Raylib')
cd /Users/admin/builder/spi-builder-workspace/.swiftpm/xcode
Using response file: /Users/admin/builder/spi-builder-workspace/.derivedData/Build/Intermediates.noindex/Raylib.build/Debug-watchos/RaylibC-t.build/Objects-normal/arm64_32/7187679823f38a2a940e0043cdf9d637-common-args.resp
builtin-ScanDependencies -o /Users/admin/builder/spi-builder-workspace/.derivedData/Build/Intermediates.noindex/Raylib.build/Debug-watchos/RaylibC-t.build/Objects-normal/arm64_32/context.o.scan -- /Applications/Xcode-27.0.0-Release.Candidate.app/Contents/Developer/Toolchains/XcodeDefault.xctoolchain/usr/bin/clang -x c -ivfsstatcache /Users/admin/builder/spi-builder-workspace/.derivedData/SDKStatCaches.noindex/watchos27.0-24R360-e829b21a6f8c9b70876ba0858053c04477534ef55a1706bf4c1112bbb242f0a2.sdkstatcache -target arm64_32-apple-watchos9.0 -fmessage-length\=0 -fdiagnostics-show-note-include-stack -fmacro-backtrace-limit\=0 -fno-color-diagnostics -fmodules-prune-interval\=86400 -fmodules-prune-after\=345600 -fbuild-session-file\=/Users/admin/builder/spi-builder-workspace/.derivedData/ModuleCache.noindex/Session.modulevalidation -fmodules-validate-once-per-build-session -Wnon-modular-include-in-framework-module -Werror\=non-modular-include-in-framework-module -Wno-trigraphs -Wno-missing-field-initializers -Wno-missing-prototypes -Wno-return-type -Wno-missing-braces -Wparentheses -Wswitch -Wno-unused-function -Wno-unused-label -Wno-unused-parameter -Wno-unused-variable -Wunused-value -Wno-empty-body -Wno-uninitialized -Wno-unknown-pragmas -w -Wno-shadow -Wno-four-char-constants -Wno-conversion -Wno-constant-conversion -Wno-int-conversion -Wno-bool-conversion -Wno-enum-conversion -Wno-float-conversion -Wno-non-literal-null-conversion -Wno-objc-literal-conversion -Wno-shorten-64-to-32 -Wpointer-sign -Wno-newline-eof -Wno-implicit-fallthrough -isysroot /Applications/Xcode-27.0.0-Release.Candidate.app/Contents/Developer/Platforms/WatchOS.platform/Developer/SDKs/WatchOS27.0.sdk -fstrict-aliasing -Wdeprecated-declarations -Wno-sign-conversion -Wno-infinite-recursion -Wno-comma -Wno-block-capture-autoreleasing -Wno-strict-prototypes -Wno-semicolon-before-method-body -index-store-path /Users/admin/builder/spi-builder-workspace/.derivedData/Index.noindex/DataStore @/Users/admin/builder/spi-builder-workspace/.derivedData/Build/Intermediates.noindex/Raylib.build/Debug-watchos/RaylibC-t.build/Objects-normal/arm64_32/7187679823f38a2a940e0043cdf9d637-common-args.resp -MMD -MT dependencies -MF /Users/admin/builder/spi-builder-workspace/.derivedData/Build/Intermediates.noindex/Raylib.build/Debug-watchos/RaylibC-t.build/Objects-normal/arm64_32/context.d --serialize-diagnostics /Users/admin/builder/spi-builder-workspace/.derivedData/Build/Intermediates.noindex/Raylib.build/Debug-watchos/RaylibC-t.build/Objects-normal/arm64_32/context.dia -c /Users/admin/builder/spi-builder-workspace/.dependencies/checkouts/Raylib/Sources/RaylibC/UnmodifiedRaylibSrc/external/glfw/src/context.c -o /Users/admin/builder/spi-builder-workspace/.derivedData/Build/Intermediates.noindex/Raylib.build/Debug-watchos/RaylibC-t.build/Objects-normal/arm64_32/context.o -index-unit-output-path /Raylib.build/Debug-watchos/RaylibC-t.build/Objects-normal/arm64_32/context.o
ScanDependencies /Users/admin/builder/spi-builder-workspace/.derivedData/Build/Intermediates.noindex/Raylib.build/Debug-watchos/RaylibC-t.build/Objects-normal/arm64_32/cocoa_window.o /Users/admin/builder/spi-builder-workspace/.dependencies/checkouts/Raylib/Sources/RaylibC/ModifiedRaylibSrc/external/glfw/src/cocoa_window.m normal arm64_32 objective-c com.apple.compilers.llvm.clang.1_0.compiler (in target 'RaylibC' from project 'Raylib')
cd /Users/admin/builder/spi-builder-workspace/.swiftpm/xcode
Using response file: /Users/admin/builder/spi-builder-workspace/.derivedData/Build/Intermediates.noindex/Raylib.build/Debug-watchos/RaylibC-t.build/Objects-normal/arm64_32/e6072d4f65d7061329687fe24e3d63a7-common-args.resp
builtin-ScanDependencies -o /Users/admin/builder/spi-builder-workspace/.derivedData/Build/Intermediates.noindex/Raylib.build/Debug-watchos/RaylibC-t.build/Objects-normal/arm64_32/cocoa_window.o.scan -- /Applications/Xcode-27.0.0-Release.Candidate.app/Contents/Developer/Toolchains/XcodeDefault.xctoolchain/usr/bin/clang -x objective-c -ivfsstatcache /Users/admin/builder/spi-builder-workspace/.derivedData/SDKStatCaches.noindex/watchos27.0-24R360-e829b21a6f8c9b70876ba0858053c04477534ef55a1706bf4c1112bbb242f0a2.sdkstatcache -target arm64_32-apple-watchos9.0 -fmessage-length\=0 -fdiagnostics-show-note-include-stack -fmacro-backtrace-limit\=0 -fno-color-diagnostics -fmodules-prune-interval\=86400 -fmodules-prune-after\=345600 -fbuild-session-file\=/Users/admin/builder/spi-builder-workspace/.derivedData/ModuleCache.noindex/Session.modulevalidation -fmodules-validate-once-per-build-session -Wnon-modular-include-in-framework-module -Werror\=non-modular-include-in-framework-module -Wno-trigraphs -Wno-missing-field-initializers -Wno-missing-prototypes -Wno-return-type -Wno-implicit-atomic-properties -Wno-objc-interface-ivars -Wno-arc-repeated-use-of-weak -Wno-missing-braces -Wparentheses -Wswitch -Wno-unused-function -Wno-unused-label -Wno-unused-parameter -Wno-unused-variable -Wunused-value -Wno-empty-body -Wno-uninitialized -Wno-unknown-pragmas -w -Wno-shadow -Wno-four-char-constants -Wno-conversion -Wno-constant-conversion -Wno-int-conversion -Wno-bool-conversion -Wno-enum-conversion -Wno-float-conversion -Wno-non-literal-null-conversion -Wno-objc-literal-conversion -Wno-shorten-64-to-32 -Wpointer-sign -Wno-newline-eof -Wno-selector -Wno-strict-selector-match -Wno-undeclared-selector -Wno-deprecated-implementations -Wno-implicit-fallthrough -isysroot /Applications/Xcode-27.0.0-Release.Candidate.app/Contents/Developer/Platforms/WatchOS.platform/Developer/SDKs/WatchOS27.0.sdk -fstrict-aliasing -Wprotocol -Wdeprecated-declarations -Wno-sign-conversion -Wno-infinite-recursion -Wno-comma -Wno-block-capture-autoreleasing -Wno-strict-prototypes -Wno-semicolon-before-method-body -index-store-path /Users/admin/builder/spi-builder-workspace/.derivedData/Index.noindex/DataStore @/Users/admin/builder/spi-builder-workspace/.derivedData/Build/Intermediates.noindex/Raylib.build/Debug-watchos/RaylibC-t.build/Objects-normal/arm64_32/e6072d4f65d7061329687fe24e3d63a7-common-args.resp -MMD -MT dependencies -MF /Users/admin/builder/spi-builder-workspace/.derivedData/Build/Intermediates.noindex/Raylib.build/Debug-watchos/RaylibC-t.build/Objects-normal/arm64_32/cocoa_window.d --serialize-diagnostics /Users/admin/builder/spi-builder-workspace/.derivedData/Build/Intermediates.noindex/Raylib.build/Debug-watchos/RaylibC-t.build/Objects-normal/arm64_32/cocoa_window.dia -c /Users/admin/builder/spi-builder-workspace/.dependencies/checkouts/Raylib/Sources/RaylibC/ModifiedRaylibSrc/external/glfw/src/cocoa_window.m -o /Users/admin/builder/spi-builder-workspace/.derivedData/Build/Intermediates.noindex/Raylib.build/Debug-watchos/RaylibC-t.build/Objects-normal/arm64_32/cocoa_window.o -index-unit-output-path /Raylib.build/Debug-watchos/RaylibC-t.build/Objects-normal/arm64_32/cocoa_window.o
ScanDependencies /Users/admin/builder/spi-builder-workspace/.derivedData/Build/Intermediates.noindex/Raylib.build/Debug-watchos/RaylibC-t.build/Objects-normal/arm64_32/cocoa_time.o /Users/admin/builder/spi-builder-workspace/.dependencies/checkouts/Raylib/Sources/RaylibC/UnmodifiedRaylibSrc/external/glfw/src/cocoa_time.c normal arm64_32 c com.apple.compilers.llvm.clang.1_0.compiler (in target 'RaylibC' from project 'Raylib')
cd /Users/admin/builder/spi-builder-workspace/.swiftpm/xcode
Using response file: /Users/admin/builder/spi-builder-workspace/.derivedData/Build/Intermediates.noindex/Raylib.build/Debug-watchos/RaylibC-t.build/Objects-normal/arm64_32/7187679823f38a2a940e0043cdf9d637-common-args.resp
builtin-ScanDependencies -o /Users/admin/builder/spi-builder-workspace/.derivedData/Build/Intermediates.noindex/Raylib.build/Debug-watchos/RaylibC-t.build/Objects-normal/arm64_32/cocoa_time.o.scan -- /Applications/Xcode-27.0.0-Release.Candidate.app/Contents/Developer/Toolchains/XcodeDefault.xctoolchain/usr/bin/clang -x c -ivfsstatcache /Users/admin/builder/spi-builder-workspace/.derivedData/SDKStatCaches.noindex/watchos27.0-24R360-e829b21a6f8c9b70876ba0858053c04477534ef55a1706bf4c1112bbb242f0a2.sdkstatcache -target arm64_32-apple-watchos9.0 -fmessage-length\=0 -fdiagnostics-show-note-include-stack -fmacro-backtrace-limit\=0 -fno-color-diagnostics -fmodules-prune-interval\=86400 -fmodules-prune-after\=345600 -fbuild-session-file\=/Users/admin/builder/spi-builder-workspace/.derivedData/ModuleCache.noindex/Session.modulevalidation -fmodules-validate-once-per-build-session -Wnon-modular-include-in-framework-module -Werror\=non-modular-include-in-framework-module -Wno-trigraphs -Wno-missing-field-initializers -Wno-missing-prototypes -Wno-return-type -Wno-missing-braces -Wparentheses -Wswitch -Wno-unused-function -Wno-unused-label -Wno-unused-parameter -Wno-unused-variable -Wunused-value -Wno-empty-body -Wno-uninitialized -Wno-unknown-pragmas -w -Wno-shadow -Wno-four-char-constants -Wno-conversion -Wno-constant-conversion -Wno-int-conversion -Wno-bool-conversion -Wno-enum-conversion -Wno-float-conversion -Wno-non-literal-null-conversion -Wno-objc-literal-conversion -Wno-shorten-64-to-32 -Wpointer-sign -Wno-newline-eof -Wno-implicit-fallthrough -isysroot /Applications/Xcode-27.0.0-Release.Candidate.app/Contents/Developer/Platforms/WatchOS.platform/Developer/SDKs/WatchOS27.0.sdk -fstrict-aliasing -Wdeprecated-declarations -Wno-sign-conversion -Wno-infinite-recursion -Wno-comma -Wno-block-capture-autoreleasing -Wno-strict-prototypes -Wno-semicolon-before-method-body -index-store-path /Users/admin/builder/spi-builder-workspace/.derivedData/Index.noindex/DataStore @/Users/admin/builder/spi-builder-workspace/.derivedData/Build/Intermediates.noindex/Raylib.build/Debug-watchos/RaylibC-t.build/Objects-normal/arm64_32/7187679823f38a2a940e0043cdf9d637-common-args.resp -MMD -MT dependencies -MF /Users/admin/builder/spi-builder-workspace/.derivedData/Build/Intermediates.noindex/Raylib.build/Debug-watchos/RaylibC-t.build/Objects-normal/arm64_32/cocoa_time.d --serialize-diagnostics /Users/admin/builder/spi-builder-workspace/.derivedData/Build/Intermediates.noindex/Raylib.build/Debug-watchos/RaylibC-t.build/Objects-normal/arm64_32/cocoa_time.dia -c /Users/admin/builder/spi-builder-workspace/.dependencies/checkouts/Raylib/Sources/RaylibC/UnmodifiedRaylibSrc/external/glfw/src/cocoa_time.c -o /Users/admin/builder/spi-builder-workspace/.derivedData/Build/Intermediates.noindex/Raylib.build/Debug-watchos/RaylibC-t.build/Objects-normal/arm64_32/cocoa_time.o -index-unit-output-path /Raylib.build/Debug-watchos/RaylibC-t.build/Objects-normal/arm64_32/cocoa_time.o
ScanDependencies /Users/admin/builder/spi-builder-workspace/.derivedData/Build/Intermediates.noindex/Raylib.build/Debug-watchos/RaylibC-t.build/Objects-normal/arm64_32/cocoa_monitor.o /Users/admin/builder/spi-builder-workspace/.dependencies/checkouts/Raylib/Sources/RaylibC/UnmodifiedRaylibSrc/external/glfw/src/cocoa_monitor.m normal arm64_32 objective-c com.apple.compilers.llvm.clang.1_0.compiler (in target 'RaylibC' from project 'Raylib')
cd /Users/admin/builder/spi-builder-workspace/.swiftpm/xcode
Using response file: /Users/admin/builder/spi-builder-workspace/.derivedData/Build/Intermediates.noindex/Raylib.build/Debug-watchos/RaylibC-t.build/Objects-normal/arm64_32/e6072d4f65d7061329687fe24e3d63a7-common-args.resp
builtin-ScanDependencies -o /Users/admin/builder/spi-builder-workspace/.derivedData/Build/Intermediates.noindex/Raylib.build/Debug-watchos/RaylibC-t.build/Objects-normal/arm64_32/cocoa_monitor.o.scan -- /Applications/Xcode-27.0.0-Release.Candidate.app/Contents/Developer/Toolchains/XcodeDefault.xctoolchain/usr/bin/clang -x objective-c -ivfsstatcache /Users/admin/builder/spi-builder-workspace/.derivedData/SDKStatCaches.noindex/watchos27.0-24R360-e829b21a6f8c9b70876ba0858053c04477534ef55a1706bf4c1112bbb242f0a2.sdkstatcache -target arm64_32-apple-watchos9.0 -fmessage-length\=0 -fdiagnostics-show-note-include-stack -fmacro-backtrace-limit\=0 -fno-color-diagnostics -fmodules-prune-interval\=86400 -fmodules-prune-after\=345600 -fbuild-session-file\=/Users/admin/builder/spi-builder-workspace/.derivedData/ModuleCache.noindex/Session.modulevalidation -fmodules-validate-once-per-build-session -Wnon-modular-include-in-framework-module -Werror\=non-modular-include-in-framework-module -Wno-trigraphs -Wno-missing-field-initializers -Wno-missing-prototypes -Wno-return-type -Wno-implicit-atomic-properties -Wno-objc-interface-ivars -Wno-arc-repeated-use-of-weak -Wno-missing-braces -Wparentheses -Wswitch -Wno-unused-function -Wno-unused-label -Wno-unused-parameter -Wno-unused-variable -Wunused-value -Wno-empty-body -Wno-uninitialized -Wno-unknown-pragmas -w -Wno-shadow -Wno-four-char-constants -Wno-conversion -Wno-constant-conversion -Wno-int-conversion -Wno-bool-conversion -Wno-enum-conversion -Wno-float-conversion -Wno-non-literal-null-conversion -Wno-objc-literal-conversion -Wno-shorten-64-to-32 -Wpointer-sign -Wno-newline-eof -Wno-selector -Wno-strict-selector-match -Wno-undeclared-selector -Wno-deprecated-implementations -Wno-implicit-fallthrough -isysroot /Applications/Xcode-27.0.0-Release.Candidate.app/Contents/Developer/Platforms/WatchOS.platform/Developer/SDKs/WatchOS27.0.sdk -fstrict-aliasing -Wprotocol -Wdeprecated-declarations -Wno-sign-conversion -Wno-infinite-recursion -Wno-comma -Wno-block-capture-autoreleasing -Wno-strict-prototypes -Wno-semicolon-before-method-body -index-store-path /Users/admin/builder/spi-builder-workspace/.derivedData/Index.noindex/DataStore @/Users/admin/builder/spi-builder-workspace/.derivedData/Build/Intermediates.noindex/Raylib.build/Debug-watchos/RaylibC-t.build/Objects-normal/arm64_32/e6072d4f65d7061329687fe24e3d63a7-common-args.resp -MMD -MT dependencies -MF /Users/admin/builder/spi-builder-workspace/.derivedData/Build/Intermediates.noindex/Raylib.build/Debug-watchos/RaylibC-t.build/Objects-normal/arm64_32/cocoa_monitor.d --serialize-diagnostics /Users/admin/builder/spi-builder-workspace/.derivedData/Build/Intermediates.noindex/Raylib.build/Debug-watchos/RaylibC-t.build/Objects-normal/arm64_32/cocoa_monitor.dia -c /Users/admin/builder/spi-builder-workspace/.dependencies/checkouts/Raylib/Sources/RaylibC/UnmodifiedRaylibSrc/external/glfw/src/cocoa_monitor.m -o /Users/admin/builder/spi-builder-workspace/.derivedData/Build/Intermediates.noindex/Raylib.build/Debug-watchos/RaylibC-t.build/Objects-normal/arm64_32/cocoa_monitor.o -index-unit-output-path /Raylib.build/Debug-watchos/RaylibC-t.build/Objects-normal/arm64_32/cocoa_monitor.o
/Users/admin/builder/spi-builder-workspace/.dependencies/checkouts/Raylib/Sources/RaylibC/UnmodifiedRaylibSrc/external/glfw/src/cocoa_monitor.m:36:10: error: 'IOKit/graphics/IOGraphicsLib.h' file not found (in target 'RaylibC' from project 'Raylib')
ScanDependencies /Users/admin/builder/spi-builder-workspace/.derivedData/Build/Intermediates.noindex/Raylib.build/Debug-watchos/RaylibC-t.build/Objects-normal/arm64_32/cocoa_joystick.o /Users/admin/builder/spi-builder-workspace/.dependencies/checkouts/Raylib/Sources/RaylibC/UnmodifiedRaylibSrc/external/glfw/src/cocoa_joystick.m normal arm64_32 objective-c com.apple.compilers.llvm.clang.1_0.compiler (in target 'RaylibC' from project 'Raylib')
cd /Users/admin/builder/spi-builder-workspace/.swiftpm/xcode
Using response file: /Users/admin/builder/spi-builder-workspace/.derivedData/Build/Intermediates.noindex/Raylib.build/Debug-watchos/RaylibC-t.build/Objects-normal/arm64_32/e6072d4f65d7061329687fe24e3d63a7-common-args.resp
builtin-ScanDependencies -o /Users/admin/builder/spi-builder-workspace/.derivedData/Build/Intermediates.noindex/Raylib.build/Debug-watchos/RaylibC-t.build/Objects-normal/arm64_32/cocoa_joystick.o.scan -- /Applications/Xcode-27.0.0-Release.Candidate.app/Contents/Developer/Toolchains/XcodeDefault.xctoolchain/usr/bin/clang -x objective-c -ivfsstatcache /Users/admin/builder/spi-builder-workspace/.derivedData/SDKStatCaches.noindex/watchos27.0-24R360-e829b21a6f8c9b70876ba0858053c04477534ef55a1706bf4c1112bbb242f0a2.sdkstatcache -target arm64_32-apple-watchos9.0 -fmessage-length\=0 -fdiagnostics-show-note-include-stack -fmacro-backtrace-limit\=0 -fno-color-diagnostics -fmodules-prune-interval\=86400 -fmodules-prune-after\=345600 -fbuild-session-file\=/Users/admin/builder/spi-builder-workspace/.derivedData/ModuleCache.noindex/Session.modulevalidation -fmodules-validate-once-per-build-session -Wnon-modular-include-in-framework-module -Werror\=non-modular-include-in-framework-module -Wno-trigraphs -Wno-missing-field-initializers -Wno-missing-prototypes -Wno-return-type -Wno-implicit-atomic-properties -Wno-objc-interface-ivars -Wno-arc-repeated-use-of-weak -Wno-missing-braces -Wparentheses -Wswitch -Wno-unused-function -Wno-unused-label -Wno-unused-parameter -Wno-unused-variable -Wunused-value -Wno-empty-body -Wno-uninitialized -Wno-unknown-pragmas -w -Wno-shadow -Wno-four-char-constants -Wno-conversion -Wno-constant-conversion -Wno-int-conversion -Wno-bool-conversion -Wno-enum-conversion -Wno-float-conversion -Wno-non-literal-null-conversion -Wno-objc-literal-conversion -Wno-shorten-64-to-32 -Wpointer-sign -Wno-newline-eof -Wno-selector -Wno-strict-selector-match -Wno-undeclared-selector -Wno-deprecated-implementations -Wno-implicit-fallthrough -isysroot /Applications/Xcode-27.0.0-Release.Candidate.app/Contents/Developer/Platforms/WatchOS.platform/Developer/SDKs/WatchOS27.0.sdk -fstrict-aliasing -Wprotocol -Wdeprecated-declarations -Wno-sign-conversion -Wno-infinite-recursion -Wno-comma -Wno-block-capture-autoreleasing -Wno-strict-prototypes -Wno-semicolon-before-method-body -index-store-path /Users/admin/builder/spi-builder-workspace/.derivedData/Index.noindex/DataStore @/Users/admin/builder/spi-builder-workspace/.derivedData/Build/Intermediates.noindex/Raylib.build/Debug-watchos/RaylibC-t.build/Objects-normal/arm64_32/e6072d4f65d7061329687fe24e3d63a7-common-args.resp -MMD -MT dependencies -MF /Users/admin/builder/spi-builder-workspace/.derivedData/Build/Intermediates.noindex/Raylib.build/Debug-watchos/RaylibC-t.build/Objects-normal/arm64_32/cocoa_joystick.d --serialize-diagnostics /Users/admin/builder/spi-builder-workspace/.derivedData/Build/Intermediates.noindex/Raylib.build/Debug-watchos/RaylibC-t.build/Objects-normal/arm64_32/cocoa_joystick.dia -c /Users/admin/builder/spi-builder-workspace/.dependencies/checkouts/Raylib/Sources/RaylibC/UnmodifiedRaylibSrc/external/glfw/src/cocoa_joystick.m -o /Users/admin/builder/spi-builder-workspace/.derivedData/Build/Intermediates.noindex/Raylib.build/Debug-watchos/RaylibC-t.build/Objects-normal/arm64_32/cocoa_joystick.o -index-unit-output-path /Raylib.build/Debug-watchos/RaylibC-t.build/Objects-normal/arm64_32/cocoa_joystick.o
/Users/admin/builder/spi-builder-workspace/.dependencies/checkouts/Raylib/Sources/RaylibC/UnmodifiedRaylibSrc/external/glfw/src/cocoa_joystick.m:40:10: error: 'Kernel/IOKit/hidsystem/IOHIDUsageTables.h' file not found (in target 'RaylibC' from project 'Raylib')
PruneExplicitPrecompiledModules /Users/admin/builder/spi-builder-workspace/.derivedData/Build/Intermediates.noindex/ExplicitPrecompiledModules
PruneExplicitPrecompiledModules /Users/admin/builder/spi-builder-workspace/.derivedData/SDKExplicitPrecompiledModules
PruneExplicitPrecompiledModules /Users/admin/builder/spi-builder-workspace/.derivedData/Build/Intermediates.noindex/SwiftExplicitPrecompiledModules
2026-09-18 16:43:20.360 xcodebuild[691:4404] [MT] IDERunDestination: Supported platforms for the buildables in the current scheme is empty.
** BUILD FAILED **
The following build commands failed:
ScanDependencies /Users/admin/builder/spi-builder-workspace/.derivedData/Build/Intermediates.noindex/Raylib.build/Debug-watchos/RaylibC-t.build/Objects-normal/arm64_32/rcore.o /Users/admin/builder/spi-builder-workspace/.dependencies/checkouts/Raylib/Sources/RaylibC/UnmodifiedRaylibSrc/rcore.c normal arm64_32 c com.apple.compilers.llvm.clang.1_0.compiler (in target 'RaylibC' from project 'Raylib')
ScanDependencies /Users/admin/builder/spi-builder-workspace/.derivedData/Build/Intermediates.noindex/Raylib.build/Debug-watchos/RaylibC-t.build/Objects-normal/arm64_32/raudio.o /Users/admin/builder/spi-builder-workspace/.dependencies/checkouts/Raylib/Sources/RaylibC/UnmodifiedRaylibSrc/raudio.c normal arm64_32 c com.apple.compilers.llvm.clang.1_0.compiler (in target 'RaylibC' from project 'Raylib')
ScanDependencies /Users/admin/builder/spi-builder-workspace/.derivedData/Build/Intermediates.noindex/Raylib.build/Debug-watchos/RaylibC-t.build/Objects-normal/arm64_32/cocoa_monitor.o /Users/admin/builder/spi-builder-workspace/.dependencies/checkouts/Raylib/Sources/RaylibC/UnmodifiedRaylibSrc/external/glfw/src/cocoa_monitor.m normal arm64_32 objective-c com.apple.compilers.llvm.clang.1_0.compiler (in target 'RaylibC' from project 'Raylib')
ScanDependencies /Users/admin/builder/spi-builder-workspace/.derivedData/Build/Intermediates.noindex/Raylib.build/Debug-watchos/RaylibC-t.build/Objects-normal/arm64_32/cocoa_joystick.o /Users/admin/builder/spi-builder-workspace/.dependencies/checkouts/Raylib/Sources/RaylibC/UnmodifiedRaylibSrc/external/glfw/src/cocoa_joystick.m normal arm64_32 objective-c com.apple.compilers.llvm.clang.1_0.compiler (in target 'RaylibC' from project 'Raylib')
Building workspace SolarSystem with scheme SolarSystem
(5 failures)
Command line invocation:
/Applications/Xcode-27.0.0-Release.Candidate.app/Contents/Developer/usr/bin/xcodebuild -IDEClonedSourcePackagesDirPathOverride=/Users/admin/builder/spi-builder-workspace/.dependencies -resolvePackageDependencies
Resolve Package Graph
Resolved source packages:
Raylib: https://github.com/STREGAsGate/Raylib.git @ master (9e7c836)
SolarSystem: /Users/admin/builder/spi-builder-workspace
resolved source packages: Raylib, SolarSystem
2026-09-18 16:43:23.758 xcodebuild[730:4715] [MT] IDERunDestination: Supported platforms for the buildables in the current scheme is empty.
{
"dependencies" : [
{
"identity" : "raylib",
"requirement" : {
"branch" : [
"master"
]
},
"type" : "sourceControl",
"url" : "https://github.com/STREGAsGate/Raylib.git"
}
],
"manifest_display_name" : "SolarSystem",
"name" : "SolarSystem",
"path" : "/Users/admin/builder/spi-builder-workspace",
"platforms" : [
],
"products" : [
{
"name" : "SolarSystem",
"targets" : [
"SolarSystem"
],
"type" : {
"executable" : null
}
}
],
"targets" : [
{
"c99name" : "SolarSystem",
"module_type" : "SwiftTarget",
"name" : "SolarSystem",
"path" : "Sources/SolarSystem",
"product_dependencies" : [
"Raylib"
],
"product_memberships" : [
"SolarSystem"
],
"resources" : [
{
"path" : "/Users/admin/builder/spi-builder-workspace/Sources/SolarSystem/Resources/Models/Earth.glb",
"rule" : {
"process" : {
}
}
},
{
"path" : "/Users/admin/builder/spi-builder-workspace/Sources/SolarSystem/Resources/Models/Jupiter.glb",
"rule" : {
"process" : {
}
}
},
{
"path" : "/Users/admin/builder/spi-builder-workspace/Sources/SolarSystem/Resources/Models/Mars.glb",
"rule" : {
"process" : {
}
}
},
{
"path" : "/Users/admin/builder/spi-builder-workspace/Sources/SolarSystem/Resources/Models/Mercury.glb",
"rule" : {
"process" : {
}
}
},
{
"path" : "/Users/admin/builder/spi-builder-workspace/Sources/SolarSystem/Resources/Models/Neptune.glb",
"rule" : {
"process" : {
}
}
},
{
"path" : "/Users/admin/builder/spi-builder-workspace/Sources/SolarSystem/Resources/Models/Saturn.glb",
"rule" : {
"process" : {
}
}
},
{
"path" : "/Users/admin/builder/spi-builder-workspace/Sources/SolarSystem/Resources/Models/Sun.glb",
"rule" : {
"process" : {
}
}
},
{
"path" : "/Users/admin/builder/spi-builder-workspace/Sources/SolarSystem/Resources/Models/Uranus.glb",
"rule" : {
"process" : {
}
}
},
{
"path" : "/Users/admin/builder/spi-builder-workspace/Sources/SolarSystem/Resources/Models/Venus.glb",
"rule" : {
"process" : {
}
}
}
],
"sources" : [
"Planet.swift",
"RaylibExtensions.swift",
"SolarSystem.swift",
"Sun.swift"
],
"type" : "executable"
}
],
"tools_version" : "5.6"
}
{
"workspace" : {
"name" : "SolarSystem",
"schemes" : [
"SolarSystem"
]
}
}
2026-09-18 16:43:25.053 xcodebuild[738:4775] [MT] IDERunDestination: Supported platforms for the buildables in the current scheme is empty.
Running build ...
env DEVELOPER_DIR=/Applications/Xcode-27.0.0-Release.Candidate.app xcrun xcodebuild -IDEClonedSourcePackagesDirPathOverride=$PWD/.dependencies -skipMacroValidation -skipPackagePluginValidation -derivedDataPath $PWD/.derivedData build -scheme SolarSystem -destination generic/platform=watchOS
Command line invocation:
/Applications/Xcode-27.0.0-Release.Candidate.app/Contents/Developer/usr/bin/xcodebuild -IDEClonedSourcePackagesDirPathOverride=/Users/admin/builder/spi-builder-workspace/.dependencies -skipMacroValidation -skipPackagePluginValidation -derivedDataPath /Users/admin/builder/spi-builder-workspace/.derivedData build -scheme SolarSystem -destination generic/platform=watchOS
Resolve Package Graph
Resolved source packages:
SolarSystem: /Users/admin/builder/spi-builder-workspace
Raylib: https://github.com/STREGAsGate/Raylib.git @ master (9e7c836)
ComputePackagePrebuildTargetDependencyGraph
Prepare packages
CreateBuildRequest
SendProjectDescription
CreateBuildOperation
ComputeTargetDependencyGraph
note: Building targets in dependency order
note: Target dependency graph (5 targets)
Target 'SolarSystem-product' in project 'SolarSystem'
➜ Explicit dependency on target 'SolarSystem_SolarSystem' in project 'SolarSystem'
➜ Explicit dependency on target 'Raylib-product' in project 'Raylib'
Target 'Raylib-product' in project 'Raylib'
➜ Explicit dependency on target 'Raylib' in project 'Raylib'
➜ Explicit dependency on target 'RaylibC' in project 'Raylib'
Target 'Raylib' in project 'Raylib'
➜ Explicit dependency on target 'RaylibC' in project 'Raylib'
Target 'RaylibC' in project 'Raylib' (no dependencies)
Target 'SolarSystem_SolarSystem' in project 'SolarSystem' (no dependencies)
GatherProvisioningInputs
CreateBuildDescription
ClangStatCache /Applications/Xcode-27.0.0-Release.Candidate.app/Contents/Developer/Toolchains/XcodeDefault.xctoolchain/usr/bin/clang-stat-cache /Applications/Xcode-27.0.0-Release.Candidate.app/Contents/Developer/Platforms/WatchOS.platform/Developer/SDKs/WatchOS27.0.sdk /Users/admin/builder/spi-builder-workspace/.derivedData/SDKStatCaches.noindex/watchos27.0-24R360-e829b21a6f8c9b70876ba0858053c04477534ef55a1706bf4c1112bbb242f0a2.sdkstatcache
cd /Users/admin/builder/spi-builder-workspace/.swiftpm/xcode
/Applications/Xcode-27.0.0-Release.Candidate.app/Contents/Developer/Toolchains/XcodeDefault.xctoolchain/usr/bin/clang-stat-cache /Applications/Xcode-27.0.0-Release.Candidate.app/Contents/Developer/Platforms/WatchOS.platform/Developer/SDKs/WatchOS27.0.sdk -o /Users/admin/builder/spi-builder-workspace/.derivedData/SDKStatCaches.noindex/watchos27.0-24R360-e829b21a6f8c9b70876ba0858053c04477534ef55a1706bf4c1112bbb242f0a2.sdkstatcache
ScanDependencies /Users/admin/builder/spi-builder-workspace/.derivedData/Build/Intermediates.noindex/Raylib.build/Debug-watchos/RaylibC-t.build/Objects-normal/arm64_32/rcore.o /Users/admin/builder/spi-builder-workspace/.dependencies/checkouts/Raylib/Sources/RaylibC/UnmodifiedRaylibSrc/rcore.c normal arm64_32 c com.apple.compilers.llvm.clang.1_0.compiler (in target 'RaylibC' from project 'Raylib')
cd /Users/admin/builder/spi-builder-workspace/.swiftpm/xcode
Using response file: /Users/admin/builder/spi-builder-workspace/.derivedData/Build/Intermediates.noindex/Raylib.build/Debug-watchos/RaylibC-t.build/Objects-normal/arm64_32/7187679823f38a2a940e0043cdf9d637-common-args.resp
builtin-ScanDependencies -o /Users/admin/builder/spi-builder-workspace/.derivedData/Build/Intermediates.noindex/Raylib.build/Debug-watchos/RaylibC-t.build/Objects-normal/arm64_32/rcore.o.scan -- /Applications/Xcode-27.0.0-Release.Candidate.app/Contents/Developer/Toolchains/XcodeDefault.xctoolchain/usr/bin/clang -x c -ivfsstatcache /Users/admin/builder/spi-builder-workspace/.derivedData/SDKStatCaches.noindex/watchos27.0-24R360-e829b21a6f8c9b70876ba0858053c04477534ef55a1706bf4c1112bbb242f0a2.sdkstatcache -target arm64_32-apple-watchos9.0 -fmessage-length\=0 -fdiagnostics-show-note-include-stack -fmacro-backtrace-limit\=0 -fno-color-diagnostics -fmodules-prune-interval\=86400 -fmodules-prune-after\=345600 -fbuild-session-file\=/Users/admin/builder/spi-builder-workspace/.derivedData/ModuleCache.noindex/Session.modulevalidation -fmodules-validate-once-per-build-session -Wnon-modular-include-in-framework-module -Werror\=non-modular-include-in-framework-module -Wno-trigraphs -Wno-missing-field-initializers -Wno-missing-prototypes -Wno-return-type -Wno-missing-braces -Wparentheses -Wswitch -Wno-unused-function -Wno-unused-label -Wno-unused-parameter -Wno-unused-variable -Wunused-value -Wno-empty-body -Wno-uninitialized -Wno-unknown-pragmas -w -Wno-shadow -Wno-four-char-constants -Wno-conversion -Wno-constant-conversion -Wno-int-conversion -Wno-bool-conversion -Wno-enum-conversion -Wno-float-conversion -Wno-non-literal-null-conversion -Wno-objc-literal-conversion -Wno-shorten-64-to-32 -Wpointer-sign -Wno-newline-eof -Wno-implicit-fallthrough -isysroot /Applications/Xcode-27.0.0-Release.Candidate.app/Contents/Developer/Platforms/WatchOS.platform/Developer/SDKs/WatchOS27.0.sdk -fstrict-aliasing -Wdeprecated-declarations -Wno-sign-conversion -Wno-infinite-recursion -Wno-comma -Wno-block-capture-autoreleasing -Wno-strict-prototypes -Wno-semicolon-before-method-body -index-store-path /Users/admin/builder/spi-builder-workspace/.derivedData/Index.noindex/DataStore @/Users/admin/builder/spi-builder-workspace/.derivedData/Build/Intermediates.noindex/Raylib.build/Debug-watchos/RaylibC-t.build/Objects-normal/arm64_32/7187679823f38a2a940e0043cdf9d637-common-args.resp -MMD -MT dependencies -MF /Users/admin/builder/spi-builder-workspace/.derivedData/Build/Intermediates.noindex/Raylib.build/Debug-watchos/RaylibC-t.build/Objects-normal/arm64_32/rcore.d --serialize-diagnostics /Users/admin/builder/spi-builder-workspace/.derivedData/Build/Intermediates.noindex/Raylib.build/Debug-watchos/RaylibC-t.build/Objects-normal/arm64_32/rcore.dia -c /Users/admin/builder/spi-builder-workspace/.dependencies/checkouts/Raylib/Sources/RaylibC/UnmodifiedRaylibSrc/rcore.c -o /Users/admin/builder/spi-builder-workspace/.derivedData/Build/Intermediates.noindex/Raylib.build/Debug-watchos/RaylibC-t.build/Objects-normal/arm64_32/rcore.o -index-unit-output-path /Raylib.build/Debug-watchos/RaylibC-t.build/Objects-normal/arm64_32/rcore.o
/Users/admin/builder/spi-builder-workspace/.dependencies/checkouts/Raylib/Sources/RaylibC/UnmodifiedRaylibSrc/rlgl.h:736:18: error: 'OpenGL/gl3.h' file not found (in target 'RaylibC' from project 'Raylib')
/Users/admin/builder/spi-builder-workspace/.dependencies/checkouts/Raylib/Sources/RaylibC/UnmodifiedRaylibSrc/rcore.c:125:10: note: in file included from /Users/admin/builder/spi-builder-workspace/.dependencies/checkouts/Raylib/Sources/RaylibC/UnmodifiedRaylibSrc/rcore.c:125:
ScanDependencies /Users/admin/builder/spi-builder-workspace/.derivedData/Build/Intermediates.noindex/Raylib.build/Debug-watchos/RaylibC-t.build/Objects-normal/arm64_32/raudio.o /Users/admin/builder/spi-builder-workspace/.dependencies/checkouts/Raylib/Sources/RaylibC/UnmodifiedRaylibSrc/raudio.c normal arm64_32 c com.apple.compilers.llvm.clang.1_0.compiler (in target 'RaylibC' from project 'Raylib')
cd /Users/admin/builder/spi-builder-workspace/.swiftpm/xcode
Using response file: /Users/admin/builder/spi-builder-workspace/.derivedData/Build/Intermediates.noindex/Raylib.build/Debug-watchos/RaylibC-t.build/Objects-normal/arm64_32/7187679823f38a2a940e0043cdf9d637-common-args.resp
builtin-ScanDependencies -o /Users/admin/builder/spi-builder-workspace/.derivedData/Build/Intermediates.noindex/Raylib.build/Debug-watchos/RaylibC-t.build/Objects-normal/arm64_32/raudio.o.scan -- /Applications/Xcode-27.0.0-Release.Candidate.app/Contents/Developer/Toolchains/XcodeDefault.xctoolchain/usr/bin/clang -x c -ivfsstatcache /Users/admin/builder/spi-builder-workspace/.derivedData/SDKStatCaches.noindex/watchos27.0-24R360-e829b21a6f8c9b70876ba0858053c04477534ef55a1706bf4c1112bbb242f0a2.sdkstatcache -target arm64_32-apple-watchos9.0 -fmessage-length\=0 -fdiagnostics-show-note-include-stack -fmacro-backtrace-limit\=0 -fno-color-diagnostics -fmodules-prune-interval\=86400 -fmodules-prune-after\=345600 -fbuild-session-file\=/Users/admin/builder/spi-builder-workspace/.derivedData/ModuleCache.noindex/Session.modulevalidation -fmodules-validate-once-per-build-session -Wnon-modular-include-in-framework-module -Werror\=non-modular-include-in-framework-module -Wno-trigraphs -Wno-missing-field-initializers -Wno-missing-prototypes -Wno-return-type -Wno-missing-braces -Wparentheses -Wswitch -Wno-unused-function -Wno-unused-label -Wno-unused-parameter -Wno-unused-variable -Wunused-value -Wno-empty-body -Wno-uninitialized -Wno-unknown-pragmas -w -Wno-shadow -Wno-four-char-constants -Wno-conversion -Wno-constant-conversion -Wno-int-conversion -Wno-bool-conversion -Wno-enum-conversion -Wno-float-conversion -Wno-non-literal-null-conversion -Wno-objc-literal-conversion -Wno-shorten-64-to-32 -Wpointer-sign -Wno-newline-eof -Wno-implicit-fallthrough -isysroot /Applications/Xcode-27.0.0-Release.Candidate.app/Contents/Developer/Platforms/WatchOS.platform/Developer/SDKs/WatchOS27.0.sdk -fstrict-aliasing -Wdeprecated-declarations -Wno-sign-conversion -Wno-infinite-recursion -Wno-comma -Wno-block-capture-autoreleasing -Wno-strict-prototypes -Wno-semicolon-before-method-body -index-store-path /Users/admin/builder/spi-builder-workspace/.derivedData/Index.noindex/DataStore @/Users/admin/builder/spi-builder-workspace/.derivedData/Build/Intermediates.noindex/Raylib.build/Debug-watchos/RaylibC-t.build/Objects-normal/arm64_32/7187679823f38a2a940e0043cdf9d637-common-args.resp -MMD -MT dependencies -MF /Users/admin/builder/spi-builder-workspace/.derivedData/Build/Intermediates.noindex/Raylib.build/Debug-watchos/RaylibC-t.build/Objects-normal/arm64_32/raudio.d --serialize-diagnostics /Users/admin/builder/spi-builder-workspace/.derivedData/Build/Intermediates.noindex/Raylib.build/Debug-watchos/RaylibC-t.build/Objects-normal/arm64_32/raudio.dia -c /Users/admin/builder/spi-builder-workspace/.dependencies/checkouts/Raylib/Sources/RaylibC/UnmodifiedRaylibSrc/raudio.c -o /Users/admin/builder/spi-builder-workspace/.derivedData/Build/Intermediates.noindex/Raylib.build/Debug-watchos/RaylibC-t.build/Objects-normal/arm64_32/raudio.o -index-unit-output-path /Raylib.build/Debug-watchos/RaylibC-t.build/Objects-normal/arm64_32/raudio.o
/Applications/Xcode-27.0.0-Release.Candidate.app/Contents/Developer/Platforms/WatchOS.platform/Developer/SDKs/WatchOS27.0.sdk/usr/include/ObjectiveC.modulemap:18:10: error: Module 'ObjectiveC.NSObject' requires feature 'objc' (in target 'RaylibC' from project 'Raylib')
/Users/admin/builder/spi-builder-workspace/.dependencies/checkouts/Raylib/Sources/RaylibC/UnmodifiedRaylibSrc/external/miniaudio.h:24602:10: note: while building module 'AVFoundation' imported from /Users/admin/builder/spi-builder-workspace/.dependencies/checkouts/Raylib/Sources/RaylibC/UnmodifiedRaylibSrc/external/miniaudio.h:24602:
/Applications/Xcode-27.0.0-Release.Candidate.app/Contents/Developer/Platforms/WatchOS.platform/Developer/SDKs/WatchOS27.0.sdk/System/Library/Frameworks/AVFoundation.framework/Headers/AVBase.h:13:9: note: while building module 'Foundation' imported from /Applications/Xcode-27.0.0-Release.Candidate.app/Contents/Developer/Platforms/WatchOS.platform/Developer/SDKs/WatchOS27.0.sdk/System/Library/Frameworks/AVFoundation.framework/Headers/AVBase.h:13:
/Users/admin/builder/spi-builder-workspace/.swiftpm/xcode/<module-includes>:1:10: note: in file included from <module-includes>:1:
/Applications/Xcode-27.0.0-Release.Candidate.app/Contents/Developer/Platforms/WatchOS.platform/Developer/SDKs/WatchOS27.0.sdk/System/Library/Frameworks/Foundation.framework/Headers/Foundation.h:9:9: note: in file included from /Applications/Xcode-27.0.0-Release.Candidate.app/Contents/Developer/Platforms/WatchOS.platform/Developer/SDKs/WatchOS27.0.sdk/System/Library/Frameworks/Foundation.framework/Headers/Foundation.h:9:
/Applications/Xcode-27.0.0-Release.Candidate.app/Contents/Developer/Platforms/WatchOS.platform/Developer/SDKs/WatchOS27.0.sdk/System/Library/Frameworks/Foundation.framework/Headers/NSObjCRuntime.h:9:2: note: in file included from /Applications/Xcode-27.0.0-Release.Candidate.app/Contents/Developer/Platforms/WatchOS.platform/Developer/SDKs/WatchOS27.0.sdk/System/Library/Frameworks/Foundation.framework/Headers/NSObjCRuntime.h:9:
/Applications/Xcode-27.0.0-Release.Candidate.app/Contents/Developer/Platforms/WatchOS.platform/Developer/SDKs/WatchOS27.0.sdk/System/Library/Frameworks/Foundation.framework/Headers/NSObject.h:5:9: note: Submodule of top-level module 'ObjectiveC' implicitly imported here
/Applications/Xcode-27.0.0-Release.Candidate.app/Contents/Developer/Platforms/WatchOS.platform/Developer/SDKs/WatchOS27.0.sdk/System/Library/Frameworks/AVFoundation.framework/Headers/AVBase.h:13:9: error: Could not build module 'Foundation' (in target 'RaylibC' from project 'Raylib')
/Users/admin/builder/spi-builder-workspace/.dependencies/checkouts/Raylib/Sources/RaylibC/UnmodifiedRaylibSrc/external/miniaudio.h:24602:10: note: while building module 'AVFoundation' imported from /Users/admin/builder/spi-builder-workspace/.dependencies/checkouts/Raylib/Sources/RaylibC/UnmodifiedRaylibSrc/external/miniaudio.h:24602:
/Users/admin/builder/spi-builder-workspace/.swiftpm/xcode/<module-includes>:1:10: note: in file included from <module-includes>:1:
/Applications/Xcode-27.0.0-Release.Candidate.app/Contents/Developer/Platforms/WatchOS.platform/Developer/SDKs/WatchOS27.0.sdk/System/Library/Frameworks/AVFoundation.framework/Headers/AVFoundation.h:13:9: note: in file included from /Applications/Xcode-27.0.0-Release.Candidate.app/Contents/Developer/Platforms/WatchOS.platform/Developer/SDKs/WatchOS27.0.sdk/System/Library/Frameworks/AVFoundation.framework/Headers/AVFoundation.h:13:
/Applications/Xcode-27.0.0-Release.Candidate.app/Contents/Developer/Platforms/WatchOS.platform/Developer/SDKs/WatchOS27.0.sdk/System/Library/Frameworks/AVFoundation.framework/Headers/AVFCore.h:13:9: note: in file included from /Applications/Xcode-27.0.0-Release.Candidate.app/Contents/Developer/Platforms/WatchOS.platform/Developer/SDKs/WatchOS27.0.sdk/System/Library/Frameworks/AVFoundation.framework/Headers/AVFCore.h:13:
/Applications/Xcode-27.0.0-Release.Candidate.app/Contents/Developer/Platforms/WatchOS.platform/Developer/SDKs/WatchOS27.0.sdk/System/Library/Frameworks/UniformTypeIdentifiers.framework/Headers/UTTagClass.h:10:9: error: Could not build module 'Foundation' (in target 'RaylibC' from project 'Raylib')
/Users/admin/builder/spi-builder-workspace/.dependencies/checkouts/Raylib/Sources/RaylibC/UnmodifiedRaylibSrc/external/miniaudio.h:24602:10: note: while building module 'AVFoundation' imported from /Users/admin/builder/spi-builder-workspace/.dependencies/checkouts/Raylib/Sources/RaylibC/UnmodifiedRaylibSrc/external/miniaudio.h:24602:
/Applications/Xcode-27.0.0-Release.Candidate.app/Contents/Developer/Platforms/WatchOS.platform/Developer/SDKs/WatchOS27.0.sdk/System/Library/Frameworks/AVFoundation.framework/Headers/AVAsset.h:22:9: note: while building module 'UniformTypeIdentifiers' imported from /Applications/Xcode-27.0.0-Release.Candidate.app/Contents/Developer/Platforms/WatchOS.platform/Developer/SDKs/WatchOS27.0.sdk/System/Library/Frameworks/AVFoundation.framework/Headers/AVAsset.h:22:
/Users/admin/builder/spi-builder-workspace/.swiftpm/xcode/<module-includes>:1:10: note: in file included from <module-includes>:1:
/Applications/Xcode-27.0.0-Release.Candidate.app/Contents/Developer/Platforms/WatchOS.platform/Developer/SDKs/WatchOS27.0.sdk/System/Library/Frameworks/UniformTypeIdentifiers.framework/Headers/UniformTypeIdentifiers.h:12:9: note: in file included from /Applications/Xcode-27.0.0-Release.Candidate.app/Contents/Developer/Platforms/WatchOS.platform/Developer/SDKs/WatchOS27.0.sdk/System/Library/Frameworks/UniformTypeIdentifiers.framework/Headers/UniformTypeIdentifiers.h:12:
/Applications/Xcode-27.0.0-Release.Candidate.app/Contents/Developer/Platforms/WatchOS.platform/Developer/SDKs/WatchOS27.0.sdk/System/Library/Frameworks/AVFAudio.framework/Headers/AVAudioTypes.h:11:9: error: Could not build module 'Foundation' (in target 'RaylibC' from project 'Raylib')
/Users/admin/builder/spi-builder-workspace/.dependencies/checkouts/Raylib/Sources/RaylibC/UnmodifiedRaylibSrc/external/miniaudio.h:24602:10: note: while building module 'AVFoundation' imported from /Users/admin/builder/spi-builder-workspace/.dependencies/checkouts/Raylib/Sources/RaylibC/UnmodifiedRaylibSrc/external/miniaudio.h:24602:
/Applications/Xcode-27.0.0-Release.Candidate.app/Contents/Developer/Platforms/WatchOS.platform/Developer/SDKs/WatchOS27.0.sdk/System/Library/Frameworks/AVFoundation.framework/Headers/AVFAudio.h:8:9: note: while building module 'AVFAudio' imported from /Applications/Xcode-27.0.0-Release.Candidate.app/Contents/Developer/Platforms/WatchOS.platform/Developer/SDKs/WatchOS27.0.sdk/System/Library/Frameworks/AVFoundation.framework/Headers/AVFAudio.h:8:
/Users/admin/builder/spi-builder-workspace/.swiftpm/xcode/<module-includes>:1:10: note: in file included from <module-includes>:1:
/Applications/Xcode-27.0.0-Release.Candidate.app/Contents/Developer/Platforms/WatchOS.platform/Developer/SDKs/WatchOS27.0.sdk/System/Library/Frameworks/AVFAudio.framework/Headers/AVFAudio.h:6:9: note: in file included from /Applications/Xcode-27.0.0-Release.Candidate.app/Contents/Developer/Platforms/WatchOS.platform/Developer/SDKs/WatchOS27.0.sdk/System/Library/Frameworks/AVFAudio.framework/Headers/AVFAudio.h:6:
/Applications/Xcode-27.0.0-Release.Candidate.app/Contents/Developer/Platforms/WatchOS.platform/Developer/SDKs/WatchOS27.0.sdk/System/Library/Frameworks/AVFAudio.framework/Headers/AVAudioBuffer.h:8:9: note: in file included from /Applications/Xcode-27.0.0-Release.Candidate.app/Contents/Developer/Platforms/WatchOS.platform/Developer/SDKs/WatchOS27.0.sdk/System/Library/Frameworks/AVFAudio.framework/Headers/AVAudioBuffer.h:8:
/Users/admin/builder/spi-builder-workspace/.dependencies/checkouts/Raylib/Sources/RaylibC/UnmodifiedRaylibSrc/external/miniaudio.h:24602:10: error: Could not build module 'AVFoundation' (in target 'RaylibC' from project 'Raylib')
/Users/admin/builder/spi-builder-workspace/.dependencies/checkouts/Raylib/Sources/RaylibC/UnmodifiedRaylibSrc/raudio.c:172:10: note: in file included from /Users/admin/builder/spi-builder-workspace/.dependencies/checkouts/Raylib/Sources/RaylibC/UnmodifiedRaylibSrc/raudio.c:172:
ScanDependencies /Users/admin/builder/spi-builder-workspace/.derivedData/Build/Intermediates.noindex/Raylib.build/Debug-watchos/RaylibC-t.build/Objects-normal/arm64_32/nsgl_context.o /Users/admin/builder/spi-builder-workspace/.dependencies/checkouts/Raylib/Sources/RaylibC/ModifiedRaylibSrc/external/glfw/src/nsgl_context.m normal arm64_32 objective-c com.apple.compilers.llvm.clang.1_0.compiler (in target 'RaylibC' from project 'Raylib')
cd /Users/admin/builder/spi-builder-workspace/.swiftpm/xcode
Using response file: /Users/admin/builder/spi-builder-workspace/.derivedData/Build/Intermediates.noindex/Raylib.build/Debug-watchos/RaylibC-t.build/Objects-normal/arm64_32/e6072d4f65d7061329687fe24e3d63a7-common-args.resp
builtin-ScanDependencies -o /Users/admin/builder/spi-builder-workspace/.derivedData/Build/Intermediates.noindex/Raylib.build/Debug-watchos/RaylibC-t.build/Objects-normal/arm64_32/nsgl_context.o.scan -- /Applications/Xcode-27.0.0-Release.Candidate.app/Contents/Developer/Toolchains/XcodeDefault.xctoolchain/usr/bin/clang -x objective-c -ivfsstatcache /Users/admin/builder/spi-builder-workspace/.derivedData/SDKStatCaches.noindex/watchos27.0-24R360-e829b21a6f8c9b70876ba0858053c04477534ef55a1706bf4c1112bbb242f0a2.sdkstatcache -target arm64_32-apple-watchos9.0 -fmessage-length\=0 -fdiagnostics-show-note-include-stack -fmacro-backtrace-limit\=0 -fno-color-diagnostics -fmodules-prune-interval\=86400 -fmodules-prune-after\=345600 -fbuild-session-file\=/Users/admin/builder/spi-builder-workspace/.derivedData/ModuleCache.noindex/Session.modulevalidation -fmodules-validate-once-per-build-session -Wnon-modular-include-in-framework-module -Werror\=non-modular-include-in-framework-module -Wno-trigraphs -Wno-missing-field-initializers -Wno-missing-prototypes -Wno-return-type -Wno-implicit-atomic-properties -Wno-objc-interface-ivars -Wno-arc-repeated-use-of-weak -Wno-missing-braces -Wparentheses -Wswitch -Wno-unused-function -Wno-unused-label -Wno-unused-parameter -Wno-unused-variable -Wunused-value -Wno-empty-body -Wno-uninitialized -Wno-unknown-pragmas -w -Wno-shadow -Wno-four-char-constants -Wno-conversion -Wno-constant-conversion -Wno-int-conversion -Wno-bool-conversion -Wno-enum-conversion -Wno-float-conversion -Wno-non-literal-null-conversion -Wno-objc-literal-conversion -Wno-shorten-64-to-32 -Wpointer-sign -Wno-newline-eof -Wno-selector -Wno-strict-selector-match -Wno-undeclared-selector -Wno-deprecated-implementations -Wno-implicit-fallthrough -isysroot /Applications/Xcode-27.0.0-Release.Candidate.app/Contents/Developer/Platforms/WatchOS.platform/Developer/SDKs/WatchOS27.0.sdk -fstrict-aliasing -Wprotocol -Wdeprecated-declarations -Wno-sign-conversion -Wno-infinite-recursion -Wno-comma -Wno-block-capture-autoreleasing -Wno-strict-prototypes -Wno-semicolon-before-method-body -index-store-path /Users/admin/builder/spi-builder-workspace/.derivedData/Index.noindex/DataStore @/Users/admin/builder/spi-builder-workspace/.derivedData/Build/Intermediates.noindex/Raylib.build/Debug-watchos/RaylibC-t.build/Objects-normal/arm64_32/e6072d4f65d7061329687fe24e3d63a7-common-args.resp -MMD -MT dependencies -MF /Users/admin/builder/spi-builder-workspace/.derivedData/Build/Intermediates.noindex/Raylib.build/Debug-watchos/RaylibC-t.build/Objects-normal/arm64_32/nsgl_context.d --serialize-diagnostics /Users/admin/builder/spi-builder-workspace/.derivedData/Build/Intermediates.noindex/Raylib.build/Debug-watchos/RaylibC-t.build/Objects-normal/arm64_32/nsgl_context.dia -c /Users/admin/builder/spi-builder-workspace/.dependencies/checkouts/Raylib/Sources/RaylibC/ModifiedRaylibSrc/external/glfw/src/nsgl_context.m -o /Users/admin/builder/spi-builder-workspace/.derivedData/Build/Intermediates.noindex/Raylib.build/Debug-watchos/RaylibC-t.build/Objects-normal/arm64_32/nsgl_context.o -index-unit-output-path /Raylib.build/Debug-watchos/RaylibC-t.build/Objects-normal/arm64_32/nsgl_context.o
ScanDependencies /Users/admin/builder/spi-builder-workspace/.derivedData/Build/Intermediates.noindex/Raylib.build/Debug-watchos/RaylibC-t.build/Objects-normal/arm64_32/cocoa_joystick.o /Users/admin/builder/spi-builder-workspace/.dependencies/checkouts/Raylib/Sources/RaylibC/UnmodifiedRaylibSrc/external/glfw/src/cocoa_joystick.m normal arm64_32 objective-c com.apple.compilers.llvm.clang.1_0.compiler (in target 'RaylibC' from project 'Raylib')
cd /Users/admin/builder/spi-builder-workspace/.swiftpm/xcode
Using response file: /Users/admin/builder/spi-builder-workspace/.derivedData/Build/Intermediates.noindex/Raylib.build/Debug-watchos/RaylibC-t.build/Objects-normal/arm64_32/e6072d4f65d7061329687fe24e3d63a7-common-args.resp
builtin-ScanDependencies -o /Users/admin/builder/spi-builder-workspace/.derivedData/Build/Intermediates.noindex/Raylib.build/Debug-watchos/RaylibC-t.build/Objects-normal/arm64_32/cocoa_joystick.o.scan -- /Applications/Xcode-27.0.0-Release.Candidate.app/Contents/Developer/Toolchains/XcodeDefault.xctoolchain/usr/bin/clang -x objective-c -ivfsstatcache /Users/admin/builder/spi-builder-workspace/.derivedData/SDKStatCaches.noindex/watchos27.0-24R360-e829b21a6f8c9b70876ba0858053c04477534ef55a1706bf4c1112bbb242f0a2.sdkstatcache -target arm64_32-apple-watchos9.0 -fmessage-length\=0 -fdiagnostics-show-note-include-stack -fmacro-backtrace-limit\=0 -fno-color-diagnostics -fmodules-prune-interval\=86400 -fmodules-prune-after\=345600 -fbuild-session-file\=/Users/admin/builder/spi-builder-workspace/.derivedData/ModuleCache.noindex/Session.modulevalidation -fmodules-validate-once-per-build-session -Wnon-modular-include-in-framework-module -Werror\=non-modular-include-in-framework-module -Wno-trigraphs -Wno-missing-field-initializers -Wno-missing-prototypes -Wno-return-type -Wno-implicit-atomic-properties -Wno-objc-interface-ivars -Wno-arc-repeated-use-of-weak -Wno-missing-braces -Wparentheses -Wswitch -Wno-unused-function -Wno-unused-label -Wno-unused-parameter -Wno-unused-variable -Wunused-value -Wno-empty-body -Wno-uninitialized -Wno-unknown-pragmas -w -Wno-shadow -Wno-four-char-constants -Wno-conversion -Wno-constant-conversion -Wno-int-conversion -Wno-bool-conversion -Wno-enum-conversion -Wno-float-conversion -Wno-non-literal-null-conversion -Wno-objc-literal-conversion -Wno-shorten-64-to-32 -Wpointer-sign -Wno-newline-eof -Wno-selector -Wno-strict-selector-match -Wno-undeclared-selector -Wno-deprecated-implementations -Wno-implicit-fallthrough -isysroot /Applications/Xcode-27.0.0-Release.Candidate.app/Contents/Developer/Platforms/WatchOS.platform/Developer/SDKs/WatchOS27.0.sdk -fstrict-aliasing -Wprotocol -Wdeprecated-declarations -Wno-sign-conversion -Wno-infinite-recursion -Wno-comma -Wno-block-capture-autoreleasing -Wno-strict-prototypes -Wno-semicolon-before-method-body -index-store-path /Users/admin/builder/spi-builder-workspace/.derivedData/Index.noindex/DataStore @/Users/admin/builder/spi-builder-workspace/.derivedData/Build/Intermediates.noindex/Raylib.build/Debug-watchos/RaylibC-t.build/Objects-normal/arm64_32/e6072d4f65d7061329687fe24e3d63a7-common-args.resp -MMD -MT dependencies -MF /Users/admin/builder/spi-builder-workspace/.derivedData/Build/Intermediates.noindex/Raylib.build/Debug-watchos/RaylibC-t.build/Objects-normal/arm64_32/cocoa_joystick.d --serialize-diagnostics /Users/admin/builder/spi-builder-workspace/.derivedData/Build/Intermediates.noindex/Raylib.build/Debug-watchos/RaylibC-t.build/Objects-normal/arm64_32/cocoa_joystick.dia -c /Users/admin/builder/spi-builder-workspace/.dependencies/checkouts/Raylib/Sources/RaylibC/UnmodifiedRaylibSrc/external/glfw/src/cocoa_joystick.m -o /Users/admin/builder/spi-builder-workspace/.derivedData/Build/Intermediates.noindex/Raylib.build/Debug-watchos/RaylibC-t.build/Objects-normal/arm64_32/cocoa_joystick.o -index-unit-output-path /Raylib.build/Debug-watchos/RaylibC-t.build/Objects-normal/arm64_32/cocoa_joystick.o
/Users/admin/builder/spi-builder-workspace/.dependencies/checkouts/Raylib/Sources/RaylibC/UnmodifiedRaylibSrc/external/glfw/src/cocoa_joystick.m:40:10: error: 'Kernel/IOKit/hidsystem/IOHIDUsageTables.h' file not found (in target 'RaylibC' from project 'Raylib')
ScanDependencies /Users/admin/builder/spi-builder-workspace/.derivedData/Build/Intermediates.noindex/Raylib.build/Debug-watchos/RaylibC-t.build/Objects-normal/arm64_32/cocoa_time.o /Users/admin/builder/spi-builder-workspace/.dependencies/checkouts/Raylib/Sources/RaylibC/UnmodifiedRaylibSrc/external/glfw/src/cocoa_time.c normal arm64_32 c com.apple.compilers.llvm.clang.1_0.compiler (in target 'RaylibC' from project 'Raylib')
cd /Users/admin/builder/spi-builder-workspace/.swiftpm/xcode
Using response file: /Users/admin/builder/spi-builder-workspace/.derivedData/Build/Intermediates.noindex/Raylib.build/Debug-watchos/RaylibC-t.build/Objects-normal/arm64_32/7187679823f38a2a940e0043cdf9d637-common-args.resp
builtin-ScanDependencies -o /Users/admin/builder/spi-builder-workspace/.derivedData/Build/Intermediates.noindex/Raylib.build/Debug-watchos/RaylibC-t.build/Objects-normal/arm64_32/cocoa_time.o.scan -- /Applications/Xcode-27.0.0-Release.Candidate.app/Contents/Developer/Toolchains/XcodeDefault.xctoolchain/usr/bin/clang -x c -ivfsstatcache /Users/admin/builder/spi-builder-workspace/.derivedData/SDKStatCaches.noindex/watchos27.0-24R360-e829b21a6f8c9b70876ba0858053c04477534ef55a1706bf4c1112bbb242f0a2.sdkstatcache -target arm64_32-apple-watchos9.0 -fmessage-length\=0 -fdiagnostics-show-note-include-stack -fmacro-backtrace-limit\=0 -fno-color-diagnostics -fmodules-prune-interval\=86400 -fmodules-prune-after\=345600 -fbuild-session-file\=/Users/admin/builder/spi-builder-workspace/.derivedData/ModuleCache.noindex/Session.modulevalidation -fmodules-validate-once-per-build-session -Wnon-modular-include-in-framework-module -Werror\=non-modular-include-in-framework-module -Wno-trigraphs -Wno-missing-field-initializers -Wno-missing-prototypes -Wno-return-type -Wno-missing-braces -Wparentheses -Wswitch -Wno-unused-function -Wno-unused-label -Wno-unused-parameter -Wno-unused-variable -Wunused-value -Wno-empty-body -Wno-uninitialized -Wno-unknown-pragmas -w -Wno-shadow -Wno-four-char-constants -Wno-conversion -Wno-constant-conversion -Wno-int-conversion -Wno-bool-conversion -Wno-enum-conversion -Wno-float-conversion -Wno-non-literal-null-conversion -Wno-objc-literal-conversion -Wno-shorten-64-to-32 -Wpointer-sign -Wno-newline-eof -Wno-implicit-fallthrough -isysroot /Applications/Xcode-27.0.0-Release.Candidate.app/Contents/Developer/Platforms/WatchOS.platform/Developer/SDKs/WatchOS27.0.sdk -fstrict-aliasing -Wdeprecated-declarations -Wno-sign-conversion -Wno-infinite-recursion -Wno-comma -Wno-block-capture-autoreleasing -Wno-strict-prototypes -Wno-semicolon-before-method-body -index-store-path /Users/admin/builder/spi-builder-workspace/.derivedData/Index.noindex/DataStore @/Users/admin/builder/spi-builder-workspace/.derivedData/Build/Intermediates.noindex/Raylib.build/Debug-watchos/RaylibC-t.build/Objects-normal/arm64_32/7187679823f38a2a940e0043cdf9d637-common-args.resp -MMD -MT dependencies -MF /Users/admin/builder/spi-builder-workspace/.derivedData/Build/Intermediates.noindex/Raylib.build/Debug-watchos/RaylibC-t.build/Objects-normal/arm64_32/cocoa_time.d --serialize-diagnostics /Users/admin/builder/spi-builder-workspace/.derivedData/Build/Intermediates.noindex/Raylib.build/Debug-watchos/RaylibC-t.build/Objects-normal/arm64_32/cocoa_time.dia -c /Users/admin/builder/spi-builder-workspace/.dependencies/checkouts/Raylib/Sources/RaylibC/UnmodifiedRaylibSrc/external/glfw/src/cocoa_time.c -o /Users/admin/builder/spi-builder-workspace/.derivedData/Build/Intermediates.noindex/Raylib.build/Debug-watchos/RaylibC-t.build/Objects-normal/arm64_32/cocoa_time.o -index-unit-output-path /Raylib.build/Debug-watchos/RaylibC-t.build/Objects-normal/arm64_32/cocoa_time.o
ScanDependencies /Users/admin/builder/spi-builder-workspace/.derivedData/Build/Intermediates.noindex/Raylib.build/Debug-watchos/RaylibC-t.build/Objects-normal/arm64_32/cocoa_monitor.o /Users/admin/builder/spi-builder-workspace/.dependencies/checkouts/Raylib/Sources/RaylibC/UnmodifiedRaylibSrc/external/glfw/src/cocoa_monitor.m normal arm64_32 objective-c com.apple.compilers.llvm.clang.1_0.compiler (in target 'RaylibC' from project 'Raylib')
cd /Users/admin/builder/spi-builder-workspace/.swiftpm/xcode
Using response file: /Users/admin/builder/spi-builder-workspace/.derivedData/Build/Intermediates.noindex/Raylib.build/Debug-watchos/RaylibC-t.build/Objects-normal/arm64_32/e6072d4f65d7061329687fe24e3d63a7-common-args.resp
builtin-ScanDependencies -o /Users/admin/builder/spi-builder-workspace/.derivedData/Build/Intermediates.noindex/Raylib.build/Debug-watchos/RaylibC-t.build/Objects-normal/arm64_32/cocoa_monitor.o.scan -- /Applications/Xcode-27.0.0-Release.Candidate.app/Contents/Developer/Toolchains/XcodeDefault.xctoolchain/usr/bin/clang -x objective-c -ivfsstatcache /Users/admin/builder/spi-builder-workspace/.derivedData/SDKStatCaches.noindex/watchos27.0-24R360-e829b21a6f8c9b70876ba0858053c04477534ef55a1706bf4c1112bbb242f0a2.sdkstatcache -target arm64_32-apple-watchos9.0 -fmessage-length\=0 -fdiagnostics-show-note-include-stack -fmacro-backtrace-limit\=0 -fno-color-diagnostics -fmodules-prune-interval\=86400 -fmodules-prune-after\=345600 -fbuild-session-file\=/Users/admin/builder/spi-builder-workspace/.derivedData/ModuleCache.noindex/Session.modulevalidation -fmodules-validate-once-per-build-session -Wnon-modular-include-in-framework-module -Werror\=non-modular-include-in-framework-module -Wno-trigraphs -Wno-missing-field-initializers -Wno-missing-prototypes -Wno-return-type -Wno-implicit-atomic-properties -Wno-objc-interface-ivars -Wno-arc-repeated-use-of-weak -Wno-missing-braces -Wparentheses -Wswitch -Wno-unused-function -Wno-unused-label -Wno-unused-parameter -Wno-unused-variable -Wunused-value -Wno-empty-body -Wno-uninitialized -Wno-unknown-pragmas -w -Wno-shadow -Wno-four-char-constants -Wno-conversion -Wno-constant-conversion -Wno-int-conversion -Wno-bool-conversion -Wno-enum-conversion -Wno-float-conversion -Wno-non-literal-null-conversion -Wno-objc-literal-conversion -Wno-shorten-64-to-32 -Wpointer-sign -Wno-newline-eof -Wno-selector -Wno-strict-selector-match -Wno-undeclared-selector -Wno-deprecated-implementations -Wno-implicit-fallthrough -isysroot /Applications/Xcode-27.0.0-Release.Candidate.app/Contents/Developer/Platforms/WatchOS.platform/Developer/SDKs/WatchOS27.0.sdk -fstrict-aliasing -Wprotocol -Wdeprecated-declarations -Wno-sign-conversion -Wno-infinite-recursion -Wno-comma -Wno-block-capture-autoreleasing -Wno-strict-prototypes -Wno-semicolon-before-method-body -index-store-path /Users/admin/builder/spi-builder-workspace/.derivedData/Index.noindex/DataStore @/Users/admin/builder/spi-builder-workspace/.derivedData/Build/Intermediates.noindex/Raylib.build/Debug-watchos/RaylibC-t.build/Objects-normal/arm64_32/e6072d4f65d7061329687fe24e3d63a7-common-args.resp -MMD -MT dependencies -MF /Users/admin/builder/spi-builder-workspace/.derivedData/Build/Intermediates.noindex/Raylib.build/Debug-watchos/RaylibC-t.build/Objects-normal/arm64_32/cocoa_monitor.d --serialize-diagnostics /Users/admin/builder/spi-builder-workspace/.derivedData/Build/Intermediates.noindex/Raylib.build/Debug-watchos/RaylibC-t.build/Objects-normal/arm64_32/cocoa_monitor.dia -c /Users/admin/builder/spi-builder-workspace/.dependencies/checkouts/Raylib/Sources/RaylibC/UnmodifiedRaylibSrc/external/glfw/src/cocoa_monitor.m -o /Users/admin/builder/spi-builder-workspace/.derivedData/Build/Intermediates.noindex/Raylib.build/Debug-watchos/RaylibC-t.build/Objects-normal/arm64_32/cocoa_monitor.o -index-unit-output-path /Raylib.build/Debug-watchos/RaylibC-t.build/Objects-normal/arm64_32/cocoa_monitor.o
/Users/admin/builder/spi-builder-workspace/.dependencies/checkouts/Raylib/Sources/RaylibC/UnmodifiedRaylibSrc/external/glfw/src/cocoa_monitor.m:36:10: error: 'IOKit/graphics/IOGraphicsLib.h' file not found (in target 'RaylibC' from project 'Raylib')
ScanDependencies /Users/admin/builder/spi-builder-workspace/.derivedData/Build/Intermediates.noindex/Raylib.build/Debug-watchos/RaylibC-t.build/Objects-normal/arm64_32/cocoa_init.o /Users/admin/builder/spi-builder-workspace/.dependencies/checkouts/Raylib/Sources/RaylibC/ModifiedRaylibSrc/external/glfw/src/cocoa_init.m normal arm64_32 objective-c com.apple.compilers.llvm.clang.1_0.compiler (in target 'RaylibC' from project 'Raylib')
cd /Users/admin/builder/spi-builder-workspace/.swiftpm/xcode
Using response file: /Users/admin/builder/spi-builder-workspace/.derivedData/Build/Intermediates.noindex/Raylib.build/Debug-watchos/RaylibC-t.build/Objects-normal/arm64_32/e6072d4f65d7061329687fe24e3d63a7-common-args.resp
builtin-ScanDependencies -o /Users/admin/builder/spi-builder-workspace/.derivedData/Build/Intermediates.noindex/Raylib.build/Debug-watchos/RaylibC-t.build/Objects-normal/arm64_32/cocoa_init.o.scan -- /Applications/Xcode-27.0.0-Release.Candidate.app/Contents/Developer/Toolchains/XcodeDefault.xctoolchain/usr/bin/clang -x objective-c -ivfsstatcache /Users/admin/builder/spi-builder-workspace/.derivedData/SDKStatCaches.noindex/watchos27.0-24R360-e829b21a6f8c9b70876ba0858053c04477534ef55a1706bf4c1112bbb242f0a2.sdkstatcache -target arm64_32-apple-watchos9.0 -fmessage-length\=0 -fdiagnostics-show-note-include-stack -fmacro-backtrace-limit\=0 -fno-color-diagnostics -fmodules-prune-interval\=86400 -fmodules-prune-after\=345600 -fbuild-session-file\=/Users/admin/builder/spi-builder-workspace/.derivedData/ModuleCache.noindex/Session.modulevalidation -fmodules-validate-once-per-build-session -Wnon-modular-include-in-framework-module -Werror\=non-modular-include-in-framework-module -Wno-trigraphs -Wno-missing-field-initializers -Wno-missing-prototypes -Wno-return-type -Wno-implicit-atomic-properties -Wno-objc-interface-ivars -Wno-arc-repeated-use-of-weak -Wno-missing-braces -Wparentheses -Wswitch -Wno-unused-function -Wno-unused-label -Wno-unused-parameter -Wno-unused-variable -Wunused-value -Wno-empty-body -Wno-uninitialized -Wno-unknown-pragmas -w -Wno-shadow -Wno-four-char-constants -Wno-conversion -Wno-constant-conversion -Wno-int-conversion -Wno-bool-conversion -Wno-enum-conversion -Wno-float-conversion -Wno-non-literal-null-conversion -Wno-objc-literal-conversion -Wno-shorten-64-to-32 -Wpointer-sign -Wno-newline-eof -Wno-selector -Wno-strict-selector-match -Wno-undeclared-selector -Wno-deprecated-implementations -Wno-implicit-fallthrough -isysroot /Applications/Xcode-27.0.0-Release.Candidate.app/Contents/Developer/Platforms/WatchOS.platform/Developer/SDKs/WatchOS27.0.sdk -fstrict-aliasing -Wprotocol -Wdeprecated-declarations -Wno-sign-conversion -Wno-infinite-recursion -Wno-comma -Wno-block-capture-autoreleasing -Wno-strict-prototypes -Wno-semicolon-before-method-body -index-store-path /Users/admin/builder/spi-builder-workspace/.derivedData/Index.noindex/DataStore @/Users/admin/builder/spi-builder-workspace/.derivedData/Build/Intermediates.noindex/Raylib.build/Debug-watchos/RaylibC-t.build/Objects-normal/arm64_32/e6072d4f65d7061329687fe24e3d63a7-common-args.resp -MMD -MT dependencies -MF /Users/admin/builder/spi-builder-workspace/.derivedData/Build/Intermediates.noindex/Raylib.build/Debug-watchos/RaylibC-t.build/Objects-normal/arm64_32/cocoa_init.d --serialize-diagnostics /Users/admin/builder/spi-builder-workspace/.derivedData/Build/Intermediates.noindex/Raylib.build/Debug-watchos/RaylibC-t.build/Objects-normal/arm64_32/cocoa_init.dia -c /Users/admin/builder/spi-builder-workspace/.dependencies/checkouts/Raylib/Sources/RaylibC/ModifiedRaylibSrc/external/glfw/src/cocoa_init.m -o /Users/admin/builder/spi-builder-workspace/.derivedData/Build/Intermediates.noindex/Raylib.build/Debug-watchos/RaylibC-t.build/Objects-normal/arm64_32/cocoa_init.o -index-unit-output-path /Raylib.build/Debug-watchos/RaylibC-t.build/Objects-normal/arm64_32/cocoa_init.o
ScanDependencies /Users/admin/builder/spi-builder-workspace/.derivedData/Build/Intermediates.noindex/Raylib.build/Debug-watchos/RaylibC-t.build/Objects-normal/arm64/window.o /Users/admin/builder/spi-builder-workspace/.dependencies/checkouts/Raylib/Sources/RaylibC/UnmodifiedRaylibSrc/external/glfw/src/window.c normal arm64 c com.apple.compilers.llvm.clang.1_0.compiler (in target 'RaylibC' from project 'Raylib')
cd /Users/admin/builder/spi-builder-workspace/.swiftpm/xcode
Using response file: /Users/admin/builder/spi-builder-workspace/.derivedData/Build/Intermediates.noindex/Raylib.build/Debug-watchos/RaylibC-t.build/Objects-normal/arm64/7187679823f38a2a940e0043cdf9d637-common-args.resp
builtin-ScanDependencies -o /Users/admin/builder/spi-builder-workspace/.derivedData/Build/Intermediates.noindex/Raylib.build/Debug-watchos/RaylibC-t.build/Objects-normal/arm64/window.o.scan -- /Applications/Xcode-27.0.0-Release.Candidate.app/Contents/Developer/Toolchains/XcodeDefault.xctoolchain/usr/bin/clang -x c -ivfsstatcache /Users/admin/builder/spi-builder-workspace/.derivedData/SDKStatCaches.noindex/watchos27.0-24R360-e829b21a6f8c9b70876ba0858053c04477534ef55a1706bf4c1112bbb242f0a2.sdkstatcache -target arm64-apple-watchos9.0 -fmessage-length\=0 -fdiagnostics-show-note-include-stack -fmacro-backtrace-limit\=0 -fno-color-diagnostics -fmodules-prune-interval\=86400 -fmodules-prune-after\=345600 -fbuild-session-file\=/Users/admin/builder/spi-builder-workspace/.derivedData/ModuleCache.noindex/Session.modulevalidation -fmodules-validate-once-per-build-session -Wnon-modular-include-in-framework-module -Werror\=non-modular-include-in-framework-module -Wno-trigraphs -Wno-missing-field-initializers -Wno-missing-prototypes -Wno-return-type -Wno-missing-braces -Wparentheses -Wswitch -Wno-unused-function -Wno-unused-label -Wno-unused-parameter -Wno-unused-variable -Wunused-value -Wno-empty-body -Wno-uninitialized -Wno-unknown-pragmas -w -Wno-shadow -Wno-four-char-constants -Wno-conversion -Wno-constant-conversion -Wno-int-conversion -Wno-bool-conversion -Wno-enum-conversion -Wno-float-conversion -Wno-non-literal-null-conversion -Wno-objc-literal-conversion -Wshorten-64-to-32 -Wpointer-sign -Wno-newline-eof -Wno-implicit-fallthrough -isysroot /Applications/Xcode-27.0.0-Release.Candidate.app/Contents/Developer/Platforms/WatchOS.platform/Developer/SDKs/WatchOS27.0.sdk -fstrict-aliasing -Wdeprecated-declarations -Wno-sign-conversion -Wno-infinite-recursion -Wno-comma -Wno-block-capture-autoreleasing -Wno-strict-prototypes -Wno-semicolon-before-method-body -index-store-path /Users/admin/builder/spi-builder-workspace/.derivedData/Index.noindex/DataStore @/Users/admin/builder/spi-builder-workspace/.derivedData/Build/Intermediates.noindex/Raylib.build/Debug-watchos/RaylibC-t.build/Objects-normal/arm64/7187679823f38a2a940e0043cdf9d637-common-args.resp -MMD -MT dependencies -MF /Users/admin/builder/spi-builder-workspace/.derivedData/Build/Intermediates.noindex/Raylib.build/Debug-watchos/RaylibC-t.build/Objects-normal/arm64/window.d --serialize-diagnostics /Users/admin/builder/spi-builder-workspace/.derivedData/Build/Intermediates.noindex/Raylib.build/Debug-watchos/RaylibC-t.build/Objects-normal/arm64/window.dia -c /Users/admin/builder/spi-builder-workspace/.dependencies/checkouts/Raylib/Sources/RaylibC/UnmodifiedRaylibSrc/external/glfw/src/window.c -o /Users/admin/builder/spi-builder-workspace/.derivedData/Build/Intermediates.noindex/Raylib.build/Debug-watchos/RaylibC-t.build/Objects-normal/arm64/window.o -index-unit-output-path /Raylib.build/Debug-watchos/RaylibC-t.build/Objects-normal/arm64/window.o
ScanDependencies /Users/admin/builder/spi-builder-workspace/.derivedData/Build/Intermediates.noindex/Raylib.build/Debug-watchos/RaylibC-t.build/Objects-normal/arm64_32/cocoa_window.o /Users/admin/builder/spi-builder-workspace/.dependencies/checkouts/Raylib/Sources/RaylibC/ModifiedRaylibSrc/external/glfw/src/cocoa_window.m normal arm64_32 objective-c com.apple.compilers.llvm.clang.1_0.compiler (in target 'RaylibC' from project 'Raylib')
cd /Users/admin/builder/spi-builder-workspace/.swiftpm/xcode
Using response file: /Users/admin/builder/spi-builder-workspace/.derivedData/Build/Intermediates.noindex/Raylib.build/Debug-watchos/RaylibC-t.build/Objects-normal/arm64_32/e6072d4f65d7061329687fe24e3d63a7-common-args.resp
builtin-ScanDependencies -o /Users/admin/builder/spi-builder-workspace/.derivedData/Build/Intermediates.noindex/Raylib.build/Debug-watchos/RaylibC-t.build/Objects-normal/arm64_32/cocoa_window.o.scan -- /Applications/Xcode-27.0.0-Release.Candidate.app/Contents/Developer/Toolchains/XcodeDefault.xctoolchain/usr/bin/clang -x objective-c -ivfsstatcache /Users/admin/builder/spi-builder-workspace/.derivedData/SDKStatCaches.noindex/watchos27.0-24R360-e829b21a6f8c9b70876ba0858053c04477534ef55a1706bf4c1112bbb242f0a2.sdkstatcache -target arm64_32-apple-watchos9.0 -fmessage-length\=0 -fdiagnostics-show-note-include-stack -fmacro-backtrace-limit\=0 -fno-color-diagnostics -fmodules-prune-interval\=86400 -fmodules-prune-after\=345600 -fbuild-session-file\=/Users/admin/builder/spi-builder-workspace/.derivedData/ModuleCache.noindex/Session.modulevalidation -fmodules-validate-once-per-build-session -Wnon-modular-include-in-framework-module -Werror\=non-modular-include-in-framework-module -Wno-trigraphs -Wno-missing-field-initializers -Wno-missing-prototypes -Wno-return-type -Wno-implicit-atomic-properties -Wno-objc-interface-ivars -Wno-arc-repeated-use-of-weak -Wno-missing-braces -Wparentheses -Wswitch -Wno-unused-function -Wno-unused-label -Wno-unused-parameter -Wno-unused-variable -Wunused-value -Wno-empty-body -Wno-uninitialized -Wno-unknown-pragmas -w -Wno-shadow -Wno-four-char-constants -Wno-conversion -Wno-constant-conversion -Wno-int-conversion -Wno-bool-conversion -Wno-enum-conversion -Wno-float-conversion -Wno-non-literal-null-conversion -Wno-objc-literal-conversion -Wno-shorten-64-to-32 -Wpointer-sign -Wno-newline-eof -Wno-selector -Wno-strict-selector-match -Wno-undeclared-selector -Wno-deprecated-implementations -Wno-implicit-fallthrough -isysroot /Applications/Xcode-27.0.0-Release.Candidate.app/Contents/Developer/Platforms/WatchOS.platform/Developer/SDKs/WatchOS27.0.sdk -fstrict-aliasing -Wprotocol -Wdeprecated-declarations -Wno-sign-conversion -Wno-infinite-recursion -Wno-comma -Wno-block-capture-autoreleasing -Wno-strict-prototypes -Wno-semicolon-before-method-body -index-store-path /Users/admin/builder/spi-builder-workspace/.derivedData/Index.noindex/DataStore @/Users/admin/builder/spi-builder-workspace/.derivedData/Build/Intermediates.noindex/Raylib.build/Debug-watchos/RaylibC-t.build/Objects-normal/arm64_32/e6072d4f65d7061329687fe24e3d63a7-common-args.resp -MMD -MT dependencies -MF /Users/admin/builder/spi-builder-workspace/.derivedData/Build/Intermediates.noindex/Raylib.build/Debug-watchos/RaylibC-t.build/Objects-normal/arm64_32/cocoa_window.d --serialize-diagnostics /Users/admin/builder/spi-builder-workspace/.derivedData/Build/Intermediates.noindex/Raylib.build/Debug-watchos/RaylibC-t.build/Objects-normal/arm64_32/cocoa_window.dia -c /Users/admin/builder/spi-builder-workspace/.dependencies/checkouts/Raylib/Sources/RaylibC/ModifiedRaylibSrc/external/glfw/src/cocoa_window.m -o /Users/admin/builder/spi-builder-workspace/.derivedData/Build/Intermediates.noindex/Raylib.build/Debug-watchos/RaylibC-t.build/Objects-normal/arm64_32/cocoa_window.o -index-unit-output-path /Raylib.build/Debug-watchos/RaylibC-t.build/Objects-normal/arm64_32/cocoa_window.o
ScanDependencies /Users/admin/builder/spi-builder-workspace/.derivedData/Build/Intermediates.noindex/Raylib.build/Debug-watchos/RaylibC-t.build/Objects-normal/arm64/vulkan.o /Users/admin/builder/spi-builder-workspace/.dependencies/checkouts/Raylib/Sources/RaylibC/UnmodifiedRaylibSrc/external/glfw/src/vulkan.c normal arm64 c com.apple.compilers.llvm.clang.1_0.compiler (in target 'RaylibC' from project 'Raylib')
cd /Users/admin/builder/spi-builder-workspace/.swiftpm/xcode
Using response file: /Users/admin/builder/spi-builder-workspace/.derivedData/Build/Intermediates.noindex/Raylib.build/Debug-watchos/RaylibC-t.build/Objects-normal/arm64/7187679823f38a2a940e0043cdf9d637-common-args.resp
builtin-ScanDependencies -o /Users/admin/builder/spi-builder-workspace/.derivedData/Build/Intermediates.noindex/Raylib.build/Debug-watchos/RaylibC-t.build/Objects-normal/arm64/vulkan.o.scan -- /Applications/Xcode-27.0.0-Release.Candidate.app/Contents/Developer/Toolchains/XcodeDefault.xctoolchain/usr/bin/clang -x c -ivfsstatcache /Users/admin/builder/spi-builder-workspace/.derivedData/SDKStatCaches.noindex/watchos27.0-24R360-e829b21a6f8c9b70876ba0858053c04477534ef55a1706bf4c1112bbb242f0a2.sdkstatcache -target arm64-apple-watchos9.0 -fmessage-length\=0 -fdiagnostics-show-note-include-stack -fmacro-backtrace-limit\=0 -fno-color-diagnostics -fmodules-prune-interval\=86400 -fmodules-prune-after\=345600 -fbuild-session-file\=/Users/admin/builder/spi-builder-workspace/.derivedData/ModuleCache.noindex/Session.modulevalidation -fmodules-validate-once-per-build-session -Wnon-modular-include-in-framework-module -Werror\=non-modular-include-in-framework-module -Wno-trigraphs -Wno-missing-field-initializers -Wno-missing-prototypes -Wno-return-type -Wno-missing-braces -Wparentheses -Wswitch -Wno-unused-function -Wno-unused-label -Wno-unused-parameter -Wno-unused-variable -Wunused-value -Wno-empty-body -Wno-uninitialized -Wno-unknown-pragmas -w -Wno-shadow -Wno-four-char-constants -Wno-conversion -Wno-constant-conversion -Wno-int-conversion -Wno-bool-conversion -Wno-enum-conversion -Wno-float-conversion -Wno-non-literal-null-conversion -Wno-objc-literal-conversion -Wshorten-64-to-32 -Wpointer-sign -Wno-newline-eof -Wno-implicit-fallthrough -isysroot /Applications/Xcode-27.0.0-Release.Candidate.app/Contents/Developer/Platforms/WatchOS.platform/Developer/SDKs/WatchOS27.0.sdk -fstrict-aliasing -Wdeprecated-declarations -Wno-sign-conversion -Wno-infinite-recursion -Wno-comma -Wno-block-capture-autoreleasing -Wno-strict-prototypes -Wno-semicolon-before-method-body -index-store-path /Users/admin/builder/spi-builder-workspace/.derivedData/Index.noindex/DataStore @/Users/admin/builder/spi-builder-workspace/.derivedData/Build/Intermediates.noindex/Raylib.build/Debug-watchos/RaylibC-t.build/Objects-normal/arm64/7187679823f38a2a940e0043cdf9d637-common-args.resp -MMD -MT dependencies -MF /Users/admin/builder/spi-builder-workspace/.derivedData/Build/Intermediates.noindex/Raylib.build/Debug-watchos/RaylibC-t.build/Objects-normal/arm64/vulkan.d --serialize-diagnostics /Users/admin/builder/spi-builder-workspace/.derivedData/Build/Intermediates.noindex/Raylib.build/Debug-watchos/RaylibC-t.build/Objects-normal/arm64/vulkan.dia -c /Users/admin/builder/spi-builder-workspace/.dependencies/checkouts/Raylib/Sources/RaylibC/UnmodifiedRaylibSrc/external/glfw/src/vulkan.c -o /Users/admin/builder/spi-builder-workspace/.derivedData/Build/Intermediates.noindex/Raylib.build/Debug-watchos/RaylibC-t.build/Objects-normal/arm64/vulkan.o -index-unit-output-path /Raylib.build/Debug-watchos/RaylibC-t.build/Objects-normal/arm64/vulkan.o
SwiftDriver Raylib normal arm64 com.apple.xcode.tools.swift.compiler (in target 'Raylib' from project 'Raylib')
cd /Users/admin/builder/spi-builder-workspace/.swiftpm/xcode
builtin-SwiftDriver -- /Applications/Xcode-27.0.0-Release.Candidate.app/Contents/Developer/Toolchains/XcodeDefault.xctoolchain/usr/bin/swiftc -parse-as-library -module-name Raylib -Onone @/Users/admin/builder/spi-builder-workspace/.derivedData/Build/Intermediates.noindex/Raylib.build/Debug-watchos/Raylib-t.build/Objects-normal/arm64/Raylib.SwiftFileList -DSWIFT_PACKAGE -DDEBUG -DSWIFT_MODULE_RESOURCE_BUNDLE_UNAVAILABLE -Xcc -fmodule-map-file\=/Users/admin/builder/spi-builder-workspace/.derivedData/Build/Intermediates.noindex/GeneratedModuleMaps-watchos/RaylibC.modulemap -DXcode -plugin-path /Applications/Xcode-27.0.0-Release.Candidate.app/Contents/Developer/Toolchains/XcodeDefault.xctoolchain/usr/lib/swift/host/plugins/testing -enable-experimental-feature DebugDescriptionMacro -sdk /Applications/Xcode-27.0.0-Release.Candidate.app/Contents/Developer/Platforms/WatchOS.platform/Developer/SDKs/WatchOS27.0.sdk -target arm64-apple-watchos9.0 -g -module-cache-path /Users/admin/builder/spi-builder-workspace/.derivedData/ModuleCache.noindex -Xfrontend -serialize-debugging-options -enable-testing -suppress-warnings -index-store-path /Users/admin/builder/spi-builder-workspace/.derivedData/Index.noindex/DataStore -Xcc -D_LIBCPP_HARDENING_MODE\=_LIBCPP_HARDENING_MODE_DEBUG -swift-version 5 -I /Users/admin/builder/spi-builder-workspace/.derivedData/Build/Products/Debug-watchos -Isystem /Applications/Xcode-27.0.0-Release.Candidate.app/Contents/Developer/Platforms/WatchOS.platform/Developer/usr/lib -F /Users/admin/builder/spi-builder-workspace/.derivedData/Build/Products/Debug-watchos/PackageFrameworks -F /Users/admin/builder/spi-builder-workspace/.derivedData/Build/Products/Debug-watchos -F /Applications/Xcode-27.0.0-Release.Candidate.app/Contents/Developer/Platforms/WatchOS.platform/Developer/Library/Frameworks -F /Applications/Xcode-27.0.0-Release.Candidate.app/Contents/Developer/Platforms/WatchOS.platform/Developer/SDKs/WatchOS27.0.sdk/Developer/Library/Frameworks -c -j10 -enable-batch-mode -incremental -Xcc -ivfsstatcache -Xcc /Users/admin/builder/spi-builder-workspace/.derivedData/SDKStatCaches.noindex/watchos27.0-24R360-e829b21a6f8c9b70876ba0858053c04477534ef55a1706bf4c1112bbb242f0a2.sdkstatcache -output-file-map /Users/admin/builder/spi-builder-workspace/.derivedData/Build/Intermediates.noindex/Raylib.build/Debug-watchos/Raylib-t.build/Objects-normal/arm64/Raylib-OutputFileMap.json -save-temps -no-color-diagnostics -explicit-module-build -module-cache-path /Users/admin/builder/spi-builder-workspace/.derivedData/Build/Intermediates.noindex/SwiftExplicitPrecompiledModules -clang-scanner-module-cache-path /Users/admin/builder/spi-builder-workspace/.derivedData/ModuleCache.noindex -sdk-module-cache-path /Users/admin/builder/spi-builder-workspace/.derivedData/SDKExplicitPrecompiledModules -emit-dependencies -emit-module -emit-module-path /Users/admin/builder/spi-builder-workspace/.derivedData/Build/Intermediates.noindex/Raylib.build/Debug-watchos/Raylib-t.build/Objects-normal/arm64/Raylib.swiftmodule -serialize-diagnostics -dependency-scan-serialize-diagnostics-path /Users/admin/builder/spi-builder-workspace/.derivedData/Build/Intermediates.noindex/Raylib.build/Debug-watchos/Raylib-t.build/Objects-normal/arm64/Raylib-dependency-scan.dia -validate-clang-modules-once -clang-build-session-file /Users/admin/builder/spi-builder-workspace/.derivedData/ModuleCache.noindex/Session.modulevalidation -Xcc -fmodules-prune-interval\=86400 -Xcc -fmodules-prune-after\=345600 -emit-const-values -const-gather-protocols-list /Users/admin/builder/spi-builder-workspace/.derivedData/Build/Intermediates.noindex/Raylib.build/Debug-watchos/Raylib-t.build/Objects-normal/arm64/Raylib_const_extract_protocols.json -Xcc -I/Users/admin/builder/spi-builder-workspace/.dependencies/checkouts/Raylib/Sources/RaylibC/Include -Xcc -I/Users/admin/builder/spi-builder-workspace/.derivedData/Build/Products/Debug-watchos/include -Xcc -I/Users/admin/builder/spi-builder-workspace/.derivedData/Build/Intermediates.noindex/Raylib.build/Debug-watchos/Raylib-t.build/DerivedSources-normal/arm64 -Xcc -I/Users/admin/builder/spi-builder-workspace/.derivedData/Build/Intermediates.noindex/Raylib.build/Debug-watchos/Raylib-t.build/DerivedSources/arm64 -Xcc -I/Users/admin/builder/spi-builder-workspace/.derivedData/Build/Intermediates.noindex/Raylib.build/Debug-watchos/Raylib-t.build/DerivedSources -Xcc -DSWIFT_PACKAGE -Xcc -DDEBUG\=1 -emit-objc-header -emit-objc-header-path /Users/admin/builder/spi-builder-workspace/.derivedData/Build/Intermediates.noindex/Raylib.build/Debug-watchos/Raylib-t.build/Objects-normal/arm64/Raylib-Swift.h -working-directory /Users/admin/builder/spi-builder-workspace/.swiftpm/xcode -experimental-emit-module-separately -disable-cmo
PruneExplicitPrecompiledModules /Users/admin/builder/spi-builder-workspace/.derivedData/SDKExplicitPrecompiledModules
PruneExplicitPrecompiledModules /Users/admin/builder/spi-builder-workspace/.derivedData/Build/Intermediates.noindex/ExplicitPrecompiledModules
PruneExplicitPrecompiledModules /Users/admin/builder/spi-builder-workspace/.derivedData/Build/Intermediates.noindex/SwiftExplicitPrecompiledModules
2026-09-18 16:43:26.085 xcodebuild[739:4800] [MT] IDERunDestination: Supported platforms for the buildables in the current scheme is empty.
** BUILD FAILED **
The following build commands failed:
ScanDependencies /Users/admin/builder/spi-builder-workspace/.derivedData/Build/Intermediates.noindex/Raylib.build/Debug-watchos/RaylibC-t.build/Objects-normal/arm64_32/rcore.o /Users/admin/builder/spi-builder-workspace/.dependencies/checkouts/Raylib/Sources/RaylibC/UnmodifiedRaylibSrc/rcore.c normal arm64_32 c com.apple.compilers.llvm.clang.1_0.compiler (in target 'RaylibC' from project 'Raylib')
ScanDependencies /Users/admin/builder/spi-builder-workspace/.derivedData/Build/Intermediates.noindex/Raylib.build/Debug-watchos/RaylibC-t.build/Objects-normal/arm64_32/raudio.o /Users/admin/builder/spi-builder-workspace/.dependencies/checkouts/Raylib/Sources/RaylibC/UnmodifiedRaylibSrc/raudio.c normal arm64_32 c com.apple.compilers.llvm.clang.1_0.compiler (in target 'RaylibC' from project 'Raylib')
ScanDependencies /Users/admin/builder/spi-builder-workspace/.derivedData/Build/Intermediates.noindex/Raylib.build/Debug-watchos/RaylibC-t.build/Objects-normal/arm64_32/cocoa_joystick.o /Users/admin/builder/spi-builder-workspace/.dependencies/checkouts/Raylib/Sources/RaylibC/UnmodifiedRaylibSrc/external/glfw/src/cocoa_joystick.m normal arm64_32 objective-c com.apple.compilers.llvm.clang.1_0.compiler (in target 'RaylibC' from project 'Raylib')
ScanDependencies /Users/admin/builder/spi-builder-workspace/.derivedData/Build/Intermediates.noindex/Raylib.build/Debug-watchos/RaylibC-t.build/Objects-normal/arm64_32/cocoa_monitor.o /Users/admin/builder/spi-builder-workspace/.dependencies/checkouts/Raylib/Sources/RaylibC/UnmodifiedRaylibSrc/external/glfw/src/cocoa_monitor.m normal arm64_32 objective-c com.apple.compilers.llvm.clang.1_0.compiler (in target 'RaylibC' from project 'Raylib')
Building workspace SolarSystem with scheme SolarSystem
(5 failures)
BUILD FAILURE 6.4 watchOS