Build Information
Failed to build GoogleCloudLicenseManagerV1, reference 0.5.0 (d82bf6), with Swift 6.2 for Android on 11 Oct 2026 05:53:02 UTC.
Build Command
bash -c docker run --pull=always --rm -v "checkouts-54344847-1":/host -w "$PWD" -e JAVA_HOME="/root/.sdkman/candidates/java/current" -e SPI_BUILD="1" -e SPI_PROCESSING="1" registry.gitlab.com/saguaro1/spi-images:android-6.2-latest swift build --swift-sdk aarch64-unknown-linux-android28 2>&1Build Log
========================================
RunAll
========================================
Builder version: 5.1.1
Interrupt handler set up.
========================================
Checkout
========================================
Clone URL: https://github.com/googleapis/swift-google-cloud-licensemanager-v1.git
Reference: 0.5.0
Initialized empty Git repository in /host/spi-builder-workspace/.git/
hint: Using 'master' as the name for the initial branch. This default branch name
hint: is subject to change. To configure the initial branch name to use in all
hint: of your new repositories, which will suppress this warning, call:
hint:
hint: git config --global init.defaultBranch <name>
hint:
hint: Names commonly chosen instead of 'master' are 'main', 'trunk' and
hint: 'development'. The just-created branch can be renamed via this command:
hint:
hint: git branch -m <name>
From https://github.com/googleapis/swift-google-cloud-licensemanager-v1
* tag 0.5.0 -> FETCH_HEAD
HEAD is now at d82bf69 chore: release circa 2026-10-07 (#1382)
Cloned https://github.com/googleapis/swift-google-cloud-licensemanager-v1.git
Revision (git rev-parse @):
d82bf6947e0700fd853c1365ecec68cac17d438e
SPI manifest file found: $PWD/.spi.yml
SUCCESS checkout https://github.com/googleapis/swift-google-cloud-licensemanager-v1.git at 0.5.0
========================================
Build
========================================
Selected platform: android
Swift version: 6.2
Building package at path: $PWD
https://github.com/googleapis/swift-google-cloud-licensemanager-v1.git
Running build ...
bash -c docker run --pull=always --rm -v "checkouts-54344847-1":/host -w "$PWD" -e JAVA_HOME="/root/.sdkman/candidates/java/current" -e SPI_BUILD="1" -e SPI_PROCESSING="1" registry.gitlab.com/saguaro1/spi-images:android-6.2-latest swift build --swift-sdk aarch64-unknown-linux-android28 2>&1
android-6.2-latest: Pulling from saguaro1/spi-images
Digest: sha256:a839c9ce201f1dacc8eb056626ec7ab0a1c6d53d7b77c83feda395f4507c51be
Status: Image is up to date for registry.gitlab.com/saguaro1/spi-images:android-6.2-latest
Fetching https://github.com/googleapis/swift-google-rpc
Fetching https://github.com/apple/swift-log
Fetching https://github.com/googleapis/swift-google-longrunning
Fetching https://github.com/googleapis/swift-google-auth
Fetching https://github.com/googleapis/swift-google-cloud-location
Fetching https://github.com/googleapis/swift-google-wkt
[1/422] Fetching swift-google-rpc
[99/974] Fetching swift-google-rpc, swift-google-cloud-location
[178/9231] Fetching swift-google-rpc, swift-google-cloud-location, swift-log
[423/10254] Fetching swift-google-rpc, swift-google-cloud-location, swift-log, swift-google-wkt
[1188/10873] Fetching swift-google-rpc, swift-google-cloud-location, swift-log, swift-google-wkt, swift-google-longrunning
[2445/11896] Fetching swift-google-rpc, swift-google-cloud-location, swift-log, swift-google-wkt, swift-google-longrunning, swift-google-auth
Fetched https://github.com/googleapis/swift-google-longrunning from cache (0.39s)
Fetched https://github.com/googleapis/swift-google-wkt from cache (0.39s)
[1313/10254] Fetching swift-google-rpc, swift-google-cloud-location, swift-log, swift-google-auth
Fetching https://github.com/googleapis/swift-google-gax
Fetched https://github.com/googleapis/swift-google-rpc from cache (0.44s)
[3475/9832] Fetching swift-google-cloud-location, swift-log, swift-google-auth
Fetched https://github.com/googleapis/swift-google-auth from cache (0.53s)
Fetched https://github.com/googleapis/swift-google-cloud-location from cache (0.53s)
Fetched https://github.com/apple/swift-log from cache (0.53s)
[1/1748] Fetching swift-google-gax
Fetched https://github.com/googleapis/swift-google-gax from cache (0.41s)
Computing version for https://github.com/googleapis/swift-google-wkt
Computed https://github.com/googleapis/swift-google-wkt at 0.5.0 (0.95s)
Fetching https://github.com/swift-extras/swift-extras-base64
[1/954] Fetching swift-extras-base64
Fetched https://github.com/swift-extras/swift-extras-base64 from cache (0.37s)
Computing version for https://github.com/googleapis/swift-google-rpc
Computed https://github.com/googleapis/swift-google-rpc at 0.5.0 (0.52s)
Computing version for https://github.com/googleapis/swift-google-longrunning
Computed https://github.com/googleapis/swift-google-longrunning at 0.5.0 (0.15s)
Computing version for https://github.com/googleapis/swift-google-gax
Computed https://github.com/googleapis/swift-google-gax at 0.5.0 (0.15s)
Fetching https://github.com/swift-server/async-http-client.git
Fetching https://github.com/apple/swift-nio
[1/16464] Fetching async-http-client
[1813/102838] Fetching async-http-client, swift-nio
Fetched https://github.com/swift-server/async-http-client.git from cache (3.55s)
Fetched https://github.com/apple/swift-nio from cache (3.59s)
Computing version for https://github.com/googleapis/swift-google-cloud-location
Computed https://github.com/googleapis/swift-google-cloud-location at 0.5.0 (3.75s)
Computing version for https://github.com/googleapis/swift-google-auth
Computed https://github.com/googleapis/swift-google-auth at 0.5.0 (0.14s)
Fetching https://github.com/apple/swift-system.git
Fetching https://github.com/vapor/jwt-kit.git
[1/7241] Fetching swift-system
[1015/17495] Fetching swift-system, jwt-kit
Fetched https://github.com/apple/swift-system.git from cache (0.92s)
Fetched https://github.com/vapor/jwt-kit.git from cache (0.92s)
Computing version for https://github.com/swift-extras/swift-extras-base64
Computed https://github.com/swift-extras/swift-extras-base64 at 1.2.0 (1.06s)
Computing version for https://github.com/swift-server/async-http-client.git
Computed https://github.com/swift-server/async-http-client.git at 1.36.2 (0.18s)
Fetching https://github.com/apple/swift-service-context.git
Fetching https://github.com/apple/swift-nio-extras.git
Fetching https://github.com/apple/swift-configuration.git
Fetching https://github.com/apple/swift-nio-ssl.git
Fetching https://github.com/apple/swift-distributed-tracing.git
Fetching https://github.com/apple/swift-algorithms.git
[1/3928] Fetching swift-configuration
[2/5428] Fetching swift-configuration, swift-service-context
[312/11979] Fetching swift-configuration, swift-service-context, swift-distributed-tracing
[313/18143] Fetching swift-configuration, swift-service-context, swift-distributed-tracing, swift-algorithms
[560/35014] Fetching swift-configuration, swift-service-context, swift-distributed-tracing, swift-algorithms, swift-nio-ssl
[1152/41717] Fetching swift-configuration, swift-service-context, swift-distributed-tracing, swift-algorithms, swift-nio-ssl, swift-nio-extras
Fetched https://github.com/apple/swift-configuration.git from cache (0.65s)
Fetching https://github.com/apple/swift-atomics.git
[23519/37789] Fetching swift-service-context, swift-distributed-tracing, swift-algorithms, swift-nio-ssl, swift-nio-extras
Fetched https://github.com/apple/swift-distributed-tracing.git from cache (0.86s)
Fetching https://github.com/apple/swift-nio-transport-services.git
[1/1889] Fetching swift-atomics
Fetched https://github.com/apple/swift-atomics.git from cache (0.56s)
[1/2867] Fetching swift-nio-transport-services
Fetching https://github.com/apple/swift-nio-http2.git
Fetched https://github.com/apple/swift-nio-transport-services.git from cache (0.49s)
Fetched https://github.com/apple/swift-service-context.git from cache (1.37s)
Fetched https://github.com/apple/swift-algorithms.git from cache (1.37s)
Fetched https://github.com/apple/swift-nio-extras.git from cache (1.37s)
Fetched https://github.com/apple/swift-nio-ssl.git from cache (1.38s)
[1/12294] Fetching swift-nio-http2
Fetched https://github.com/apple/swift-nio-http2.git from cache (0.96s)
Computing version for https://github.com/apple/swift-service-context.git
Computed https://github.com/apple/swift-service-context.git at 1.3.0 (2.34s)
Computing version for https://github.com/apple/swift-algorithms.git
Computed https://github.com/apple/swift-algorithms.git at 1.2.1 (0.89s)
Fetching https://github.com/apple/swift-numerics.git
[1/6728] Fetching swift-numerics
Fetched https://github.com/apple/swift-numerics.git from cache (0.55s)
Computing version for https://github.com/apple/swift-log
Computed https://github.com/apple/swift-log at 1.16.1 (0.71s)
Computing version for https://github.com/apple/swift-distributed-tracing.git
Computed https://github.com/apple/swift-distributed-tracing.git at 1.5.0 (0.15s)
Computing version for https://github.com/apple/swift-atomics.git
Computed https://github.com/apple/swift-atomics.git at 1.3.1 (0.15s)
Computing version for https://github.com/apple/swift-numerics.git
Computed https://github.com/apple/swift-numerics.git at 1.1.1 (0.14s)
Computing version for https://github.com/apple/swift-nio
Computed https://github.com/apple/swift-nio at 2.104.0 (0.35s)
Fetching https://github.com/apple/swift-collections.git
[1/28703] Fetching swift-collections
Fetched https://github.com/apple/swift-collections.git from cache (1.27s)
Computing version for https://github.com/apple/swift-configuration.git
Computed https://github.com/apple/swift-configuration.git at 1.2.2 (2.08s)
Fetching https://github.com/swift-server/swift-service-lifecycle
[1/2867] Fetching swift-service-lifecycle
Fetched https://github.com/swift-server/swift-service-lifecycle from cache (0.46s)
Computing version for https://github.com/apple/swift-nio-transport-services.git
Computed https://github.com/apple/swift-nio-transport-services.git at 1.28.0 (0.62s)
Computing version for https://github.com/swift-server/swift-service-lifecycle
Computed https://github.com/swift-server/swift-service-lifecycle at 2.12.1 (0.14s)
Fetching https://github.com/apple/swift-async-algorithms.git
[1/6820] Fetching swift-async-algorithms
Fetched https://github.com/apple/swift-async-algorithms.git from cache (0.56s)
Computing version for https://github.com/apple/swift-async-algorithms.git
Computed https://github.com/apple/swift-async-algorithms.git at 1.1.7 (0.76s)
Computing version for https://github.com/apple/swift-collections.git
Computed https://github.com/apple/swift-collections.git at 1.7.2 (0.23s)
Computing version for https://github.com/apple/swift-nio-http2.git
Computed https://github.com/apple/swift-nio-http2.git at 1.46.0 (0.16s)
Computing version for https://github.com/vapor/jwt-kit.git
Computed https://github.com/vapor/jwt-kit.git at 5.7.1 (0.14s)
Fetching https://github.com/apple/swift-certificates.git
Fetching https://github.com/apple/swift-crypto.git
[1/18629] Fetching swift-crypto
[2/26238] Fetching swift-crypto, swift-certificates
Fetched https://github.com/apple/swift-certificates.git from cache (1.27s)
Fetched https://github.com/apple/swift-crypto.git from cache (1.29s)
Computing version for https://github.com/apple/swift-crypto.git
Computed https://github.com/apple/swift-crypto.git at 4.5.2 (1.89s)
Fetching https://github.com/apple/swift-asn1.git
[1/2009] Fetching swift-asn1
Fetched https://github.com/apple/swift-asn1.git from cache (0.45s)
Computing version for https://github.com/apple/swift-asn1.git
Computed https://github.com/apple/swift-asn1.git at 1.7.3 (0.63s)
Computing version for https://github.com/apple/swift-certificates.git
Computed https://github.com/apple/swift-certificates.git at 1.21.0 (0.20s)
Computing version for https://github.com/apple/swift-nio-ssl.git
Computed https://github.com/apple/swift-nio-ssl.git at 2.37.5 (0.18s)
Computing version for https://github.com/apple/swift-system.git
Computed https://github.com/apple/swift-system.git at 1.8.1 (0.18s)
Computing version for https://github.com/apple/swift-nio-extras.git
Computed https://github.com/apple/swift-nio-extras.git at 1.35.1 (0.26s)
Fetching https://github.com/apple/swift-http-types.git
Fetching https://github.com/apple/swift-http-structured-headers.git
[1/1939] Fetching swift-http-types
[409/3192] Fetching swift-http-types, swift-http-structured-headers
Fetched https://github.com/apple/swift-http-structured-headers.git from cache (0.40s)
Fetched https://github.com/apple/swift-http-types.git from cache (0.40s)
Computing version for https://github.com/apple/swift-http-structured-headers.git
Computed https://github.com/apple/swift-http-structured-headers.git at 1.7.0 (0.55s)
Computing version for https://github.com/apple/swift-http-types.git
Computed https://github.com/apple/swift-http-types.git at 1.8.0 (0.17s)
Creating working copy for https://github.com/apple/swift-nio-transport-services.git
Working copy of https://github.com/apple/swift-nio-transport-services.git resolved at 1.28.0
Creating working copy for https://github.com/apple/swift-crypto.git
Working copy of https://github.com/apple/swift-crypto.git resolved at 4.5.2
Creating working copy for https://github.com/apple/swift-asn1.git
Working copy of https://github.com/apple/swift-asn1.git resolved at 1.7.3
Creating working copy for https://github.com/googleapis/swift-google-longrunning
Working copy of https://github.com/googleapis/swift-google-longrunning resolved at 0.5.0
Creating working copy for https://github.com/vapor/jwt-kit.git
Working copy of https://github.com/vapor/jwt-kit.git resolved at 5.7.1
Creating working copy for https://github.com/apple/swift-nio-extras.git
Working copy of https://github.com/apple/swift-nio-extras.git resolved at 1.35.1
Creating working copy for https://github.com/apple/swift-distributed-tracing.git
Working copy of https://github.com/apple/swift-distributed-tracing.git resolved at 1.5.0
Creating working copy for https://github.com/apple/swift-http-types.git
Working copy of https://github.com/apple/swift-http-types.git resolved at 1.8.0
Creating working copy for https://github.com/apple/swift-http-structured-headers.git
Working copy of https://github.com/apple/swift-http-structured-headers.git resolved at 1.7.0
Creating working copy for https://github.com/googleapis/swift-google-gax
Working copy of https://github.com/googleapis/swift-google-gax resolved at 0.5.0
Creating working copy for https://github.com/apple/swift-configuration.git
Working copy of https://github.com/apple/swift-configuration.git resolved at 1.2.2
Creating working copy for https://github.com/apple/swift-nio
Working copy of https://github.com/apple/swift-nio resolved at 2.104.0
Creating working copy for https://github.com/apple/swift-nio-http2.git
Working copy of https://github.com/apple/swift-nio-http2.git resolved at 1.46.0
Creating working copy for https://github.com/apple/swift-nio-ssl.git
Working copy of https://github.com/apple/swift-nio-ssl.git resolved at 2.37.5
Creating working copy for https://github.com/apple/swift-atomics.git
Working copy of https://github.com/apple/swift-atomics.git resolved at 1.3.1
Creating working copy for https://github.com/apple/swift-certificates.git
Working copy of https://github.com/apple/swift-certificates.git resolved at 1.21.0
Creating working copy for https://github.com/googleapis/swift-google-rpc
Working copy of https://github.com/googleapis/swift-google-rpc resolved at 0.5.0
Creating working copy for https://github.com/apple/swift-algorithms.git
Working copy of https://github.com/apple/swift-algorithms.git resolved at 1.2.1
Creating working copy for https://github.com/swift-extras/swift-extras-base64
Working copy of https://github.com/swift-extras/swift-extras-base64 resolved at 1.2.0
Creating working copy for https://github.com/apple/swift-log
Working copy of https://github.com/apple/swift-log resolved at 1.16.1
Creating working copy for https://github.com/googleapis/swift-google-cloud-location
Working copy of https://github.com/googleapis/swift-google-cloud-location resolved at 0.5.0
Creating working copy for https://github.com/googleapis/swift-google-auth
Working copy of https://github.com/googleapis/swift-google-auth resolved at 0.5.0
Creating working copy for https://github.com/swift-server/async-http-client.git
Working copy of https://github.com/swift-server/async-http-client.git resolved at 1.36.2
Creating working copy for https://github.com/apple/swift-numerics.git
Working copy of https://github.com/apple/swift-numerics.git resolved at 1.1.1
Creating working copy for https://github.com/apple/swift-service-context.git
Working copy of https://github.com/apple/swift-service-context.git resolved at 1.3.0
Creating working copy for https://github.com/apple/swift-collections.git
Working copy of https://github.com/apple/swift-collections.git resolved at 1.7.2
Creating working copy for https://github.com/apple/swift-async-algorithms.git
Working copy of https://github.com/apple/swift-async-algorithms.git resolved at 1.1.7
Creating working copy for https://github.com/apple/swift-system.git
Working copy of https://github.com/apple/swift-system.git resolved at 1.8.1
Creating working copy for https://github.com/swift-server/swift-service-lifecycle
Working copy of https://github.com/swift-server/swift-service-lifecycle resolved at 2.12.1
Creating working copy for https://github.com/googleapis/swift-google-wkt
Working copy of https://github.com/googleapis/swift-google-wkt resolved at 0.5.0
Building for debugging...
[0/966] Write sources
[27/966] Write swift-version--11D90AFD9DD3AB2.txt
[28/966] Compiling _NumericsShims _NumericsShims.c
[29/977] Compiling exponentiation.cc
[29/977] Write sources
[34/977] Compiling _AtomicsShims.c
[35/977] Compiling sha512.cc
[36/979] Compiling div.cc
[37/983] Compiling sqrt.cc
[37/983] Write sources
[46/985] Compiling digest_extra.cc
[47/1005] Compiling params.cc
[48/1016] Compiling dh_asn1.cc
[49/1016] Write sources
[65/1030] Emitting module _NIOBase64
[66/1044] Emitting module _CertificateInternals
[67/1044] Emitting module _NIODataStructures
[68/1044] Compiling InternalCollectionsUtilities BorrowingIteratorProtocol+Equality.swift
[69/1044] Compiling InternalCollectionsUtilities BorrowingIteratorProtocol+Extras.swift
[70/1045] Compiling RealModule Real.swift
[71/1045] Compiling RealModule RealFunctions.swift
[72/1045] Compiling RealModule Float80+Real.swift
[73/1045] Compiling InternalCollectionsUtilities Debugging.swift
[74/1045] Compiling InternalCollectionsUtilities Descriptions.swift
[75/1045] Emitting module RealModule
[76/1045] Emitting module ServiceContextModule
[77/1045] Compiling ServiceContextModule ServiceContextKey.swift
[78/1045] Compiling ServiceContextModule ServiceContext.swift
[79/1046] Compiling _NIOBase64 Base64.swift
[80/1046] Compiling InternalCollectionsUtilities FixedWidthInteger+roundUpToPowerOfTwo.swift
[81/1046] Compiling InternalCollectionsUtilities Integer rank.swift
[82/1046] Compiling InternalCollectionsUtilities UInt+first and last set bit.swift
[83/1046] Compiling InternalCollectionsUtilities UInt+reversed.swift
[86/1050] Compiling RealModule RelaxedArithmetic.swift
[87/1050] Compiling InternalCollectionsUtilities UnsafeRawBufferPointer+Extras.swift
[88/1050] Compiling InternalCollectionsUtilities _SortedCollection.swift
[89/1050] Compiling InternalCollectionsUtilities _UniqueCollection.swift
[94/1050] Compiling InternalCollectionsUtilities Iterable+CopyContents.swift
[95/1050] Compiling InternalCollectionsUtilities Iterable+Equality.swift
[96/1050] Compiling InternalCollectionsUtilities LifetimeOverride.swift
[97/1050] Compiling InternalCollectionsUtilities MutableRef.swift
[98/1050] Compiling InternalCollectionsUtilities MutableSpan+Extras.swift
[99/1050] Compiling InternalCollectionsUtilities OutputSpan+Extras.swift
[100/1050] Compiling InternalCollectionsUtilities RandomAccessCollection+Offsets.swift
[101/1050] Compiling InternalCollectionsUtilities Span+Extras.swift
[102/1050] Emitting module InternalCollectionsUtilities
[103/1050] Compiling InternalCollectionsUtilities UnsafeMutablePointer+Extras.swift
[104/1050] Compiling InternalCollectionsUtilities UnsafeMutableRawBufferPointer+Extras.swift
[105/1050] Compiling InternalCollectionsUtilities UnsafePointer+Extras.swift
[106/1050] Compiling _CertificateInternals _TinyArray.swift
[107/1051] Compiling Logging LoggingSystem.swift
[107/1051] Write sources
[115/1052] Compiling RealModule Float16+Real.swift
[118/1052] Compiling InternalCollectionsUtilities Strideable+LimitHelpers.swift
[119/1052] Compiling InternalCollectionsUtilities String+Padding.swift
[120/1052] Compiling InternalCollectionsUtilities TemporaryAllocation.swift
[121/1052] Compiling InternalCollectionsUtilities _UnsafeBitSet+Index.swift
[122/1053] Compiling InternalCollectionsUtilities _UnsafeBitSet+_Word.swift
[123/1053] Compiling InternalCollectionsUtilities _UnsafeBitSet.swift
[124/1053] Compiling InternalCollectionsUtilities UnsafeBufferPointer+Extras.swift
[125/1053] Compiling InternalCollectionsUtilities UnsafeMutableBufferPointer+Extras.swift
[126/1054] Compiling CXKCPShims shims.c
[131/1056] Compiling Logging Logger+Attributes.swift
[135/1060] Compiling Logging Logger.swift
[136/1060] Compiling Logging Logger+With.swift
[136/1062] Wrapping AST for _NIOBase64 for debugging
[137/1067] Wrapping AST for ServiceContextModule for debugging
[141/1067] Wrapping AST for _CertificateInternals for debugging
[143/1071] Compiling _NIODataStructures _TinyArray.swift
[144/1071] Compiling _NIODataStructures Heap.swift
[145/1071] Compiling _NIODataStructures PriorityQueue.swift
[145/1072] Wrapping AST for RealModule for debugging
[147/1072] Compiling SimpleFIPS202.c
[148/1072] Compiling KeccakSponge.c
[150/1072] Compiling Instrumentation NoOpInstrument.swift
[151/1072] Emitting module Instrumentation
[151/1072] Wrapping AST for _NIODataStructures for debugging
[152/1072] Wrapping AST for InternalCollectionsUtilities for debugging
[154/1072] Compiling SpanPreview OutputSpan+InputSpanHelpers.swift
[154/1072] Compiling KeccakHash.c
[156/1072] Emitting module SpanPreview
[156/1072] Compiling CNIOWindows shim.c
[158/1072] Compiling SpanPreview MutableSpan+InputSpanHelpers.swift
[159/1072] Compiling SpanPreview InputSpan.swift
[159/1072] Compiling CNIOWindows WSAStartup.c
[160/1072] Compiling CNIOWASI CNIOWASI.c
[161/1073] Compiling CNIOPosix event_loop_id.c
[163/1073] Compiling Instrumentation MultiplexInstrument.swift
[165/1073] Compiling Instrumentation InstrumentationSystem.swift
[165/1073] Compiling CSystem shims.c
[166/1073] Compiling CNIOOpenBSD shim.c
[171/1128] Compiling CNIOLinux shim.c
[172/1152] Wrapping AST for SpanPreview for debugging
[173/1152] Compiling CNIOLinux liburing_shims.c
[175/1152] Compiling DequeModule UniqueDeque+Consumption.swift
[176/1152] Compiling DequeModule UniqueDeque+ContainerOperations.swift
[177/1152] Compiling DequeModule UniqueDeque+Deprecations.swift
[178/1152] Compiling DequeModule UniqueDeque+Descriptions.swift
[179/1152] Compiling DequeModule UniqueDeque+Equatable.swift
[180/1152] Compiling DequeModule UniqueDeque+Hashable.swift
[180/1157] Compiling KeccakP-1600-opt64.c
[182/1157] Emitting module SwiftASN1
[182/1157] Compiling CNIOLLHTTP c_nio_http.c
[183/1157] Compiling CNIOLLHTTP c_nio_api.c
[184/1157] Compiling CNIOFreeBSD shim.c
[186/1157] Compiling DequeModule UniqueDeque+Initializers.swift
[187/1157] Compiling DequeModule UniqueDeque+Insertions.swift
[188/1157] Compiling DequeModule UniqueDeque+Iterable.swift
[189/1157] Compiling DequeModule UniqueDeque+Prepend.swift
[190/1157] Compiling DequeModule UniqueDeque+Removals.swift
[190/1157] Compiling CNIOLLHTTP c_nio_llhttp.c
[192/1157] Compiling DequeModule _DequeBuffer.swift
[193/1157] Compiling DequeModule _DequeBufferHeader.swift
[194/1157] Compiling DequeModule RigidDeque+Append.swift
[195/1157] Compiling DequeModule RigidDeque+Consumption.swift
[196/1157] Compiling DequeModule RigidDeque+ContainerOperations.swift
[197/1157] Compiling DequeModule RigidDeque+Deprecations.swift
[199/1157] Compiling CNIOExtrasZlib zutil.c
[200/1157] Compiling DequeModule Deque+ExpressibleByArrayLiteral.swift
[201/1157] Compiling DequeModule Deque+Extras.swift
[202/1157] Compiling DequeModule Deque+Hashable.swift
[203/1157] Compiling CNIOExtrasZlib trees.c
[205/1157] Compiling DequeModule RigidDeque+Descriptions.swift
[206/1157] Compiling DequeModule RigidDeque+Equatable.swift
[207/1157] Compiling DequeModule RigidDeque+Hashable.swift
[208/1157] Compiling DequeModule RigidDeque+Initializers.swift
[209/1157] Compiling DequeModule RigidDeque+Insertions.swift
[210/1157] Compiling DequeModule RigidDeque+Iterable.swift
[211/1157] Compiling DequeModule RigidDeque+Prepend.swift
[212/1157] Compiling DequeModule RigidDeque+Removals.swift
[213/1157] Compiling DequeModule RigidDeque+Replacements.swift
[214/1157] Compiling DequeModule RigidDeque+Testing.swift
[215/1157] Compiling DequeModule RigidDeque.swift
[216/1157] Compiling DequeModule UniqueDeque+Append.swift
[216/1157] Compiling CNIOExtrasZlib inftrees.c
[217/1157] Compiling CNIOExtrasZlib inffast.c
[218/1157] Compiling CNIOExtrasZlib inflate.c
[219/1157] Compiling CNIOExtrasZlib crc32.c
[220/1157] Compiling CNIOExtrasZlib deflate.c
[221/1157] Compiling CNIODarwin shim.c
[222/1157] Compiling CNIOExtrasZlib adler32.c
[223/1157] Compiling fiat_p256_adx_sqr.S
[224/1157] Compiling fiat_p256_adx_mul.S
[225/1157] Compiling fiat_curve25519_adx_square.S
[226/1157] Compiling fiat_curve25519_adx_mul.S
[228/1157] Compiling ExtrasBase64 Base32.swift
[229/1157] Compiling ExtrasBase64 Base32+Span.swift
[229/1157] Compiling CNIOBoringSSLShims shims.c
[231/1157] Compiling DequeModule Deque+Codable.swift
[232/1157] Compiling DequeModule Deque+Collection.swift
[233/1157] Compiling DequeModule Deque+CustomReflectable.swift
[234/1157] Compiling DequeModule Deque+Descriptions.swift
[235/1157] Compiling DequeModule Deque+Equatable.swift
[239/1157] Compiling DequeModule Deque+Testing.swift
[240/1157] Compiling DequeModule Deque._Storage.swift
[241/1157] Compiling DequeModule Deque._UnsafeHandle.swift
[242/1157] Compiling DequeModule Deque.swift
[270/1162] Emitting module Logging
[277/1162] Compiling Logging MetadataProvider.swift
[279/1164] Compiling Instrumentation Instrument.swift
[280/1164] Compiling Instrumentation Locks.swift
[282/1165] Wrapping AST for Logging for debugging
[283/1165] Wrapping AST for SwiftASN1 for debugging
[284/1165] Wrapping AST for Instrumentation for debugging
[286/1173] Emitting module SystemPackage
[298/1173] Compiling Tracing TracingTime.swift
[299/1174] Emitting module Tracing
[300/1174] Compiling Tracing TracerProtocol+Legacy.swift
[301/1174] Compiling Tracing WithTracer.swift
[302/1174] Compiling Tracing Tracer.swift
[303/1174] Compiling Tracing TracerProtocol.swift
[303/1174] Compiling tls_record.cc
[305/1174] Compiling Tracing SpanProtocol.swift
[306/1174] Compiling Tracing InstrumentationSystem+Tracing.swift
[307/1174] Compiling Tracing NoOpTracer.swift
[308/1175] Compiling tls_method.cc
[309/1175] Wrapping AST for Tracing for debugging
[311/1175] Compiling SystemPackage SystemString.swift
[312/1175] Compiling SystemPackage Util+StringArray.swift
[313/1175] Compiling SystemPackage Util.swift
[314/1175] Compiling SystemPackage UtilConsumers.swift
[315/1175] Compiling SystemPackage WinSDK+Overlay.swift
[316/1176] Compiling tls13_server.cc
[318/1176] Compiling DequeModule UniqueDeque+Replacements.swift
[319/1176] Compiling DequeModule UniqueDeque.swift
[320/1176] Compiling DequeModule _DequeSlot.swift
[321/1176] Compiling DequeModule _UnsafeDequeHandle.swift
[322/1176] Compiling DequeModule _UnsafeDequeSegments.swift
[322/1176] Wrapping AST for SystemPackage for debugging
[323/1176] Compiling tls13_enc.cc
[324/1176] Compiling tls13_client.cc
[326/1176] Emitting module DequeModule
[327/1177] Compiling tls13_both.cc
[328/1220] Compiling t1_enc.cc
[329/1220] Wrapping AST for DequeModule for debugging
[330/1220] Compiling ssl_x509.cc
[331/1220] Compiling ssl_versions.cc
[332/1220] Compiling ssl_transcript.cc
[334/1220] Compiling Configuration EnvironmentKeyEncoder.swift
[335/1220] Compiling Configuration EnvironmentVariablesProvider.swift
[336/1220] Compiling Configuration CommonProviderFileSystem.swift
[337/1220] Compiling Configuration DirectoryFilesProvider.swift
[338/1220] Compiling Configuration FileProvider.swift
[339/1220] Compiling Configuration FileProviderSnapshot.swift
[339/1225] Compiling ssl_stat.cc
[340/1225] Compiling ssl_session.cc
[341/1225] Compiling ssl_key_share.cc
[342/1225] Compiling ssl_privkey.cc
[343/1225] Compiling ssl_file.cc
[344/1225] Compiling ssl_lib.cc
[346/1225] Compiling ExtrasBase64 Base64.swift
[347/1225] Compiling ExtrasBase64 Base64+Span.swift
[348/1225] Emitting module ExtrasBase64
[349/1257] Compiling ssl_credential.cc
[350/1257] Compiling ssl_buffer.cc
[351/1257] Wrapping AST for ExtrasBase64 for debugging
[352/1257] Compiling ssl_cipher.cc
[354/1257] Compiling GoogleWKT WKTInt64Value.swift
[355/1257] Compiling GoogleWKT WKTRecursive.swift
[356/1257] Compiling GoogleWKT WKTDoubleValue.swift
[357/1257] Compiling GoogleWKT WKTDuration.swift
[358/1257] Compiling GoogleWKT WKTEmpty.swift
[359/1257] Compiling GoogleWKT WKTFieldMask.swift
[360/1257] Compiling GoogleWKT WKTStringValue.swift
[361/1257] Compiling GoogleWKT WKTTimestamp.swift
[362/1257] Compiling GoogleWKT WKTUInt32Value.swift
[363/1257] Compiling GoogleWKT WKTUInt64Value.swift
[364/1257] Compiling GoogleWKT WKTValue.swift
[365/1257] Compiling GoogleWKT WKTApi.swift
[366/1257] Compiling Configuration CombineLatestManyStorage.swift
[367/1257] Compiling Configuration AsyncSequences.swift
[368/1257] Compiling Configuration FoundationExtensions.swift
[369/1257] Compiling Configuration Span.swift
[370/1257] Compiling Configuration ConfigBytesFromStringDecoder.swift
[371/1257] Compiling Configuration JSONSnapshot.swift
[372/1257] Compiling Configuration PropertyListSnapshot.swift
[373/1257] Compiling Configuration ReloadingFileProvider.swift
[374/1257] Compiling Configuration ReloadingFileProviderMetrics.swift
[375/1257] Compiling Configuration YAMLSnapshot.swift
[376/1257] Compiling Configuration InMemoryProvider.swift
[377/1257] Compiling Configuration MutableInMemoryProvider.swift
[378/1257] Compiling Configuration ConfigProvider+Operators.swift
[379/1257] Compiling Configuration KeyMappingProvider.swift
[380/1257] Compiling Configuration SecretsSpecifier.swift
[381/1257] Compiling Configuration AsyncCombineLatestManySequence.swift
[382/1257] Compiling Configuration CombineLatestManyStateMachine.swift
[382/1257] Compiling ssl_cert.cc
[383/1257] Compiling ssl_aead_ctx.cc
[384/1257] Compiling s3_pkt.cc
[385/1257] Compiling ssl_asn1.cc
[387/1257] Compiling GoogleWKT WKTField.swift
[388/1257] Compiling GoogleWKT WKTMethod.swift
[389/1257] Compiling GoogleWKT WKTMixin.swift
[390/1257] Compiling GoogleWKT WKTOption.swift
[390/1261] Compiling handshake_server.cc
[392/1261] Compiling GoogleWKT WKTFloatValue.swift
[393/1261] Compiling GoogleWKT WKTInt32Value.swift
[395/1261] Compiling s3_lib.cc
[396/1261] Compiling s3_both.cc
[400/1261] Compiling GoogleWKT WKTEnum.swift
[401/1261] Compiling GoogleWKT WKTEnumValue.swift
[410/1261] Emitting module Configuration
[411/1261] Compiling GoogleWKT UnknownFields.swift
[412/1261] Compiling GoogleWKT WKTAny.swift
[413/1261] Compiling GoogleWKT WKTAnyError.swift
[414/1261] Compiling GoogleWKT WKTBoolValue.swift
[415/1261] Compiling GoogleWKT WKTBytesValue.swift
[416/1261] Compiling GoogleWKT AnyPackable.swift
[417/1261] Compiling GoogleWKT DecodeToDefault.swift
[418/1261] Compiling GoogleWKT DiscoveryBase64.swift
[419/1261] Compiling GoogleWKT ProtoJSONDecoder.swift
[420/1261] Compiling GoogleWKT ProtoJSONEncoder.swift
[423/1262] Wrapping AST for Configuration for debugging
[425/1262] Compiling GoogleWKT WKTSourceContext.swift
[426/1262] Compiling GoogleWKT WKTSyntax.swift
[427/1262] Compiling GoogleWKT WKTType.swift
[428/1262] Compiling GoogleWKT PackageVersion.swift
[429/1262] Emitting module GoogleWKT
[439/1263] Compiling handoff.cc
[441/1263] Compiling handshake.cc
[442/1278] Wrapping AST for GoogleWKT for debugging
[443/1278] Compiling handshake_client.cc
[444/1278] Compiling dtls_record.cc
[446/1278] Compiling GoogleRpc DebugInfo.swift
[447/1278] Compiling GoogleRpc ErrorInfo.swift
[448/1280] Compiling GoogleRpc HttpRequest.swift
[449/1280] Compiling GoogleRpc HttpResponse.swift
[450/1280] Compiling GoogleRpc Help.swift
[451/1280] Compiling GoogleRpc HttpHeader.swift
[452/1280] Emitting module GoogleRpc
[453/1280] Compiling GoogleRpc BadRequest.swift
[454/1280] Compiling GoogleRpc Code.swift
[454/1280] Compiling extensions.cc
[455/1280] Compiling encrypted_client_hello.cc
[457/1280] Compiling GoogleRpc LocalizedMessage.swift
[458/1280] Compiling GoogleRpc PackageVersion.swift
[459/1280] Compiling GoogleRpc PreconditionFailure.swift
[460/1280] Compiling GoogleRpc QuotaFailure.swift
[461/1280] Compiling GoogleRpc RequestInfo.swift
[462/1280] Compiling GoogleRpc ResourceInfo.swift
[462/1280] Compiling md5-x86_64-linux.S
[463/1280] Compiling dtls_method.cc
[464/1280] Compiling md5-x86_64-apple.S
[465/1280] Compiling md5-586-apple.S
[465/1280] Compiling md5-586-linux.S
[467/1280] Compiling chacha20_poly1305_x86_64-linux.S
[468/1280] Compiling chacha20_poly1305_x86_64-apple.S
[469/1280] Compiling chacha20_poly1305_armv8-win.S
[471/1280] Compiling GoogleRpc RetryInfo.swift
[472/1280] Compiling GoogleRpc Status.swift
[472/1281] Compiling d1_srtp.cc
[473/1281] Compiling chacha20_poly1305_armv8-linux.S
[475/1281] Compiling chacha20_poly1305_armv8-apple.S
[476/1281] Compiling chacha-x86_64-linux.S
[477/1281] Compiling chacha-x86_64-apple.S
[478/1281] Wrapping AST for GoogleRpc for debugging
[479/1281] Compiling chacha-x86-linux.S
[480/1281] Compiling chacha-armv8-win.S
[481/1281] Compiling chacha-x86-apple.S
[482/1281] Compiling d1_lib.cc
[483/1281] Compiling err_data.cc
[484/1281] Compiling chacha-armv4-linux.S
[485/1281] Compiling chacha-armv8-apple.S
[486/1281] Compiling chacha-armv8-linux.S
[487/1281] Compiling aes128gcmsiv-x86_64-linux.S
[488/1281] Compiling x86_64-mont5-linux.S
[489/1281] Compiling aes128gcmsiv-x86_64-apple.S
[490/1281] Compiling x86_64-mont5-apple.S
[491/1281] Compiling x86-mont-apple.S
[492/1281] Compiling x86_64-mont-linux.S
[493/1281] Compiling x86_64-mont-apple.S
[494/1281] Compiling x86-mont-linux.S
[495/1281] Compiling d1_pkt.cc
[495/1281] Compiling vpaes-x86_64-linux.S
[497/1281] Compiling vpaes-x86_64-apple.S
[498/1281] Compiling vpaes-armv8-win.S
[498/1281] Compiling vpaes-x86-apple.S
[500/1281] Compiling vpaes-x86-linux.S
[501/1281] Compiling vpaes-armv8-linux.S
[502/1281] Compiling vpaes-armv7-linux.S
[503/1281] Compiling vpaes-armv8-apple.S
[504/1281] Compiling sha512-x86_64-linux.S
[505/1281] Compiling sha512-armv8-win.S
[506/1281] Compiling sha512-x86_64-apple.S
[507/1281] Compiling sha512-586-linux.S
[508/1281] Compiling sha512-586-apple.S
[509/1281] Compiling sha512-armv8-apple.S
[510/1281] Compiling sha512-armv4-linux.S
[511/1281] Compiling sha512-armv8-linux.S
[512/1281] Compiling sha256-armv8-apple.S
[513/1281] Compiling sha256-armv8-win.S
[514/1281] Compiling sha256-x86_64-apple.S
[515/1281] Compiling sha256-x86_64-linux.S
[516/1281] Compiling bio_ssl.cc
[517/1281] Compiling sha256-armv4-linux.S
[518/1281] Compiling sha256-586-apple.S
[519/1281] Compiling sha256-586-linux.S
[520/1281] Compiling sha256-armv8-linux.S
[521/1281] Compiling sha1-armv8-apple.S
[522/1281] Compiling sha1-x86_64-apple.S
[523/1281] Compiling sha1-armv8-win.S
[524/1281] Compiling sha1-x86_64-linux.S
[525/1281] Compiling sha1-armv4-large-linux.S
[526/1281] Compiling sha1-armv8-linux.S
[527/1281] Compiling sha1-586-linux.S
[528/1281] Compiling sha1-586-apple.S
[529/1281] Compiling rdrand-x86_64-linux.S
[530/1281] Compiling rdrand-x86_64-apple.S
[531/1281] Compiling p256_beeu-x86_64-asm-linux.S
[532/1281] Compiling p256_beeu-x86_64-asm-apple.S
[533/1281] Compiling rsaz-avx2-linux.S
[534/1281] Compiling rsaz-avx2-apple.S
[535/1281] Compiling p256_beeu-armv8-asm-win.S
[536/1281] Compiling p256_beeu-armv8-asm-linux.S
[537/1281] Compiling p256-x86_64-asm-linux.S
[538/1281] Compiling p256-x86_64-asm-apple.S
[539/1281] Compiling p256-armv8-asm-win.S
[540/1281] Compiling p256_beeu-armv8-asm-apple.S
[541/1281] Compiling ghashv8-armv8-win.S
[542/1281] Compiling p256-armv8-asm-linux.S
[543/1281] Compiling p256-armv8-asm-apple.S
[544/1281] Compiling ghashv8-armv8-linux.S
[545/1281] Compiling ghash-x86_64-linux.S
[546/1281] Compiling ghashv8-armv8-apple.S
[547/1281] Compiling ghashv8-armv7-linux.S
[548/1281] Compiling ghash-x86-apple.S
[549/1281] Compiling ghash-x86_64-apple.S
[550/1281] Compiling ghash-x86-linux.S
[551/1281] Compiling ghash-ssse3-x86_64-apple.S
[552/1281] Compiling ghash-ssse3-x86_64-linux.S
[553/1281] Compiling ghash-ssse3-x86-linux.S
[554/1281] Compiling ghash-neon-armv8-apple.S
[555/1281] Compiling ghash-neon-armv8-linux.S
[556/1281] Compiling ghash-ssse3-x86-apple.S
[557/1281] Compiling ghash-neon-armv8-win.S
[558/1281] Compiling co-586-linux.S
[559/1281] Compiling ghash-armv4-linux.S
[560/1281] Compiling bsaes-armv7-linux.S
[561/1281] Compiling co-586-apple.S
[562/1281] Compiling bn-armv8-linux.S
[563/1281] Compiling bn-586-linux.S
[564/1281] Compiling armv8-mont-linux.S
[565/1281] Compiling bn-armv8-apple.S
[566/1281] Compiling bn-armv8-win.S
[566/1281] Compiling armv8-mont-win.S
[568/1281] Compiling bn-586-apple.S
[569/1281] Compiling armv8-mont-apple.S
[569/1281] Compiling aesv8-gcm-armv8-win.S
[571/1281] Compiling armv4-mont-linux.S
[572/1281] Compiling aesv8-armv8-win.S
[573/1281] Compiling aesv8-gcm-armv8-apple.S
[574/1281] Compiling aesv8-armv7-linux.S
[575/1281] Compiling aesv8-armv8-apple.S
[576/1281] Compiling aesv8-armv8-linux.S
[577/1281] Compiling aesv8-gcm-armv8-linux.S
[578/1281] Compiling aesni-x86_64-apple.S
[579/1281] Compiling aesni-x86_64-linux.S
[580/1281] Compiling aesni-x86-apple.S
[580/1281] Compiling aesni-x86-linux.S
[582/1281] Compiling aesni-gcm-x86_64-apple.S
[583/1281] Compiling aesni-gcm-x86_64-linux.S
[584/1281] Compiling aes-gcm-avx2-x86_64-linux.S
[585/1281] Compiling aes-gcm-avx2-x86_64-apple.S
[586/1281] Compiling aes-gcm-avx10-x86_64-apple.S
[587/1281] Compiling aes-gcm-avx10-x86_64-linux.S
[588/1281] Compiling d1_both.cc
[589/1281] Compiling x_req.cc
[590/1281] Compiling x_x509.cc
[591/1281] Compiling x_x509a.cc
[592/1281] Compiling x_sig.cc
[593/1281] Compiling x_val.cc
[594/1281] Compiling x_spki.cc
[595/1281] Compiling x_pubkey.cc
[596/1281] Compiling x_name.cc
[597/1281] Compiling x_exten.cc
[598/1281] Compiling x509spki.cc
[599/1281] Compiling x_crl.cc
[600/1281] Compiling x_algor.cc
[601/1281] Compiling x_attrib.cc
[602/1281] Compiling x_all.cc
[603/1281] Compiling x509rset.cc
[604/1281] Compiling x509name.cc
[605/1281] Compiling x509cset.cc
[606/1281] Compiling x509_trs.cc
[607/1281] Compiling x509_vfy.cc
[608/1281] Compiling x509_txt.cc
[609/1281] Compiling x509_vpm.cc
[610/1281] Compiling x509_v3.cc
[611/1281] Compiling x509_set.cc
[612/1281] Compiling x509_req.cc
[613/1281] Compiling x509_obj.cc
[614/1281] Compiling x509_def.cc
[615/1281] Compiling x509_d2.cc
[616/1281] Compiling x509_ext.cc
[617/1281] Compiling x509_lu.cc
[618/1281] Compiling x509_cmp.cc
[619/1281] Compiling x509_att.cc
[620/1281] Compiling x509.cc
[621/1281] Compiling v3_purp.cc
[622/1281] Compiling v3_utl.cc
[623/1281] Compiling v3_skey.cc
[624/1281] Compiling v3_pcons.cc
[625/1281] Compiling v3_prn.cc
[626/1281] Compiling v3_pmaps.cc
[627/1281] Compiling v3_ocsp.cc
[628/1281] Compiling v3_ncons.cc
[629/1281] Compiling v3_int.cc
[630/1281] Compiling v3_lib.cc
[631/1281] Compiling v3_info.cc
[632/1281] Compiling v3_ia5.cc
[633/1281] Compiling v3_genn.cc
[634/1281] Compiling v3_extku.cc
[635/1281] Compiling v3_enum.cc
[636/1281] Compiling v3_crld.cc
[637/1281] Compiling v3_conf.cc
[638/1281] Compiling v3_cpols.cc
[639/1281] Compiling v3_bcons.cc
[640/1281] Compiling v3_alt.cc
[641/1281] Compiling v3_bitst.cc
[642/1281] Compiling v3_akeya.cc
[643/1281] Compiling v3_akey.cc
[644/1281] Compiling t_x509.cc
[645/1281] Compiling i2d_pr.cc
[646/1281] Compiling t_x509a.cc
[647/1281] Compiling t_req.cc
[648/1281] Compiling name_print.cc
[649/1281] Compiling policy.cc
[650/1281] Compiling rsa_pss.cc
[651/1281] Compiling t_crl.cc
[652/1281] Compiling by_file.cc
[653/1281] Compiling by_dir.cc
[654/1281] Compiling a_digest.cc
[655/1281] Compiling asn1_gen.cc
[656/1281] Compiling algorithm.cc
[657/1281] Compiling a_verify.cc
[658/1281] Compiling voprf.cc
[659/1281] Compiling a_sign.cc
[660/1281] Compiling thread_none.cc
[661/1281] Compiling thread_pthread.cc
[662/1281] Compiling thread_win.cc
[663/1281] Compiling thread.cc
[664/1281] Compiling trust_token.cc
[665/1281] Compiling pmbtoken.cc
[666/1281] Compiling stack.cc
[667/1281] Compiling slhdsa.cc
[668/1281] Compiling sha512.cc
[669/1281] Compiling siphash.cc
[670/1281] Compiling spake2plus.cc
[671/1281] Compiling sha256.cc
[672/1281] Compiling sha1.cc
[673/1281] Compiling rsa_extra.cc
[674/1281] Compiling rsa_print.cc
[675/1281] Compiling rc4.cc
[676/1281] Compiling refcount.cc
[677/1281] Compiling rsa_crypt.cc
[678/1281] Compiling windows.cc
[679/1281] Compiling trusty.cc
[680/1281] Compiling rand.cc
[681/1281] Compiling urandom.cc
[682/1281] Compiling rsa_asn1.cc
[683/1281] Compiling getentropy.cc
[684/1281] Compiling ios.cc
[685/1281] Compiling passive.cc
[686/1281] Compiling poly1305_arm_asm.S
[687/1281] Compiling forkunsafe.cc
[688/1281] Compiling deterministic.cc
[689/1281] Compiling poly1305_vec.cc
[690/1281] Compiling fork_detect.cc
[691/1281] Compiling poly1305.cc
[692/1281] Compiling pool.cc
[693/1281] Compiling poly1305_arm.cc
[694/1281] Compiling pkcs7.cc
[695/1281] Compiling pkcs8_x509.cc
[696/1281] Compiling pkcs8.cc
[697/1281] Compiling p5_pbev2.cc
[698/1281] Compiling pkcs7_x509.cc
[699/1281] Compiling pem_xaux.cc
[700/1281] Compiling pem_x509.cc
[701/1281] Compiling pem_pkey.cc
[702/1281] Compiling pem_pk8.cc
[703/1281] Compiling pem_oth.cc
[704/1281] Compiling obj_xref.cc
[705/1281] Compiling pem_info.cc
[706/1281] Compiling mlkem.cc
[707/1281] Compiling pem_lib.cc
[708/1281] Compiling obj.cc
[709/1281] Compiling pem_all.cc
[710/1281] Compiling poly_rq_mul.S
[711/1281] Compiling mldsa.cc
[712/1281] Compiling fips_shared_support.cc
[713/1281] Compiling mem.cc
[714/1281] Compiling md5.cc
[715/1281] Compiling md4.cc
[716/1281] Compiling lhash.cc
[717/1281] Compiling kyber.cc
[718/1281] Compiling ex_data.cc
[719/1281] Compiling sign.cc
[720/1281] Compiling hrss.cc
[721/1281] Compiling hpke.cc
[722/1281] Compiling scrypt.cc
[723/1281] Compiling print.cc
[724/1281] Compiling pbkdf.cc
[725/1281] Compiling p_x25519.cc
[726/1281] Compiling p_ed25519.cc
[727/1281] Compiling p_x25519_asn1.cc
[728/1281] Compiling p_hkdf.cc
[729/1281] Compiling p_rsa_asn1.cc
[730/1281] Compiling p_rsa.cc
[730/1281] Compiling p_ed25519_asn1.cc
[732/1281] Compiling p_ec_asn1.cc
[733/1281] Compiling p_ec.cc
[734/1281] Compiling p_dh.cc
[735/1281] Compiling p_dh_asn1.cc
[736/1281] Compiling p_dsa_asn1.cc
[737/1281] Compiling evp_ctx.cc
[738/1281] Compiling evp.cc
[739/1281] Compiling evp_asn1.cc
[740/1281] Compiling engine.cc
[741/1281] Compiling err.cc
[742/1281] Compiling ecdh.cc
[743/1281] Compiling hash_to_curve.cc
[744/1281] Compiling ecdsa_asn1.cc
[745/1281] Compiling ec_derive.cc
[746/1281] Compiling dsa.cc
[747/1281] Compiling ec_asn1.cc
[748/1281] Compiling dsa_asn1.cc
[749/1281] Compiling bcm.cc
[750/1281] Compiling params.cc
[751/1281] Compiling x25519-asm-arm.S
[752/1281] Compiling digest_extra.cc
[753/1281] Compiling des.cc
[754/1281] Compiling dh_asn1.cc
[755/1281] Compiling curve25519_64_adx.cc
[756/1281] Compiling crypto.cc
[756/1281] Compiling cpu_intel.cc
[758/1281] Compiling spake25519.cc
[759/1281] Compiling cpu_arm_linux.cc
[760/1281] Compiling curve25519.cc
[761/1281] Compiling cpu_arm_freebsd.cc
[762/1281] Compiling cpu_aarch64_win.cc
[763/1281] Compiling cpu_aarch64_sysreg.cc
[764/1281] Compiling cpu_aarch64_openbsd.cc
[765/1281] Compiling cpu_aarch64_linux.cc
[766/1281] Compiling cpu_aarch64_fuchsia.cc
[767/1281] Compiling cpu_aarch64_apple.cc
[768/1281] Compiling tls_cbc.cc
[769/1281] Compiling conf.cc
[770/1281] Compiling get_cipher.cc
[771/1281] Compiling e_tls.cc
[772/1281] Compiling e_rc4.cc
[773/1281] Compiling e_null.cc
[774/1281] Compiling e_rc2.cc
[775/1281] Compiling e_des.cc
[776/1281] Compiling e_chacha20poly1305.cc
[777/1281] Compiling e_aesgcmsiv.cc
[778/1281] Compiling e_aesctrhmac.cc
[779/1281] Compiling derive_key.cc
[780/1281] Compiling chacha.cc
[781/1281] Compiling unicode.cc
[782/1281] Compiling cbs.cc
[783/1281] Compiling buf.cc
[784/1281] Compiling ber.cc
[785/1281] Compiling cbb.cc
[786/1281] Compiling asn1_compat.cc
[787/1281] Compiling bn_asn1.cc
[788/1281] Compiling blake2.cc
[789/1281] Compiling convert.cc
[790/1281] Compiling socket_helper.cc
[791/1281] Compiling socket.cc
[792/1281] Compiling printf.cc
[793/1281] Compiling hexdump.cc
[794/1281] Compiling pair.cc
[795/1281] Compiling file.cc
[796/1281] Compiling errno.cc
[797/1281] Compiling fd.cc
[798/1281] Compiling bio_mem.cc
[799/1281] Compiling connect.cc
[800/1281] Compiling bio.cc
[801/1281] Compiling base64.cc
[802/1281] Compiling tasn_fre.cc
[803/1281] Compiling tasn_typ.cc
[804/1281] Compiling tasn_enc.cc
[805/1281] Compiling tasn_utl.cc
[806/1281] Compiling posix_time.cc
[807/1281] Compiling tasn_new.cc
[808/1281] Compiling f_string.cc
[809/1281] Compiling asn_pack.cc
[810/1281] Compiling tasn_dec.cc
[810/1281] Compiling f_int.cc
[812/1281] Compiling asn1_par.cc
[813/1281] Compiling asn1_lib.cc
[814/1281] Compiling a_utctm.cc
[815/1281] Compiling a_type.cc
[816/1281] Compiling a_time.cc
[817/1281] Compiling a_octet.cc
[818/1281] Compiling a_strnid.cc
[819/1281] Compiling a_strex.cc
[820/1281] Compiling a_object.cc
[821/1281] Compiling a_mbstr.cc
[822/1281] Compiling a_dup.cc
[823/1281] Compiling a_i2d_fp.cc
[824/1281] Compiling CGoogleGaxCRC32C CGoogleGaxCRC32C.c
[825/1281] Compiling a_int.cc
[826/1281] Compiling fiat_p256_adx_sqr.S
[827/1281] Compiling a_d2i_fp.cc
[828/1281] Compiling fiat_p256_adx_mul.S
[829/1281] Compiling a_gentm.cc
[830/1281] Compiling fiat_curve25519_adx_square.S
[831/1281] Compiling fiat_curve25519_adx_mul.S
[832/1281] Compiling md5-x86_64-linux.S
[833/1281] Compiling md5-x86_64-apple.S
[834/1281] Compiling CCryptoBoringSSLShims shims.c
[835/1281] Compiling a_bool.cc
[836/1281] Compiling md5-586-linux.S
[837/1281] Compiling md5-586-apple.S
[838/1281] Compiling chacha20_poly1305_x86_64-linux.S
[839/1281] Compiling chacha20_poly1305_x86_64-apple.S
[840/1281] Compiling chacha20_poly1305_armv8-win.S
[841/1281] Compiling chacha20_poly1305_armv8-apple.S
[842/1281] Compiling chacha-x86_64-linux.S
[843/1281] Compiling chacha-x86_64-apple.S
[844/1281] Compiling chacha20_poly1305_armv8-linux.S
[845/1281] Compiling a_bitstr.cc
[846/1281] Compiling chacha-x86-linux.S
[847/1281] Compiling chacha-x86-apple.S
[848/1281] Compiling chacha-armv8-win.S
[849/1281] Compiling chacha-armv8-apple.S
[850/1281] Compiling chacha-armv4-linux.S
[851/1281] Compiling chacha-armv8-linux.S
[852/1281] Compiling aes128gcmsiv-x86_64-linux.S
[853/1281] Compiling x86_64-mont5-linux.S
[854/1281] Compiling aes128gcmsiv-x86_64-apple.S
[855/1281] Compiling x86_64-mont5-apple.S
[856/1281] Compiling x86_64-mont-apple.S
[857/1281] Compiling x86_64-mont-linux.S
[858/1281] Compiling vpaes-x86_64-apple.S
[859/1281] Compiling x86-mont-linux.S
[860/1281] Compiling x86-mont-apple.S
[861/1281] Compiling vpaes-x86_64-linux.S
[862/1281] Compiling vpaes-armv8-win.S
[862/1281] Compiling vpaes-x86-linux.S
[864/1281] Compiling vpaes-x86-apple.S
[865/1281] Compiling vpaes-armv8-linux.S
[865/1281] Compiling vpaes-armv8-apple.S
[867/1281] Compiling sha512-x86_64-linux.S
[868/1281] Compiling vpaes-armv7-linux.S
[869/1281] Compiling err_data.cc
[870/1281] Compiling sha512-x86_64-apple.S
[871/1281] Compiling sha512-armv8-win.S
[872/1281] Compiling sha512-armv4-linux.S
[873/1281] Compiling sha512-armv8-apple.S
[874/1281] Compiling sha512-586-linux.S
[875/1281] Compiling sha512-armv8-linux.S
[876/1281] Compiling sha512-586-apple.S
[877/1281] Compiling sha256-x86_64-linux.S
[878/1281] Compiling sha256-armv8-apple.S
[879/1281] Compiling sha256-x86_64-apple.S
[880/1281] Compiling sha256-armv8-linux.S
[881/1281] Compiling sha256-armv8-win.S
[882/1281] Compiling sha256-586-linux.S
[883/1281] Compiling sha256-armv4-linux.S
[884/1281] Compiling sha1-x86_64-apple.S
[884/1281] Compiling sha256-586-apple.S
[884/1281] Compiling sha1-armv8-win.S
[887/1281] Compiling sha1-armv8-linux.S
[888/1281] Compiling sha1-x86_64-linux.S
[889/1281] Compiling sha1-armv8-apple.S
[890/1281] Compiling sha1-586-linux.S
[891/1281] Compiling rsaz-avx2-linux.S
[892/1281] Compiling rdrand-x86_64-linux.S
[893/1281] Compiling sha1-586-apple.S
[894/1281] Compiling sha1-armv4-large-linux.S
[895/1281] Compiling rsaz-avx2-apple.S
[896/1281] Compiling p256_beeu-x86_64-asm-linux.S
[897/1281] Compiling rdrand-x86_64-apple.S
[898/1281] Compiling p256_beeu-armv8-asm-win.S
[899/1281] Compiling p256_beeu-x86_64-asm-apple.S
[900/1281] Compiling p256-x86_64-asm-linux.S
[901/1281] Compiling p256_beeu-armv8-asm-linux.S
[902/1281] Compiling p256_beeu-armv8-asm-apple.S
[903/1281] Compiling p256-x86_64-asm-apple.S
[904/1281] Compiling p256-armv8-asm-win.S
[905/1281] Compiling p256-armv8-asm-apple.S
[906/1281] Compiling p256-armv8-asm-linux.S
[907/1281] Compiling ghashv8-armv8-win.S
[908/1281] Compiling ghashv8-armv8-linux.S
[909/1281] Compiling ghashv8-armv8-apple.S
[910/1281] Compiling ghashv8-armv7-linux.S
[911/1281] Compiling ghash-x86_64-linux.S
[912/1281] Compiling ghash-x86-linux.S
[913/1281] Compiling ghash-x86_64-apple.S
[914/1281] Compiling ghash-x86-apple.S
[915/1281] Compiling ghash-ssse3-x86-apple.S
[916/1281] Compiling ghash-ssse3-x86_64-apple.S
[917/1281] Compiling ghash-ssse3-x86_64-linux.S
[918/1281] Compiling ghash-ssse3-x86-linux.S
[919/1281] Compiling ghash-neon-armv8-linux.S
[920/1281] Compiling ghash-neon-armv8-win.S
[921/1281] Compiling ghash-neon-armv8-apple.S
[922/1281] Compiling ghash-armv4-linux.S
[923/1281] Compiling co-586-apple.S
[924/1281] Compiling co-586-linux.S
[925/1281] Compiling bsaes-armv7-linux.S
[926/1281] Compiling bn-armv8-win.S
[926/1281] Compiling bn-armv8-linux.S
[928/1281] Compiling bn-armv8-apple.S
[929/1281] Compiling bn-586-linux.S
[930/1281] Compiling bn-586-apple.S
[931/1281] Compiling armv8-mont-win.S
[932/1281] Compiling armv8-mont-apple.S
[933/1281] Compiling armv8-mont-linux.S
[934/1281] Compiling armv4-mont-linux.S
[935/1281] Compiling aesv8-gcm-armv8-win.S
[936/1281] Compiling aesv8-gcm-armv8-apple.S
[937/1281] Compiling aesv8-armv8-linux.S
[937/1281] Compiling aesv8-armv8-win.S
[939/1281] Compiling aesv8-armv7-linux.S
[939/1281] Compiling aesv8-gcm-armv8-linux.S
[941/1281] Compiling aesv8-armv8-apple.S
[942/1281] Compiling aesni-x86_64-linux.S
[943/1281] Compiling aesni-x86_64-apple.S
[944/1281] Compiling aesni-x86-linux.S
[945/1281] Compiling aesni-x86-apple.S
[946/1281] Compiling aes-gcm-avx512-x86_64-linux.S
[947/1281] Compiling aesni-gcm-x86_64-linux.S
[948/1281] Compiling aesni-gcm-x86_64-apple.S
[949/1281] Compiling aes-gcm-avx512-x86_64-apple.S
[950/1281] Compiling aes-gcm-avx2-x86_64-apple.S
[951/1281] Compiling aes-gcm-avx2-x86_64-linux.S
[952/1281] Compiling xwing.cc
[953/1281] Compiling x_spki.cc
[954/1281] Compiling x_req.cc
[955/1281] Compiling x_sig.cc
[956/1281] Compiling x_x509a.cc
[957/1281] Compiling x_x509.cc
[958/1281] Compiling c-nioatomics.c
[959/1281] Compiling x_pubkey.cc
[960/1281] Compiling x_name.cc
[961/1281] Compiling x_exten.cc
[962/1281] Compiling x_crl.cc
[963/1281] Compiling x_attrib.cc
[964/1281] Compiling x_all.cc
[965/1281] Compiling c-atomics.c
[966/1281] Compiling x_algor.cc
[967/1281] Compiling x509spki.cc
[968/1288] Compiling x509name.cc
[969/1288] Compiling x509rset.cc
[970/1288] Compiling x509cset.cc
[972/1288] Compiling NIOConcurrencyHelpers NIOLockedValueBox.swift
[972/1288] Compiling x509_vpm.cc
[974/1288] Compiling NIOConcurrencyHelpers NIOLock.swift
[974/1288] Compiling x509_vfy.cc
[975/1288] Compiling x509_v3.cc
[977/1288] Compiling NIOConcurrencyHelpers lock.swift
[978/1288] Compiling NIOConcurrencyHelpers NIOThreadPoolWorkAvailable.swift
[979/1288] Compiling NIOConcurrencyHelpers atomics.swift
[980/1288] Compiling NIOConcurrencyHelpers NIOAtomic.swift
[981/1288] Emitting module NIOConcurrencyHelpers
[982/1289] Compiling x509_txt.cc
[983/1289] Wrapping AST for NIOConcurrencyHelpers for debugging
[984/1289] Compiling x509_req.cc
[985/1289] Compiling x509_trs.cc
[986/1289] Compiling x509_set.cc
[987/1289] Compiling x509_obj.cc
[988/1289] Compiling x509_lu.cc
[989/1289] Compiling x509_ext.cc
[990/1289] Compiling x509_def.cc
[991/1289] Compiling x509_d2.cc
[992/1289] Compiling x509.cc
[993/1289] Compiling x509_att.cc
[994/1289] Compiling x509_cmp.cc
[995/1289] Compiling v3_utl.cc
[996/1289] Compiling v3_purp.cc
[997/1289] Compiling v3_prn.cc
[998/1289] Compiling v3_skey.cc
[999/1289] Compiling v3_pmaps.cc
[1000/1289] Compiling v3_pcons.cc
[1001/1289] Compiling v3_ncons.cc
[1002/1289] Compiling v3_ocsp.cc
[1003/1289] Compiling v3_lib.cc
[1004/1289] Compiling v3_ia5.cc
[1005/1289] Compiling v3_int.cc
[1006/1289] Compiling v3_info.cc
[1007/1289] Compiling v3_genn.cc
[1008/1289] Compiling v3_extku.cc
[1009/1289] Compiling v3_enum.cc
[1010/1289] Compiling v3_crld.cc
[1011/1289] Compiling v3_cpols.cc
[1012/1289] Compiling v3_bitst.cc
[1013/1289] Compiling v3_bcons.cc
[1014/1289] Compiling v3_conf.cc
[1015/1289] Compiling v3_alt.cc
[1016/1289] Compiling v3_akeya.cc
[1017/1289] Compiling v3_akey.cc
[1018/1289] Compiling t_x509a.cc
[1019/1289] Compiling t_x509.cc
[1020/1289] Compiling t_crl.cc
[1021/1289] Compiling i2d_pr.cc
[1022/1289] Compiling t_req.cc
[1023/1289] Compiling rsa_pss.cc
[1024/1289] Compiling policy.cc
[1025/1289] Compiling by_file.cc
[1026/1289] Compiling name_print.cc
[1027/1289] Compiling by_dir.cc
[1028/1289] Compiling asn1_gen.cc
[1029/1289] Compiling a_verify.cc
[1030/1289] Compiling algorithm.cc
[1031/1289] Compiling voprf.cc
[1032/1289] Compiling trust_token.cc
[1033/1289] Compiling thread_win.cc
[1034/1289] Compiling a_sign.cc
[1035/1289] Compiling a_digest.cc
[1036/1289] Compiling thread_pthread.cc
[1037/1289] Compiling thread_none.cc
[1038/1289] Compiling pmbtoken.cc
[1039/1289] Compiling thread.cc
[1040/1289] Compiling slhdsa.cc
[1041/1289] Compiling stack.cc
[1042/1289] Compiling sha256.cc
[1043/1289] Compiling sha1.cc
[1044/1289] Compiling siphash.cc
[1045/1289] Compiling rsa_print.cc
[1046/1289] Compiling spake2plus.cc
[1047/1289] Compiling rsa_extra.cc
[1048/1289] Compiling windows.cc
[1049/1289] Compiling rsa_crypt.cc
[1050/1289] Compiling rc4.cc
[1051/1289] Compiling refcount.cc
[1052/1289] Compiling urandom.cc
[1053/1289] Compiling rand.cc
[1054/1289] Compiling trusty.cc
[1055/1289] Compiling ios.cc
[1056/1289] Compiling rsa_asn1.cc
[1057/1289] Compiling poly1305_arm_asm.S
[1058/1289] Compiling passive.cc
[1059/1289] Compiling getentropy.cc
[1060/1289] Compiling forkunsafe.cc
[1061/1289] Compiling deterministic.cc
[1062/1289] Compiling fork_detect.cc
[1063/1289] Compiling poly1305_vec.cc
[1064/1289] Compiling poly1305.cc
[1065/1289] Compiling poly1305_arm.cc
[1066/1289] Compiling pool.cc
[1067/1289] Compiling pkcs7.cc
[1068/1289] Compiling pkcs8_x509.cc
[1069/1289] Compiling pkcs8.cc
[1070/1289] Compiling pem_x509.cc
[1071/1289] Compiling p5_pbev2.cc
[1072/1289] Compiling pkcs7_x509.cc
[1073/1289] Compiling pem_xaux.cc
[1074/1289] Compiling pem_pkey.cc
[1075/1289] Compiling pem_pk8.cc
[1076/1289] Compiling pem_lib.cc
[1077/1289] Compiling pem_info.cc
[1078/1289] Compiling pem_oth.cc
[1079/1289] Compiling mlkem.cc
[1080/1289] Compiling obj_xref.cc
[1081/1289] Compiling pem_all.cc
[1082/1289] Compiling mldsa.cc
[1083/1289] Compiling poly_rq_mul.S
[1084/1289] Compiling obj.cc
[1085/1289] Compiling mem.cc
[1086/1289] Compiling fips_shared_support.cc
[1087/1289] Compiling lhash.cc
[1088/1289] Compiling md4.cc
[1089/1289] Compiling md5.cc
[1090/1289] Compiling fuzzer_mode.cc
[1091/1289] Compiling kyber.cc
[1092/1289] Compiling hpke.cc
[1093/1289] Compiling ex_data.cc
[1094/1289] Compiling hrss.cc
[1095/1289] Compiling scrypt.cc
[1096/1289] Compiling pbkdf.cc
[1097/1289] Compiling print.cc
[1098/1289] Compiling sign.cc
[1099/1289] Compiling p_x25519_asn1.cc
[1100/1289] Compiling p_x25519.cc
[1101/1289] Compiling p_rsa_asn1.cc
[1102/1289] Compiling p_hkdf.cc
[1103/1289] Compiling p_rsa.cc
[1104/1289] Compiling p_ed25519_asn1.cc
[1105/1289] Compiling p_ed25519.cc
[1106/1289] Compiling p_ec_asn1.cc
[1107/1289] Compiling p_ec.cc
[1108/1289] Compiling p_dh_asn1.cc
[1109/1289] Compiling p_dsa_asn1.cc
[1110/1289] Compiling p_dh.cc
[1111/1289] Compiling evp_ctx.cc
[1112/1289] Compiling err.cc
[1113/1289] Compiling evp.cc
[1114/1289] Compiling engine.cc
[1115/1289] Compiling evp_asn1.cc
[1116/1289] Compiling ecdsa_p1363.cc
[1117/1289] Compiling ecdh.cc
[1118/1289] Compiling ecdsa_asn1.cc
[1119/1289] Compiling ec_derive.cc
[1120/1289] Compiling dsa.cc
[1121/1289] Compiling hash_to_curve.cc
[1122/1289] Compiling x25519-asm-arm.S
[1123/1289] Compiling ec_asn1.cc
[1124/1289] Compiling dsa_asn1.cc
[1125/1289] Compiling des.cc
[1126/1289] Compiling curve25519_64_adx.cc
[1127/1289] Compiling spake25519.cc
[1128/1289] Compiling cpu_intel.cc
[1129/1289] Compiling crypto.cc
[1130/1289] Compiling cpu_arm_linux.cc
[1131/1289] Compiling cpu_arm_freebsd.cc
[1132/1289] Compiling curve25519.cc
[1133/1289] Compiling cpu_aarch64_win.cc
[1134/1289] Compiling cpu_aarch64_openbsd.cc
[1135/1289] Compiling cpu_aarch64_linux.cc
[1136/1289] Compiling cpu_aarch64_sysreg.cc
[1137/1289] Compiling cpu_aarch64_fuchsia.cc
[1138/1289] Compiling cpu_aarch64_apple.cc
[1139/1289] Compiling conf.cc
[1140/1289] Compiling get_cipher.cc
[1141/1289] Compiling e_tls.cc
[1142/1289] Compiling tls_cbc.cc
[1143/1289] Compiling e_rc4.cc
[1144/1289] Compiling e_rc2.cc
[1145/1289] Compiling cms.cc
[1146/1289] Compiling e_null.cc
[1147/1289] Compiling e_des.cc
[1148/1289] Compiling e_chacha20poly1305.cc
[1149/1289] Compiling e_aesgcmsiv.cc
[1150/1289] Compiling e_aeseax.cc
[1151/1289] Compiling derive_key.cc
[1152/1289] Compiling e_aesctrhmac.cc
[1153/1289] Compiling chacha.cc
[1154/1289] Compiling unicode.cc
[1155/1289] Compiling cbb.cc
[1156/1289] Compiling buf.cc
[1157/1289] Compiling cbs.cc
[1158/1289] Compiling ber.cc
[1159/1289] Compiling asn1_compat.cc
[1160/1289] Compiling convert.cc
[1161/1289] Compiling blake2.cc
[1162/1289] Compiling printf.cc
[1163/1289] Compiling pair.cc
[1164/1289] Compiling hexdump.cc
[1165/1289] Compiling bn_asn1.cc
[1166/1289] Compiling fd.cc
[1167/1289] Compiling file.cc
[1168/1289] Compiling errno.cc
[1169/1289] Compiling bio_mem.cc
[1170/1289] Compiling base64.cc
[1171/1289] Compiling bio.cc
[1172/1289] Compiling tasn_typ.cc
[1173/1289] Compiling tasn_utl.cc
[1174/1289] Compiling tasn_fre.cc
[1175/1289] Compiling tasn_enc.cc
[1176/1289] Compiling tasn_new.cc
[1177/1289] Compiling posix_time.cc
[1178/1289] Compiling f_string.cc
[1179/1289] Compiling tasn_dec.cc
[1180/1289] Compiling f_int.cc
[1181/1289] Compiling asn_pack.cc
[1182/1289] Compiling asn1_par.cc
[1183/1289] Compiling asn1_lib.cc
[1184/1289] Compiling a_utctm.cc
[1185/1289] Compiling a_octet.cc
[1186/1289] Compiling a_time.cc
[1187/1289] Compiling a_type.cc
[1188/1289] Compiling bcm.cc
[1189/1289] Compiling a_strex.cc
[1190/1289] Compiling a_strnid.cc
[1191/1289] Compiling a_dup.cc
[1192/1289] Compiling a_i2d_fp.cc
[1193/1289] Compiling a_mbstr.cc
[1194/1289] Compiling CAsyncHTTPClient CAsyncHTTPClient.c
[1195/1289] Write sources
[1196/1289] Compiling a_object.cc
[1196/1289] Write sources
[1199/1332] Compiling a_d2i_fp.cc
[1200/1332] Compiling a_gentm.cc
[1201/1332] Compiling a_int.cc
[1202/1332] Compiling aes.cc
[1204/1332] Compiling Algorithms FirstNonNil.swift
[1205/1332] Compiling Algorithms Joined.swift
[1206/1332] Compiling Algorithms Cycle.swift
[1207/1332] Compiling Algorithms EitherSequence.swift
[1207/1334] Compiling a_bool.cc
[1209/1334] Compiling Algorithms Keyed.swift
[1210/1334] Compiling Algorithms MinMax.swift
[1211/1334] Compiling Algorithms Partition.swift
[1212/1334] Compiling Algorithms Permutations.swift
[1213/1334] Compiling Atomics IntegerOperations.swift
[1214/1334] Compiling Atomics Unmanaged extensions.swift
[1214/1334] Compiling a_bitstr.cc
[1216/1340] Compiling Algorithms Chunked.swift
[1217/1340] Compiling Algorithms Combinations.swift
[1218/1340] Compiling Algorithms Compacted.swift
[1219/1340] Compiling Algorithms Intersperse.swift
[1220/1340] Compiling Algorithms AdjacentPairs.swift
[1221/1340] Compiling Algorithms Chain.swift
[1222/1342] Compiling Algorithms Split.swift
[1223/1342] Compiling Algorithms Stride.swift
[1224/1342] Compiling Algorithms Suffix.swift
[1226/1345] Compiling Algorithms Reductions.swift
[1227/1345] Compiling Algorithms Rotate.swift
[1228/1345] Compiling Algorithms FlattenCollection.swift
[1229/1345] Compiling Algorithms Grouped.swift
[1230/1345] Compiling Algorithms Indexed.swift
[1242/1345] Compiling Algorithms Trim.swift
[1243/1345] Compiling Algorithms Unique.swift
[1244/1345] Compiling Algorithms Windows.swift
[1245/1345] Compiling CryptoBoringWrapper RandomBytes.swift
[1246/1345] Compiling CryptoBoringWrapper EllipticCurve.swift
[1251/1345] Compiling CryptoBoringWrapper CryptoKitErrors_boring.swift
[1252/1345] Compiling CryptoBoringWrapper FiniteFieldArithmeticContext.swift
[1253/1345] Emitting module CryptoBoringWrapper
[1254/1345] Compiling CryptoBoringWrapper BoringSSLAEAD.swift
[1255/1345] Compiling CryptoBoringWrapper EllipticCurvePoint.swift
[1256/1345] Compiling CryptoBoringWrapper ArbitraryPrecisionInteger.swift
[1257/1346] Wrapping AST for CryptoBoringWrapper for debugging
[1259/1430] Emitting module Atomics
[1260/1430] Compiling Crypto CryptoKitErrors.swift
[1261/1430] Compiling Crypto Digest_boring.swift
[1262/1430] Compiling Crypto Digest.swift
[1263/1431] Wrapping AST for Atomics for debugging
[1265/1495] Emitting module Algorithms
[1266/1496] Wrapping AST for Algorithms for debugging
[1268/1496] Compiling NIOCore NIOCoreSendableMetatype.swift
[1269/1496] Compiling NIOCore NIODecodedAsyncSequence.swift
[1270/1496] Compiling NIOCore NIOLoopBound.swift
[1271/1496] Compiling NIOCore NIOPooledRecvBufferAllocator.swift
[1272/1496] Compiling NIOCore NIOScheduledCallback.swift
[1273/1496] Compiling NIOCore NIOSendable.swift
[1274/1496] Compiling NIOCore NIOSplitLinesMessageDecoder.swift
[1275/1496] Compiling NIOCore NIOTransportAccessibleChannelCore.swift
[1276/1496] Compiling NIOCore RecvByteBufferAllocator.swift
[1277/1504] Compiling NIOCore ByteBuffer-multi-int.swift
[1278/1504] Compiling NIOCore ByteBuffer-quicBinaryEncodingStrategy.swift
[1279/1504] Compiling NIOCore ByteBuffer-views.swift
[1280/1504] Compiling NIOCore Channel.swift
[1281/1504] Compiling NIOCore ChannelHandler.swift
[1282/1504] Compiling NIOCore ChannelHandlers.swift
[1283/1504] Compiling NIOCore ChannelInvoker.swift
[1284/1504] Compiling NIOCore ChannelOption.swift
[1285/1504] Compiling NIOCore ChannelPipeline.swift
[1286/1504] Compiling NIOCore NIOThrowingAsyncSequenceProducer.swift
[1287/1504] Compiling NIOCore BSDSocketAPI.swift
[1288/1504] Compiling NIOCore ByteBuffer-aux.swift
[1289/1515] Compiling NIOCore NIOAsyncSequenceProducer.swift
[1290/1515] Compiling NIOCore NIOAsyncSequenceProducerStrategies.swift
[1291/1515] Compiling NIOCore NIOAsyncWriter.swift
[1292/1515] Compiling NIOCore CircularBuffer.swift
[1293/1515] Compiling NIOCore Codec.swift
[1294/1515] Compiling NIOCore ConvenienceOptionSupport.swift
[1295/1515] Compiling NIOCore DeadChannel.swift
[1296/1515] Compiling NIOCore DispatchQueue+WithFuture.swift
[1297/1515] Compiling NIOCore EventLoop+Deprecated.swift
[1298/1515] Compiling NIOCore EventLoop+SerialExecutor.swift
[1299/1515] Compiling NIOCore EventLoop.swift
[1300/1515] Compiling NIOCore EventLoopFuture+AssumeIsolated.swift
[1301/1515] Compiling NIOCore ByteBuffer-binaryEncodedLengthPrefix.swift
[1302/1515] Compiling NIOCore ByteBuffer-conversions.swift
[1303/1515] Compiling NIOCore ByteBuffer-core.swift
[1304/1515] Compiling NIOCore ByteBuffer-hex.swift
[1305/1515] Compiling NIOCore ByteBuffer-int.swift
[1306/1515] Compiling NIOCore ByteBuffer-lengthPrefix.swift
[1307/1515] Compiling NIOCore AddressedEnvelope.swift
[1308/1515] Compiling NIOCore AsyncAwaitSupport.swift
[1309/1515] Compiling NIOCore AsyncChannel.swift
[1310/1515] Compiling NIOCore AsyncChannelHandler.swift
[1311/1515] Compiling NIOCore AsyncChannelInboundStream.swift
[1312/1515] Compiling NIOCore AsyncChannelOutboundWriter.swift
[1313/1515] Emitting module Crypto
[1314/1515] Compiling NIOCore EventLoopFuture+Deprecated.swift
[1315/1515] Compiling NIOCore EventLoopFuture+WithEventLoop.swift
[1316/1515] Compiling NIOCore EventLoopFuture.swift
[1317/1515] Compiling NIOCore FileDescriptor.swift
[1318/1515] Compiling NIOCore FileHandle.swift
[1319/1515] Compiling NIOCore FileRegion.swift
[1320/1515] Compiling NIOCore GlobalSingletons.swift
[1321/1515] Compiling NIOCore IO.swift
[1322/1515] Compiling NIOCore IOData.swift
[1323/1515] Compiling NIOCore IPProtocol.swift
[1324/1515] Compiling NIOCore IntegerBitPacking.swift
[1325/1515] Compiling NIOCore IntegerTypes.swift
[1326/1515] Compiling NIOCore Interfaces.swift
[1327/1515] Compiling NIOCore Linux.swift
[1328/1515] Compiling NIOCore MarkedCircularBuffer.swift
[1329/1515] Compiling NIOCore MulticastChannel.swift
[1330/1515] Compiling NIOCore NIOAny.swift
[1331/1515] Compiling NIOCore NIOCloseOnErrorHandler.swift
[1344/1515] Compiling NIOCore SingleStepByteToMessageDecoder.swift
[1345/1515] Compiling NIOCore SocketAddresses.swift
[1346/1515] Compiling NIOCore SocketOptionProvider.swift
[1347/1515] Compiling NIOCore SystemCallHelpers.swift
[1348/1515] Compiling NIOCore TimeAmount+Duration.swift
[1349/1515] Compiling NIOCore TypeAssistedChannelHandler.swift
[1350/1515] Compiling NIOCore UniversalBootstrapSupport.swift
[1351/1515] Compiling NIOCore Utilities.swift
[1352/1515] Compiling Crypto Insecure.swift
[1365/1515] Compiling Crypto MACFunctions.swift
[1366/1515] Compiling Crypto MessageAuthenticationCode.swift
[1367/1515] Compiling Crypto AES.swift
[1368/1515] Compiling Crypto ECDSASignature_boring.swift
[1369/1515] Compiling Crypto ECDSA_boring.swift
[1370/1515] Compiling Crypto EdDSA_boring.swift
[1371/1515] Compiling Crypto MLDSA_boring.swift
[1372/1515] Compiling Crypto MLDSA_wrapper.swift
[1373/1515] Compiling Crypto ECDSA.swift
[1374/1515] Compiling Crypto Ed25519.swift
[1375/1515] Compiling Crypto MLDSA.swift
[1388/1515] Compiling Crypto Signature.swift
[1389/1515] Compiling Crypto CryptoKitErrors_boring.swift
[1390/1515] Compiling Crypto Optional+withUnsafeBytes_boring.swift
[1391/1515] Compiling Crypto RNG_boring.swift
[1392/1515] Compiling Crypto SafeCompare_boring.swift
[1393/1515] Compiling Crypto Zeroization_boring.swift
[1394/1515] Compiling Crypto _CryptoModuleAnchor.swift
[1395/1515] Compiling Crypto PrettyBytes.swift
[1396/1515] Compiling Crypto SafeCompare.swift
[1397/1515] Compiling Crypto SecureBytes.swift
[1398/1515] Compiling Crypto Zeroization.swift
[1399/1532] Wrapping AST for Crypto for debugging
[1409/1578] Compiling CryptoExtras ARCServer.swift
[1410/1578] Compiling CryptoExtras ChaCha20CTR_boring.swift
[1411/1578] Compiling CryptoExtras ChaCha20CTR.swift
[1412/1578] Compiling CryptoExtras BoringSSLSHA512256Context.swift
[1413/1578] Compiling CryptoExtras BoringSSLSHA512256HashFunction.swift
[1414/1578] Compiling CryptoExtras SHA512256.swift
[1415/1578] Compiling CryptoExtras SHA512256Digest.swift
[1416/1578] Compiling CryptoExtras Curve25519+PEM.swift
[1417/1578] Compiling CryptoExtras ObjectIdentifier.swift
[1418/1578] Compiling CryptoExtras Data+Extensions.swift
[1419/1578] Compiling CryptoExtras DigestType.swift
[1420/1578] Compiling CryptoExtras Error.swift
[1421/1578] Compiling CryptoExtras I2OSP.swift
[1422/1578] Compiling CryptoExtras IntegerEncoding.swift
[1423/1578] Compiling CryptoExtras PEMDocument.swift
[1424/1578] Compiling CryptoExtras PrettyBytes.swift
[1425/1578] Compiling CryptoExtras SubjectPublicKeyInfo.swift
[1426/1586] Compiling CryptoExtras AES_CBC.swift
[1427/1586] Compiling CryptoExtras AES_CFB.swift
[1428/1586] Compiling CryptoExtras AES_CTR.swift
[1429/1586] Compiling CryptoExtras AES_GCM_SIV.swift
[1430/1586] Compiling CryptoExtras Block Function.swift
[1431/1586] Compiling CryptoExtras AES_CBC_boring.swift
[1432/1586] Compiling CryptoExtras AES_CFB_boring.swift
[1433/1586] Compiling CryptoExtras AES_CTR_boring.swift
[1434/1586] Compiling CryptoExtras AES_GCM_SIV_boring.swift
[1444/1586] Compiling CryptoExtras BoringSSLPassphraseCallbackManager.swift
[1445/1586] Compiling CryptoExtras RSA+BlindSigning.swift
[1446/1586] Compiling CryptoExtras RSA.swift
[1447/1586] Compiling CryptoExtras RSA_boring.swift
[1448/1586] Compiling CryptoExtras Reexport.swift
[1449/1586] Compiling CryptoExtras Zeroization_boring.swift
[1450/1586] Compiling CryptoExtras BoringSSLHelpers.swift
[1451/1586] Compiling CryptoExtras CryptoKitErrors_boring.swift
[1452/1586] Compiling CryptoExtras PKCS8DERRepresentation.swift
[1453/1586] Compiling CryptoExtras PKCS8PrivateKey.swift
[1454/1586] Compiling CryptoExtras RFC8410AlgorithmIdentifier.swift
[1455/1586] Compiling CryptoExtras ECToolbox_boring.swift
[1456/1586] Compiling CryptoExtras ECToolbox.swift
[1457/1586] Compiling CryptoExtras HashToField.swift
[1458/1586] Compiling CryptoExtras KDF.swift
[1459/1586] Compiling CryptoExtras PBKDF2_boring.swift
[1460/1586] Compiling CryptoExtras PBKDF2_commoncrypto.swift
[1461/1586] Compiling CryptoExtras PBKDF2.swift
[1462/1586] Compiling CryptoExtras Scrypt_boring.swift
[1463/1586] Compiling CryptoExtras Scrypt.swift
[1464/1586] Compiling CryptoExtras OPRF.swift
[1465/1586] Compiling CryptoExtras OPRFClient.swift
[1466/1586] Compiling CryptoExtras OPRFServer.swift
[1467/1586] Compiling CryptoExtras VOPRF+API.swift
[1468/1586] Compiling CryptoExtras VOPRFClient.swift
[1469/1586] Compiling CryptoExtras VOPRFServer.swift
[1470/1586] Compiling CryptoExtras CMAC.swift
[1471/1586] Compiling CryptoExtras ARC+API.swift
[1472/1586] Compiling CryptoExtras ARC.swift
[1473/1586] Compiling CryptoExtras ARCCredential.swift
[1474/1586] Compiling CryptoExtras ARCEncoding.swift
[1475/1586] Compiling CryptoExtras ARCPrecredential.swift
[1476/1586] Compiling CryptoExtras ARCPresentation.swift
[1477/1586] Compiling CryptoExtras ARCRequest.swift
[1478/1586] Compiling CryptoExtras ARCResponse.swift
[1479/1586] Emitting module CryptoExtras
[1480/1586] Compiling CryptoExtras ThreadOps.swift
[1481/1586] Compiling CryptoExtras ThreadPosix.swift
[1482/1586] Compiling CryptoExtras ThreadSpecific.swift
[1483/1586] Compiling CryptoExtras ThreadWindows.swift
[1484/1586] Compiling CryptoExtras DLEQ.swift
[1485/1586] Compiling CryptoExtras Prover.swift
[1486/1586] Compiling CryptoExtras Verifier.swift
[1487/1586] Compiling CryptoExtras ZKPToolbox.swift
[1488/1589] Wrapping AST for CryptoExtras for debugging
[1490/1589] Compiling _CryptoExtras Exports.swift
[1491/1589] Emitting module _CryptoExtras
[1492/1590] Wrapping AST for _CryptoExtras for debugging
[1494/1685] Compiling X509 DomainComponent.swift
[1495/1685] Compiling X509 EmailAddress.swift
[1496/1685] Compiling X509 LocalityName.swift
[1497/1685] Compiling X509 OrganizationName.swift
[1498/1685] Compiling X509 OrganizationalUnitName.swift
[1499/1685] Compiling X509 StateOrProvinceName.swift
[1500/1685] Compiling X509 StreetAddress.swift
[1501/1685] Compiling X509 Error.swift
[1502/1685] Compiling X509 AuthorityInformationAccess.swift
[1503/1685] Compiling X509 CertificationRequestInfo.swift
[1504/1685] Compiling X509 ExtensionRequest.swift
[1505/1685] Compiling X509 Certificate.swift
[1506/1685] Compiling X509 CertificatePrivateKey.swift
[1507/1685] Compiling X509 CertificatePublicKey.swift
[1508/1685] Compiling X509 CertificateSerialNumber.swift
[1509/1685] Compiling X509 CertificateVersion.swift
[1510/1685] Compiling X509 CMSAttribute.swift
[1511/1685] Compiling X509 CMSContentInfo.swift
[1512/1685] Emitting module NIOCore
[1513/1686] Wrapping AST for NIOCore for debugging
[1515/1743] Compiling NIOPosix BSDSocketAPICommon.swift
[1516/1743] Compiling NIOPosix BSDSocketAPIPosix.swift
[1517/1743] Compiling NIOPosix BSDSocketAPIWindows.swift
[1518/1743] Compiling NIOPosix BaseSocket.swift
[1519/1743] Compiling NIOPosix BaseSocketChannel+AccessibleTransport.swift
[1520/1743] Compiling NIOPosix BaseSocketChannel+SocketOptionProvider.swift
[1521/1743] Compiling NIOPosix BaseSocketChannel.swift
[1522/1743] Compiling NIOPosix BaseStreamSocketChannel.swift
[1523/1743] Compiling NIOPosix Bootstrap.swift
[1524/1743] Compiling NIOPosix ControlMessage.swift
[1525/1743] Compiling NIOPosix DatagramVectorReadManager.swift
[1526/1743] Compiling NIOPosix Errors+Any.swift
[1527/1743] Compiling NIOPosix FileDescriptor.swift
[1528/1743] Compiling NIOPosix GetaddrinfoResolver.swift
[1529/1756] Compiling X509 PKCS8PrivateKey.swift
[1530/1756] Compiling X509 PromiseAndFuture.swift
[1531/1756] Compiling X509 RDNAttribute.swift
[1532/1756] Compiling X509 RandomNumberGenerator+bytes.swift
[1533/1756] Compiling X509 RelativeDistinguishedName.swift
[1534/1756] Compiling X509 SEC1PrivateKey.swift
[1535/1756] Compiling X509 SecKeyWrapper.swift
[1536/1756] Compiling X509 Signature.swift
[1537/1756] Compiling X509 SignatureAlgorithm.swift
[1538/1756] Compiling X509 AllOfPolicies.swift
[1539/1756] Compiling X509 AnyPolicy.swift
[1540/1756] Compiling X509 CertificateStore.swift
[1541/1756] Compiling X509 CustomCertificateStore.swift
[1542/1756] Compiling X509 OneOfPolicies.swift
[1543/1756] Compiling X509 PolicyBuilder.swift
[1544/1756] Compiling X509 BasicConstraintsPolicy.swift
[1545/1756] Compiling X509 DNSNames.swift
[1546/1756] Compiling X509 ExpiryPolicy.swift
[1547/1756] Compiling X509 IPConstraints.swift
[1548/1756] Compiling X509 NameConstraintsPolicy.swift
[1549/1756] Compiling X509 RFC5280Policy.swift
[1550/1756] Compiling X509 URIConstraints.swift
[1551/1756] Compiling X509 VersionPolicy.swift
[1552/1756] Compiling X509 ServerIdentityPolicy.swift
[1553/1756] Compiling X509 TrustRootLoading.swift
[1554/1756] Compiling X509 UnverifiedChain.swift
[1555/1756] Compiling NIOPosix HappyEyeballs.swift
[1556/1756] Compiling NIOPosix IO.swift
[1557/1756] Compiling NIOPosix IntegerBitPacking.swift
[1558/1756] Compiling NIOPosix IntegerTypes.swift
[1559/1756] Compiling NIOPosix Linux.swift
[1560/1756] Compiling NIOPosix LinuxCPUSet.swift
[1561/1756] Compiling NIOPosix LinuxUring.swift
[1562/1756] Compiling NIOPosix MultiThreadedEventLoopGroup.swift
[1563/1756] Compiling NIOPosix NIOPosixSendableMetatype.swift
[1564/1756] Compiling NIOPosix NIORandomizedDNSResolver.swift
[1565/1756] Compiling NIOPosix NIOThreadPool.swift
[1566/1756] Compiling NIOPosix NonBlockingFileIO.swift
[1567/1756] Compiling NIOPosix PendingDatagramWritesManager.swift
[1568/1756] Compiling NIOPosix PendingWritesManager.swift
[1569/1756] Compiling NIOPosix SelectorWSAPoll.swift
[1570/1756] Compiling NIOPosix ServerSocket.swift
[1571/1756] Compiling NIOPosix Socket.swift
[1572/1756] Compiling NIOPosix SocketChannel.swift
[1573/1756] Compiling NIOPosix SocketProtocols.swift
[1574/1756] Compiling NIOPosix StructuredConcurrencyHelpers.swift
[1575/1756] Compiling NIOPosix System.swift
[1576/1756] Compiling NIOPosix Selectable.swift
[1577/1756] Compiling NIOPosix SelectableChannel.swift
[1578/1756] Compiling NIOPosix SelectableEventLoop.swift
[1579/1756] Compiling NIOPosix SelectorEpoll.swift
[1580/1756] Compiling NIOPosix SelectorGeneric.swift
[1581/1756] Compiling NIOPosix SelectorKqueue.swift
[1582/1756] Compiling NIOPosix SelectorUring.swift
[1583/1756] Compiling NIOEmbedded AsyncTestingEventLoop.swift
[1584/1756] Compiling NIOPosix PipeChannel.swift
[1585/1756] Compiling NIOPosix PipePair.swift
[1586/1756] Compiling NIOPosix Pool.swift
[1587/1756] Compiling NIOPosix PosixSingletons+ConcurrencyTakeOver.swift
[1588/1756] Compiling NIOPosix PosixSingletons.swift
[1589/1756] Compiling NIOPosix RawSocketBootstrap.swift
[1590/1756] Compiling NIOPosix Resolver.swift
[1591/1756] Compiling X509 OCSPResponseStatus.swift
[1592/1756] Compiling X509 OCSPSignature.swift
[1593/1756] Compiling X509 OCSPSingleRequest.swift
[1594/1756] Compiling X509 OCSPSingleResponse.swift
[1595/1756] Compiling X509 OCSPTBSRequest.swift
[1596/1756] Compiling X509 OCSPVersion.swift
[1597/1756] Compiling NIOFoundationEssentialsCompat ByteBuffer-foundation.swift
[1598/1756] Compiling NIOFoundationEssentialsCompat Codable+ByteBuffer.swift
[1599/1756] Emitting module NIOFoundationEssentialsCompat
[1600/1757] Emitting module NIOEmbedded
[1601/1757] Compiling NIOEmbedded AsyncTestingChannel.swift
[1602/1757] Wrapping AST for NIOFoundationEssentialsCompat for debugging
[1604/1757] Compiling NIOEmbedded Embedded.swift
[1605/1758] Wrapping AST for NIOEmbedded for debugging
[1607/1758] Compiling X509 NameConstraints.swift
[1608/1758] Compiling X509 SubjectAlternativeName.swift
[1609/1758] Compiling X509 SubjectKeyIdentifier.swift
[1610/1758] Compiling X509 Extension.swift
[1611/1758] Compiling X509 Extensions.swift
[1612/1758] Compiling X509 ExtensionsBuilder.swift
[1613/1758] Compiling X509 GeneralName.swift
[1614/1758] Compiling X509 Lock.swift
[1615/1758] Compiling X509 LockedValueBox.swift
[1616/1758] Compiling X509 BasicOCSPResponse.swift
[1617/1758] Compiling X509 DirectoryString.swift
[1618/1758] Compiling X509 OCSPCertID.swift
[1619/1758] Compiling X509 OCSPCertStatus.swift
[1627/1765] Compiling NIOPosix Thread.swift
[1628/1765] Compiling NIOPosix ThreadPosix.swift
[1629/1765] Compiling NIOPosix ThreadWindows.swift
[1630/1765] Compiling NIOPosix Utilities.swift
[1631/1765] Compiling NIOPosix VsockAddress.swift
[1632/1765] Compiling NIOPosix VsockChannelEvents.swift
[1633/1765] Compiling NIOPosix Windows.swift
[1634/1765] Emitting module X509
[1642/1765] Emitting module NIOPosix
[1671/1765] Compiling X509 ValidatedCertificateChain.swift
[1672/1765] Compiling X509 VerificationDiagnostic.swift
[1673/1765] Compiling X509 Verifier.swift
[1674/1765] Compiling X509 VerifierPolicy.swift
[1675/1765] Compiling X509 AlgorithmIdentifier.swift
[1676/1765] Compiling X509 ECDSASignature.swift
[1677/1765] Compiling X509 RSAPKCS1PublicKey.swift
[1678/1765] Compiling X509 SubjectPublicKeyInfo.swift
[1679/1765] Compiling X509 TBSCertificate.swift
[1680/1765] Compiling X509 Time.swift
[1681/1765] Compiling X509 TimeCalculations.swift
[1682/1765] Compiling X509 Validity.swift
[1683/1765] Compiling X509 X509SendableMetatype.swift
[1684/1766] Wrapping AST for X509 for debugging
[1686/1833] Compiling JWTKit P384+CurveType.swift
[1687/1833] Compiling JWTKit P521+CurveType.swift
[1688/1833] Compiling JWTKit EdDSA.swift
[1689/1833] Compiling JWTKit EdDSACurve.swift
[1690/1833] Compiling JWTKit EdDSAError.swift
[1691/1833] Compiling JWTKit EdDSASigner.swift
[1692/1833] Compiling JWTKit JWTKeyCollection+EdDSA.swift
[1693/1834] Wrapping AST for NIOPosix for debugging
[1695/1836] Compiling NIO Exports.swift
[1696/1836] Emitting module NIO
[1697/1840] Wrapping AST for NIO for debugging
[1699/1876] Emitting module NIOFoundationCompat
[1700/1876] Compiling NIOFoundationCompat Exports.swift
[1701/1876] Compiling NIOTLS TLSEvents.swift
[1702/1876] Compiling NIOHTTP1 ByteCollectionUtils.swift
[1703/1876] Compiling NIOHTTP1 HTTPDecoder.swift
[1704/1876] Compiling NIOHTTP1 HTTPEncoder.swift
[1705/1876] Compiling NIOHTTP1 HTTPServerPipelineHandler.swift
[1706/1876] Compiling NIOHTTP1 HTTPServerProtocolErrorHandler.swift
[1707/1876] Compiling NIOHTTP1 HTTPHeaderValidator.swift
[1708/1876] Compiling NIOHTTP1 HTTPHeaders+Validation.swift
[1709/1876] Compiling NIOHTTP1 HTTPPipelineSetup.swift
[1710/1876] Compiling NIOHTTP1 HTTPServerRequestMethodQueue.swift
[1711/1885] Compiling NIOFoundationCompat WaitSpinningRunLoop.swift
[1712/1885] Compiling NIOFoundationCompat JSONSerialization+ByteBuffer.swift
[1713/1885] Compiling NIOTLS NIOTypedApplicationProtocolNegotiationHandler.swift
[1714/1885] Emitting module NIOTLS
[1715/1885] Compiling NIOSOCKS SOCKSResponse.swift
[1717/1887] Compiling NIOTLS ProtocolNegotiationHandlerStateMachine.swift
[1718/1887] Compiling NIOSOCKS ClientStateMachine.swift
[1719/1887] Compiling NIOSOCKS SelectedAuthenticationMethod.swift
[1719/1887] Wrapping AST for NIOFoundationCompat for debugging
[1721/1887] Compiling JWTKit MLDSAType.swift
[1722/1887] Compiling JWTKit JWTKeyCollection+UnsecuredNone.swift
[1723/1887] Compiling JWTKit UnsecuredNoneSigner.swift
[1724/1887] Compiling JWTKit JWTKeyCollection+RSA.swift
[1725/1887] Compiling JWTKit RSA.swift
[1726/1887] Compiling JWTKit RSAError.swift
[1727/1887] Compiling JWTKit RSASigner.swift
[1728/1887] Compiling JWTKit Base64URL.swift
[1729/1887] Compiling JWTKit CryptoSigner.swift
[1730/1887] Compiling JWTKit LocaleClaim.swift
[1731/1887] Compiling JWTKit NotBeforeClaim.swift
[1732/1887] Compiling JWTKit SubjectClaim.swift
[1733/1887] Compiling JWTKit TenantIDClaim.swift
[1734/1887] Compiling JWTKit ECDSA.swift
[1735/1887] Compiling JWTKit ECDSACurve.swift
[1736/1887] Compiling JWTKit ECDSACurveType.swift
[1737/1887] Compiling JWTKit ECDSAError.swift
[1738/1887] Compiling JWTKit ECDSAKeyTypes.swift
[1739/1887] Compiling JWTKit ECDSASigner.swift
[1740/1887] Emitting module JWTKit
[1741/1887] Compiling NIOSOCKS ServerStateMachine.swift
[1742/1887] Emitting module NIOSOCKS
[1751/1888] Compiling JWTKit HMAC.swift
[1752/1888] Compiling JWTKit HMACError.swift
[1753/1888] Compiling JWTKit HMACSigner.swift
[1754/1888] Compiling JWTKit JWTKeyCollection+HMAC.swift
[1755/1888] Compiling JWTKit Insecure.swift
[1756/1888] Compiling JWTKit JWK.swift
[1757/1888] Compiling JWTKit JWKIdentifier.swift
[1758/1888] Compiling JWTKit JWKS.swift
[1759/1888] Compiling JWTKit JWKSigner.swift
[1760/1888] Compiling NIOTLS ApplicationProtocolNegotiationHandler.swift
[1761/1888] Compiling NIOTLS SNIHandler.swift
[1763/1889] Wrapping AST for NIOSOCKS for debugging
[1764/1889] Wrapping AST for NIOTLS for debugging
[1766/1889] Compiling NIOHTTP1 NIOTypedHTTPClientUpgradeHandler.swift
[1767/1889] Compiling NIOHTTP1 NIOTypedHTTPClientUpgraderStateMachine.swift
[1770/1905] Compiling NIOSSL IdentityVerification.swift
[1771/1905] Compiling NIOHTTP1 NIOHTTPObjectAggregator.swift
[1772/1921] Compiling NIOSSL ByteBufferBIO.swift
[1773/1921] Compiling NIOSSL CustomPrivateKey.swift
[1774/1921] Compiling NIOSSL FreeBSDCABundle.swift
[1776/1921] Compiling NIOSSL SSLCertificate.swift
[1777/1921] Compiling NIOSSL SSLCertificateExtensions.swift
[1778/1921] Compiling NIOSSL SSLCertificateName.swift
[1779/1921] Compiling NIOSSL SSLConnection.swift
[1780/1921] Compiling NIOSSL SSLContext.swift
[1781/1921] Compiling NIOSSL SSLErrors.swift
[1782/1921] Compiling NIOSSL SSLInit.swift
[1783/1921] Compiling NIOSSL SSLPKCS12Bundle.swift
[1784/1921] Compiling NIOSSL SSLPrivateKey.swift
[1785/1921] Compiling NIOSSL SSLPublicKey.swift
[1786/1921] Compiling NIOSSL SecurityFrameworkCertificateVerification.swift
[1787/1921] Compiling NIOSSL String+unsafeUninitializedCapacity.swift
[1788/1921] Compiling NIOSSL SubjectAlternativeName.swift
[1789/1921] Compiling NIOSSL NIOSSLSecureBytes.swift
[1790/1921] Compiling NIOSSL RNG.swift
[1791/1921] Compiling JWTKit AudienceClaim.swift
[1792/1921] Compiling JWTKit BoolClaim.swift
[1793/1921] Compiling JWTKit ExpirationClaim.swift
[1794/1921] Compiling JWTKit GoogleHostedDomainClaim.swift
[1795/1921] Compiling JWTKit IDClaim.swift
[1796/1921] Compiling JWTKit IssuedAtClaim.swift
[1797/1921] Compiling JWTKit IssuerClaim.swift
[1798/1921] Compiling JWTKit JWTClaim.swift
[1799/1921] Compiling JWTKit JWTMultiValueClaim.swift
[1800/1921] Compiling JWTKit JWTUnixEpochClaim.swift
[1805/1921] Compiling NIOSSL AndroidCABundle.swift
[1807/1921] Compiling NIOSSL ObjectIdentifier.swift
[1808/1921] Compiling NIOSSL PosixPort.swift
[1809/1921] Compiling NIOSSL SSLCallbacks.swift
[1810/1921] Emitting module NIOHTTP1
[1811/1921] Compiling NIOSSL LinuxCABundle.swift
[1812/1921] Compiling NIOSSL NIOSSLClientHandler.swift
[1813/1921] Compiling NIOSSL NIOSSLHandler+Configuration.swift
[1815/1922] Compiling JWTKit CustomizedJSONCoders.swift
[1816/1922] Compiling JWTKit Utilities.swift
[1817/1922] Compiling JWTKit AppleIdentityToken.swift
[1818/1922] Compiling JWTKit FirebaseAuthIdentityToken.swift
[1819/1922] Compiling JWTKit GoogleIdentityToken.swift
[1820/1922] Compiling JWTKit MicrosoftIdentityToken.swift
[1821/1922] Compiling JWTKit EmptyPolicy.swift
[1822/1922] Compiling JWTKit ValidationTimePayload.swift
[1823/1922] Compiling JWTKit X5CVerifier.swift
[1824/1923] Emitting module NIOSSL
[1824/1927] Wrapping AST for NIOHTTP1 for debugging
[1826/1944] Wrapping AST for JWTKit for debugging
[1828/1944] Emitting module NIOHTTPCompression
[1829/1944] Compiling NIOHPACK IntegerCoding.swift
[1830/1944] Compiling NIOHPACK IndexedHeaderTable.swift
[1831/1945] Compiling NIOHPACK DynamicHeaderTable.swift
[1832/1945] Compiling NIOHPACK HPACKDecoder.swift
[1833/1945] Compiling NIOHPACK HPACKEncoder.swift
[1834/1945] Compiling NIOHPACK HPACKErrors.swift
[1835/1945] Compiling NIOHTTPCompression HTTPDecompressor.swift
[1836/1945] Compiling NIOHTTPCompression HTTPRequestCompressor.swift
[1837/1945] Compiling NIOHPACK HuffmanTables.swift
[1845/1945] Compiling NIOSSL SafeCompare.swift
[1846/1945] Compiling NIOHTTPCompression HTTPDecompression.swift
[1847/1945] Compiling NIOHPACK HuffmanCoding.swift
[1848/1945] Compiling NIOHPACK StaticHeaderTable.swift
[1849/1945] Compiling NIOHTTPCompression HTTPCompression.swift
[1850/1945] Compiling NIOHPACK HPACKHeader.swift
[1851/1945] Compiling NIOHPACK HeaderTables.swift
[1859/1945] Compiling NIOHTTPCompression HTTPResponseCompressor.swift
[1868/1946] Wrapping AST for NIOHTTPCompression for debugging
[1872/1946] Emitting module NIOHPACK
[1877/1947] Wrapping AST for NIOHPACK for debugging
[1879/1993] Compiling NIOHTTP2 ConcurrentStreamBuffer.swift
[1880/1993] Compiling NIOHTTP2 ControlFrameBuffer.swift
[1881/1993] Compiling NIOHTTP2 OutboundFlowControlBuffer.swift
[1882/1993] Compiling NIOHTTP2 OutboundFrameBuffer.swift
[1883/2011] Wrapping AST for NIOSSL for debugging
[1885/2011] Compiling NIOHTTP2 MaySendFrames.swift
[1886/2011] Compiling NIOHTTP2 SendingDataState.swift
[1887/2011] Compiling NIOHTTP2 SendingGoawayState.swift
[1888/2011] Compiling NIOHTTP2 SendingHeadersState.swift
[1889/2011] Compiling NIOHTTP2 SendingPushPromiseState.swift
[1890/2011] Compiling NIOHTTP2 SendingRstStreamState.swift
[1891/2011] Compiling NIOHTTP2 SendingWindowUpdateState.swift
[1892/2011] Compiling NIOHTTP2 HTTP2SettingsState.swift
[1893/2011] Compiling NIOHTTP2 HasExtendedConnectSettings.swift
[1894/2019] Compiling NIOHTTP2 HTTP2StreamMultiplexer.swift
[1895/2019] Compiling NIOHTTP2 HTTP2ToHTTP1Codec.swift
[1896/2019] Compiling NIOHTTP2 HTTP2UserEvents.swift
[1897/2019] Compiling NIOHTTP2 InboundEventBuffer.swift
[1898/2019] Compiling NIOHTTP2 InboundWindowManager.swift
[1899/2019] Compiling NIOHTTP2 MultiplexerAbstractChannel.swift
[1900/2019] Compiling NIOHTTP2 NIOHTTP2FrameDelegate.swift
[1901/2019] Compiling NIOHTTP2 NIOHTTP2ServerConnectionManagementHandler+StateMachine.swift
[1902/2019] Compiling NIOHTTP2 NIOHTTP2ServerConnectionManagementHandler.swift
[1903/2019] Compiling NIOHTTP2 StreamChannelFlowController.swift
[1904/2019] Compiling NIOHTTP2 StreamChannelList.swift
[1905/2019] Compiling NIOHTTP2 StreamMap.swift
[1906/2019] Compiling NIOHTTP2 StreamStateMachine.swift
[1907/2019] Compiling NIOHTTP2 Timer.swift
[1908/2019] Compiling NIOHTTP2 UnsafeTransfer.swift
[1909/2019] Compiling NIOHTTP2 WatermarkedFlowController.swift
[1910/2019] Emitting module NIOHTTP2
[1911/2019] Compiling NIOHTTP2 HTTP2ChannelHandler+InlineStreamMultiplexer.swift
[1912/2019] Compiling NIOHTTP2 HTTP2ChannelHandler.swift
[1913/2019] Compiling NIOHTTP2 HTTP2CommonInboundStreamMultiplexer.swift
[1914/2019] Compiling NIOHTTP2 HTTP2ConnectionStateChange.swift
[1915/2019] Compiling NIOHTTP2 HTTP2Error.swift
[1916/2019] Compiling NIOHTTP2 HTTP2ErrorCode.swift
[1917/2019] Compiling NIOHTTP2 HTTP2FlowControlWindow.swift
[1918/2019] Compiling NIOHTTP2 HTTP2Frame.swift
[1919/2019] Compiling NIOHTTP2 HTTP2FrameEncoder.swift
[1920/2019] Compiling NIOHTTP2 HasFlowControlWindows.swift
[1921/2019] Compiling NIOHTTP2 HasLocalSettings.swift
[1922/2019] Compiling NIOHTTP2 HasRemoteSettings.swift
[1923/2019] Compiling NIOHTTP2 LocallyQuiescingState.swift
[1924/2019] Compiling NIOHTTP2 QuiescingState.swift
[1925/2019] Compiling NIOHTTP2 RemotelyQuiescingState.swift
[1926/2019] Compiling NIOHTTP2 SendAndReceiveGoawayState.swift
[1927/2019] Compiling NIOHTTP2 StateMachineResult.swift
[1928/2019] Compiling NIOHTTP2 ContentLengthVerifier.swift
[1929/2019] Compiling NIOHTTP2 DOSHeuristics.swift
[1930/2019] Compiling NIOHTTP2 Error+Any.swift
[1935/2019] Compiling NIOHTTP2 GlitchesMonitor.swift
[1936/2019] Compiling NIOHTTP2 HPACKHeaders+Validation.swift
[1937/2019] Compiling NIOHTTP2 HTTP2ChannelHandler+InboundStreamMultiplexer.swift
[1938/2019] Compiling NIOHTTP2 HTTP2FrameParser.swift
[1939/2019] Compiling NIOHTTP2 HTTP2PingData.swift
[1940/2019] Compiling NIOHTTP2 HTTP2PipelineHelpers.swift
[1941/2019] Compiling NIOHTTP2 HTTP2Settings.swift
[1942/2019] Compiling NIOHTTP2 HTTP2Stream.swift
[1943/2019] Compiling NIOHTTP2 HTTP2StreamChannel+OutboundStreamMultiplexer.swift
[1944/2019] Compiling NIOHTTP2 HTTP2StreamChannel.swift
[1945/2019] Compiling NIOHTTP2 HTTP2StreamDelegate.swift
[1946/2019] Compiling NIOHTTP2 HTTP2StreamID.swift
[1947/2019] Compiling NIOHTTP2 ConnectionStateMachine.swift
[1948/2019] Compiling NIOHTTP2 ConnectionStreamsState.swift
[1949/2019] Compiling NIOHTTP2 MayReceiveFrames.swift
[1950/2019] Compiling NIOHTTP2 ReceivingDataState.swift
[1951/2019] Compiling NIOHTTP2 ReceivingGoAwayState.swift
[1952/2019] Compiling NIOHTTP2 ReceivingHeadersState.swift
[1953/2019] Compiling NIOHTTP2 ReceivingPushPromiseState.swift
[1954/2019] Compiling NIOHTTP2 ReceivingRstStreamState.swift
[1955/2019] Compiling NIOHTTP2 ReceivingWindowUpdateState.swift
[1956/2020] Wrapping AST for NIOHTTP2 for debugging
[1958/2084] Emitting module AsyncHTTPClient
[1959/2092] Compiling AsyncHTTPClient LRUCache.swift
[1960/2092] Compiling AsyncHTTPClient NIOLoopBound+Execute.swift
[1961/2092] Compiling AsyncHTTPClient NWErrorHandler.swift
[1962/2092] Compiling AsyncHTTPClient NWWaitingHandler.swift
[1963/2092] Compiling AsyncHTTPClient TLSConfiguration.swift
[1964/2092] Compiling AsyncHTTPClient RedirectState.swift
[1965/2092] Compiling AsyncHTTPClient RequestBag+StateMachine.swift
[1966/2092] Compiling AsyncHTTPClient RequestBag+Tracing.swift
[1967/2092] Compiling AsyncHTTPClient RequestBag.swift
[1968/2092] Compiling AsyncHTTPClient HTTPClientResponse.swift
[1969/2092] Compiling AsyncHTTPClient SingleIteratorPrecondition.swift
[1970/2092] Compiling AsyncHTTPClient Transaction+StateMachine.swift
[1971/2092] Compiling AsyncHTTPClient Transaction.swift
[1972/2092] Compiling AsyncHTTPClient Base64.swift
[1973/2092] Compiling AsyncHTTPClient BasicAuth.swift
[1974/2092] Compiling AsyncHTTPClient BestEffortHashableTLSConfiguration.swift
[1975/2092] Compiling AsyncHTTPClient Configuration+BrowserLike.swift
[1976/2092] Compiling AsyncHTTPClient ConnectionPool.swift
[1977/2092] Compiling AsyncHTTPClient RequestValidation.swift
[1978/2092] Compiling AsyncHTTPClient SSLContextCache.swift
[1979/2092] Compiling AsyncHTTPClient Scheme.swift
[1980/2092] Compiling AsyncHTTPClient Singleton.swift
[1981/2092] Compiling AsyncHTTPClient StringConvertibleInstances.swift
[1982/2092] Compiling AsyncHTTPClient StructuredConcurrencyHelpers.swift
[1983/2092] Compiling AsyncHTTPClient TracingSupport.swift
[1984/2092] Compiling AsyncHTTPClient Utils.swift
[1985/2092] Compiling AsyncHTTPClient HTTPConnectionEvent.swift
[1986/2092] Compiling AsyncHTTPClient HTTPConnectionPool+Factory.swift
[1987/2092] Compiling AsyncHTTPClient HTTPConnectionPool+Manager.swift
[1988/2092] Compiling AsyncHTTPClient HTTPConnectionPool.swift
[1989/2092] Compiling AsyncHTTPClient HTTPExecutableRequest.swift
[1990/2092] Compiling AsyncHTTPClient HTTPRequestStateMachine+Demand.swift
[1991/2092] Compiling AsyncHTTPClient HTTPRequestStateMachine.swift
[1992/2092] Compiling AsyncHTTPClient RequestBodyLength.swift
[1993/2092] Compiling AsyncHTTPClient RequestFramingMetadata.swift
[1994/2092] Compiling AsyncHTTPClient RequestOptions.swift
[1995/2092] Compiling AsyncHTTPClient HTTPConnectionPool+Backoff.swift
[1996/2092] Compiling AsyncHTTPClient HTTPConnectionPool+HTTP1Connections.swift
[1997/2092] Compiling AsyncHTTPClient HTTPConnectionPool+HTTP1StateMachine.swift
[1998/2092] Compiling AsyncHTTPClient HTTPConnectionPool+HTTP2Connections.swift
[1999/2092] Compiling AsyncHTTPClient HTTPConnectionPool+HTTP2StateMachine.swift
[2000/2092] Compiling AsyncHTTPClient HTTPConnectionPool+RequestQueue.swift
[2001/2092] Compiling AsyncHTTPClient HTTPConnectionPool+StateMachine.swift
[2002/2092] Compiling AsyncHTTPClient ConnectionTarget.swift
[2003/2092] Compiling AsyncHTTPClient HTTP1ProxyConnectHandler.swift
[2004/2092] Compiling AsyncHTTPClient SOCKSEventsHandler.swift
[2005/2092] Compiling AsyncHTTPClient TLSEventsHandler.swift
[2006/2092] Compiling AsyncHTTPClient HTTP1ClientChannelHandler.swift
[2007/2092] Compiling AsyncHTTPClient HTTP1Connection.swift
[2008/2092] Compiling AsyncHTTPClient HTTP1ConnectionStateMachine.swift
[2009/2092] Compiling AsyncHTTPClient HTTP2ClientRequestHandler.swift
[2010/2092] Compiling AsyncHTTPClient HTTP2Connection.swift
[2011/2092] Compiling AsyncHTTPClient HTTP2IdleHandler.swift
[2012/2092] Compiling AsyncHTTPClient AnyAsyncSequence.swift
[2013/2092] Compiling AsyncHTTPClient AnyAsyncSequenceProucerDelete.swift
[2014/2092] Compiling AsyncHTTPClient AsyncLazySequence.swift
[2015/2092] Compiling AsyncHTTPClient HTTPClient+execute.swift
[2016/2092] Compiling AsyncHTTPClient HTTPClient+shutdown.swift
[2017/2092] Compiling AsyncHTTPClient HTTPClient+tracing.swift
[2018/2092] Compiling AsyncHTTPClient HTTPClientRequest+Prepared.swift
[2019/2092] Compiling AsyncHTTPClient HTTPClientRequest+auth.swift
[2020/2092] Compiling AsyncHTTPClient HTTPClientRequest.swift
[2021/2092] Compiling AsyncHTTPClient DeconstructedURL.swift
[2022/2092] Compiling AsyncHTTPClient FileDownloadDelegate.swift
[2023/2092] Compiling AsyncHTTPClient FoundationExtensions.swift
[2024/2092] Compiling AsyncHTTPClient HTTPClient+HTTPCookie.swift
[2025/2092] Compiling AsyncHTTPClient HTTPClient+Proxy.swift
[2026/2092] Compiling AsyncHTTPClient HTTPClient+StructuredConcurrency.swift
[2027/2092] Compiling AsyncHTTPClient HTTPClient.swift
[2028/2092] Compiling AsyncHTTPClient HTTPClientConfiguration+SwiftConfiguration.swift
[2029/2092] Compiling AsyncHTTPClient HTTPHandler.swift
[2030/2093] Wrapping AST for AsyncHTTPClient for debugging
[2032/2116] Emitting module GoogleAuth
[2033/2119] Compiling GoogleAuth CredentialParserRegistry.swift
[2034/2119] Compiling GoogleAuth Credentials.swift
[2035/2119] Compiling GoogleAuth CredentialsError.swift
[2036/2119] Compiling GoogleAuth ADC.swift
[2037/2119] Compiling GoogleAuth ADCPath.swift
[2038/2119] Compiling GoogleAuth ADCResolver.swift
[2039/2119] Compiling GoogleAuth AuthHeaders.swift
[2040/2119] Compiling GoogleAuth SubjectTokenProvider.swift
[2041/2119] Compiling GoogleAuth MDSAccessTokenProvider.swift
[2042/2119] Compiling GoogleAuth MDSCredentials.swift
[2043/2119] Compiling GoogleAuth AnonymousCredentials.swift
[2044/2119] Compiling GoogleAuth ApiKeyCredentials.swift
[2045/2119] Compiling GoogleAuth ExternalAccountCredentials.swift
[2046/2119] Compiling GoogleAuth ServiceAccountCredentials.swift
[2047/2119] Compiling GoogleAuth ServiceAccountData.swift
[2048/2119] Compiling GoogleAuth ServiceAccountTokenProvider.swift
[2049/2119] Compiling GoogleAuth UserAccountData.swift
[2050/2119] Compiling GoogleAuth UserAccountTokenProvider.swift
[2051/2119] Compiling GoogleAuth UserCredentials.swift
[2052/2119] Compiling GoogleAuth AuthHTTPClient.swift
[2053/2119] Compiling GoogleAuth AuthHTTPError.swift
[2054/2119] Compiling GoogleAuth RetryEngine.swift
[2055/2119] Compiling GoogleAuth STSHandler.swift
[2056/2119] Compiling GoogleAuth TokenCache.swift
[2057/2119] Compiling GoogleAuth PackageVersion.swift
[2058/2120] Wrapping AST for GoogleAuth for debugging
[2060/2178] Compiling GoogleGax Pagination.swift
/host/spi-builder-workspace/.build/checkouts/swift-google-gax/Sources/GoogleGax/Pagination.swift:44:22: error: cannot convert '@Sendable (String) async throws -> (response: ResponseType, items: [Item], nextToken: String)' to 'nonisolated(nonsending) @Sendable (String) async throws -> (response: ResponseType, items: [Item], nextToken: String)' because crossing of an isolation boundary requires parameter and result types to conform to 'Sendable' protocol
42 | ) where ResponseType: _PaginatedResponse<Item> {
43 | self.initialPageToken = initialPageToken ?? ""
44 | self.fetchPage = { token in
| |- error: cannot convert '@Sendable (String) async throws -> (response: ResponseType, items: [Item], nextToken: String)' to 'nonisolated(nonsending) @Sendable (String) async throws -> (response: ResponseType, items: [Item], nextToken: String)' because crossing of an isolation boundary requires parameter and result types to conform to 'Sendable' protocol
| `- note: type 'Item' does not conform to 'Sendable' protocol
45 | let response = try await listRpc(token)
46 | return (response, response._getPaginatedItems(), response._nextPageToken())
[2061/2178] Compiling GoogleGax PollingBackoffPolicy.swift
/host/spi-builder-workspace/.build/checkouts/swift-google-gax/Sources/GoogleGax/Pagination.swift:44:22: error: cannot convert '@Sendable (String) async throws -> (response: ResponseType, items: [Item], nextToken: String)' to 'nonisolated(nonsending) @Sendable (String) async throws -> (response: ResponseType, items: [Item], nextToken: String)' because crossing of an isolation boundary requires parameter and result types to conform to 'Sendable' protocol
42 | ) where ResponseType: _PaginatedResponse<Item> {
43 | self.initialPageToken = initialPageToken ?? ""
44 | self.fetchPage = { token in
| |- error: cannot convert '@Sendable (String) async throws -> (response: ResponseType, items: [Item], nextToken: String)' to 'nonisolated(nonsending) @Sendable (String) async throws -> (response: ResponseType, items: [Item], nextToken: String)' because crossing of an isolation boundary requires parameter and result types to conform to 'Sendable' protocol
| `- note: type 'Item' does not conform to 'Sendable' protocol
45 | let response = try await listRpc(token)
46 | return (response, response._getPaginatedItems(), response._nextPageToken())
[2062/2178] Compiling GoogleGax PollingErrorPolicy.swift
/host/spi-builder-workspace/.build/checkouts/swift-google-gax/Sources/GoogleGax/Pagination.swift:44:22: error: cannot convert '@Sendable (String) async throws -> (response: ResponseType, items: [Item], nextToken: String)' to 'nonisolated(nonsending) @Sendable (String) async throws -> (response: ResponseType, items: [Item], nextToken: String)' because crossing of an isolation boundary requires parameter and result types to conform to 'Sendable' protocol
42 | ) where ResponseType: _PaginatedResponse<Item> {
43 | self.initialPageToken = initialPageToken ?? ""
44 | self.fetchPage = { token in
| |- error: cannot convert '@Sendable (String) async throws -> (response: ResponseType, items: [Item], nextToken: String)' to 'nonisolated(nonsending) @Sendable (String) async throws -> (response: ResponseType, items: [Item], nextToken: String)' because crossing of an isolation boundary requires parameter and result types to conform to 'Sendable' protocol
| `- note: type 'Item' does not conform to 'Sendable' protocol
45 | let response = try await listRpc(token)
46 | return (response, response._getPaginatedItems(), response._nextPageToken())
[2063/2178] Compiling GoogleGax PollingResult.swift
/host/spi-builder-workspace/.build/checkouts/swift-google-gax/Sources/GoogleGax/Pagination.swift:44:22: error: cannot convert '@Sendable (String) async throws -> (response: ResponseType, items: [Item], nextToken: String)' to 'nonisolated(nonsending) @Sendable (String) async throws -> (response: ResponseType, items: [Item], nextToken: String)' because crossing of an isolation boundary requires parameter and result types to conform to 'Sendable' protocol
42 | ) where ResponseType: _PaginatedResponse<Item> {
43 | self.initialPageToken = initialPageToken ?? ""
44 | self.fetchPage = { token in
| |- error: cannot convert '@Sendable (String) async throws -> (response: ResponseType, items: [Item], nextToken: String)' to 'nonisolated(nonsending) @Sendable (String) async throws -> (response: ResponseType, items: [Item], nextToken: String)' because crossing of an isolation boundary requires parameter and result types to conform to 'Sendable' protocol
| `- note: type 'Item' does not conform to 'Sendable' protocol
45 | let response = try await listRpc(token)
46 | return (response, response._getPaginatedItems(), response._nextPageToken())
[2064/2178] Compiling GoogleGax PollingState.swift
/host/spi-builder-workspace/.build/checkouts/swift-google-gax/Sources/GoogleGax/Pagination.swift:44:22: error: cannot convert '@Sendable (String) async throws -> (response: ResponseType, items: [Item], nextToken: String)' to 'nonisolated(nonsending) @Sendable (String) async throws -> (response: ResponseType, items: [Item], nextToken: String)' because crossing of an isolation boundary requires parameter and result types to conform to 'Sendable' protocol
42 | ) where ResponseType: _PaginatedResponse<Item> {
43 | self.initialPageToken = initialPageToken ?? ""
44 | self.fetchPage = { token in
| |- error: cannot convert '@Sendable (String) async throws -> (response: ResponseType, items: [Item], nextToken: String)' to 'nonisolated(nonsending) @Sendable (String) async throws -> (response: ResponseType, items: [Item], nextToken: String)' because crossing of an isolation boundary requires parameter and result types to conform to 'Sendable' protocol
| `- note: type 'Item' does not conform to 'Sendable' protocol
45 | let response = try await listRpc(token)
46 | return (response, response._getPaginatedItems(), response._nextPageToken())
[2065/2178] Compiling GoogleGax ProtobufConversionError.swift
/host/spi-builder-workspace/.build/checkouts/swift-google-gax/Sources/GoogleGax/Pagination.swift:44:22: error: cannot convert '@Sendable (String) async throws -> (response: ResponseType, items: [Item], nextToken: String)' to 'nonisolated(nonsending) @Sendable (String) async throws -> (response: ResponseType, items: [Item], nextToken: String)' because crossing of an isolation boundary requires parameter and result types to conform to 'Sendable' protocol
42 | ) where ResponseType: _PaginatedResponse<Item> {
43 | self.initialPageToken = initialPageToken ?? ""
44 | self.fetchPage = { token in
| |- error: cannot convert '@Sendable (String) async throws -> (response: ResponseType, items: [Item], nextToken: String)' to 'nonisolated(nonsending) @Sendable (String) async throws -> (response: ResponseType, items: [Item], nextToken: String)' because crossing of an isolation boundary requires parameter and result types to conform to 'Sendable' protocol
| `- note: type 'Item' does not conform to 'Sendable' protocol
45 | let response = try await listRpc(token)
46 | return (response, response._getPaginatedItems(), response._nextPageToken())
[2066/2178] Compiling GoogleGax QueryParameter.swift
/host/spi-builder-workspace/.build/checkouts/swift-google-gax/Sources/GoogleGax/Pagination.swift:44:22: error: cannot convert '@Sendable (String) async throws -> (response: ResponseType, items: [Item], nextToken: String)' to 'nonisolated(nonsending) @Sendable (String) async throws -> (response: ResponseType, items: [Item], nextToken: String)' because crossing of an isolation boundary requires parameter and result types to conform to 'Sendable' protocol
42 | ) where ResponseType: _PaginatedResponse<Item> {
43 | self.initialPageToken = initialPageToken ?? ""
44 | self.fetchPage = { token in
| |- error: cannot convert '@Sendable (String) async throws -> (response: ResponseType, items: [Item], nextToken: String)' to 'nonisolated(nonsending) @Sendable (String) async throws -> (response: ResponseType, items: [Item], nextToken: String)' because crossing of an isolation boundary requires parameter and result types to conform to 'Sendable' protocol
| `- note: type 'Item' does not conform to 'Sendable' protocol
45 | let response = try await listRpc(token)
46 | return (response, response._getPaginatedItems(), response._nextPageToken())
[2067/2178] Compiling GoogleGax RequestError.swift
/host/spi-builder-workspace/.build/checkouts/swift-google-gax/Sources/GoogleGax/Pagination.swift:44:22: error: cannot convert '@Sendable (String) async throws -> (response: ResponseType, items: [Item], nextToken: String)' to 'nonisolated(nonsending) @Sendable (String) async throws -> (response: ResponseType, items: [Item], nextToken: String)' because crossing of an isolation boundary requires parameter and result types to conform to 'Sendable' protocol
42 | ) where ResponseType: _PaginatedResponse<Item> {
43 | self.initialPageToken = initialPageToken ?? ""
44 | self.fetchPage = { token in
| |- error: cannot convert '@Sendable (String) async throws -> (response: ResponseType, items: [Item], nextToken: String)' to 'nonisolated(nonsending) @Sendable (String) async throws -> (response: ResponseType, items: [Item], nextToken: String)' because crossing of an isolation boundary requires parameter and result types to conform to 'Sendable' protocol
| `- note: type 'Item' does not conform to 'Sendable' protocol
45 | let response = try await listRpc(token)
46 | return (response, response._getPaginatedItems(), response._nextPageToken())
[2068/2186] Compiling GoogleGax LimitedAttemptCount+PollingErrorPolicy.swift
[2069/2186] Compiling GoogleGax LimitedAttemptCount+RetryPolicy.swift
[2070/2186] Compiling GoogleGax LimitedAttemptCount.swift
[2071/2186] Compiling GoogleGax LimitedElapsedTime+PollingErrorPolicy.swift
[2072/2186] Compiling GoogleGax LimitedElapsedTime+RetryPolicy.swift
[2073/2186] Compiling GoogleGax LimitedElapsedTime.swift
[2074/2186] Compiling GoogleGax LongRunningOperations.swift
[2075/2186] Compiling GoogleGax NeverRetry.swift
[2076/2186] Compiling GoogleGax RequestOptions.swift
[2077/2186] Compiling GoogleGax RetryLoop.swift
[2078/2186] Compiling GoogleGax RetryPolicy.swift
[2079/2186] Compiling GoogleGax RetryResult.swift
[2080/2186] Compiling GoogleGax RetryState.swift
[2081/2186] Compiling GoogleGax RetryThrottler.swift
[2082/2186] Compiling GoogleGax RetryThrottlerError.swift
[2083/2186] Compiling GoogleGax RoutingMatcher.swift
[2084/2186] Emitting module GoogleGax
[2085/2186] Compiling GoogleGax AIP194+PollingErrorPolicy.swift
[2086/2186] Compiling GoogleGax AIP194+RetryPolicy.swift
[2087/2186] Compiling GoogleGax AIP194.swift
[2088/2186] Compiling GoogleGax AdaptiveThrottler.swift
[2089/2186] Compiling GoogleGax AlwaysPoll.swift
[2090/2186] Compiling GoogleGax AlwaysRetry.swift
[2091/2186] Compiling GoogleGax ApiClientHeader.swift
[2092/2186] Compiling GoogleGax BackoffPolicy.swift
[2093/2186] Compiling GoogleGax BasePollingErrorPolicy.swift
[2094/2186] Compiling GoogleGax ContinueOnIO.swift
[2095/2186] Compiling GoogleGax CredentialsProtocol.swift
[2096/2186] Compiling GoogleGax ErrorWrapper.swift
[2097/2186] Compiling GoogleGax ExponentialBackoff+BackoffPolicy.swift
[2098/2186] Compiling GoogleGax ExponentialBackoff+PollingBackoffPolicy.swift
[2099/2186] Compiling GoogleGax ExponentialBackoff.swift
[2100/2186] Compiling GoogleGax HTTPClient.swift
[2101/2186] Compiling GoogleGax HTTPClientHolder.swift
[2102/2186] Compiling GoogleGax BaseRetryPolicy.swift
[2103/2186] Compiling GoogleGax BindingError.swift
[2104/2186] Compiling GoogleGax CRC32C.swift
[2105/2186] Compiling GoogleGax CircuitBreaker.swift
[2106/2186] Compiling GoogleGax ClientError.swift
[2107/2186] Compiling GoogleGax ClientOptions.swift
[2108/2186] Compiling GoogleGax ContinueOnIO+PollingErrorPolicy.swift
[2109/2186] Compiling GoogleGax ContinueOnIO+RetryPolicy.swift
[2110/2186] Compiling GoogleGax HTTPClientProtocol.swift
[2111/2186] Compiling GoogleGax HTTPClientRequest.swift
[2112/2186] Compiling GoogleGax HTTPClientResponse.swift
[2113/2186] Compiling GoogleGax HTTPHeaders.swift
[2114/2186] Compiling GoogleGax HTTPResponseBody.swift
[2115/2186] Compiling GoogleGax HeaderNames.swift
[2116/2186] Compiling GoogleGax Host.swift
[2117/2186] Compiling GoogleGax InProgressResult.swift
[2118/2186] Compiling GoogleGax ServiceError.swift
[2119/2186] Compiling GoogleGax StatusDetail.swift
[2120/2186] Compiling GoogleGax StrictIdempotency.swift
[2121/2186] Compiling GoogleGax ThrottleResult.swift
[2122/2186] Compiling GoogleGax TooManyRequests+PollingErrorPolicy.swift
[2123/2186] Compiling GoogleGax TooManyRequests+RetryPolicy.swift
[2124/2186] Compiling GoogleGax TooManyRequests.swift
[2125/2186] Compiling GoogleGax PackageVersion.swift
BUILD FAILURE 6.2 android