The Swift Package Index logo.Swift Package Index

Build Information

Failed to build Mu, reference 0.2.0 (1a3bc6), with Swift 6.4 for Linux on 18 Sep 2026 06:37:08 UTC.

Build Command

bash -c docker run --pull=always --rm -v "checkouts-54344845-0":/host -w "$PWD" -e JAVA_HOME="/root/.sdkman/candidates/java/current" -e SPI_BUILD="1" -e SPI_PROCESSING="1" registry.gitlab.com/saguaro1/spi-images:basic-6.4-latest swift build --triple x86_64-unknown-linux-gnu 2>&1

Build Log

========================================
RunAll
========================================
Builder version: 5.1.0
Interrupt handler set up.
========================================
Checkout
========================================
Clone URL: https://github.com/Nirma/Mu.git
Reference: 0.2.0
Initialized empty Git repository in /host/spi-builder-workspace/.git/
hint: Using 'master' as the name for the initial branch. This default branch name
hint: is subject to change. To configure the initial branch name to use in all
hint: of your new repositories, which will suppress this warning, call:
hint:
hint: 	git config --global init.defaultBranch <name>
hint:
hint: Names commonly chosen instead of 'master' are 'main', 'trunk' and
hint: 'development'. The just-created branch can be renamed via this command:
hint:
hint: 	git branch -m <name>
From https://github.com/Nirma/Mu
 * tag               0.2.0      -> FETCH_HEAD
HEAD is now at 1a3bc68 Merge pull request #1 from Nirma/expand_HTTP_Methods
Cloned https://github.com/Nirma/Mu.git
Revision (git rev-parse @):
1a3bc684c3cb830c85aad62a398ca1c0f9ab855e
SUCCESS checkout https://github.com/Nirma/Mu.git at 0.2.0
========================================
Build
========================================
Selected platform:         linux
Swift version:             6.4
Building package at path:  $PWD
https://github.com/Nirma/Mu.git
Running build ...
bash -c docker run --pull=always --rm -v "checkouts-54344845-0":/host -w "$PWD" -e JAVA_HOME="/root/.sdkman/candidates/java/current" -e SPI_BUILD="1" -e SPI_PROCESSING="1" registry.gitlab.com/saguaro1/spi-images:basic-6.4-latest swift build --triple x86_64-unknown-linux-gnu 2>&1
basic-6.4-latest: Pulling from saguaro1/spi-images
Digest: sha256:c77fcce225e223ac0fafed844619173fc6de8d62dd560eeb28db3182af6a282b
Status: Image is up to date for registry.gitlab.com/saguaro1/spi-images:basic-6.4-latest
Building for debugging...
[Planning deferred tasks]
[28 / 36] Mu
error: SwiftCompile normal x86_64 failed with a nonzero exit code. Command line:     cd /host

/host/spi-builder-workspace/Sources/Mu/HTTPRequest.swift:35:30: error: cannot find type 'URLRequest' in scope
33 |     var body: HTTPBody? { get }
34 |
35 |     func composeRequest() -> URLRequest?
   |                              `- error: cannot find type 'URLRequest' in scope
36 | }
37 |
/host/spi-builder-workspace/Sources/Mu/HTTPRequest.swift:59:30: error: cannot find type 'URLRequest' in scope
57 |     }
58 |
59 |     func composeRequest() -> URLRequest? {
   |                              `- error: cannot find type 'URLRequest' in scope
60 |         guard let url = urlFromComponents() else { return nil }
61 |
/host/spi-builder-workspace/Sources/Mu/HTTPRequester.swift:25:87: error: 'HTTPURLResponse' is unavailable: This type has moved to the FoundationNetworking module. Import that module to use it.
23 |
24 | protocol HTTPRequester {
25 |     func send<T: HTTPRequest, R>(request: T, expect type: R.Type) async throws -> (R, HTTPURLResponse) where R: Decodable
   |                                                                                       `- error: 'HTTPURLResponse' is unavailable: This type has moved to the FoundationNetworking module. Import that module to use it.
26 | }
27 |
Foundation.HTTPURLResponse:2:18: note: 'HTTPURLResponse' has been explicitly marked unavailable here
1 | @available(*, unavailable, message: "This type has moved to the FoundationNetworking module. Import that module to use it.")
2 | public typealias HTTPURLResponse = AnyObject
  |                  `- note: 'HTTPURLResponse' has been explicitly marked unavailable here
/host/spi-builder-workspace/Sources/Mu/Requester.swift:25:18: error: 'URLSession' is unavailable: This type has moved to the FoundationNetworking module. Import that module to use it.
23 |
24 | open class Requester: HTTPRequester {
25 |     let session: URLSession
   |                  `- error: 'URLSession' is unavailable: This type has moved to the FoundationNetworking module. Import that module to use it.
26 |     var decoder: AbstractDecoder
27 |
Foundation.URLSession:2:18: note: 'URLSession' has been explicitly marked unavailable here
1 | @available(*, unavailable, message: "This type has moved to the FoundationNetworking module. Import that module to use it.")
2 | public typealias URLSession = AnyObject
  |                  `- note: 'URLSession' has been explicitly marked unavailable here
/host/spi-builder-workspace/Sources/Mu/Requester.swift:29:18: error: 'URLSession' is unavailable: This type has moved to the FoundationNetworking module. Import that module to use it.
27 |
28 |     public init(
29 |         session: URLSession = URLSession.shared,
   |                  `- error: 'URLSession' is unavailable: This type has moved to the FoundationNetworking module. Import that module to use it.
30 |         decoder: AbstractDecoder
31 |     ) {
Foundation.URLSession:2:18: note: 'URLSession' has been explicitly marked unavailable here
1 | @available(*, unavailable, message: "This type has moved to the FoundationNetworking module. Import that module to use it.")
2 | public typealias URLSession = AnyObject
  |                  `- note: 'URLSession' has been explicitly marked unavailable here
/host/spi-builder-workspace/Sources/Mu/Requester.swift:29:42: error: type 'URLSession' (aka 'AnyObject') has no member 'shared'
27 |
28 |     public init(
29 |         session: URLSession = URLSession.shared,
   |                                          `- error: type 'URLSession' (aka 'AnyObject') has no member 'shared'
30 |         decoder: AbstractDecoder
31 |     ) {
/host/spi-builder-workspace/Sources/Mu/Requester.swift:29:42: error: default argument value of type '_' cannot be converted to type 'AnyObject'
27 |
28 |     public init(
29 |         session: URLSession = URLSession.shared,
   |                                          `- error: default argument value of type '_' cannot be converted to type 'AnyObject'
30 |         decoder: AbstractDecoder
31 |     ) {
/host/spi-builder-workspace/Sources/Mu/Requester.swift:36:92: error: 'HTTPURLResponse' is unavailable: This type has moved to the FoundationNetworking module. Import that module to use it.
34 |     }
35 |
36 |     open func send<T: HTTPRequest, R>(request: T, expect type: R.Type) async throws -> (R, HTTPURLResponse) where R: Decodable {
   |                                                                                            `- error: 'HTTPURLResponse' is unavailable: This type has moved to the FoundationNetworking module. Import that module to use it.
37 |
38 |         guard let urlRequest = request.composeRequest() else {
Foundation.HTTPURLResponse:2:18: note: 'HTTPURLResponse' has been explicitly marked unavailable here
1 | @available(*, unavailable, message: "This type has moved to the FoundationNetworking module. Import that module to use it.")
2 | public typealias HTTPURLResponse = AnyObject
  |                  `- note: 'HTTPURLResponse' has been explicitly marked unavailable here
/host/spi-builder-workspace/Sources/Mu/Response.swift:27:23: error: 'HTTPURLResponse' is unavailable: This type has moved to the FoundationNetworking module. Import that module to use it.
25 |     associatedtype T
26 |
27 |     var httpResponse: HTTPURLResponse { get }
   |                       `- error: 'HTTPURLResponse' is unavailable: This type has moved to the FoundationNetworking module. Import that module to use it.
28 |     var result: T { get }
29 | }
Foundation.HTTPURLResponse:2:18: note: 'HTTPURLResponse' has been explicitly marked unavailable here
1 | @available(*, unavailable, message: "This type has moved to the FoundationNetworking module. Import that module to use it.")
2 | public typealias HTTPURLResponse = AnyObject
  |                  `- note: 'HTTPURLResponse' has been explicitly marked unavailable here
Failed frontend command:
/usr/bin/swift-frontend -frontend -emit-module -experimental-skip-non-inlinable-function-bodies-without-types /host/spi-builder-workspace/Sources/Mu/AbstractDecoder.swift /host/spi-builder-workspace/Sources/Mu/AbstractEncoder.swift /host/spi-builder-workspace/Sources/Mu/HTTPBody.swift /host/spi-builder-workspace/Sources/Mu/HTTPMethod.swift /host/spi-builder-workspace/Sources/Mu/HTTPRequest.swift /host/spi-builder-workspace/Sources/Mu/HTTPRequester.swift /host/spi-builder-workspace/Sources/Mu/JSONDecoder+AbstractDecoder.swift /host/spi-builder-workspace/Sources/Mu/JSONEncoder+AbstractEncoder.swift /host/spi-builder-workspace/Sources/Mu/Request.swift /host/spi-builder-workspace/Sources/Mu/RequestError.swift /host/spi-builder-workspace/Sources/Mu/Requester.swift /host/spi-builder-workspace/Sources/Mu/Response.swift /host/spi-builder-workspace/Sources/Mu/Scheme.swift -target x86_64-unknown-linux-gnu -disable-objc-interop -I /host/spi-builder-workspace/.build/out/Products/Debug-linux-x86_64 -module-cache-path /host/spi-builder-workspace/.build/out/ModuleCache.noindex -color-diagnostics -Xcc -fcolor-diagnostics -enable-testing -g -debug-info-format\=dwarf -dwarf-version\=4 -swift-version 5 -Onone -D SWIFT_PACKAGE -D DEBUG -D SWIFT_MODULE_RESOURCE_BUNDLE_UNAVAILABLE -D Xcode -serialize-debugging-options -enable-experimental-feature DebugDescriptionMacro -empty-abi-descriptor -external-plugin-path /usr/lib/swift/host/plugins/testing\#/usr/bin/swift-plugin-server -validate-clang-modules-once -clang-build-session-file /host/spi-builder-workspace/.build/out/ModuleCache.noindex/Session.modulevalidation -Xcc -working-directory -Xcc /host -enable-anonymous-context-mangled-names -file-compilation-dir /host -Xcc -fno-omit-frame-pointer -Xcc -D_LIBCPP_HARDENING_MODE\=_LIBCPP_HARDENING_MODE_DEBUG -Xcc -fmodules-prune-interval\=86400 -Xcc -fmodules-prune-after\=345600 -Xcc -I/host/spi-builder-workspace/.build/out/Products/Debug-linux-x86_64/include -Xcc -I/host/spi-builder-workspace/.build/out/Intermediates.noindex/Mu.build/Debug-linux-x86_64/Mu-t.build/DerivedSources-normal/x86_64 -Xcc -I/host/spi-builder-workspace/.build/out/Intermediates.noindex/Mu.build/Debug-linux-x86_64/Mu-t.build/DerivedSources/x86_64 -Xcc -I/host/spi-builder-workspace/.build/out/Intermediates.noindex/Mu.build/Debug-linux-x86_64/Mu-t.build/DerivedSources -Xcc -DSWIFT_PACKAGE -Xcc -DDEBUG\=1 -no-auto-bridging-header-chaining -module-name Mu -const-gather-protocols-file /host/spi-builder-workspace/.build/out/Intermediates.noindex/Mu.build/Debug-linux-x86_64/Mu-t.build/Objects-normal/x86_64/Mu_const_extract_protocols.json -in-process-plugin-server-path /usr/lib/swift/host/libSwiftInProcPluginServer.so -plugin-path /usr/lib/swift/host/plugins -plugin-path /usr/local/lib/swift/host/plugins -emit-module-doc-path /host/spi-builder-workspace/.build/out/Intermediates.noindex/Mu.build/Debug-linux-x86_64/Mu-t.build/Objects-normal/x86_64/Modules/Mu.swiftdoc -emit-module-source-info-path /host/spi-builder-workspace/.build/out/Intermediates.noindex/Mu.build/Debug-linux-x86_64/Mu-t.build/Objects-normal/x86_64/Modules/Mu.swiftsourceinfo -emit-objc-header-path /host/spi-builder-workspace/.build/out/Intermediates.noindex/Mu.build/Debug-linux-x86_64/Mu-t.build/Objects-normal/x86_64/Mu-Swift.h -serialize-diagnostics-path /host/spi-builder-workspace/.build/out/Intermediates.noindex/Mu.build/Debug-linux-x86_64/Mu-t.build/Objects-normal/x86_64/Mu-primary-emit-module.dia -emit-dependencies-path /host/spi-builder-workspace/.build/out/Intermediates.noindex/Mu.build/Debug-linux-x86_64/Mu-t.build/Objects-normal/x86_64/Mu-primary-emit-module.d -parse-as-library -o /host/spi-builder-workspace/.build/out/Intermediates.noindex/Mu.build/Debug-linux-x86_64/Mu-t.build/Objects-normal/x86_64/Modules/Mu.swiftmodule
error: Build failed
BUILD FAILURE 6.4 linux