The Swift Package Index logo.Swift Package Index

Build Information

Failed to build swift-ast, reference 0.19.12 (d7e0cf), with Swift 6.4 for watchOS using Xcode 27.0 on 20 Sep 2026 01:26:44 UTC.

Build Command

env DEVELOPER_DIR=/Applications/Xcode-27.0.0-Release.Candidate.app xcrun xcodebuild -IDEClonedSourcePackagesDirPathOverride=$PWD/.dependencies -skipMacroValidation -skipPackagePluginValidation -derivedDataPath $PWD/.derivedData build -scheme swift-ast-Package -destination generic/platform=watchOS

Build Log

    cd /Users/admin/builder/spi-builder-workspace/.swiftpm/xcode
    builtin-SwiftPerFileCompile StructDeclaration.swift
SwiftCompile normal arm64_32 /Users/admin/builder/spi-builder-workspace/Sources/AST/Declaration/SubscriptDeclaration.swift (in target 'AST' from project 'swift-ast')
    cd /Users/admin/builder/spi-builder-workspace/.swiftpm/xcode
    builtin-SwiftPerFileCompile SubscriptDeclaration.swift
SwiftCompile normal arm64_32 /Users/admin/builder/spi-builder-workspace/Sources/AST/Declaration/TypealiasDeclaration.swift (in target 'AST' from project 'swift-ast')
    cd /Users/admin/builder/spi-builder-workspace/.swiftpm/xcode
    builtin-SwiftPerFileCompile TypealiasDeclaration.swift
SwiftCompile normal arm64_32 /Users/admin/builder/spi-builder-workspace/Sources/AST/Declaration/VariableDeclaration.swift (in target 'AST' from project 'swift-ast')
    cd /Users/admin/builder/spi-builder-workspace/.swiftpm/xcode
    builtin-SwiftPerFileCompile VariableDeclaration.swift
SwiftCompile normal arm64_32 /Users/admin/builder/spi-builder-workspace/Sources/AST/Expression.swift (in target 'AST' from project 'swift-ast')
    cd /Users/admin/builder/spi-builder-workspace/.swiftpm/xcode
    builtin-SwiftPerFileCompile Expression.swift
SwiftDriverJobDiscovery normal arm64_32 Compiling RepeatWhileStatement.swift, ReturnStatement.swift, SwitchStatement.swift, ThrowStatement.swift, WhileStatement.swift, Statements.swift, ThrowsKind.swift, TopLevelDeclaration.swift, Type.swift, AnyType.swift, ArrayType.swift, DictionaryType.swift (in target 'AST' from project 'swift-ast')
SwiftCompile normal arm64 Compiling\ ASTNode.swift,\ ASTNodeContext.swift,\ ASTTextRepresentable.swift,\ ASTUnit.swift,\ ASTUnitCollection.swift,\ ASTVisitor+Traversal.swift,\ ASTVisitor.swift,\ Attribute.swift,\ Attributes.swift,\ CodeBlock.swift,\ Declaration.swift,\ GetterSetterBlock.swift,\ GetterSetterKeywordBlock.swift /Users/admin/builder/spi-builder-workspace/Sources/AST/ASTNode.swift /Users/admin/builder/spi-builder-workspace/Sources/AST/ASTNodeContext.swift /Users/admin/builder/spi-builder-workspace/Sources/AST/ASTTextRepresentable.swift /Users/admin/builder/spi-builder-workspace/Sources/AST/ASTUnit.swift /Users/admin/builder/spi-builder-workspace/Sources/AST/ASTUnitCollection.swift /Users/admin/builder/spi-builder-workspace/Sources/AST/ASTVisitor+Traversal.swift /Users/admin/builder/spi-builder-workspace/Sources/AST/ASTVisitor.swift /Users/admin/builder/spi-builder-workspace/Sources/AST/Attribute.swift /Users/admin/builder/spi-builder-workspace/Sources/AST/Attributes.swift /Users/admin/builder/spi-builder-workspace/Sources/AST/CodeBlock.swift /Users/admin/builder/spi-builder-workspace/Sources/AST/Declaration.swift /Users/admin/builder/spi-builder-workspace/Sources/AST/Declaration/Block/GetterSetterBlock.swift /Users/admin/builder/spi-builder-workspace/Sources/AST/Declaration/Block/GetterSetterKeywordBlock.swift (in target 'AST' from project 'swift-ast')
SwiftCompile normal arm64 /Users/admin/builder/spi-builder-workspace/Sources/AST/ASTNode.swift (in target 'AST' from project 'swift-ast')
    cd /Users/admin/builder/spi-builder-workspace/.swiftpm/xcode
    builtin-SwiftPerFileCompile ASTNode.swift
SwiftCompile normal arm64 /Users/admin/builder/spi-builder-workspace/Sources/AST/ASTNodeContext.swift (in target 'AST' from project 'swift-ast')
    cd /Users/admin/builder/spi-builder-workspace/.swiftpm/xcode
    builtin-SwiftPerFileCompile ASTNodeContext.swift
SwiftCompile normal arm64 /Users/admin/builder/spi-builder-workspace/Sources/AST/ASTTextRepresentable.swift (in target 'AST' from project 'swift-ast')
    cd /Users/admin/builder/spi-builder-workspace/.swiftpm/xcode
    builtin-SwiftPerFileCompile ASTTextRepresentable.swift
SwiftCompile normal arm64 /Users/admin/builder/spi-builder-workspace/Sources/AST/ASTUnit.swift (in target 'AST' from project 'swift-ast')
    cd /Users/admin/builder/spi-builder-workspace/.swiftpm/xcode
    builtin-SwiftPerFileCompile ASTUnit.swift
SwiftCompile normal arm64 /Users/admin/builder/spi-builder-workspace/Sources/AST/ASTUnitCollection.swift (in target 'AST' from project 'swift-ast')
    cd /Users/admin/builder/spi-builder-workspace/.swiftpm/xcode
    builtin-SwiftPerFileCompile ASTUnitCollection.swift
SwiftCompile normal arm64 /Users/admin/builder/spi-builder-workspace/Sources/AST/ASTVisitor+Traversal.swift (in target 'AST' from project 'swift-ast')
    cd /Users/admin/builder/spi-builder-workspace/.swiftpm/xcode
    builtin-SwiftPerFileCompile ASTVisitor+Traversal.swift
SwiftCompile normal arm64 /Users/admin/builder/spi-builder-workspace/Sources/AST/ASTVisitor.swift (in target 'AST' from project 'swift-ast')
    cd /Users/admin/builder/spi-builder-workspace/.swiftpm/xcode
    builtin-SwiftPerFileCompile ASTVisitor.swift
SwiftCompile normal arm64 /Users/admin/builder/spi-builder-workspace/Sources/AST/Attribute.swift (in target 'AST' from project 'swift-ast')
    cd /Users/admin/builder/spi-builder-workspace/.swiftpm/xcode
    builtin-SwiftPerFileCompile Attribute.swift
SwiftCompile normal arm64 /Users/admin/builder/spi-builder-workspace/Sources/AST/Attributes.swift (in target 'AST' from project 'swift-ast')
    cd /Users/admin/builder/spi-builder-workspace/.swiftpm/xcode
    builtin-SwiftPerFileCompile Attributes.swift
SwiftCompile normal arm64 /Users/admin/builder/spi-builder-workspace/Sources/AST/CodeBlock.swift (in target 'AST' from project 'swift-ast')
    cd /Users/admin/builder/spi-builder-workspace/.swiftpm/xcode
    builtin-SwiftPerFileCompile CodeBlock.swift
SwiftCompile normal arm64 /Users/admin/builder/spi-builder-workspace/Sources/AST/Declaration.swift (in target 'AST' from project 'swift-ast')
    cd /Users/admin/builder/spi-builder-workspace/.swiftpm/xcode
    builtin-SwiftPerFileCompile Declaration.swift
SwiftCompile normal arm64 /Users/admin/builder/spi-builder-workspace/Sources/AST/Declaration/Block/GetterSetterBlock.swift (in target 'AST' from project 'swift-ast')
    cd /Users/admin/builder/spi-builder-workspace/.swiftpm/xcode
    builtin-SwiftPerFileCompile GetterSetterBlock.swift
SwiftCompile normal arm64 /Users/admin/builder/spi-builder-workspace/Sources/AST/Declaration/Block/GetterSetterKeywordBlock.swift (in target 'AST' from project 'swift-ast')
    cd /Users/admin/builder/spi-builder-workspace/.swiftpm/xcode
    builtin-SwiftPerFileCompile GetterSetterKeywordBlock.swift
SwiftDriverJobDiscovery normal arm64_32 Compiling LiteralExpression.swift, OptionalChainingExpression.swift, ParenthesizedExpression.swift, PostfixOperatorExpression.swift, PostfixSelfExpression.swift, PrefixOperatorExpression.swift, SelectorExpression.swift, SelfExpression.swift, SequenceExpression.swift, SubscriptArgument.swift, SubscriptExpression.swift, SuperclassExpression.swift (in target 'AST' from project 'swift-ast')
SwiftCompile normal arm64 Compiling\ CompilerControlStatement.swift,\ AvailabilityCondition.swift,\ Condition.swift,\ ConditionList.swift,\ ContinueStatement.swift,\ DeferStatement.swift,\ DoStatement.swift,\ FallthroughStatement.swift,\ ForInStatement.swift,\ GuardStatement.swift,\ IfStatement.swift,\ LabeledStatement.swift /Users/admin/builder/spi-builder-workspace/Sources/AST/Statement/CompilerControlStatement.swift /Users/admin/builder/spi-builder-workspace/Sources/AST/Statement/Condition/AvailabilityCondition.swift /Users/admin/builder/spi-builder-workspace/Sources/AST/Statement/Condition/Condition.swift /Users/admin/builder/spi-builder-workspace/Sources/AST/Statement/Condition/ConditionList.swift /Users/admin/builder/spi-builder-workspace/Sources/AST/Statement/ContinueStatement.swift /Users/admin/builder/spi-builder-workspace/Sources/AST/Statement/DeferStatement.swift /Users/admin/builder/spi-builder-workspace/Sources/AST/Statement/DoStatement.swift /Users/admin/builder/spi-builder-workspace/Sources/AST/Statement/FallthroughStatement.swift /Users/admin/builder/spi-builder-workspace/Sources/AST/Statement/ForInStatement.swift /Users/admin/builder/spi-builder-workspace/Sources/AST/Statement/GuardStatement.swift /Users/admin/builder/spi-builder-workspace/Sources/AST/Statement/IfStatement.swift /Users/admin/builder/spi-builder-workspace/Sources/AST/Statement/LabeledStatement.swift (in target 'AST' from project 'swift-ast')
SwiftCompile normal arm64 /Users/admin/builder/spi-builder-workspace/Sources/AST/Statement/CompilerControlStatement.swift (in target 'AST' from project 'swift-ast')
    cd /Users/admin/builder/spi-builder-workspace/.swiftpm/xcode
    builtin-SwiftPerFileCompile CompilerControlStatement.swift
SwiftCompile normal arm64 /Users/admin/builder/spi-builder-workspace/Sources/AST/Statement/Condition/AvailabilityCondition.swift (in target 'AST' from project 'swift-ast')
    cd /Users/admin/builder/spi-builder-workspace/.swiftpm/xcode
    builtin-SwiftPerFileCompile AvailabilityCondition.swift
SwiftCompile normal arm64 /Users/admin/builder/spi-builder-workspace/Sources/AST/Statement/Condition/Condition.swift (in target 'AST' from project 'swift-ast')
    cd /Users/admin/builder/spi-builder-workspace/.swiftpm/xcode
    builtin-SwiftPerFileCompile Condition.swift
SwiftCompile normal arm64 /Users/admin/builder/spi-builder-workspace/Sources/AST/Statement/Condition/ConditionList.swift (in target 'AST' from project 'swift-ast')
    cd /Users/admin/builder/spi-builder-workspace/.swiftpm/xcode
    builtin-SwiftPerFileCompile ConditionList.swift
SwiftCompile normal arm64 /Users/admin/builder/spi-builder-workspace/Sources/AST/Statement/ContinueStatement.swift (in target 'AST' from project 'swift-ast')
    cd /Users/admin/builder/spi-builder-workspace/.swiftpm/xcode
    builtin-SwiftPerFileCompile ContinueStatement.swift
SwiftCompile normal arm64 /Users/admin/builder/spi-builder-workspace/Sources/AST/Statement/DeferStatement.swift (in target 'AST' from project 'swift-ast')
    cd /Users/admin/builder/spi-builder-workspace/.swiftpm/xcode
    builtin-SwiftPerFileCompile DeferStatement.swift
SwiftCompile normal arm64 /Users/admin/builder/spi-builder-workspace/Sources/AST/Statement/DoStatement.swift (in target 'AST' from project 'swift-ast')
    cd /Users/admin/builder/spi-builder-workspace/.swiftpm/xcode
    builtin-SwiftPerFileCompile DoStatement.swift
SwiftCompile normal arm64 /Users/admin/builder/spi-builder-workspace/Sources/AST/Statement/FallthroughStatement.swift (in target 'AST' from project 'swift-ast')
    cd /Users/admin/builder/spi-builder-workspace/.swiftpm/xcode
    builtin-SwiftPerFileCompile FallthroughStatement.swift
SwiftCompile normal arm64 /Users/admin/builder/spi-builder-workspace/Sources/AST/Statement/ForInStatement.swift (in target 'AST' from project 'swift-ast')
    cd /Users/admin/builder/spi-builder-workspace/.swiftpm/xcode
    builtin-SwiftPerFileCompile ForInStatement.swift
SwiftCompile normal arm64 /Users/admin/builder/spi-builder-workspace/Sources/AST/Statement/GuardStatement.swift (in target 'AST' from project 'swift-ast')
    cd /Users/admin/builder/spi-builder-workspace/.swiftpm/xcode
    builtin-SwiftPerFileCompile GuardStatement.swift
SwiftCompile normal arm64 /Users/admin/builder/spi-builder-workspace/Sources/AST/Statement/IfStatement.swift (in target 'AST' from project 'swift-ast')
    cd /Users/admin/builder/spi-builder-workspace/.swiftpm/xcode
    builtin-SwiftPerFileCompile IfStatement.swift
SwiftCompile normal arm64 /Users/admin/builder/spi-builder-workspace/Sources/AST/Statement/LabeledStatement.swift (in target 'AST' from project 'swift-ast')
    cd /Users/admin/builder/spi-builder-workspace/.swiftpm/xcode
    builtin-SwiftPerFileCompile LabeledStatement.swift
SwiftDriverJobDiscovery normal arm64 Compiling AssignmentOperatorExpression.swift, BinaryOperatorExpression.swift, ClosureExpression.swift, ExplicitMemberExpression.swift, ForcedValueExpression.swift, FunctionCallExpression.swift, IdentifierExpression.swift, ImplicitMemberExpression.swift, InOutExpression.swift, InitializerExpression.swift, KeyPathExpression.swift, KeyPathStringExpression.swift (in target 'AST' from project 'swift-ast')
SwiftCompile normal arm64 Compiling\ TernaryConditionalOperatorExpression.swift,\ TryOperatorExpression.swift,\ TupleExpression.swift,\ TypeCastingOperatorExpression.swift,\ WildcardExpression.swift,\ ExpressionList.swift,\ GenericArgumentClause.swift,\ GenericParameterClause.swift,\ GenericWhereClause.swift,\ Identifier.swift,\ IdentifierList.swift,\ LocatableNode.swift /Users/admin/builder/spi-builder-workspace/Sources/AST/Expression/TernaryConditionalOperatorExpression.swift /Users/admin/builder/spi-builder-workspace/Sources/AST/Expression/TryOperatorExpression.swift /Users/admin/builder/spi-builder-workspace/Sources/AST/Expression/TupleExpression.swift /Users/admin/builder/spi-builder-workspace/Sources/AST/Expression/TypeCastingOperatorExpression.swift /Users/admin/builder/spi-builder-workspace/Sources/AST/Expression/WildcardExpression.swift /Users/admin/builder/spi-builder-workspace/Sources/AST/ExpressionList.swift /Users/admin/builder/spi-builder-workspace/Sources/AST/Generic/GenericArgumentClause.swift /Users/admin/builder/spi-builder-workspace/Sources/AST/Generic/GenericParameterClause.swift /Users/admin/builder/spi-builder-workspace/Sources/AST/Generic/GenericWhereClause.swift /Users/admin/builder/spi-builder-workspace/Sources/AST/Identifier.swift /Users/admin/builder/spi-builder-workspace/Sources/AST/IdentifierList.swift /Users/admin/builder/spi-builder-workspace/Sources/AST/LocatableNode.swift (in target 'AST' from project 'swift-ast')
SwiftCompile normal arm64 /Users/admin/builder/spi-builder-workspace/Sources/AST/Expression/TernaryConditionalOperatorExpression.swift (in target 'AST' from project 'swift-ast')
    cd /Users/admin/builder/spi-builder-workspace/.swiftpm/xcode
    builtin-SwiftPerFileCompile TernaryConditionalOperatorExpression.swift
SwiftCompile normal arm64 /Users/admin/builder/spi-builder-workspace/Sources/AST/Expression/TryOperatorExpression.swift (in target 'AST' from project 'swift-ast')
    cd /Users/admin/builder/spi-builder-workspace/.swiftpm/xcode
    builtin-SwiftPerFileCompile TryOperatorExpression.swift
SwiftCompile normal arm64 /Users/admin/builder/spi-builder-workspace/Sources/AST/Expression/TupleExpression.swift (in target 'AST' from project 'swift-ast')
    cd /Users/admin/builder/spi-builder-workspace/.swiftpm/xcode
    builtin-SwiftPerFileCompile TupleExpression.swift
SwiftCompile normal arm64 /Users/admin/builder/spi-builder-workspace/Sources/AST/Expression/TypeCastingOperatorExpression.swift (in target 'AST' from project 'swift-ast')
    cd /Users/admin/builder/spi-builder-workspace/.swiftpm/xcode
    builtin-SwiftPerFileCompile TypeCastingOperatorExpression.swift
SwiftCompile normal arm64 /Users/admin/builder/spi-builder-workspace/Sources/AST/Expression/WildcardExpression.swift (in target 'AST' from project 'swift-ast')
    cd /Users/admin/builder/spi-builder-workspace/.swiftpm/xcode
    builtin-SwiftPerFileCompile WildcardExpression.swift
SwiftCompile normal arm64 /Users/admin/builder/spi-builder-workspace/Sources/AST/ExpressionList.swift (in target 'AST' from project 'swift-ast')
    cd /Users/admin/builder/spi-builder-workspace/.swiftpm/xcode
    builtin-SwiftPerFileCompile ExpressionList.swift
SwiftCompile normal arm64 /Users/admin/builder/spi-builder-workspace/Sources/AST/Generic/GenericArgumentClause.swift (in target 'AST' from project 'swift-ast')
    cd /Users/admin/builder/spi-builder-workspace/.swiftpm/xcode
    builtin-SwiftPerFileCompile GenericArgumentClause.swift
SwiftCompile normal arm64 /Users/admin/builder/spi-builder-workspace/Sources/AST/Generic/GenericParameterClause.swift (in target 'AST' from project 'swift-ast')
    cd /Users/admin/builder/spi-builder-workspace/.swiftpm/xcode
    builtin-SwiftPerFileCompile GenericParameterClause.swift
SwiftCompile normal arm64 /Users/admin/builder/spi-builder-workspace/Sources/AST/Generic/GenericWhereClause.swift (in target 'AST' from project 'swift-ast')
    cd /Users/admin/builder/spi-builder-workspace/.swiftpm/xcode
    builtin-SwiftPerFileCompile GenericWhereClause.swift
SwiftCompile normal arm64 /Users/admin/builder/spi-builder-workspace/Sources/AST/Identifier.swift (in target 'AST' from project 'swift-ast')
    cd /Users/admin/builder/spi-builder-workspace/.swiftpm/xcode
    builtin-SwiftPerFileCompile Identifier.swift
SwiftCompile normal arm64 /Users/admin/builder/spi-builder-workspace/Sources/AST/IdentifierList.swift (in target 'AST' from project 'swift-ast')
    cd /Users/admin/builder/spi-builder-workspace/.swiftpm/xcode
    builtin-SwiftPerFileCompile IdentifierList.swift
SwiftCompile normal arm64 /Users/admin/builder/spi-builder-workspace/Sources/AST/LocatableNode.swift (in target 'AST' from project 'swift-ast')
    cd /Users/admin/builder/spi-builder-workspace/.swiftpm/xcode
    builtin-SwiftPerFileCompile LocatableNode.swift
SwiftDriverJobDiscovery normal arm64_32 Compiling AssignmentOperatorExpression.swift, BinaryOperatorExpression.swift, ClosureExpression.swift, ExplicitMemberExpression.swift, ForcedValueExpression.swift, FunctionCallExpression.swift, IdentifierExpression.swift, ImplicitMemberExpression.swift, InOutExpression.swift, InitializerExpression.swift, KeyPathExpression.swift, KeyPathStringExpression.swift (in target 'AST' from project 'swift-ast')
SwiftCompile normal arm64_32 Compiling\ CompilerControlStatement.swift,\ AvailabilityCondition.swift,\ Condition.swift,\ ConditionList.swift,\ ContinueStatement.swift,\ DeferStatement.swift,\ DoStatement.swift,\ FallthroughStatement.swift,\ ForInStatement.swift,\ GuardStatement.swift,\ IfStatement.swift,\ LabeledStatement.swift /Users/admin/builder/spi-builder-workspace/Sources/AST/Statement/CompilerControlStatement.swift /Users/admin/builder/spi-builder-workspace/Sources/AST/Statement/Condition/AvailabilityCondition.swift /Users/admin/builder/spi-builder-workspace/Sources/AST/Statement/Condition/Condition.swift /Users/admin/builder/spi-builder-workspace/Sources/AST/Statement/Condition/ConditionList.swift /Users/admin/builder/spi-builder-workspace/Sources/AST/Statement/ContinueStatement.swift /Users/admin/builder/spi-builder-workspace/Sources/AST/Statement/DeferStatement.swift /Users/admin/builder/spi-builder-workspace/Sources/AST/Statement/DoStatement.swift /Users/admin/builder/spi-builder-workspace/Sources/AST/Statement/FallthroughStatement.swift /Users/admin/builder/spi-builder-workspace/Sources/AST/Statement/ForInStatement.swift /Users/admin/builder/spi-builder-workspace/Sources/AST/Statement/GuardStatement.swift /Users/admin/builder/spi-builder-workspace/Sources/AST/Statement/IfStatement.swift /Users/admin/builder/spi-builder-workspace/Sources/AST/Statement/LabeledStatement.swift (in target 'AST' from project 'swift-ast')
SwiftCompile normal arm64_32 /Users/admin/builder/spi-builder-workspace/Sources/AST/Statement/CompilerControlStatement.swift (in target 'AST' from project 'swift-ast')
    cd /Users/admin/builder/spi-builder-workspace/.swiftpm/xcode
    builtin-SwiftPerFileCompile CompilerControlStatement.swift
SwiftCompile normal arm64_32 /Users/admin/builder/spi-builder-workspace/Sources/AST/Statement/Condition/AvailabilityCondition.swift (in target 'AST' from project 'swift-ast')
    cd /Users/admin/builder/spi-builder-workspace/.swiftpm/xcode
    builtin-SwiftPerFileCompile AvailabilityCondition.swift
SwiftCompile normal arm64_32 /Users/admin/builder/spi-builder-workspace/Sources/AST/Statement/Condition/Condition.swift (in target 'AST' from project 'swift-ast')
    cd /Users/admin/builder/spi-builder-workspace/.swiftpm/xcode
    builtin-SwiftPerFileCompile Condition.swift
SwiftCompile normal arm64_32 /Users/admin/builder/spi-builder-workspace/Sources/AST/Statement/Condition/ConditionList.swift (in target 'AST' from project 'swift-ast')
    cd /Users/admin/builder/spi-builder-workspace/.swiftpm/xcode
    builtin-SwiftPerFileCompile ConditionList.swift
SwiftCompile normal arm64_32 /Users/admin/builder/spi-builder-workspace/Sources/AST/Statement/ContinueStatement.swift (in target 'AST' from project 'swift-ast')
    cd /Users/admin/builder/spi-builder-workspace/.swiftpm/xcode
    builtin-SwiftPerFileCompile ContinueStatement.swift
SwiftCompile normal arm64_32 /Users/admin/builder/spi-builder-workspace/Sources/AST/Statement/DeferStatement.swift (in target 'AST' from project 'swift-ast')
    cd /Users/admin/builder/spi-builder-workspace/.swiftpm/xcode
    builtin-SwiftPerFileCompile DeferStatement.swift
SwiftCompile normal arm64_32 /Users/admin/builder/spi-builder-workspace/Sources/AST/Statement/DoStatement.swift (in target 'AST' from project 'swift-ast')
    cd /Users/admin/builder/spi-builder-workspace/.swiftpm/xcode
    builtin-SwiftPerFileCompile DoStatement.swift
SwiftCompile normal arm64_32 /Users/admin/builder/spi-builder-workspace/Sources/AST/Statement/FallthroughStatement.swift (in target 'AST' from project 'swift-ast')
    cd /Users/admin/builder/spi-builder-workspace/.swiftpm/xcode
    builtin-SwiftPerFileCompile FallthroughStatement.swift
SwiftCompile normal arm64_32 /Users/admin/builder/spi-builder-workspace/Sources/AST/Statement/ForInStatement.swift (in target 'AST' from project 'swift-ast')
    cd /Users/admin/builder/spi-builder-workspace/.swiftpm/xcode
    builtin-SwiftPerFileCompile ForInStatement.swift
SwiftCompile normal arm64_32 /Users/admin/builder/spi-builder-workspace/Sources/AST/Statement/GuardStatement.swift (in target 'AST' from project 'swift-ast')
    cd /Users/admin/builder/spi-builder-workspace/.swiftpm/xcode
    builtin-SwiftPerFileCompile GuardStatement.swift
SwiftCompile normal arm64_32 /Users/admin/builder/spi-builder-workspace/Sources/AST/Statement/IfStatement.swift (in target 'AST' from project 'swift-ast')
    cd /Users/admin/builder/spi-builder-workspace/.swiftpm/xcode
    builtin-SwiftPerFileCompile IfStatement.swift
SwiftCompile normal arm64_32 /Users/admin/builder/spi-builder-workspace/Sources/AST/Statement/LabeledStatement.swift (in target 'AST' from project 'swift-ast')
    cd /Users/admin/builder/spi-builder-workspace/.swiftpm/xcode
    builtin-SwiftPerFileCompile LabeledStatement.swift
SwiftDriverJobDiscovery normal arm64_32 Compiling WillSetDidSetBlock.swift, ClassDeclaration.swift, ConstantDeclaration.swift, DeinitializerDeclaration.swift, EnumDeclaration.swift, ExtensionDeclaration.swift, FunctionResult.swift, FunctionSignature.swift, FunctionDeclaration.swift, ImportDeclaration.swift, PatternInitializer.swift, InitializerDeclaration.swift (in target 'AST' from project 'swift-ast')
SwiftCompile normal arm64 Compiling\ Operator.swift,\ Pattern.swift,\ EnumCasePattern.swift,\ ExpressionPattern.swift,\ IdentifierPattern.swift,\ OptionalPattern.swift,\ TuplePattern.swift,\ TypeCastingPattern.swift,\ ValueBindingPattern.swift,\ WildcardPattern.swift,\ Statement.swift,\ BreakStatement.swift /Users/admin/builder/spi-builder-workspace/Sources/AST/Operator.swift /Users/admin/builder/spi-builder-workspace/Sources/AST/Pattern.swift /Users/admin/builder/spi-builder-workspace/Sources/AST/Pattern/EnumCasePattern.swift /Users/admin/builder/spi-builder-workspace/Sources/AST/Pattern/ExpressionPattern.swift /Users/admin/builder/spi-builder-workspace/Sources/AST/Pattern/IdentifierPattern.swift /Users/admin/builder/spi-builder-workspace/Sources/AST/Pattern/OptionalPattern.swift /Users/admin/builder/spi-builder-workspace/Sources/AST/Pattern/TuplePattern.swift /Users/admin/builder/spi-builder-workspace/Sources/AST/Pattern/TypeCastingPattern.swift /Users/admin/builder/spi-builder-workspace/Sources/AST/Pattern/ValueBindingPattern.swift /Users/admin/builder/spi-builder-workspace/Sources/AST/Pattern/WildcardPattern.swift /Users/admin/builder/spi-builder-workspace/Sources/AST/Statement.swift /Users/admin/builder/spi-builder-workspace/Sources/AST/Statement/BreakStatement.swift (in target 'AST' from project 'swift-ast')
SwiftCompile normal arm64 /Users/admin/builder/spi-builder-workspace/Sources/AST/Operator.swift (in target 'AST' from project 'swift-ast')
    cd /Users/admin/builder/spi-builder-workspace/.swiftpm/xcode
    builtin-SwiftPerFileCompile Operator.swift
SwiftCompile normal arm64 /Users/admin/builder/spi-builder-workspace/Sources/AST/Pattern.swift (in target 'AST' from project 'swift-ast')
    cd /Users/admin/builder/spi-builder-workspace/.swiftpm/xcode
    builtin-SwiftPerFileCompile Pattern.swift
SwiftCompile normal arm64 /Users/admin/builder/spi-builder-workspace/Sources/AST/Pattern/EnumCasePattern.swift (in target 'AST' from project 'swift-ast')
    cd /Users/admin/builder/spi-builder-workspace/.swiftpm/xcode
    builtin-SwiftPerFileCompile EnumCasePattern.swift
SwiftCompile normal arm64 /Users/admin/builder/spi-builder-workspace/Sources/AST/Pattern/ExpressionPattern.swift (in target 'AST' from project 'swift-ast')
    cd /Users/admin/builder/spi-builder-workspace/.swiftpm/xcode
    builtin-SwiftPerFileCompile ExpressionPattern.swift
SwiftCompile normal arm64 /Users/admin/builder/spi-builder-workspace/Sources/AST/Pattern/IdentifierPattern.swift (in target 'AST' from project 'swift-ast')
    cd /Users/admin/builder/spi-builder-workspace/.swiftpm/xcode
    builtin-SwiftPerFileCompile IdentifierPattern.swift
SwiftCompile normal arm64 /Users/admin/builder/spi-builder-workspace/Sources/AST/Pattern/OptionalPattern.swift (in target 'AST' from project 'swift-ast')
    cd /Users/admin/builder/spi-builder-workspace/.swiftpm/xcode
    builtin-SwiftPerFileCompile OptionalPattern.swift
SwiftCompile normal arm64 /Users/admin/builder/spi-builder-workspace/Sources/AST/Pattern/TuplePattern.swift (in target 'AST' from project 'swift-ast')
    cd /Users/admin/builder/spi-builder-workspace/.swiftpm/xcode
    builtin-SwiftPerFileCompile TuplePattern.swift
SwiftCompile normal arm64 /Users/admin/builder/spi-builder-workspace/Sources/AST/Pattern/TypeCastingPattern.swift (in target 'AST' from project 'swift-ast')
    cd /Users/admin/builder/spi-builder-workspace/.swiftpm/xcode
    builtin-SwiftPerFileCompile TypeCastingPattern.swift
SwiftCompile normal arm64 /Users/admin/builder/spi-builder-workspace/Sources/AST/Pattern/ValueBindingPattern.swift (in target 'AST' from project 'swift-ast')
    cd /Users/admin/builder/spi-builder-workspace/.swiftpm/xcode
    builtin-SwiftPerFileCompile ValueBindingPattern.swift
SwiftCompile normal arm64 /Users/admin/builder/spi-builder-workspace/Sources/AST/Pattern/WildcardPattern.swift (in target 'AST' from project 'swift-ast')
    cd /Users/admin/builder/spi-builder-workspace/.swiftpm/xcode
    builtin-SwiftPerFileCompile WildcardPattern.swift
SwiftCompile normal arm64 /Users/admin/builder/spi-builder-workspace/Sources/AST/Statement.swift (in target 'AST' from project 'swift-ast')
    cd /Users/admin/builder/spi-builder-workspace/.swiftpm/xcode
    builtin-SwiftPerFileCompile Statement.swift
SwiftCompile normal arm64 /Users/admin/builder/spi-builder-workspace/Sources/AST/Statement/BreakStatement.swift (in target 'AST' from project 'swift-ast')
    cd /Users/admin/builder/spi-builder-workspace/.swiftpm/xcode
    builtin-SwiftPerFileCompile BreakStatement.swift
SwiftDriverJobDiscovery normal arm64 Compiling LiteralExpression.swift, OptionalChainingExpression.swift, ParenthesizedExpression.swift, PostfixOperatorExpression.swift, PostfixSelfExpression.swift, PrefixOperatorExpression.swift, SelectorExpression.swift, SelfExpression.swift, SequenceExpression.swift, SubscriptArgument.swift, SubscriptExpression.swift, SuperclassExpression.swift (in target 'AST' from project 'swift-ast')
SwiftDriverJobDiscovery normal arm64_32 Compiling FunctionType.swift, ImplicitlyUnwrappedOptionalType.swift, MetatypeType.swift, OpaqueType.swift, OptionalType.swift, ProtocolCompositionType.swift, SelfType.swift, TupleType.swift, TypeAnnotation.swift, TypeIdentifier.swift, TypeInheritanceClause.swift, Version.swift (in target 'AST' from project 'swift-ast')
SwiftDriver Sema normal arm64 com.apple.xcode.tools.swift.compiler (in target 'Sema' from project 'swift-ast')
    cd /Users/admin/builder/spi-builder-workspace/.swiftpm/xcode
    builtin-SwiftDriver -- /Applications/Xcode-27.0.0-Release.Candidate.app/Contents/Developer/Toolchains/XcodeDefault.xctoolchain/usr/bin/swiftc -parse-as-library -module-name Sema -Onone @/Users/admin/builder/spi-builder-workspace/.derivedData/Build/Intermediates.noindex/swift-ast.build/Debug-watchos/Sema-t.build/Objects-normal/arm64/Sema.SwiftFileList -DSWIFT_PACKAGE -DDEBUG -DSWIFT_MODULE_RESOURCE_BUNDLE_UNAVAILABLE -DXcode -plugin-path /Applications/Xcode-27.0.0-Release.Candidate.app/Contents/Developer/Toolchains/XcodeDefault.xctoolchain/usr/lib/swift/host/plugins/testing -enable-experimental-feature DebugDescriptionMacro -sdk /Applications/Xcode-27.0.0-Release.Candidate.app/Contents/Developer/Platforms/WatchOS.platform/Developer/SDKs/WatchOS27.0.sdk -target arm64-apple-watchos9.0 -g -module-cache-path /Users/admin/builder/spi-builder-workspace/.derivedData/ModuleCache.noindex -Xfrontend -serialize-debugging-options -profile-coverage-mapping -profile-generate -enable-testing -index-store-path /Users/admin/builder/spi-builder-workspace/.derivedData/Index.noindex/DataStore -Xcc -D_LIBCPP_HARDENING_MODE\=_LIBCPP_HARDENING_MODE_DEBUG -swift-version 5 -I /Users/admin/builder/spi-builder-workspace/.derivedData/Build/Products/Debug-watchos -Isystem /Applications/Xcode-27.0.0-Release.Candidate.app/Contents/Developer/Platforms/WatchOS.platform/Developer/usr/lib -F /Users/admin/builder/spi-builder-workspace/.derivedData/Build/Products/Debug-watchos/PackageFrameworks -F /Users/admin/builder/spi-builder-workspace/.derivedData/Build/Products/Debug-watchos -F /Applications/Xcode-27.0.0-Release.Candidate.app/Contents/Developer/Platforms/WatchOS.platform/Developer/Library/Frameworks -F /Applications/Xcode-27.0.0-Release.Candidate.app/Contents/Developer/Platforms/WatchOS.platform/Developer/SDKs/WatchOS27.0.sdk/Developer/Library/Frameworks -c -j10 -enable-batch-mode -incremental -Xcc -ivfsstatcache -Xcc /Users/admin/builder/spi-builder-workspace/.derivedData/SDKStatCaches.noindex/watchos27.0-24R360-e829b21a6f8c9b70876ba0858053c04477534ef55a1706bf4c1112bbb242f0a2.sdkstatcache -output-file-map /Users/admin/builder/spi-builder-workspace/.derivedData/Build/Intermediates.noindex/swift-ast.build/Debug-watchos/Sema-t.build/Objects-normal/arm64/Sema-OutputFileMap.json -save-temps -no-color-diagnostics -explicit-module-build -module-cache-path /Users/admin/builder/spi-builder-workspace/.derivedData/Build/Intermediates.noindex/SwiftExplicitPrecompiledModules -clang-scanner-module-cache-path /Users/admin/builder/spi-builder-workspace/.derivedData/ModuleCache.noindex -sdk-module-cache-path /Users/admin/builder/spi-builder-workspace/.derivedData/SDKExplicitPrecompiledModules -emit-dependencies -emit-module -emit-module-path /Users/admin/builder/spi-builder-workspace/.derivedData/Build/Intermediates.noindex/swift-ast.build/Debug-watchos/Sema-t.build/Objects-normal/arm64/Sema.swiftmodule -serialize-diagnostics -dependency-scan-serialize-diagnostics-path /Users/admin/builder/spi-builder-workspace/.derivedData/Build/Intermediates.noindex/swift-ast.build/Debug-watchos/Sema-t.build/Objects-normal/arm64/Sema-dependency-scan.dia -validate-clang-modules-once -clang-build-session-file /Users/admin/builder/spi-builder-workspace/.derivedData/ModuleCache.noindex/Session.modulevalidation -Xcc -fmodules-prune-interval\=86400 -Xcc -fmodules-prune-after\=345600 -emit-const-values -const-gather-protocols-list /Users/admin/builder/spi-builder-workspace/.derivedData/Build/Intermediates.noindex/swift-ast.build/Debug-watchos/Sema-t.build/Objects-normal/arm64/Sema_const_extract_protocols.json -Xcc -I/Users/admin/builder/spi-builder-workspace/.derivedData/Build/Products/Debug-watchos/include -Xcc -I/Users/admin/builder/spi-builder-workspace/.derivedData/Build/Intermediates.noindex/swift-ast.build/Debug-watchos/Sema-t.build/DerivedSources-normal/arm64 -Xcc -I/Users/admin/builder/spi-builder-workspace/.derivedData/Build/Intermediates.noindex/swift-ast.build/Debug-watchos/Sema-t.build/DerivedSources/arm64 -Xcc -I/Users/admin/builder/spi-builder-workspace/.derivedData/Build/Intermediates.noindex/swift-ast.build/Debug-watchos/Sema-t.build/DerivedSources -Xcc -DSWIFT_PACKAGE -Xcc -DDEBUG\=1 -emit-objc-header -emit-objc-header-path /Users/admin/builder/spi-builder-workspace/.derivedData/Build/Intermediates.noindex/swift-ast.build/Debug-watchos/Sema-t.build/Objects-normal/arm64/Sema-Swift.h -working-directory /Users/admin/builder/spi-builder-workspace/.swiftpm/xcode -experimental-emit-module-separately -disable-cmo
SwiftDriver Sema normal arm64_32 com.apple.xcode.tools.swift.compiler (in target 'Sema' from project 'swift-ast')
    cd /Users/admin/builder/spi-builder-workspace/.swiftpm/xcode
    builtin-SwiftDriver -- /Applications/Xcode-27.0.0-Release.Candidate.app/Contents/Developer/Toolchains/XcodeDefault.xctoolchain/usr/bin/swiftc -parse-as-library -module-name Sema -Onone @/Users/admin/builder/spi-builder-workspace/.derivedData/Build/Intermediates.noindex/swift-ast.build/Debug-watchos/Sema-t.build/Objects-normal/arm64_32/Sema.SwiftFileList -DSWIFT_PACKAGE -DDEBUG -DSWIFT_MODULE_RESOURCE_BUNDLE_UNAVAILABLE -DXcode -plugin-path /Applications/Xcode-27.0.0-Release.Candidate.app/Contents/Developer/Toolchains/XcodeDefault.xctoolchain/usr/lib/swift/host/plugins/testing -enable-experimental-feature DebugDescriptionMacro -sdk /Applications/Xcode-27.0.0-Release.Candidate.app/Contents/Developer/Platforms/WatchOS.platform/Developer/SDKs/WatchOS27.0.sdk -target arm64_32-apple-watchos9.0 -g -module-cache-path /Users/admin/builder/spi-builder-workspace/.derivedData/ModuleCache.noindex -Xfrontend -serialize-debugging-options -profile-coverage-mapping -profile-generate -enable-testing -index-store-path /Users/admin/builder/spi-builder-workspace/.derivedData/Index.noindex/DataStore -Xcc -D_LIBCPP_HARDENING_MODE\=_LIBCPP_HARDENING_MODE_DEBUG -swift-version 5 -I /Users/admin/builder/spi-builder-workspace/.derivedData/Build/Products/Debug-watchos -Isystem /Applications/Xcode-27.0.0-Release.Candidate.app/Contents/Developer/Platforms/WatchOS.platform/Developer/usr/lib -F /Users/admin/builder/spi-builder-workspace/.derivedData/Build/Products/Debug-watchos/PackageFrameworks -F /Users/admin/builder/spi-builder-workspace/.derivedData/Build/Products/Debug-watchos -F /Applications/Xcode-27.0.0-Release.Candidate.app/Contents/Developer/Platforms/WatchOS.platform/Developer/Library/Frameworks -F /Applications/Xcode-27.0.0-Release.Candidate.app/Contents/Developer/Platforms/WatchOS.platform/Developer/SDKs/WatchOS27.0.sdk/Developer/Library/Frameworks -c -j10 -enable-batch-mode -incremental -Xcc -ivfsstatcache -Xcc /Users/admin/builder/spi-builder-workspace/.derivedData/SDKStatCaches.noindex/watchos27.0-24R360-e829b21a6f8c9b70876ba0858053c04477534ef55a1706bf4c1112bbb242f0a2.sdkstatcache -output-file-map /Users/admin/builder/spi-builder-workspace/.derivedData/Build/Intermediates.noindex/swift-ast.build/Debug-watchos/Sema-t.build/Objects-normal/arm64_32/Sema-OutputFileMap.json -save-temps -no-color-diagnostics -explicit-module-build -module-cache-path /Users/admin/builder/spi-builder-workspace/.derivedData/Build/Intermediates.noindex/SwiftExplicitPrecompiledModules -clang-scanner-module-cache-path /Users/admin/builder/spi-builder-workspace/.derivedData/ModuleCache.noindex -sdk-module-cache-path /Users/admin/builder/spi-builder-workspace/.derivedData/SDKExplicitPrecompiledModules -emit-dependencies -emit-module -emit-module-path /Users/admin/builder/spi-builder-workspace/.derivedData/Build/Intermediates.noindex/swift-ast.build/Debug-watchos/Sema-t.build/Objects-normal/arm64_32/Sema.swiftmodule -serialize-diagnostics -dependency-scan-serialize-diagnostics-path /Users/admin/builder/spi-builder-workspace/.derivedData/Build/Intermediates.noindex/swift-ast.build/Debug-watchos/Sema-t.build/Objects-normal/arm64_32/Sema-dependency-scan.dia -validate-clang-modules-once -clang-build-session-file /Users/admin/builder/spi-builder-workspace/.derivedData/ModuleCache.noindex/Session.modulevalidation -Xcc -fmodules-prune-interval\=86400 -Xcc -fmodules-prune-after\=345600 -emit-const-values -const-gather-protocols-list /Users/admin/builder/spi-builder-workspace/.derivedData/Build/Intermediates.noindex/swift-ast.build/Debug-watchos/Sema-t.build/Objects-normal/arm64_32/Sema_const_extract_protocols.json -Xcc -I/Users/admin/builder/spi-builder-workspace/.derivedData/Build/Products/Debug-watchos/include -Xcc -I/Users/admin/builder/spi-builder-workspace/.derivedData/Build/Intermediates.noindex/swift-ast.build/Debug-watchos/Sema-t.build/DerivedSources-normal/arm64_32 -Xcc -I/Users/admin/builder/spi-builder-workspace/.derivedData/Build/Intermediates.noindex/swift-ast.build/Debug-watchos/Sema-t.build/DerivedSources/arm64_32 -Xcc -I/Users/admin/builder/spi-builder-workspace/.derivedData/Build/Intermediates.noindex/swift-ast.build/Debug-watchos/Sema-t.build/DerivedSources -Xcc -DSWIFT_PACKAGE -Xcc -DDEBUG\=1 -emit-objc-header -emit-objc-header-path /Users/admin/builder/spi-builder-workspace/.derivedData/Build/Intermediates.noindex/swift-ast.build/Debug-watchos/Sema-t.build/Objects-normal/arm64_32/Sema-Swift.h -working-directory /Users/admin/builder/spi-builder-workspace/.swiftpm/xcode -experimental-emit-module-separately -disable-cmo
SwiftDriverJobDiscovery normal arm64 Compiling TernaryConditionalOperatorExpression.swift, TryOperatorExpression.swift, TupleExpression.swift, TypeCastingOperatorExpression.swift, WildcardExpression.swift, ExpressionList.swift, GenericArgumentClause.swift, GenericParameterClause.swift, GenericWhereClause.swift, Identifier.swift, IdentifierList.swift, LocatableNode.swift (in target 'AST' from project 'swift-ast')
Ld /Users/admin/builder/spi-builder-workspace/.derivedData/Build/Intermediates.noindex/swift-ast.build/Debug-watchos/Lexer-t.build/Objects-normal/arm64_32/Binary/Lexer.o normal arm64_32 (in target 'Lexer' from project 'swift-ast')
    cd /Users/admin/builder/spi-builder-workspace
    /Applications/Xcode-27.0.0-Release.Candidate.app/Contents/Developer/Toolchains/XcodeDefault.xctoolchain/usr/bin/clang -Xlinker -reproducible -target arm64_32-apple-watchos9.0 -r -isysroot /Applications/Xcode-27.0.0-Release.Candidate.app/Contents/Developer/Platforms/WatchOS.platform/Developer/SDKs/WatchOS27.0.sdk -O0 -Xlinker -no_warn_duplicate_libraries -F/Users/admin/builder/spi-builder-workspace/.derivedData/Build/Intermediates.noindex/EagerLinkingTBDs/Debug-watchos -F/Users/admin/builder/spi-builder-workspace/.derivedData/Build/Products/Debug-watchos/PackageFrameworks -F/Users/admin/builder/spi-builder-workspace/.derivedData/Build/Products/Debug-watchos -iframework /Applications/Xcode-27.0.0-Release.Candidate.app/Contents/Developer/Platforms/WatchOS.platform/Developer/Library/Frameworks -iframework /Applications/Xcode-27.0.0-Release.Candidate.app/Contents/Developer/Platforms/WatchOS.platform/Developer/SDKs/WatchOS27.0.sdk/Developer/Library/Frameworks -filelist /Users/admin/builder/spi-builder-workspace/.derivedData/Build/Intermediates.noindex/swift-ast.build/Debug-watchos/Lexer-t.build/Objects-normal/arm64_32/Lexer.LinkFileList -nostdlib -Xlinker -object_path_lto -Xlinker /Users/admin/builder/spi-builder-workspace/.derivedData/Build/Intermediates.noindex/swift-ast.build/Debug-watchos/Lexer-t.build/Objects-normal/arm64_32/Lexer_lto.o -Xlinker -no_deduplicate -Xlinker -debug_variant -Xlinker -dependency_info -Xlinker /Users/admin/builder/spi-builder-workspace/.derivedData/Build/Intermediates.noindex/swift-ast.build/Debug-watchos/Lexer-t.build/Objects-normal/arm64_32/Lexer_dependency_info.dat -fobjc-link-runtime -L/Applications/Xcode-27.0.0-Release.Candidate.app/Contents/Developer/Toolchains/XcodeDefault.xctoolchain/usr/lib/swift/watchos -L/usr/lib/swift -Xlinker -add_ast_path -Xlinker /Users/admin/builder/spi-builder-workspace/.derivedData/Build/Intermediates.noindex/swift-ast.build/Debug-watchos/Lexer-t.build/Objects-normal/arm64_32/Lexer.swiftmodule -o /Users/admin/builder/spi-builder-workspace/.derivedData/Build/Intermediates.noindex/swift-ast.build/Debug-watchos/Lexer-t.build/Objects-normal/arm64_32/Binary/Lexer.o
SwiftDriverJobDiscovery normal arm64 Compiling CompilerControlStatement.swift, AvailabilityCondition.swift, Condition.swift, ConditionList.swift, ContinueStatement.swift, DeferStatement.swift, DoStatement.swift, FallthroughStatement.swift, ForInStatement.swift, GuardStatement.swift, IfStatement.swift, LabeledStatement.swift (in target 'AST' from project 'swift-ast')
Ld /Users/admin/builder/spi-builder-workspace/.derivedData/Build/Intermediates.noindex/swift-ast.build/Debug-watchos/Lexer-t.build/Objects-normal/arm64/Binary/Lexer.o normal arm64 (in target 'Lexer' from project 'swift-ast')
    cd /Users/admin/builder/spi-builder-workspace
    /Applications/Xcode-27.0.0-Release.Candidate.app/Contents/Developer/Toolchains/XcodeDefault.xctoolchain/usr/bin/clang -Xlinker -reproducible -target arm64-apple-watchos9.0 -r -isysroot /Applications/Xcode-27.0.0-Release.Candidate.app/Contents/Developer/Platforms/WatchOS.platform/Developer/SDKs/WatchOS27.0.sdk -O0 -Xlinker -no_warn_duplicate_libraries -F/Users/admin/builder/spi-builder-workspace/.derivedData/Build/Intermediates.noindex/EagerLinkingTBDs/Debug-watchos -F/Users/admin/builder/spi-builder-workspace/.derivedData/Build/Products/Debug-watchos/PackageFrameworks -F/Users/admin/builder/spi-builder-workspace/.derivedData/Build/Products/Debug-watchos -iframework /Applications/Xcode-27.0.0-Release.Candidate.app/Contents/Developer/Platforms/WatchOS.platform/Developer/Library/Frameworks -iframework /Applications/Xcode-27.0.0-Release.Candidate.app/Contents/Developer/Platforms/WatchOS.platform/Developer/SDKs/WatchOS27.0.sdk/Developer/Library/Frameworks -filelist /Users/admin/builder/spi-builder-workspace/.derivedData/Build/Intermediates.noindex/swift-ast.build/Debug-watchos/Lexer-t.build/Objects-normal/arm64/Lexer.LinkFileList -nostdlib -Xlinker -object_path_lto -Xlinker /Users/admin/builder/spi-builder-workspace/.derivedData/Build/Intermediates.noindex/swift-ast.build/Debug-watchos/Lexer-t.build/Objects-normal/arm64/Lexer_lto.o -Xlinker -no_deduplicate -Xlinker -debug_variant -Xlinker -dependency_info -Xlinker /Users/admin/builder/spi-builder-workspace/.derivedData/Build/Intermediates.noindex/swift-ast.build/Debug-watchos/Lexer-t.build/Objects-normal/arm64/Lexer_dependency_info.dat -fobjc-link-runtime -L/Applications/Xcode-27.0.0-Release.Candidate.app/Contents/Developer/Toolchains/XcodeDefault.xctoolchain/usr/lib/swift/watchos -L/usr/lib/swift -Xlinker -add_ast_path -Xlinker /Users/admin/builder/spi-builder-workspace/.derivedData/Build/Intermediates.noindex/swift-ast.build/Debug-watchos/Lexer-t.build/Objects-normal/arm64/Lexer.swiftmodule -o /Users/admin/builder/spi-builder-workspace/.derivedData/Build/Intermediates.noindex/swift-ast.build/Debug-watchos/Lexer-t.build/Objects-normal/arm64/Binary/Lexer.o
SwiftDriverJobDiscovery normal arm64_32 Compiling ASTNode.swift, ASTNodeContext.swift, ASTTextRepresentable.swift, ASTUnit.swift, ASTUnitCollection.swift, ASTVisitor+Traversal.swift, ASTVisitor.swift, Attribute.swift, Attributes.swift, CodeBlock.swift, Declaration.swift, GetterSetterBlock.swift, GetterSetterKeywordBlock.swift (in target 'AST' from project 'swift-ast')
SwiftDriver Parser normal arm64_32 com.apple.xcode.tools.swift.compiler (in target 'Parser' from project 'swift-ast')
    cd /Users/admin/builder/spi-builder-workspace/.swiftpm/xcode
    builtin-SwiftDriver -- /Applications/Xcode-27.0.0-Release.Candidate.app/Contents/Developer/Toolchains/XcodeDefault.xctoolchain/usr/bin/swiftc -parse-as-library -module-name Parser -Onone @/Users/admin/builder/spi-builder-workspace/.derivedData/Build/Intermediates.noindex/swift-ast.build/Debug-watchos/Parser-t.build/Objects-normal/arm64_32/Parser.SwiftFileList -DSWIFT_PACKAGE -DDEBUG -DSWIFT_MODULE_RESOURCE_BUNDLE_UNAVAILABLE -DXcode -plugin-path /Applications/Xcode-27.0.0-Release.Candidate.app/Contents/Developer/Toolchains/XcodeDefault.xctoolchain/usr/lib/swift/host/plugins/testing -enable-experimental-feature DebugDescriptionMacro -sdk /Applications/Xcode-27.0.0-Release.Candidate.app/Contents/Developer/Platforms/WatchOS.platform/Developer/SDKs/WatchOS27.0.sdk -target arm64_32-apple-watchos9.0 -g -module-cache-path /Users/admin/builder/spi-builder-workspace/.derivedData/ModuleCache.noindex -Xfrontend -serialize-debugging-options -profile-coverage-mapping -profile-generate -enable-testing -index-store-path /Users/admin/builder/spi-builder-workspace/.derivedData/Index.noindex/DataStore -Xcc -D_LIBCPP_HARDENING_MODE\=_LIBCPP_HARDENING_MODE_DEBUG -swift-version 5 -I /Users/admin/builder/spi-builder-workspace/.derivedData/Build/Products/Debug-watchos -Isystem /Applications/Xcode-27.0.0-Release.Candidate.app/Contents/Developer/Platforms/WatchOS.platform/Developer/usr/lib -F /Users/admin/builder/spi-builder-workspace/.derivedData/Build/Products/Debug-watchos/PackageFrameworks -F /Users/admin/builder/spi-builder-workspace/.derivedData/Build/Products/Debug-watchos -F /Applications/Xcode-27.0.0-Release.Candidate.app/Contents/Developer/Platforms/WatchOS.platform/Developer/Library/Frameworks -F /Applications/Xcode-27.0.0-Release.Candidate.app/Contents/Developer/Platforms/WatchOS.platform/Developer/SDKs/WatchOS27.0.sdk/Developer/Library/Frameworks -c -j10 -enable-batch-mode -incremental -Xcc -ivfsstatcache -Xcc /Users/admin/builder/spi-builder-workspace/.derivedData/SDKStatCaches.noindex/watchos27.0-24R360-e829b21a6f8c9b70876ba0858053c04477534ef55a1706bf4c1112bbb242f0a2.sdkstatcache -output-file-map /Users/admin/builder/spi-builder-workspace/.derivedData/Build/Intermediates.noindex/swift-ast.build/Debug-watchos/Parser-t.build/Objects-normal/arm64_32/Parser-OutputFileMap.json -save-temps -no-color-diagnostics -explicit-module-build -module-cache-path /Users/admin/builder/spi-builder-workspace/.derivedData/Build/Intermediates.noindex/SwiftExplicitPrecompiledModules -clang-scanner-module-cache-path /Users/admin/builder/spi-builder-workspace/.derivedData/ModuleCache.noindex -sdk-module-cache-path /Users/admin/builder/spi-builder-workspace/.derivedData/SDKExplicitPrecompiledModules -emit-dependencies -emit-module -emit-module-path /Users/admin/builder/spi-builder-workspace/.derivedData/Build/Intermediates.noindex/swift-ast.build/Debug-watchos/Parser-t.build/Objects-normal/arm64_32/Parser.swiftmodule -serialize-diagnostics -dependency-scan-serialize-diagnostics-path /Users/admin/builder/spi-builder-workspace/.derivedData/Build/Intermediates.noindex/swift-ast.build/Debug-watchos/Parser-t.build/Objects-normal/arm64_32/Parser-dependency-scan.dia -validate-clang-modules-once -clang-build-session-file /Users/admin/builder/spi-builder-workspace/.derivedData/ModuleCache.noindex/Session.modulevalidation -Xcc -fmodules-prune-interval\=86400 -Xcc -fmodules-prune-after\=345600 -emit-const-values -const-gather-protocols-list /Users/admin/builder/spi-builder-workspace/.derivedData/Build/Intermediates.noindex/swift-ast.build/Debug-watchos/Parser-t.build/Objects-normal/arm64_32/Parser_const_extract_protocols.json -Xcc -I/Users/admin/builder/spi-builder-workspace/.derivedData/Build/Products/Debug-watchos/include -Xcc -I/Users/admin/builder/spi-builder-workspace/.derivedData/Build/Intermediates.noindex/swift-ast.build/Debug-watchos/Parser-t.build/DerivedSources-normal/arm64_32 -Xcc -I/Users/admin/builder/spi-builder-workspace/.derivedData/Build/Intermediates.noindex/swift-ast.build/Debug-watchos/Parser-t.build/DerivedSources/arm64_32 -Xcc -I/Users/admin/builder/spi-builder-workspace/.derivedData/Build/Intermediates.noindex/swift-ast.build/Debug-watchos/Parser-t.build/DerivedSources -Xcc -DSWIFT_PACKAGE -Xcc -DDEBUG\=1 -emit-objc-header -emit-objc-header-path /Users/admin/builder/spi-builder-workspace/.derivedData/Build/Intermediates.noindex/swift-ast.build/Debug-watchos/Parser-t.build/Objects-normal/arm64_32/Parser-Swift.h -working-directory /Users/admin/builder/spi-builder-workspace/.swiftpm/xcode -experimental-emit-module-separately -disable-cmo
SwiftDriver Parser normal arm64 com.apple.xcode.tools.swift.compiler (in target 'Parser' from project 'swift-ast')
    cd /Users/admin/builder/spi-builder-workspace/.swiftpm/xcode
    builtin-SwiftDriver -- /Applications/Xcode-27.0.0-Release.Candidate.app/Contents/Developer/Toolchains/XcodeDefault.xctoolchain/usr/bin/swiftc -parse-as-library -module-name Parser -Onone @/Users/admin/builder/spi-builder-workspace/.derivedData/Build/Intermediates.noindex/swift-ast.build/Debug-watchos/Parser-t.build/Objects-normal/arm64/Parser.SwiftFileList -DSWIFT_PACKAGE -DDEBUG -DSWIFT_MODULE_RESOURCE_BUNDLE_UNAVAILABLE -DXcode -plugin-path /Applications/Xcode-27.0.0-Release.Candidate.app/Contents/Developer/Toolchains/XcodeDefault.xctoolchain/usr/lib/swift/host/plugins/testing -enable-experimental-feature DebugDescriptionMacro -sdk /Applications/Xcode-27.0.0-Release.Candidate.app/Contents/Developer/Platforms/WatchOS.platform/Developer/SDKs/WatchOS27.0.sdk -target arm64-apple-watchos9.0 -g -module-cache-path /Users/admin/builder/spi-builder-workspace/.derivedData/ModuleCache.noindex -Xfrontend -serialize-debugging-options -profile-coverage-mapping -profile-generate -enable-testing -index-store-path /Users/admin/builder/spi-builder-workspace/.derivedData/Index.noindex/DataStore -Xcc -D_LIBCPP_HARDENING_MODE\=_LIBCPP_HARDENING_MODE_DEBUG -swift-version 5 -I /Users/admin/builder/spi-builder-workspace/.derivedData/Build/Products/Debug-watchos -Isystem /Applications/Xcode-27.0.0-Release.Candidate.app/Contents/Developer/Platforms/WatchOS.platform/Developer/usr/lib -F /Users/admin/builder/spi-builder-workspace/.derivedData/Build/Products/Debug-watchos/PackageFrameworks -F /Users/admin/builder/spi-builder-workspace/.derivedData/Build/Products/Debug-watchos -F /Applications/Xcode-27.0.0-Release.Candidate.app/Contents/Developer/Platforms/WatchOS.platform/Developer/Library/Frameworks -F /Applications/Xcode-27.0.0-Release.Candidate.app/Contents/Developer/Platforms/WatchOS.platform/Developer/SDKs/WatchOS27.0.sdk/Developer/Library/Frameworks -c -j10 -enable-batch-mode -incremental -Xcc -ivfsstatcache -Xcc /Users/admin/builder/spi-builder-workspace/.derivedData/SDKStatCaches.noindex/watchos27.0-24R360-e829b21a6f8c9b70876ba0858053c04477534ef55a1706bf4c1112bbb242f0a2.sdkstatcache -output-file-map /Users/admin/builder/spi-builder-workspace/.derivedData/Build/Intermediates.noindex/swift-ast.build/Debug-watchos/Parser-t.build/Objects-normal/arm64/Parser-OutputFileMap.json -save-temps -no-color-diagnostics -explicit-module-build -module-cache-path /Users/admin/builder/spi-builder-workspace/.derivedData/Build/Intermediates.noindex/SwiftExplicitPrecompiledModules -clang-scanner-module-cache-path /Users/admin/builder/spi-builder-workspace/.derivedData/ModuleCache.noindex -sdk-module-cache-path /Users/admin/builder/spi-builder-workspace/.derivedData/SDKExplicitPrecompiledModules -emit-dependencies -emit-module -emit-module-path /Users/admin/builder/spi-builder-workspace/.derivedData/Build/Intermediates.noindex/swift-ast.build/Debug-watchos/Parser-t.build/Objects-normal/arm64/Parser.swiftmodule -serialize-diagnostics -dependency-scan-serialize-diagnostics-path /Users/admin/builder/spi-builder-workspace/.derivedData/Build/Intermediates.noindex/swift-ast.build/Debug-watchos/Parser-t.build/Objects-normal/arm64/Parser-dependency-scan.dia -validate-clang-modules-once -clang-build-session-file /Users/admin/builder/spi-builder-workspace/.derivedData/ModuleCache.noindex/Session.modulevalidation -Xcc -fmodules-prune-interval\=86400 -Xcc -fmodules-prune-after\=345600 -emit-const-values -const-gather-protocols-list /Users/admin/builder/spi-builder-workspace/.derivedData/Build/Intermediates.noindex/swift-ast.build/Debug-watchos/Parser-t.build/Objects-normal/arm64/Parser_const_extract_protocols.json -Xcc -I/Users/admin/builder/spi-builder-workspace/.derivedData/Build/Products/Debug-watchos/include -Xcc -I/Users/admin/builder/spi-builder-workspace/.derivedData/Build/Intermediates.noindex/swift-ast.build/Debug-watchos/Parser-t.build/DerivedSources-normal/arm64 -Xcc -I/Users/admin/builder/spi-builder-workspace/.derivedData/Build/Intermediates.noindex/swift-ast.build/Debug-watchos/Parser-t.build/DerivedSources/arm64 -Xcc -I/Users/admin/builder/spi-builder-workspace/.derivedData/Build/Intermediates.noindex/swift-ast.build/Debug-watchos/Parser-t.build/DerivedSources -Xcc -DSWIFT_PACKAGE -Xcc -DDEBUG\=1 -emit-objc-header -emit-objc-header-path /Users/admin/builder/spi-builder-workspace/.derivedData/Build/Intermediates.noindex/swift-ast.build/Debug-watchos/Parser-t.build/Objects-normal/arm64/Parser-Swift.h -working-directory /Users/admin/builder/spi-builder-workspace/.swiftpm/xcode -experimental-emit-module-separately -disable-cmo
CreateUniversalBinary /Users/admin/builder/spi-builder-workspace/.derivedData/Build/Products/Debug-watchos/Lexer.o normal arm64\ arm64_32 (in target 'Lexer' from project 'swift-ast')
    cd /Users/admin/builder/spi-builder-workspace
    /Applications/Xcode-27.0.0-Release.Candidate.app/Contents/Developer/Toolchains/XcodeDefault.xctoolchain/usr/bin/lipo -create /Users/admin/builder/spi-builder-workspace/.derivedData/Build/Intermediates.noindex/swift-ast.build/Debug-watchos/Lexer-t.build/Objects-normal/arm64/Binary/Lexer.o /Users/admin/builder/spi-builder-workspace/.derivedData/Build/Intermediates.noindex/swift-ast.build/Debug-watchos/Lexer-t.build/Objects-normal/arm64_32/Binary/Lexer.o -output /Users/admin/builder/spi-builder-workspace/.derivedData/Build/Products/Debug-watchos/Lexer.o
SwiftEmitModule normal arm64 Emitting\ module\ for\ Sema (in target 'Sema' from project 'swift-ast')
SwiftCompile normal arm64 (in target 'Sema' from project 'swift-ast')
    cd /Users/admin/builder/spi-builder-workspace/.swiftpm/xcode

SwiftCompile normal arm64 Compiling\ LexicalParentAssignment.swift /Users/admin/builder/spi-builder-workspace/Sources/Sema/LexicalParentAssignment.swift (in target 'Sema' from project 'swift-ast')
SwiftCompile normal arm64 /Users/admin/builder/spi-builder-workspace/Sources/Sema/LexicalParentAssignment.swift (in target 'Sema' from project 'swift-ast')
    cd /Users/admin/builder/spi-builder-workspace/.swiftpm/xcode
    builtin-SwiftPerFileCompile LexicalParentAssignment.swift
SwiftDriverJobDiscovery normal arm64 Compiling AccessLevelModifier.swift, DeclarationModifier.swift, DeclarationModifiers.swift, MutationModifier.swift, OperatorDeclaration.swift, PrecedenceGroupDeclaration.swift, ProtocolDeclaration.swift, StructDeclaration.swift, SubscriptDeclaration.swift, TypealiasDeclaration.swift, VariableDeclaration.swift, Expression.swift (in target 'AST' from project 'swift-ast')
SwiftCompile normal arm64 Compiling\ SequenceExpressionFolding.swift /Users/admin/builder/spi-builder-workspace/Sources/Sema/SequenceExpressionFolding.swift (in target 'Sema' from project 'swift-ast')
SwiftCompile normal arm64 /Users/admin/builder/spi-builder-workspace/Sources/Sema/SequenceExpressionFolding.swift (in target 'Sema' from project 'swift-ast')
    cd /Users/admin/builder/spi-builder-workspace/.swiftpm/xcode
    builtin-SwiftPerFileCompile SequenceExpressionFolding.swift
SwiftEmitModule normal arm64_32 Emitting\ module\ for\ Sema (in target 'Sema' from project 'swift-ast')
SwiftCompile normal arm64_32 (in target 'Sema' from project 'swift-ast')
    cd /Users/admin/builder/spi-builder-workspace/.swiftpm/xcode

SwiftDriverJobDiscovery normal arm64 Compiling WillSetDidSetBlock.swift, ClassDeclaration.swift, ConstantDeclaration.swift, DeinitializerDeclaration.swift, EnumDeclaration.swift, ExtensionDeclaration.swift, FunctionResult.swift, FunctionSignature.swift, FunctionDeclaration.swift, ImportDeclaration.swift, PatternInitializer.swift, InitializerDeclaration.swift (in target 'AST' from project 'swift-ast')
SwiftCompile normal arm64_32 Compiling\ LexicalParentAssignment.swift /Users/admin/builder/spi-builder-workspace/Sources/Sema/LexicalParentAssignment.swift (in target 'Sema' from project 'swift-ast')
SwiftCompile normal arm64_32 /Users/admin/builder/spi-builder-workspace/Sources/Sema/LexicalParentAssignment.swift (in target 'Sema' from project 'swift-ast')
    cd /Users/admin/builder/spi-builder-workspace/.swiftpm/xcode
    builtin-SwiftPerFileCompile LexicalParentAssignment.swift
SwiftDriverJobDiscovery normal arm64_32 Compiling CompilerControlStatement.swift, AvailabilityCondition.swift, Condition.swift, ConditionList.swift, ContinueStatement.swift, DeferStatement.swift, DoStatement.swift, FallthroughStatement.swift, ForInStatement.swift, GuardStatement.swift, IfStatement.swift, LabeledStatement.swift (in target 'AST' from project 'swift-ast')
SwiftCompile normal arm64_32 Compiling\ SequenceExpressionFolding.swift /Users/admin/builder/spi-builder-workspace/Sources/Sema/SequenceExpressionFolding.swift (in target 'Sema' from project 'swift-ast')
SwiftCompile normal arm64_32 /Users/admin/builder/spi-builder-workspace/Sources/Sema/SequenceExpressionFolding.swift (in target 'Sema' from project 'swift-ast')
    cd /Users/admin/builder/spi-builder-workspace/.swiftpm/xcode
    builtin-SwiftPerFileCompile SequenceExpressionFolding.swift
SwiftEmitModule normal arm64_32 Emitting\ module\ for\ Parser (in target 'Parser' from project 'swift-ast')
/Users/admin/builder/spi-builder-workspace/Sources/Parser/Parser+Expression.swift:40:93: error: 'Expression' is ambiguous for type lookup in this context
  38 |   }
  39 |
  40 |   func parseExpression(config: ParserExpressionConfig = ParserExpressionConfig()) throws -> Expression {
     |                                                                                             `- error: 'Expression' is ambiguous for type lookup in this context
  41 |     let tryKind = parseTryKind()
  42 |     let prefixExpr = try parsePrefixExpression(config: config)
Foundation.Expression:2:15: note: found this candidate
1 | @available(macOS 15, iOS 18, tvOS 18, watchOS 11, *)
2 | public struct Expression<each Input, Output> : Sendable {
  |               `- note: found this candidate
3 |     public let expression: any StandardPredicateExpression<Output>
4 |     public let variable: (repeat PredicateExpressions.Variable<each Input>)
AST.Expression:1:17: note: found this candidate
1 | public protocol Expression : AST.Statement {
  |                 `- note: found this candidate
2 | }
/Users/admin/builder/spi-builder-workspace/Sources/Parser/Parser+Expression.swift:53:48: error: 'Expression' is ambiguous for type lookup in this context
  51 |     case noTry
  52 |
  53 |     fileprivate func wrap(expr: Expression) -> Expression {
     |                                                `- error: 'Expression' is ambiguous for type lookup in this context
  54 |       switch self {
  55 |       case .try(let startLocation):
Foundation.Expression:2:15: note: found this candidate
1 | @available(macOS 15, iOS 18, tvOS 18, watchOS 11, *)
2 | public struct Expression<each Input, Output> : Sendable {
  |               `- note: found this candidate
3 |     public let expression: any StandardPredicateExpression<Output>
4 |     public let variable: (repeat PredicateExpressions.Variable<each Input>)
AST.Expression:1:17: note: found this candidate
1 | public protocol Expression : AST.Statement {
  |                 `- note: found this candidate
2 | }
/Users/admin/builder/spi-builder-workspace/Sources/Parser/Parser+Expression.swift:53:33: error: 'Expression' is ambiguous for type lookup in this context
  51 |     case noTry
  52 |
  53 |     fileprivate func wrap(expr: Expression) -> Expression {
     |                                 `- error: 'Expression' is ambiguous for type lookup in this context
  54 |       switch self {
  55 |       case .try(let startLocation):
Foundation.Expression:2:15: note: found this candidate
1 | @available(macOS 15, iOS 18, tvOS 18, watchOS 11, *)
2 | public struct Expression<each Input, Output> : Sendable {
  |               `- note: found this candidate
3 |     public let expression: any StandardPredicateExpression<Output>
4 |     public let variable: (repeat PredicateExpressions.Variable<each Input>)
AST.Expression:1:17: note: found this candidate
1 | public protocol Expression : AST.Statement {
  |                 `- note: found this candidate
2 | }
/Users/admin/builder/spi-builder-workspace/Sources/Parser/Parser+Expression.swift:89:15: error: 'Expression' is ambiguous for type lookup in this context
  87 |   private func parseBinaryExpressions( // swift-lint:suppress(high_ncss,high_cyclomatic_complexity)
  88 |     leftExpression: Expression, config: ParserExpressionConfig
  89 |   ) throws -> Expression {
     |               `- error: 'Expression' is ambiguous for type lookup in this context
  90 |     var resultExpr: Expression = leftExpression
  91 |
Foundation.Expression:2:15: note: found this candidate
1 | @available(macOS 15, iOS 18, tvOS 18, watchOS 11, *)
2 | public struct Expression<each Input, Output> : Sendable {
  |               `- note: found this candidate
3 |     public let expression: any StandardPredicateExpression<Output>
4 |     public let variable: (repeat PredicateExpressions.Variable<each Input>)
AST.Expression:1:17: note: found this candidate
1 | public protocol Expression : AST.Statement {
  |                 `- note: found this candidate
2 | }
/Users/admin/builder/spi-builder-workspace/Sources/Parser/Parser+Expression.swift:88:21: error: 'Expression' is ambiguous for type lookup in this context
  86 |
  87 |   private func parseBinaryExpressions( // swift-lint:suppress(high_ncss,high_cyclomatic_complexity)
  88 |     leftExpression: Expression, config: ParserExpressionConfig
     |                     `- error: 'Expression' is ambiguous for type lookup in this context
  89 |   ) throws -> Expression {
  90 |     var resultExpr: Expression = leftExpression
Foundation.Expression:2:15: note: found this candidate
1 | @available(macOS 15, iOS 18, tvOS 18, watchOS 11, *)
2 | public struct Expression<each Input, Output> : Sendable {
  |               `- note: found this candidate
3 |     public let expression: any StandardPredicateExpression<Output>
4 |     public let variable: (repeat PredicateExpressions.Variable<each Input>)
AST.Expression:1:17: note: found this candidate
1 | public protocol Expression : AST.Statement {
  |                 `- note: found this candidate
2 | }
/Users/admin/builder/spi-builder-workspace/Sources/Parser/Parser+Expression.swift:252:80: error: 'Expression' is ambiguous for type lookup in this context
 250 |   }
 251 |
 252 |   private func parsePrefixExpression(config: ParserExpressionConfig) throws -> Expression {
     |                                                                                `- error: 'Expression' is ambiguous for type lookup in this context
 253 |     let startLocation = getStartLocation()
 254 |     switch _lexer.read([.dummyPrefixOperator, .prefixAmp]) {
Foundation.Expression:2:15: note: found this candidate
1 | @available(macOS 15, iOS 18, tvOS 18, watchOS 11, *)
2 | public struct Expression<each Input, Output> : Sendable {
  |               `- note: found this candidate
3 |     public let expression: any StandardPredicateExpression<Output>
4 |     public let variable: (repeat PredicateExpressions.Variable<each Input>)
AST.Expression:1:17: note: found this candidate
1 | public protocol Expression : AST.Statement {
  |                 `- note: found this candidate
2 | }
/Users/admin/builder/spi-builder-workspace/Sources/Parser/Parser+Expression.swift:1081:45: error: 'Expression' is ambiguous for type lookup in this context
1079 |   }
1080 |
1081 |   private func parseDictionaryLiteral(head: Expression, startLocation: SourceLocation) throws -> LiteralExpression {
     |                                             `- error: 'Expression' is ambiguous for type lookup in this context
1082 |     var entries: [DictionaryEntry] = []
1083 |     // complete first entry
Foundation.Expression:2:15: note: found this candidate
1 | @available(macOS 15, iOS 18, tvOS 18, watchOS 11, *)
2 | public struct Expression<each Input, Output> : Sendable {
  |               `- note: found this candidate
3 |     public let expression: any StandardPredicateExpression<Output>
4 |     public let variable: (repeat PredicateExpressions.Variable<each Input>)
AST.Expression:1:17: note: found this candidate
1 | public protocol Expression : AST.Statement {
  |                 `- note: found this candidate
2 | }
/Users/admin/builder/spi-builder-workspace/Sources/Parser/Parser+Expression.swift:1101:11: error: 'Expression' is ambiguous for type lookup in this context
1099 |
1100 |   private func parseArrayLiteral(
1101 |     head: Expression, startLocation: SourceLocation
     |           `- error: 'Expression' is ambiguous for type lookup in this context
1102 |   ) throws -> LiteralExpression {
1103 |     var exprs: [Expression] = [head]
Foundation.Expression:2:15: note: found this candidate
1 | @available(macOS 15, iOS 18, tvOS 18, watchOS 11, *)
2 | public struct Expression<each Input, Output> : Sendable {
  |               `- note: found this candidate
3 |     public let expression: any StandardPredicateExpression<Output>
4 |     public let variable: (repeat PredicateExpressions.Variable<each Input>)
AST.Expression:1:17: note: found this candidate
1 | public protocol Expression : AST.Statement {
  |                 `- note: found this candidate
2 | }
/Users/admin/builder/spi-builder-workspace/Sources/Parser/Parser+Type.swift:291:9: warning: 'catch' block is unreachable because no errors are thrown in 'do' block
289 |         }
290 |         return type
291 |       } catch ParenthesizedType.TupleConversionError.isVariadic {
    |         `- warning: 'catch' block is unreachable because no errors are thrown in 'do' block
292 |         throw _raiseFatal(.tupleTypeVariadicElement)
293 |       } catch ParenthesizedType.TupleConversionError.multipleLabels {
Failed frontend command:
/Applications/Xcode-27.0.0-Release.Candidate.app/Contents/Developer/Toolchains/XcodeDefault.xctoolchain/usr/bin/swift-frontend -frontend -emit-module -experimental-skip-non-inlinable-function-bodies-without-types /Users/admin/builder/spi-builder-workspace/Sources/Parser/Parser+Attribute.swift /Users/admin/builder/spi-builder-workspace/Sources/Parser/Parser+Common.swift /Users/admin/builder/spi-builder-workspace/Sources/Parser/Parser+Declaration.swift /Users/admin/builder/spi-builder-workspace/Sources/Parser/Parser+Diagnostic.swift /Users/admin/builder/spi-builder-workspace/Sources/Parser/Parser+Expression.swift /Users/admin/builder/spi-builder-workspace/Sources/Parser/Parser+Generic.swift /Users/admin/builder/spi-builder-workspace/Sources/Parser/Parser+Lexing.swift /Users/admin/builder/spi-builder-workspace/Sources/Parser/Parser+Modifier.swift /Users/admin/builder/spi-builder-workspace/Sources/Parser/Parser+Pattern.swift /Users/admin/builder/spi-builder-workspace/Sources/Parser/Parser+Statement.swift /Users/admin/builder/spi-builder-workspace/Sources/Parser/Parser+Type.swift /Users/admin/builder/spi-builder-workspace/Sources/Parser/Parser+Util.swift /Users/admin/builder/spi-builder-workspace/Sources/Parser/Parser.swift -target arm64_32-apple-watchos9.0 -disable-cross-import-overlay-search -load-resolved-plugin /Applications/Xcode-27.0.0-Release.Candidate.app/Contents/Developer/Platforms/WatchOS.platform/Developer/usr/lib/swift/host/plugins/libFoundationMacros.dylib\#/Applications/Xcode-27.0.0-Release.Candidate.app/Contents/Developer/Platforms/WatchOS.platform/Developer/usr/bin/swift-plugin-server\#FoundationMacros -load-resolved-plugin /Applications/Xcode-27.0.0-Release.Candidate.app/Contents/Developer/Platforms/WatchOS.platform/Developer/usr/lib/swift/host/plugins/libObservationMacros.dylib\#/Applications/Xcode-27.0.0-Release.Candidate.app/Contents/Developer/Platforms/WatchOS.platform/Developer/usr/bin/swift-plugin-server\#ObservationMacros -load-resolved-plugin /Applications/Xcode-27.0.0-Release.Candidate.app/Contents/Developer/Platforms/WatchOS.platform/Developer/usr/lib/swift/host/plugins/libSwiftMacros.dylib\#/Applications/Xcode-27.0.0-Release.Candidate.app/Contents/Developer/Platforms/WatchOS.platform/Developer/usr/bin/swift-plugin-server\#SwiftMacros -disable-implicit-swift-modules -Xcc -fno-implicit-modules -Xcc -fno-implicit-module-maps -explicit-swift-module-map-file /Users/admin/builder/spi-builder-workspace/.derivedData/Build/Intermediates.noindex/swift-ast.build/Debug-watchos/Parser-t.build/Objects-normal/arm64_32/Parser-dependencies-1.json -enable-objc-interop -sdk /Applications/Xcode-27.0.0-Release.Candidate.app/Contents/Developer/Platforms/WatchOS.platform/Developer/SDKs/WatchOS27.0.sdk -I /Users/admin/builder/spi-builder-workspace/.derivedData/Build/Products/Debug-watchos -Isystem /Applications/Xcode-27.0.0-Release.Candidate.app/Contents/Developer/Platforms/WatchOS.platform/Developer/usr/lib -F /Users/admin/builder/spi-builder-workspace/.derivedData/Build/Products/Debug-watchos/PackageFrameworks -F /Users/admin/builder/spi-builder-workspace/.derivedData/Build/Products/Debug-watchos -F /Applications/Xcode-27.0.0-Release.Candidate.app/Contents/Developer/Platforms/WatchOS.platform/Developer/Library/Frameworks -F /Applications/Xcode-27.0.0-Release.Candidate.app/Contents/Developer/Platforms/WatchOS.platform/Developer/SDKs/WatchOS27.0.sdk/Developer/Library/Frameworks -module-cache-path /Users/admin/builder/spi-builder-workspace/.derivedData/Build/Intermediates.noindex/SwiftExplicitPrecompiledModules -no-color-diagnostics -Xcc -fno-color-diagnostics -enable-testing -g -debug-info-format\=dwarf -dwarf-version\=4 -profile-generate -profile-coverage-mapping -swift-version 5 -Onone -D SWIFT_PACKAGE -D DEBUG -D SWIFT_MODULE_RESOURCE_BUNDLE_UNAVAILABLE -D Xcode -serialize-debugging-options -enable-experimental-feature DebugDescriptionMacro -empty-abi-descriptor -validate-clang-modules-once -clang-build-session-file /Users/admin/builder/spi-builder-workspace/.derivedData/ModuleCache.noindex/Session.modulevalidation -Xcc -working-directory -Xcc /Users/admin/builder/spi-builder-workspace/.swiftpm/xcode -enable-anonymous-context-mangled-names -file-compilation-dir /Users/admin/builder/spi-builder-workspace/.swiftpm/xcode -Xcc -D_LIBCPP_HARDENING_MODE\=_LIBCPP_HARDENING_MODE_DEBUG -Xcc -ivfsstatcache -Xcc /Users/admin/builder/spi-builder-workspace/.derivedData/SDKStatCaches.noindex/watchos27.0-24R360-e829b21a6f8c9b70876ba0858053c04477534ef55a1706bf4c1112bbb242f0a2.sdkstatcache -Xcc -fmodules-prune-interval\=86400 -Xcc -fmodules-prune-after\=345600 -Xcc -I/Users/admin/builder/spi-builder-workspace/.derivedData/Build/Products/Debug-watchos/include -Xcc -I/Users/admin/builder/spi-builder-workspace/.derivedData/Build/Intermediates.noindex/swift-ast.build/Debug-watchos/Parser-t.build/DerivedSources-normal/arm64_32 -Xcc -I/Users/admin/builder/spi-builder-workspace/.derivedData/Build/Intermediates.noindex/swift-ast.build/Debug-watchos/Parser-t.build/DerivedSources/arm64_32 -Xcc -I/Users/admin/builder/spi-builder-workspace/.derivedData/Build/Intermediates.noindex/swift-ast.build/Debug-watchos/Parser-t.build/DerivedSources -Xcc -DSWIFT_PACKAGE -Xcc -DDEBUG\=1 -no-auto-bridging-header-chaining -module-name Parser -const-gather-protocols-file /Users/admin/builder/spi-builder-workspace/.derivedData/Build/Intermediates.noindex/swift-ast.build/Debug-watchos/Parser-t.build/Objects-normal/arm64_32/Parser_const_extract_protocols.json -disable-clang-spi -clang-target arm64_32-apple-watchos27.0 -target-sdk-version 27.0 -target-sdk-name watchos27.0 -in-process-plugin-server-path /Applications/Xcode-27.0.0-Release.Candidate.app/Contents/Developer/Toolchains/XcodeDefault.xctoolchain/usr/lib/swift/host/libSwiftInProcPluginServer.dylib -emit-module-doc-path /Users/admin/builder/spi-builder-workspace/.derivedData/Build/Intermediates.noindex/swift-ast.build/Debug-watchos/Parser-t.build/Objects-normal/arm64_32/Parser.swiftdoc -emit-module-source-info-path /Users/admin/builder/spi-builder-workspace/.derivedData/Build/Intermediates.noindex/swift-ast.build/Debug-watchos/Parser-t.build/Objects-normal/arm64_32/Parser.swiftsourceinfo -emit-objc-header-path /Users/admin/builder/spi-builder-workspace/.derivedData/Build/Intermediates.noindex/swift-ast.build/Debug-watchos/Parser-t.build/Objects-normal/arm64_32/Parser-Swift.h -serialize-diagnostics-path /Users/admin/builder/spi-builder-workspace/.derivedData/Build/Intermediates.noindex/swift-ast.build/Debug-watchos/Parser-t.build/Objects-normal/arm64_32/Parser-primary-emit-module.dia -emit-dependencies-path /Users/admin/builder/spi-builder-workspace/.derivedData/Build/Intermediates.noindex/swift-ast.build/Debug-watchos/Parser-t.build/Objects-normal/arm64_32/Parser-primary-emit-module.d -parse-as-library -o /Users/admin/builder/spi-builder-workspace/.derivedData/Build/Intermediates.noindex/swift-ast.build/Debug-watchos/Parser-t.build/Objects-normal/arm64_32/Parser.swiftmodule -emit-abi-descriptor-path /Users/admin/builder/spi-builder-workspace/.derivedData/Build/Intermediates.noindex/swift-ast.build/Debug-watchos/Parser-t.build/Objects-normal/arm64_32/Parser.abi.json
SwiftCompile normal arm64_32 (in target 'Parser' from project 'swift-ast')
    cd /Users/admin/builder/spi-builder-workspace/.swiftpm/xcode

SwiftEmitModule normal arm64 Emitting\ module\ for\ Parser (in target 'Parser' from project 'swift-ast')
/Users/admin/builder/spi-builder-workspace/Sources/Parser/Parser+Expression.swift:40:93: error: 'Expression' is ambiguous for type lookup in this context
  38 |   }
  39 |
  40 |   func parseExpression(config: ParserExpressionConfig = ParserExpressionConfig()) throws -> Expression {
     |                                                                                             `- error: 'Expression' is ambiguous for type lookup in this context
  41 |     let tryKind = parseTryKind()
  42 |     let prefixExpr = try parsePrefixExpression(config: config)
Foundation.Expression:2:15: note: found this candidate
1 | @available(macOS 15, iOS 18, tvOS 18, watchOS 11, *)
2 | public struct Expression<each Input, Output> : Sendable {
  |               `- note: found this candidate
3 |     public let expression: any StandardPredicateExpression<Output>
4 |     public let variable: (repeat PredicateExpressions.Variable<each Input>)
AST.Expression:1:17: note: found this candidate
1 | public protocol Expression : AST.Statement {
  |                 `- note: found this candidate
2 | }
/Users/admin/builder/spi-builder-workspace/Sources/Parser/Parser+Expression.swift:53:48: error: 'Expression' is ambiguous for type lookup in this context
  51 |     case noTry
  52 |
  53 |     fileprivate func wrap(expr: Expression) -> Expression {
     |                                                `- error: 'Expression' is ambiguous for type lookup in this context
  54 |       switch self {
  55 |       case .try(let startLocation):
Foundation.Expression:2:15: note: found this candidate
1 | @available(macOS 15, iOS 18, tvOS 18, watchOS 11, *)
2 | public struct Expression<each Input, Output> : Sendable {
  |               `- note: found this candidate
3 |     public let expression: any StandardPredicateExpression<Output>
4 |     public let variable: (repeat PredicateExpressions.Variable<each Input>)
AST.Expression:1:17: note: found this candidate
1 | public protocol Expression : AST.Statement {
  |                 `- note: found this candidate
2 | }
/Users/admin/builder/spi-builder-workspace/Sources/Parser/Parser+Expression.swift:53:33: error: 'Expression' is ambiguous for type lookup in this context
  51 |     case noTry
  52 |
  53 |     fileprivate func wrap(expr: Expression) -> Expression {
     |                                 `- error: 'Expression' is ambiguous for type lookup in this context
  54 |       switch self {
  55 |       case .try(let startLocation):
Foundation.Expression:2:15: note: found this candidate
1 | @available(macOS 15, iOS 18, tvOS 18, watchOS 11, *)
2 | public struct Expression<each Input, Output> : Sendable {
  |               `- note: found this candidate
3 |     public let expression: any StandardPredicateExpression<Output>
4 |     public let variable: (repeat PredicateExpressions.Variable<each Input>)
AST.Expression:1:17: note: found this candidate
1 | public protocol Expression : AST.Statement {
  |                 `- note: found this candidate
2 | }
/Users/admin/builder/spi-builder-workspace/Sources/Parser/Parser+Expression.swift:89:15: error: 'Expression' is ambiguous for type lookup in this context
  87 |   private func parseBinaryExpressions( // swift-lint:suppress(high_ncss,high_cyclomatic_complexity)
  88 |     leftExpression: Expression, config: ParserExpressionConfig
  89 |   ) throws -> Expression {
     |               `- error: 'Expression' is ambiguous for type lookup in this context
  90 |     var resultExpr: Expression = leftExpression
  91 |
Foundation.Expression:2:15: note: found this candidate
1 | @available(macOS 15, iOS 18, tvOS 18, watchOS 11, *)
2 | public struct Expression<each Input, Output> : Sendable {
  |               `- note: found this candidate
3 |     public let expression: any StandardPredicateExpression<Output>
4 |     public let variable: (repeat PredicateExpressions.Variable<each Input>)
AST.Expression:1:17: note: found this candidate
1 | public protocol Expression : AST.Statement {
  |                 `- note: found this candidate
2 | }
/Users/admin/builder/spi-builder-workspace/Sources/Parser/Parser+Expression.swift:88:21: error: 'Expression' is ambiguous for type lookup in this context
  86 |
  87 |   private func parseBinaryExpressions( // swift-lint:suppress(high_ncss,high_cyclomatic_complexity)
  88 |     leftExpression: Expression, config: ParserExpressionConfig
     |                     `- error: 'Expression' is ambiguous for type lookup in this context
  89 |   ) throws -> Expression {
  90 |     var resultExpr: Expression = leftExpression
Foundation.Expression:2:15: note: found this candidate
1 | @available(macOS 15, iOS 18, tvOS 18, watchOS 11, *)
2 | public struct Expression<each Input, Output> : Sendable {
  |               `- note: found this candidate
3 |     public let expression: any StandardPredicateExpression<Output>
4 |     public let variable: (repeat PredicateExpressions.Variable<each Input>)
AST.Expression:1:17: note: found this candidate
1 | public protocol Expression : AST.Statement {
  |                 `- note: found this candidate
2 | }
/Users/admin/builder/spi-builder-workspace/Sources/Parser/Parser+Expression.swift:252:80: error: 'Expression' is ambiguous for type lookup in this context
 250 |   }
 251 |
 252 |   private func parsePrefixExpression(config: ParserExpressionConfig) throws -> Expression {
     |                                                                                `- error: 'Expression' is ambiguous for type lookup in this context
 253 |     let startLocation = getStartLocation()
 254 |     switch _lexer.read([.dummyPrefixOperator, .prefixAmp]) {
Foundation.Expression:2:15: note: found this candidate
1 | @available(macOS 15, iOS 18, tvOS 18, watchOS 11, *)
2 | public struct Expression<each Input, Output> : Sendable {
  |               `- note: found this candidate
3 |     public let expression: any StandardPredicateExpression<Output>
4 |     public let variable: (repeat PredicateExpressions.Variable<each Input>)
AST.Expression:1:17: note: found this candidate
1 | public protocol Expression : AST.Statement {
  |                 `- note: found this candidate
2 | }
/Users/admin/builder/spi-builder-workspace/Sources/Parser/Parser+Expression.swift:1081:45: error: 'Expression' is ambiguous for type lookup in this context
1079 |   }
1080 |
1081 |   private func parseDictionaryLiteral(head: Expression, startLocation: SourceLocation) throws -> LiteralExpression {
     |                                             `- error: 'Expression' is ambiguous for type lookup in this context
1082 |     var entries: [DictionaryEntry] = []
1083 |     // complete first entry
Foundation.Expression:2:15: note: found this candidate
1 | @available(macOS 15, iOS 18, tvOS 18, watchOS 11, *)
2 | public struct Expression<each Input, Output> : Sendable {
  |               `- note: found this candidate
3 |     public let expression: any StandardPredicateExpression<Output>
4 |     public let variable: (repeat PredicateExpressions.Variable<each Input>)
AST.Expression:1:17: note: found this candidate
1 | public protocol Expression : AST.Statement {
  |                 `- note: found this candidate
2 | }
/Users/admin/builder/spi-builder-workspace/Sources/Parser/Parser+Expression.swift:1101:11: error: 'Expression' is ambiguous for type lookup in this context
1099 |
1100 |   private func parseArrayLiteral(
1101 |     head: Expression, startLocation: SourceLocation
     |           `- error: 'Expression' is ambiguous for type lookup in this context
1102 |   ) throws -> LiteralExpression {
1103 |     var exprs: [Expression] = [head]
Foundation.Expression:2:15: note: found this candidate
1 | @available(macOS 15, iOS 18, tvOS 18, watchOS 11, *)
2 | public struct Expression<each Input, Output> : Sendable {
  |               `- note: found this candidate
3 |     public let expression: any StandardPredicateExpression<Output>
4 |     public let variable: (repeat PredicateExpressions.Variable<each Input>)
AST.Expression:1:17: note: found this candidate
1 | public protocol Expression : AST.Statement {
  |                 `- note: found this candidate
2 | }
/Users/admin/builder/spi-builder-workspace/Sources/Parser/Parser+Type.swift:291:9: warning: 'catch' block is unreachable because no errors are thrown in 'do' block
289 |         }
290 |         return type
291 |       } catch ParenthesizedType.TupleConversionError.isVariadic {
    |         `- warning: 'catch' block is unreachable because no errors are thrown in 'do' block
292 |         throw _raiseFatal(.tupleTypeVariadicElement)
293 |       } catch ParenthesizedType.TupleConversionError.multipleLabels {
SwiftCompile normal arm64 (in target 'Parser' from project 'swift-ast')
    cd /Users/admin/builder/spi-builder-workspace/.swiftpm/xcode

SwiftDriverJobDiscovery normal arm64 Emitting module for Sema (in target 'Sema' from project 'swift-ast')
SwiftDriver\ Compilation\ Requirements Sema normal arm64 com.apple.xcode.tools.swift.compiler (in target 'Sema' from project 'swift-ast')
    cd /Users/admin/builder/spi-builder-workspace/.swiftpm/xcode
    builtin-Swift-Compilation-Requirements -- /Applications/Xcode-27.0.0-Release.Candidate.app/Contents/Developer/Toolchains/XcodeDefault.xctoolchain/usr/bin/swiftc -parse-as-library -module-name Sema -Onone @/Users/admin/builder/spi-builder-workspace/.derivedData/Build/Intermediates.noindex/swift-ast.build/Debug-watchos/Sema-t.build/Objects-normal/arm64/Sema.SwiftFileList -DSWIFT_PACKAGE -DDEBUG -DSWIFT_MODULE_RESOURCE_BUNDLE_UNAVAILABLE -DXcode -plugin-path /Applications/Xcode-27.0.0-Release.Candidate.app/Contents/Developer/Toolchains/XcodeDefault.xctoolchain/usr/lib/swift/host/plugins/testing -enable-experimental-feature DebugDescriptionMacro -sdk /Applications/Xcode-27.0.0-Release.Candidate.app/Contents/Developer/Platforms/WatchOS.platform/Developer/SDKs/WatchOS27.0.sdk -target arm64-apple-watchos9.0 -g -module-cache-path /Users/admin/builder/spi-builder-workspace/.derivedData/ModuleCache.noindex -Xfrontend -serialize-debugging-options -profile-coverage-mapping -profile-generate -enable-testing -index-store-path /Users/admin/builder/spi-builder-workspace/.derivedData/Index.noindex/DataStore -Xcc -D_LIBCPP_HARDENING_MODE\=_LIBCPP_HARDENING_MODE_DEBUG -swift-version 5 -I /Users/admin/builder/spi-builder-workspace/.derivedData/Build/Products/Debug-watchos -Isystem /Applications/Xcode-27.0.0-Release.Candidate.app/Contents/Developer/Platforms/WatchOS.platform/Developer/usr/lib -F /Users/admin/builder/spi-builder-workspace/.derivedData/Build/Products/Debug-watchos/PackageFrameworks -F /Users/admin/builder/spi-builder-workspace/.derivedData/Build/Products/Debug-watchos -F /Applications/Xcode-27.0.0-Release.Candidate.app/Contents/Developer/Platforms/WatchOS.platform/Developer/Library/Frameworks -F /Applications/Xcode-27.0.0-Release.Candidate.app/Contents/Developer/Platforms/WatchOS.platform/Developer/SDKs/WatchOS27.0.sdk/Developer/Library/Frameworks -c -j10 -enable-batch-mode -incremental -Xcc -ivfsstatcache -Xcc /Users/admin/builder/spi-builder-workspace/.derivedData/SDKStatCaches.noindex/watchos27.0-24R360-e829b21a6f8c9b70876ba0858053c04477534ef55a1706bf4c1112bbb242f0a2.sdkstatcache -output-file-map /Users/admin/builder/spi-builder-workspace/.derivedData/Build/Intermediates.noindex/swift-ast.build/Debug-watchos/Sema-t.build/Objects-normal/arm64/Sema-OutputFileMap.json -save-temps -no-color-diagnostics -explicit-module-build -module-cache-path /Users/admin/builder/spi-builder-workspace/.derivedData/Build/Intermediates.noindex/SwiftExplicitPrecompiledModules -clang-scanner-module-cache-path /Users/admin/builder/spi-builder-workspace/.derivedData/ModuleCache.noindex -sdk-module-cache-path /Users/admin/builder/spi-builder-workspace/.derivedData/SDKExplicitPrecompiledModules -emit-dependencies -emit-module -emit-module-path /Users/admin/builder/spi-builder-workspace/.derivedData/Build/Intermediates.noindex/swift-ast.build/Debug-watchos/Sema-t.build/Objects-normal/arm64/Sema.swiftmodule -serialize-diagnostics -dependency-scan-serialize-diagnostics-path /Users/admin/builder/spi-builder-workspace/.derivedData/Build/Intermediates.noindex/swift-ast.build/Debug-watchos/Sema-t.build/Objects-normal/arm64/Sema-dependency-scan.dia -validate-clang-modules-once -clang-build-session-file /Users/admin/builder/spi-builder-workspace/.derivedData/ModuleCache.noindex/Session.modulevalidation -Xcc -fmodules-prune-interval\=86400 -Xcc -fmodules-prune-after\=345600 -emit-const-values -const-gather-protocols-list /Users/admin/builder/spi-builder-workspace/.derivedData/Build/Intermediates.noindex/swift-ast.build/Debug-watchos/Sema-t.build/Objects-normal/arm64/Sema_const_extract_protocols.json -Xcc -I/Users/admin/builder/spi-builder-workspace/.derivedData/Build/Products/Debug-watchos/include -Xcc -I/Users/admin/builder/spi-builder-workspace/.derivedData/Build/Intermediates.noindex/swift-ast.build/Debug-watchos/Sema-t.build/DerivedSources-normal/arm64 -Xcc -I/Users/admin/builder/spi-builder-workspace/.derivedData/Build/Intermediates.noindex/swift-ast.build/Debug-watchos/Sema-t.build/DerivedSources/arm64 -Xcc -I/Users/admin/builder/spi-builder-workspace/.derivedData/Build/Intermediates.noindex/swift-ast.build/Debug-watchos/Sema-t.build/DerivedSources -Xcc -DSWIFT_PACKAGE -Xcc -DDEBUG\=1 -emit-objc-header -emit-objc-header-path /Users/admin/builder/spi-builder-workspace/.derivedData/Build/Intermediates.noindex/swift-ast.build/Debug-watchos/Sema-t.build/Objects-normal/arm64/Sema-Swift.h -working-directory /Users/admin/builder/spi-builder-workspace/.swiftpm/xcode -experimental-emit-module-separately -disable-cmo
SwiftDriverJobDiscovery normal arm64 Compiling Operator.swift, Pattern.swift, EnumCasePattern.swift, ExpressionPattern.swift, IdentifierPattern.swift, OptionalPattern.swift, TuplePattern.swift, TypeCastingPattern.swift, ValueBindingPattern.swift, WildcardPattern.swift, Statement.swift, BreakStatement.swift (in target 'AST' from project 'swift-ast')
SwiftCompile normal arm64 Compiling\ Parser+Modifier.swift /Users/admin/builder/spi-builder-workspace/Sources/Parser/Parser+Modifier.swift (in target 'Parser' from project 'swift-ast')
SwiftCompile normal arm64 /Users/admin/builder/spi-builder-workspace/Sources/Parser/Parser+Modifier.swift (in target 'Parser' from project 'swift-ast')
    cd /Users/admin/builder/spi-builder-workspace/.swiftpm/xcode
    builtin-SwiftPerFileCompile Parser+Modifier.swift
SwiftDriverJobDiscovery normal arm64_32 Compiling AccessLevelModifier.swift, DeclarationModifier.swift, DeclarationModifiers.swift, MutationModifier.swift, OperatorDeclaration.swift, PrecedenceGroupDeclaration.swift, ProtocolDeclaration.swift, StructDeclaration.swift, SubscriptDeclaration.swift, TypealiasDeclaration.swift, VariableDeclaration.swift, Expression.swift (in target 'AST' from project 'swift-ast')
Copy /Users/admin/builder/spi-builder-workspace/.derivedData/Build/Products/Debug-watchos/Sema.swiftmodule/arm64-apple-watchos.swiftmodule /Users/admin/builder/spi-builder-workspace/.derivedData/Build/Intermediates.noindex/swift-ast.build/Debug-watchos/Sema-t.build/Objects-normal/arm64/Sema.swiftmodule (in target 'Sema' from project 'swift-ast')
    cd /Users/admin/builder/spi-builder-workspace
    builtin-copy -exclude .DS_Store -exclude CVS -exclude .svn -exclude .git -exclude .hg -resolve-src-symlinks -rename /Users/admin/builder/spi-builder-workspace/.derivedData/Build/Intermediates.noindex/swift-ast.build/Debug-watchos/Sema-t.build/Objects-normal/arm64/Sema.swiftmodule /Users/admin/builder/spi-builder-workspace/.derivedData/Build/Products/Debug-watchos/Sema.swiftmodule/arm64-apple-watchos.swiftmodule
Copy /Users/admin/builder/spi-builder-workspace/.derivedData/Build/Products/Debug-watchos/Sema.swiftmodule/arm64-apple-watchos.swiftdoc /Users/admin/builder/spi-builder-workspace/.derivedData/Build/Intermediates.noindex/swift-ast.build/Debug-watchos/Sema-t.build/Objects-normal/arm64/Sema.swiftdoc (in target 'Sema' from project 'swift-ast')
    cd /Users/admin/builder/spi-builder-workspace
    builtin-copy -exclude .DS_Store -exclude CVS -exclude .svn -exclude .git -exclude .hg -resolve-src-symlinks -rename /Users/admin/builder/spi-builder-workspace/.derivedData/Build/Intermediates.noindex/swift-ast.build/Debug-watchos/Sema-t.build/Objects-normal/arm64/Sema.swiftdoc /Users/admin/builder/spi-builder-workspace/.derivedData/Build/Products/Debug-watchos/Sema.swiftmodule/arm64-apple-watchos.swiftdoc
Copy /Users/admin/builder/spi-builder-workspace/.derivedData/Build/Products/Debug-watchos/Sema.swiftmodule/arm64-apple-watchos.abi.json /Users/admin/builder/spi-builder-workspace/.derivedData/Build/Intermediates.noindex/swift-ast.build/Debug-watchos/Sema-t.build/Objects-normal/arm64/Sema.abi.json (in target 'Sema' from project 'swift-ast')
    cd /Users/admin/builder/spi-builder-workspace
    builtin-copy -exclude .DS_Store -exclude CVS -exclude .svn -exclude .git -exclude .hg -resolve-src-symlinks -rename /Users/admin/builder/spi-builder-workspace/.derivedData/Build/Intermediates.noindex/swift-ast.build/Debug-watchos/Sema-t.build/Objects-normal/arm64/Sema.abi.json /Users/admin/builder/spi-builder-workspace/.derivedData/Build/Products/Debug-watchos/Sema.swiftmodule/arm64-apple-watchos.abi.json
Copy /Users/admin/builder/spi-builder-workspace/.derivedData/Build/Products/Debug-watchos/Sema.swiftmodule/Project/arm64-apple-watchos.swiftsourceinfo /Users/admin/builder/spi-builder-workspace/.derivedData/Build/Intermediates.noindex/swift-ast.build/Debug-watchos/Sema-t.build/Objects-normal/arm64/Sema.swiftsourceinfo (in target 'Sema' from project 'swift-ast')
    cd /Users/admin/builder/spi-builder-workspace
    builtin-copy -exclude .DS_Store -exclude CVS -exclude .svn -exclude .git -exclude .hg -resolve-src-symlinks -rename /Users/admin/builder/spi-builder-workspace/.derivedData/Build/Intermediates.noindex/swift-ast.build/Debug-watchos/Sema-t.build/Objects-normal/arm64/Sema.swiftsourceinfo /Users/admin/builder/spi-builder-workspace/.derivedData/Build/Products/Debug-watchos/Sema.swiftmodule/Project/arm64-apple-watchos.swiftsourceinfo
SwiftCompile normal arm64_32 Compiling\ Parser+Modifier.swift /Users/admin/builder/spi-builder-workspace/Sources/Parser/Parser+Modifier.swift (in target 'Parser' from project 'swift-ast')
SwiftCompile normal arm64_32 /Users/admin/builder/spi-builder-workspace/Sources/Parser/Parser+Modifier.swift (in target 'Parser' from project 'swift-ast')
    cd /Users/admin/builder/spi-builder-workspace/.swiftpm/xcode
    builtin-SwiftPerFileCompile Parser+Modifier.swift
SwiftCompile normal arm64_32 Compiling\ Parser+Declaration.swift,\ Parser+Diagnostic.swift /Users/admin/builder/spi-builder-workspace/Sources/Parser/Parser+Declaration.swift /Users/admin/builder/spi-builder-workspace/Sources/Parser/Parser+Diagnostic.swift (in target 'Parser' from project 'swift-ast')
SwiftCompile normal arm64_32 /Users/admin/builder/spi-builder-workspace/Sources/Parser/Parser+Declaration.swift (in target 'Parser' from project 'swift-ast')
    cd /Users/admin/builder/spi-builder-workspace/.swiftpm/xcode
    builtin-SwiftPerFileCompile Parser+Declaration.swift
SwiftCompile normal arm64_32 /Users/admin/builder/spi-builder-workspace/Sources/Parser/Parser+Diagnostic.swift (in target 'Parser' from project 'swift-ast')
    cd /Users/admin/builder/spi-builder-workspace/.swiftpm/xcode
    builtin-SwiftPerFileCompile Parser+Diagnostic.swift
SwiftDriverJobDiscovery normal arm64_32 Emitting module for Sema (in target 'Sema' from project 'swift-ast')
SwiftDriver\ Compilation\ Requirements Sema normal arm64_32 com.apple.xcode.tools.swift.compiler (in target 'Sema' from project 'swift-ast')
    cd /Users/admin/builder/spi-builder-workspace/.swiftpm/xcode
    builtin-Swift-Compilation-Requirements -- /Applications/Xcode-27.0.0-Release.Candidate.app/Contents/Developer/Toolchains/XcodeDefault.xctoolchain/usr/bin/swiftc -parse-as-library -module-name Sema -Onone @/Users/admin/builder/spi-builder-workspace/.derivedData/Build/Intermediates.noindex/swift-ast.build/Debug-watchos/Sema-t.build/Objects-normal/arm64_32/Sema.SwiftFileList -DSWIFT_PACKAGE -DDEBUG -DSWIFT_MODULE_RESOURCE_BUNDLE_UNAVAILABLE -DXcode -plugin-path /Applications/Xcode-27.0.0-Release.Candidate.app/Contents/Developer/Toolchains/XcodeDefault.xctoolchain/usr/lib/swift/host/plugins/testing -enable-experimental-feature DebugDescriptionMacro -sdk /Applications/Xcode-27.0.0-Release.Candidate.app/Contents/Developer/Platforms/WatchOS.platform/Developer/SDKs/WatchOS27.0.sdk -target arm64_32-apple-watchos9.0 -g -module-cache-path /Users/admin/builder/spi-builder-workspace/.derivedData/ModuleCache.noindex -Xfrontend -serialize-debugging-options -profile-coverage-mapping -profile-generate -enable-testing -index-store-path /Users/admin/builder/spi-builder-workspace/.derivedData/Index.noindex/DataStore -Xcc -D_LIBCPP_HARDENING_MODE\=_LIBCPP_HARDENING_MODE_DEBUG -swift-version 5 -I /Users/admin/builder/spi-builder-workspace/.derivedData/Build/Products/Debug-watchos -Isystem /Applications/Xcode-27.0.0-Release.Candidate.app/Contents/Developer/Platforms/WatchOS.platform/Developer/usr/lib -F /Users/admin/builder/spi-builder-workspace/.derivedData/Build/Products/Debug-watchos/PackageFrameworks -F /Users/admin/builder/spi-builder-workspace/.derivedData/Build/Products/Debug-watchos -F /Applications/Xcode-27.0.0-Release.Candidate.app/Contents/Developer/Platforms/WatchOS.platform/Developer/Library/Frameworks -F /Applications/Xcode-27.0.0-Release.Candidate.app/Contents/Developer/Platforms/WatchOS.platform/Developer/SDKs/WatchOS27.0.sdk/Developer/Library/Frameworks -c -j10 -enable-batch-mode -incremental -Xcc -ivfsstatcache -Xcc /Users/admin/builder/spi-builder-workspace/.derivedData/SDKStatCaches.noindex/watchos27.0-24R360-e829b21a6f8c9b70876ba0858053c04477534ef55a1706bf4c1112bbb242f0a2.sdkstatcache -output-file-map /Users/admin/builder/spi-builder-workspace/.derivedData/Build/Intermediates.noindex/swift-ast.build/Debug-watchos/Sema-t.build/Objects-normal/arm64_32/Sema-OutputFileMap.json -save-temps -no-color-diagnostics -explicit-module-build -module-cache-path /Users/admin/builder/spi-builder-workspace/.derivedData/Build/Intermediates.noindex/SwiftExplicitPrecompiledModules -clang-scanner-module-cache-path /Users/admin/builder/spi-builder-workspace/.derivedData/ModuleCache.noindex -sdk-module-cache-path /Users/admin/builder/spi-builder-workspace/.derivedData/SDKExplicitPrecompiledModules -emit-dependencies -emit-module -emit-module-path /Users/admin/builder/spi-builder-workspace/.derivedData/Build/Intermediates.noindex/swift-ast.build/Debug-watchos/Sema-t.build/Objects-normal/arm64_32/Sema.swiftmodule -serialize-diagnostics -dependency-scan-serialize-diagnostics-path /Users/admin/builder/spi-builder-workspace/.derivedData/Build/Intermediates.noindex/swift-ast.build/Debug-watchos/Sema-t.build/Objects-normal/arm64_32/Sema-dependency-scan.dia -validate-clang-modules-once -clang-build-session-file /Users/admin/builder/spi-builder-workspace/.derivedData/ModuleCache.noindex/Session.modulevalidation -Xcc -fmodules-prune-interval\=86400 -Xcc -fmodules-prune-after\=345600 -emit-const-values -const-gather-protocols-list /Users/admin/builder/spi-builder-workspace/.derivedData/Build/Intermediates.noindex/swift-ast.build/Debug-watchos/Sema-t.build/Objects-normal/arm64_32/Sema_const_extract_protocols.json -Xcc -I/Users/admin/builder/spi-builder-workspace/.derivedData/Build/Products/Debug-watchos/include -Xcc -I/Users/admin/builder/spi-builder-workspace/.derivedData/Build/Intermediates.noindex/swift-ast.build/Debug-watchos/Sema-t.build/DerivedSources-normal/arm64_32 -Xcc -I/Users/admin/builder/spi-builder-workspace/.derivedData/Build/Intermediates.noindex/swift-ast.build/Debug-watchos/Sema-t.build/DerivedSources/arm64_32 -Xcc -I/Users/admin/builder/spi-builder-workspace/.derivedData/Build/Intermediates.noindex/swift-ast.build/Debug-watchos/Sema-t.build/DerivedSources -Xcc -DSWIFT_PACKAGE -Xcc -DDEBUG\=1 -emit-objc-header -emit-objc-header-path /Users/admin/builder/spi-builder-workspace/.derivedData/Build/Intermediates.noindex/swift-ast.build/Debug-watchos/Sema-t.build/Objects-normal/arm64_32/Sema-Swift.h -working-directory /Users/admin/builder/spi-builder-workspace/.swiftpm/xcode -experimental-emit-module-separately -disable-cmo
SwiftDriverJobDiscovery normal arm64 Compiling Parser+Modifier.swift (in target 'Parser' from project 'swift-ast')
SwiftCompile normal arm64 Compiling\ Parser+Statement.swift /Users/admin/builder/spi-builder-workspace/Sources/Parser/Parser+Statement.swift (in target 'Parser' from project 'swift-ast')
SwiftCompile normal arm64 /Users/admin/builder/spi-builder-workspace/Sources/Parser/Parser+Statement.swift (in target 'Parser' from project 'swift-ast')
    cd /Users/admin/builder/spi-builder-workspace/.swiftpm/xcode
    builtin-SwiftPerFileCompile Parser+Statement.swift
SwiftMergeGeneratedHeaders /Users/admin/builder/spi-builder-workspace/.derivedData/Build/Intermediates.noindex/GeneratedModuleMaps-watchos/Sema-Swift.h /Users/admin/builder/spi-builder-workspace/.derivedData/Build/Intermediates.noindex/swift-ast.build/Debug-watchos/Sema-t.build/Objects-normal/arm64/Sema-Swift.h /Users/admin/builder/spi-builder-workspace/.derivedData/Build/Intermediates.noindex/swift-ast.build/Debug-watchos/Sema-t.build/Objects-normal/arm64_32/Sema-Swift.h (in target 'Sema' from project 'swift-ast')
    cd /Users/admin/builder/spi-builder-workspace
    builtin-swiftHeaderTool -arch arm64 /Users/admin/builder/spi-builder-workspace/.derivedData/Build/Intermediates.noindex/swift-ast.build/Debug-watchos/Sema-t.build/Objects-normal/arm64/Sema-Swift.h -arch arm64_32 /Users/admin/builder/spi-builder-workspace/.derivedData/Build/Intermediates.noindex/swift-ast.build/Debug-watchos/Sema-t.build/Objects-normal/arm64_32/Sema-Swift.h -o /Users/admin/builder/spi-builder-workspace/.derivedData/Build/Intermediates.noindex/GeneratedModuleMaps-watchos/Sema-Swift.h
SwiftDriverJobDiscovery normal arm64 Compiling LexicalParentAssignment.swift (in target 'Sema' from project 'swift-ast')
Copy /Users/admin/builder/spi-builder-workspace/.derivedData/Build/Products/Debug-watchos/Sema.swiftmodule/arm64_32-apple-watchos.swiftmodule /Users/admin/builder/spi-builder-workspace/.derivedData/Build/Intermediates.noindex/swift-ast.build/Debug-watchos/Sema-t.build/Objects-normal/arm64_32/Sema.swiftmodule (in target 'Sema' from project 'swift-ast')
    cd /Users/admin/builder/spi-builder-workspace
    builtin-copy -exclude .DS_Store -exclude CVS -exclude .svn -exclude .git -exclude .hg -resolve-src-symlinks -rename /Users/admin/builder/spi-builder-workspace/.derivedData/Build/Intermediates.noindex/swift-ast.build/Debug-watchos/Sema-t.build/Objects-normal/arm64_32/Sema.swiftmodule /Users/admin/builder/spi-builder-workspace/.derivedData/Build/Products/Debug-watchos/Sema.swiftmodule/arm64_32-apple-watchos.swiftmodule
Copy /Users/admin/builder/spi-builder-workspace/.derivedData/Build/Products/Debug-watchos/Sema.swiftmodule/arm64_32-apple-watchos.swiftdoc /Users/admin/builder/spi-builder-workspace/.derivedData/Build/Intermediates.noindex/swift-ast.build/Debug-watchos/Sema-t.build/Objects-normal/arm64_32/Sema.swiftdoc (in target 'Sema' from project 'swift-ast')
    cd /Users/admin/builder/spi-builder-workspace
    builtin-copy -exclude .DS_Store -exclude CVS -exclude .svn -exclude .git -exclude .hg -resolve-src-symlinks -rename /Users/admin/builder/spi-builder-workspace/.derivedData/Build/Intermediates.noindex/swift-ast.build/Debug-watchos/Sema-t.build/Objects-normal/arm64_32/Sema.swiftdoc /Users/admin/builder/spi-builder-workspace/.derivedData/Build/Products/Debug-watchos/Sema.swiftmodule/arm64_32-apple-watchos.swiftdoc
Copy /Users/admin/builder/spi-builder-workspace/.derivedData/Build/Products/Debug-watchos/Sema.swiftmodule/arm64_32-apple-watchos.abi.json /Users/admin/builder/spi-builder-workspace/.derivedData/Build/Intermediates.noindex/swift-ast.build/Debug-watchos/Sema-t.build/Objects-normal/arm64_32/Sema.abi.json (in target 'Sema' from project 'swift-ast')
    cd /Users/admin/builder/spi-builder-workspace
    builtin-copy -exclude .DS_Store -exclude CVS -exclude .svn -exclude .git -exclude .hg -resolve-src-symlinks -rename /Users/admin/builder/spi-builder-workspace/.derivedData/Build/Intermediates.noindex/swift-ast.build/Debug-watchos/Sema-t.build/Objects-normal/arm64_32/Sema.abi.json /Users/admin/builder/spi-builder-workspace/.derivedData/Build/Products/Debug-watchos/Sema.swiftmodule/arm64_32-apple-watchos.abi.json
Copy /Users/admin/builder/spi-builder-workspace/.derivedData/Build/Products/Debug-watchos/Sema.swiftmodule/Project/arm64_32-apple-watchos.swiftsourceinfo /Users/admin/builder/spi-builder-workspace/.derivedData/Build/Intermediates.noindex/swift-ast.build/Debug-watchos/Sema-t.build/Objects-normal/arm64_32/Sema.swiftsourceinfo (in target 'Sema' from project 'swift-ast')
    cd /Users/admin/builder/spi-builder-workspace
    builtin-copy -exclude .DS_Store -exclude CVS -exclude .svn -exclude .git -exclude .hg -resolve-src-symlinks -rename /Users/admin/builder/spi-builder-workspace/.derivedData/Build/Intermediates.noindex/swift-ast.build/Debug-watchos/Sema-t.build/Objects-normal/arm64_32/Sema.swiftsourceinfo /Users/admin/builder/spi-builder-workspace/.derivedData/Build/Products/Debug-watchos/Sema.swiftmodule/Project/arm64_32-apple-watchos.swiftsourceinfo
SwiftCompile normal arm64_32 Compiling\ Parser+Attribute.swift,\ Parser+Common.swift /Users/admin/builder/spi-builder-workspace/Sources/Parser/Parser+Attribute.swift /Users/admin/builder/spi-builder-workspace/Sources/Parser/Parser+Common.swift (in target 'Parser' from project 'swift-ast')
SwiftCompile normal arm64_32 /Users/admin/builder/spi-builder-workspace/Sources/Parser/Parser+Attribute.swift (in target 'Parser' from project 'swift-ast')
    cd /Users/admin/builder/spi-builder-workspace/.swiftpm/xcode
    builtin-SwiftPerFileCompile Parser+Attribute.swift
SwiftCompile normal arm64_32 /Users/admin/builder/spi-builder-workspace/Sources/Parser/Parser+Common.swift (in target 'Parser' from project 'swift-ast')
    cd /Users/admin/builder/spi-builder-workspace/.swiftpm/xcode
    builtin-SwiftPerFileCompile Parser+Common.swift
SwiftDriverJobDiscovery normal arm64_32 Compiling Parser+Modifier.swift (in target 'Parser' from project 'swift-ast')
SwiftCompile normal arm64_32 Compiling\ Parser+Util.swift /Users/admin/builder/spi-builder-workspace/Sources/Parser/Parser+Util.swift (in target 'Parser' from project 'swift-ast')
SwiftCompile normal arm64_32 /Users/admin/builder/spi-builder-workspace/Sources/Parser/Parser+Util.swift (in target 'Parser' from project 'swift-ast')
    cd /Users/admin/builder/spi-builder-workspace/.swiftpm/xcode
    builtin-SwiftPerFileCompile Parser+Util.swift
SwiftCompile normal arm64_32 Compiling\ Parser+Expression.swift,\ Parser+Generic.swift /Users/admin/builder/spi-builder-workspace/Sources/Parser/Parser+Expression.swift /Users/admin/builder/spi-builder-workspace/Sources/Parser/Parser+Generic.swift (in target 'Parser' from project 'swift-ast')
SwiftCompile normal arm64_32 /Users/admin/builder/spi-builder-workspace/Sources/Parser/Parser+Expression.swift (in target 'Parser' from project 'swift-ast')
    cd /Users/admin/builder/spi-builder-workspace/.swiftpm/xcode
    builtin-SwiftPerFileCompile Parser+Expression.swift
SwiftCompile normal arm64_32 /Users/admin/builder/spi-builder-workspace/Sources/Parser/Parser+Generic.swift (in target 'Parser' from project 'swift-ast')
    cd /Users/admin/builder/spi-builder-workspace/.swiftpm/xcode
    builtin-SwiftPerFileCompile Parser+Generic.swift
PruneExplicitPrecompiledModules /Users/admin/builder/spi-builder-workspace/.derivedData/Build/Intermediates.noindex/SwiftExplicitPrecompiledModules
PruneExplicitPrecompiledModules /Users/admin/builder/spi-builder-workspace/.derivedData/Build/Intermediates.noindex/ExplicitPrecompiledModules
PruneExplicitPrecompiledModules /Users/admin/builder/spi-builder-workspace/.derivedData/SDKExplicitPrecompiledModules
2026-09-19 21:26:30.209 xcodebuild[662:4280] [MT] IDERunDestination: Supported platforms for the buildables in the current scheme is empty.
** BUILD FAILED **
The following build commands failed:
	SwiftEmitModule normal arm64_32 Emitting\ module\ for\ Parser (in target 'Parser' from project 'swift-ast')
	SwiftCompile normal arm64_32 (in target 'Parser' from project 'swift-ast')
	Building workspace swift-ast with scheme swift-ast-Package
(3 failures)
Command line invocation:
    /Applications/Xcode-27.0.0-Release.Candidate.app/Contents/Developer/usr/bin/xcodebuild -IDEClonedSourcePackagesDirPathOverride=/Users/admin/builder/spi-builder-workspace/.dependencies -resolvePackageDependencies
Resolve Package Graph
Resolved source packages:
  swift-ast: /Users/admin/builder/spi-builder-workspace
resolved source packages: swift-ast
2026-09-19 21:26:40.355 xcodebuild[860:5702] [MT] IDERunDestination: Supported platforms for the buildables in the current scheme is empty.
{
  "dependencies" : [
  ],
  "manifest_display_name" : "swift-ast",
  "name" : "swift-ast",
  "path" : "/Users/admin/builder/spi-builder-workspace",
  "platforms" : [
    {
      "name" : "macos",
      "version" : "10.15"
    },
    {
      "name" : "ios",
      "version" : "14.0"
    }
  ],
  "products" : [
    {
      "name" : "swift-ast",
      "targets" : [
        "swift-ast"
      ],
      "type" : {
        "executable" : null
      }
    },
    {
      "name" : "SwiftAST",
      "targets" : [
        "Bocho",
        "Source",
        "Diagnostic",
        "AST",
        "Lexer",
        "Parser",
        "Sema"
      ],
      "type" : {
        "library" : [
          "automatic"
        ]
      }
    },
    {
      "name" : "SwiftAST+Tooling",
      "targets" : [
        "Bocho",
        "Source",
        "Diagnostic",
        "AST",
        "Lexer",
        "Parser",
        "Sema",
        "Tooling"
      ],
      "type" : {
        "library" : [
          "automatic"
        ]
      }
    }
  ],
  "swift_languages_versions" : [
    "5"
  ],
  "targets" : [
    {
      "c99name" : "swift_ast",
      "module_type" : "SwiftTarget",
      "name" : "swift-ast",
      "path" : "Sources/swift-ast",
      "product_memberships" : [
        "swift-ast"
      ],
      "sources" : [
        "main.swift"
      ],
      "target_dependencies" : [
        "Frontend"
      ],
      "type" : "executable"
    },
    {
      "c99name" : "Tooling",
      "module_type" : "SwiftTarget",
      "name" : "Tooling",
      "path" : "Sources/Tooling",
      "product_memberships" : [
        "swift-ast",
        "SwiftAST+Tooling"
      ],
      "sources" : [
        "ToolAction.swift",
        "ToolActionOptions.swift",
        "ToolActionResult.swift"
      ],
      "target_dependencies" : [
        "Parser",
        "Sema"
      ],
      "type" : "library"
    },
    {
      "c99name" : "SwiftExtensionsTests",
      "module_type" : "SwiftTarget",
      "name" : "SwiftExtensionsTests",
      "path" : "Tests/SwiftExtensionsTests",
      "sources" : [
        "StringIdentationTests.swift",
        "StringPathTests.swift",
        "StringTTYColorTests.swift",
        "XCTestManifests.swift"
      ],
      "target_dependencies" : [
        "Bocho"
      ],
      "type" : "test"
    },
    {
      "c99name" : "SourceTests",
      "module_type" : "SwiftTarget",
      "name" : "SourceTests",
      "path" : "Tests/SourceTests",
      "sources" : [
        "SourceFileTests.swift",
        "SourceLocationTests.swift",
        "SourceRangeTests.swift",
        "SourceReaderTests.swift",
        "XCTestManifests.swift"
      ],
      "target_dependencies" : [
        "Source"
      ],
      "type" : "test"
    },
    {
      "c99name" : "Source",
      "module_type" : "SwiftTarget",
      "name" : "Source",
      "path" : "Sources/Source",
      "product_memberships" : [
        "swift-ast",
        "SwiftAST",
        "SwiftAST+Tooling"
      ],
      "sources" : [
        "Comment.swift",
        "CommentSet.swift",
        "Shebang.swift",
        "SourceError.swift",
        "SourceFile.swift",
        "SourceLocatable.swift",
        "SourceLocation.swift",
        "SourceRange.swift",
        "SourceReader.swift"
      ],
      "target_dependencies" : [
        "Bocho"
      ],
      "type" : "library"
    },
    {
      "c99name" : "SemaTests",
      "module_type" : "SwiftTarget",
      "name" : "SemaTests",
      "path" : "Tests/SemaTests",
      "sources" : [
        "LexicalParentAssignmentTests.swift",
        "Sema+XCTest.swift",
        "SequenceExpressionFoldingTests.swift",
        "XCTestManifests.swift"
      ],
      "target_dependencies" : [
        "Sema"
      ],
      "type" : "test"
    },
    {
      "c99name" : "Sema",
      "module_type" : "SwiftTarget",
      "name" : "Sema",
      "path" : "Sources/Sema",
      "product_memberships" : [
        "swift-ast",
        "SwiftAST",
        "SwiftAST+Tooling"
      ],
      "sources" : [
        "LexicalParentAssignment.swift",
        "SequenceExpressionFolding.swift"
      ],
      "target_dependencies" : [
        "Source",
        "AST"
      ],
      "type" : "library"
    },
    {
      "c99name" : "ParserTests",
      "module_type" : "SwiftTarget",
      "name" : "ParserTests",
      "path" : "Tests/ParserTests",
      "sources" : [
        "AST+EnumCollection.swift",
        "Attribute/ParserAttributeTests.swift",
        "Declaration/Modifier/ParserAccessLevelModifierTest.swift",
        "Declaration/Modifier/ParserDeclarationModifierTests.swift",
        "Declaration/Modifier/ParserDeclarationModifiersTests.swift",
        "Declaration/Modifier/ParserMutationModifierTests.swift",
        "Declaration/ParserClassDeclarationTests.swift",
        "Declaration/ParserCodeBlockTests.swift",
        "Declaration/ParserConstantDeclarationTests.swift",
        "Declaration/ParserDeinitializerDeclarationTests.swift",
        "Declaration/ParserEnumDeclarationTests.swift",
        "Declaration/ParserExtensionDeclarationTests.swift",
        "Declaration/ParserFunctionDeclarationTests.swift",
        "Declaration/ParserImportDeclarationTests.swift",
        "Declaration/ParserInitializerDeclarationTests.swift",
        "Declaration/ParserOperatorDeclarationTests.swift",
        "Declaration/ParserPrecedenceGroupDeclarationTests.swift",
        "Declaration/ParserProtocolDeclarationTests.swift",
        "Declaration/ParserStructDeclarationTests.swift",
        "Declaration/ParserSubscriptDeclarationTests.swift",
        "Declaration/ParserTopLevelDeclarationTests.swift",
        "Declaration/ParserTypealiasDeclarationTests.swift",
        "Declaration/ParserVariableDeclarationTests.swift",
        "Expression/Binary/ParserAssignmentOperatorExpressionTests.swift",
        "Expression/Binary/ParserBinaryOperatorExpressionTests.swift",
        "Expression/Binary/ParserSequenceExpressionTests.swift",
        "Expression/Binary/ParserTernaryConditionalOperatorExpressionTests.swift",
        "Expression/Binary/ParserTypeCastingOperatorExpressionTests.swift",
        "Expression/ParserTryOperatorExpressionTests.swift",
        "Expression/Postfix/ParserExplicitMemberExpressionTests.swift",
        "Expression/Postfix/ParserForcedValueExpressionTests.swift",
        "Expression/Postfix/ParserFunctionCallExpressionTests.swift",
        "Expression/Postfix/ParserInitializerExpressionTests.swift",
        "Expression/Postfix/ParserOptionalChainingExpressionTests.swift",
        "Expression/Postfix/ParserPostfixOperatorExpressionTests.swift",
        "Expression/Postfix/ParserPostfixSelfExpressionTests.swift",
        "Expression/Postfix/ParserSubscriptExpressionTests.swift",
        "Expression/Prefix/ParserInOutExpressionTests.swift",
        "Expression/Prefix/ParserPrefixOperatorExpressionTests.swift",
        "Expression/Primary/ParserClosureExpressionTests.swift",
        "Expression/Primary/ParserIdentifierExpressionTests.swift",
        "Expression/Primary/ParserImplicitMemberExpressionTests.swift",
        "Expression/Primary/ParserKeyPathExpressionTests.swift",
        "Expression/Primary/ParserKeyPathStringExpressionTests.swift",
        "Expression/Primary/ParserLiteralExpressionTests.swift",
        "Expression/Primary/ParserParenthesizedExpressionTests.swift",
        "Expression/Primary/ParserSelectorExpressionTests.swift",
        "Expression/Primary/ParserSelfExpressionTests.swift",
        "Expression/Primary/ParserSuperclassExpressionTests.swift",
        "Expression/Primary/ParserTupleExpressionTests.swift",
        "Expression/Primary/ParserWildcardExpressionTests.swift",
        "Generic/ParserGenericArgumentClauseTests.swift",
        "Generic/ParserGenericParameterClauseTests.swift",
        "Generic/ParserGenericWhereClauseTests.swift",
        "Others/GenericOpeningChevronTests.swift",
        "Others/KeywordUsedAsIdentifierTests.swift",
        "Others/OptionalInPatternMatchingTests.swift",
        "Others/ParserErrorKindTests.swift",
        "Others/RangeOperatorTests.swift",
        "Parser+XCTest.swift",
        "Pattern/ParserEnumCasePatternTests.swift",
        "Pattern/ParserExpressionPatternTests.swift",
        "Pattern/ParserIdentifierPatternTests.swift",
        "Pattern/ParserOptionalPatternTests.swift",
        "Pattern/ParserTuplePatternTests.swift",
        "Pattern/ParserTypeCastingPatternTests.swift",
        "Pattern/ParserValueBindingPatternTests.swift",
        "Pattern/ParserWildcardPatternTests.swift",
        "Statement/Condition/ParserConditionTests.swift",
        "Statement/ParserBreakStatementTests.swift",
        "Statement/ParserCompilerControlStatementTests.swift",
        "Statement/ParserContinueStatementTests.swift",
        "Statement/ParserDeclarationStatementTests.swift",
        "Statement/ParserDeferStatementTests.swift",
        "Statement/ParserDoStatementTests.swift",
        "Statement/ParserExpressionStatementTests.swift",
        "Statement/ParserFallthroughStatementTests.swift",
        "Statement/ParserForInStatementTests.swift",
        "Statement/ParserGuardStatementTests.swift",
        "Statement/ParserIfStatementTests.swift",
        "Statement/ParserLabeledStatementTests.swift",
        "Statement/ParserRepeatWhileStatementTests.swift",
        "Statement/ParserReturnStatementTests.swift",
        "Statement/ParserSwitchStatementTests.swift",
        "Statement/ParserThrowStatementTests.swift",
        "Statement/ParserWhileStatementTests.swift",
        "Type/ParserAnyTypeTests.swift",
        "Type/ParserArrayTypeTests.swift",
        "Type/ParserDictionaryTypeTests.swift",
        "Type/ParserFunctionTypeTests.swift",
        "Type/ParserImplicitlyUnwrappedOptionalTypeTests.swift",
        "Type/ParserMetatypeTypeTests.swift",
        "Type/ParserOpaqueTypeTests.swift",
        "Type/ParserOptionalTypeTests.swift",
        "Type/ParserProtocolCompositionTypeTests.swift",
        "Type/ParserSelfTypeTests.swift",
        "Type/ParserTupleTypeTests.swift",
        "Type/ParserTypeIdentifierTests.swift",
        "Type/ParserTypeInheritanceClauseTests.swift",
        "XCTest+ASTTextRepresentable.swift",
        "XCTestManifests.swift"
      ],
      "target_dependencies" : [
        "Parser"
      ],
      "type" : "test"
    },
    {
      "c99name" : "Parser",
      "module_type" : "SwiftTarget",
      "name" : "Parser",
      "path" : "Sources/Parser",
      "product_memberships" : [
        "swift-ast",
        "SwiftAST",
        "SwiftAST+Tooling"
      ],
      "sources" : [
        "Parser+Attribute.swift",
        "Parser+Common.swift",
        "Parser+Declaration.swift",
        "Parser+Diagnostic.swift",
        "Parser+Expression.swift",
        "Parser+Generic.swift",
        "Parser+Lexing.swift",
        "Parser+Modifier.swift",
        "Parser+Pattern.swift",
        "Parser+Statement.swift",
        "Parser+Type.swift",
        "Parser+Util.swift",
        "Parser.swift"
      ],
      "target_dependencies" : [
        "Source",
        "Diagnostic",
        "AST",
        "Lexer"
      ],
      "type" : "library"
    },
    {
      "c99name" : "LexerTests",
      "module_type" : "SwiftTarget",
      "name" : "LexerTests",
      "path" : "Tests/LexerTests",
      "sources" : [
        "Lexer+XCTest.swift",
        "LexerBooleanLiteralTests.swift",
        "LexerCheckpointTests.swift",
        "LexerCommentTests.swift",
        "LexerIdentifierTests.swift",
        "LexerKeywordTests.swift",
        "LexerNumericLiteralTests.swift",
        "LexerOperatorTests.swift",
        "LexerStringLiteralTests.swift",
        "LexerTests.swift",
        "RoleTests.swift",
        "ScannerTests.swift",
        "XCTestManifests.swift"
      ],
      "target_dependencies" : [
        "Lexer"
      ],
      "type" : "test"
    },
    {
      "c99name" : "Lexer",
      "module_type" : "SwiftTarget",
      "name" : "Lexer",
      "path" : "Sources/Lexer",
      "product_memberships" : [
        "swift-ast",
        "SwiftAST",
        "SwiftAST+Tooling"
      ],
      "sources" : [
        "Char.swift",
        "Lexer+Checkpoint.swift",
        "Lexer+Comment.swift",
        "Lexer+Identifier.swift",
        "Lexer+NumericLiteral.swift",
        "Lexer+Operator.swift",
        "Lexer+StringLiteral.swift",
        "Lexer.swift",
        "NamedIdentifier.swift",
        "Role+Lexer.swift",
        "Role.swift",
        "Scanner.swift",
        "Token.swift",
        "TokenInvalidReason.swift",
        "TokenKind+Dummy.swift",
        "TokenKind+Equatable.swift",
        "TokenKind+Modifier.swift",
        "TokenKind+Naming.swift",
        "UnicodeScalar+Lexer.swift"
      ],
      "target_dependencies" : [
        "Source",
        "Diagnostic"
      ],
      "type" : "library"
    },
    {
      "c99name" : "IntegrationTests",
      "module_type" : "SwiftTarget",
      "name" : "IntegrationTests",
      "path" : "Tests/IntegrationTests",
      "sources" : [
        "IntegrationTestRunner.swift",
        "SemaIntegrationTests.swift",
        "ShebangIntegrationTests.swift",
        "TTYASTDumpTests.swift",
        "TTYASTPrintTests.swift",
        "XCTestManifests.swift"
      ],
      "target_dependencies" : [
        "Frontend"
      ],
      "type" : "test"
    },
    {
      "c99name" : "Frontend",
      "module_type" : "SwiftTarget",
      "name" : "Frontend",
      "path" : "Sources/Frontend",
      "product_memberships" : [
        "swift-ast"
      ],
      "sources" : [
        "Terminal/ASTDump/ASTDump+Declaration.swift",
        "Terminal/ASTDump/ASTDump+Expression.swift",
        "Terminal/ASTDump/ASTDump+Statement.swift",
        "Terminal/ASTDump/TTYASTDumpRepresentable.swift",
        "Terminal/ASTPrint/ASTPrint+Declaration.swift",
        "Terminal/ASTPrint/ASTPrint+Expression.swift",
        "Terminal/ASTPrint/ASTPrint+Statement.swift",
        "Terminal/ASTPrint/TTYASTPrintRepresentable.swift",
        "Terminal/GitHubIssueGen.swift",
        "Terminal/SourceRange+TTY.swift",
        "Terminal/TerminalDiagnosticConsumer.swift",
        "Terminal/TerminalMain.swift"
      ],
      "target_dependencies" : [
        "Tooling",
        "Bocho"
      ],
      "type" : "library"
    },
    {
      "c99name" : "DotYanagibaTests",
      "module_type" : "SwiftTarget",
      "name" : "DotYanagibaTests",
      "path" : "Tests/DotYanagibaTests",
      "sources" : [
        "DotYanagibaMergeTests.swift",
        "DotYanagibaParserTests.swift",
        "XCTestManifests.swift"
      ],
      "target_dependencies" : [
        "Bocho"
      ],
      "type" : "test"
    },
    {
      "c99name" : "DiagnosticTests",
      "module_type" : "SwiftTarget",
      "name" : "DiagnosticTests",
      "path" : "Tests/DiagnosticTests",
      "sources" : [
        "DiagnosticPoolTests.swift",
        "XCTestManifests.swift"
      ],
      "target_dependencies" : [
        "Diagnostic"
      ],
      "type" : "test"
    },
    {
      "c99name" : "Diagnostic",
      "module_type" : "SwiftTarget",
      "name" : "Diagnostic",
      "path" : "Sources/Diagnostic",
      "product_memberships" : [
        "swift-ast",
        "SwiftAST",
        "SwiftAST+Tooling"
      ],
      "sources" : [
        "Diagnostic.swift",
        "DiagnosticConsumer.swift",
        "DiagnosticKind.swift",
        "DiagnosticPool.swift"
      ],
      "target_dependencies" : [
        "Source"
      ],
      "type" : "library"
    },
    {
      "c99name" : "CommandLineTests",
      "module_type" : "SwiftTarget",
      "name" : "CommandLineTests",
      "path" : "Tests/CommandLineTests",
      "sources" : [
        "CLIOptionTests.swift",
        "XCTestManifests.swift"
      ],
      "target_dependencies" : [
        "Bocho"
      ],
      "type" : "test"
    },
    {
      "c99name" : "CanaryTests",
      "module_type" : "SwiftTarget",
      "name" : "CanaryTests",
      "path" : "Tests/CanaryTests",
      "sources" : [
        "CanaryTests.swift",
        "XCTestManifests.swift"
      ],
      "type" : "test"
    },
    {
      "c99name" : "Bocho",
      "module_type" : "SwiftTarget",
      "name" : "Bocho",
      "path" : "Sources/Bocho",
      "product_memberships" : [
        "swift-ast",
        "SwiftAST",
        "SwiftAST+Tooling"
      ],
      "sources" : [
        "CommandLine/CLIOption.swift",
        "DotYanagiba/DotYanagiba+Merge.swift",
        "DotYanagiba/DotYanagibaModels.swift",
        "DotYanagiba/DotYanagibaParser.swift",
        "DotYanagiba/DotYanagibaReader.swift",
        "SwiftExtensions/String+FileHandle.swift",
        "SwiftExtensions/String+Indentation.swift",
        "SwiftExtensions/String+Path.swift",
        "SwiftExtensions/String+TTYColor.swift"
      ],
      "type" : "library"
    },
    {
      "c99name" : "ASTVisitorTests",
      "module_type" : "SwiftTarget",
      "name" : "ASTVisitorTests",
      "path" : "Tests/ASTVisitorTests",
      "sources" : [
        "ASTVisitorCodeBlockTraversalTests.swift",
        "ASTVisitorTopLevelDeclTraversalTests.swift",
        "DefaultTraverseImplementationTests.swift",
        "DefaultVisitImplementationTests.swift",
        "XCTestManifests.swift"
      ],
      "target_dependencies" : [
        "AST"
      ],
      "type" : "test"
    },
    {
      "c99name" : "ASTTests",
      "module_type" : "SwiftTarget",
      "name" : "ASTTests",
      "path" : "Tests/ASTTests",
      "sources" : [
        "LocatableNodeTests.swift",
        "TopLevelDeclarationTests.swift",
        "XCTestManifests.swift"
      ],
      "target_dependencies" : [
        "AST"
      ],
      "type" : "test"
    },
    {
      "c99name" : "AST",
      "module_type" : "SwiftTarget",
      "name" : "AST",
      "path" : "Sources/AST",
      "product_memberships" : [
        "swift-ast",
        "SwiftAST",
        "SwiftAST+Tooling"
      ],
      "sources" : [
        "ASTNode.swift",
        "ASTNodeContext.swift",
        "ASTTextRepresentable.swift",
        "ASTUnit.swift",
        "ASTUnitCollection.swift",
        "ASTVisitor+Traversal.swift",
        "ASTVisitor.swift",
        "Attribute.swift",
        "Attributes.swift",
        "CodeBlock.swift",
        "Declaration.swift",
        "Declaration/Block/GetterSetterBlock.swift",
        "Declaration/Block/GetterSetterKeywordBlock.swift",
        "Declaration/Block/WillSetDidSetBlock.swift",
        "Declaration/ClassDeclaration.swift",
        "Declaration/ConstantDeclaration.swift",
        "Declaration/DeinitializerDeclaration.swift",
        "Declaration/EnumDeclaration.swift",
        "Declaration/ExtensionDeclaration.swift",
        "Declaration/Function/FunctionResult.swift",
        "Declaration/Function/FunctionSignature.swift",
        "Declaration/FunctionDeclaration.swift",
        "Declaration/ImportDeclaration.swift",
        "Declaration/Initializer/PatternInitializer.swift",
        "Declaration/InitializerDeclaration.swift",
        "Declaration/Modifier/AccessLevelModifier.swift",
        "Declaration/Modifier/DeclarationModifier.swift",
        "Declaration/Modifier/DeclarationModifiers.swift",
        "Declaration/Modifier/MutationModifier.swift",
        "Declaration/OperatorDeclaration.swift",
        "Declaration/PrecedenceGroupDeclaration.swift",
        "Declaration/ProtocolDeclaration.swift",
        "Declaration/StructDeclaration.swift",
        "Declaration/SubscriptDeclaration.swift",
        "Declaration/TypealiasDeclaration.swift",
        "Declaration/VariableDeclaration.swift",
        "Expression.swift",
        "Expression/AssignmentOperatorExpression.swift",
        "Expression/BinaryOperatorExpression.swift",
        "Expression/ClosureExpression.swift",
        "Expression/ExplicitMemberExpression.swift",
        "Expression/ForcedValueExpression.swift",
        "Expression/FunctionCallExpression.swift",
        "Expression/IdentifierExpression.swift",
        "Expression/ImplicitMemberExpression.swift",
        "Expression/InOutExpression.swift",
        "Expression/InitializerExpression.swift",
        "Expression/KeyPathExpression.swift",
        "Expression/KeyPathStringExpression.swift",
        "Expression/LiteralExpression.swift",
        "Expression/OptionalChainingExpression.swift",
        "Expression/ParenthesizedExpression.swift",
        "Expression/PostfixOperatorExpression.swift",
        "Expression/PostfixSelfExpression.swift",
        "Expression/PrefixOperatorExpression.swift",
        "Expression/SelectorExpression.swift",
        "Expression/SelfExpression.swift",
        "Expression/SequenceExpression.swift",
        "Expression/Subscript/SubscriptArgument.swift",
        "Expression/SubscriptExpression.swift",
        "Expression/SuperclassExpression.swift",
        "Expression/TernaryConditionalOperatorExpression.swift",
        "Expression/TryOperatorExpression.swift",
        "Expression/TupleExpression.swift",
        "Expression/TypeCastingOperatorExpression.swift",
        "Expression/WildcardExpression.swift",
        "ExpressionList.swift",
        "Generic/GenericArgumentClause.swift",
        "Generic/GenericParameterClause.swift",
        "Generic/GenericWhereClause.swift",
        "Identifier.swift",
        "IdentifierList.swift",
        "LocatableNode.swift",
        "Operator.swift",
        "Pattern.swift",
        "Pattern/EnumCasePattern.swift",
        "Pattern/ExpressionPattern.swift",
        "Pattern/IdentifierPattern.swift",
        "Pattern/OptionalPattern.swift",
        "Pattern/TuplePattern.swift",
        "Pattern/TypeCastingPattern.swift",
        "Pattern/ValueBindingPattern.swift",
        "Pattern/WildcardPattern.swift",
        "Statement.swift",
        "Statement/BreakStatement.swift",
        "Statement/CompilerControlStatement.swift",
        "Statement/Condition/AvailabilityCondition.swift",
        "Statement/Condition/Condition.swift",
        "Statement/Condition/ConditionList.swift",
        "Statement/ContinueStatement.swift",
        "Statement/DeferStatement.swift",
        "Statement/DoStatement.swift",
        "Statement/FallthroughStatement.swift",
        "Statement/ForInStatement.swift",
        "Statement/GuardStatement.swift",
        "Statement/IfStatement.swift",
        "Statement/LabeledStatement.swift",
        "Statement/RepeatWhileStatement.swift",
        "Statement/ReturnStatement.swift",
        "Statement/SwitchStatement.swift",
        "Statement/ThrowStatement.swift",
        "Statement/WhileStatement.swift",
        "Statements.swift",
        "ThrowsKind.swift",
        "TopLevelDeclaration.swift",
        "Type.swift",
        "Type/AnyType.swift",
        "Type/ArrayType.swift",
        "Type/DictionaryType.swift",
        "Type/FunctionType.swift",
        "Type/ImplicitlyUnwrappedOptionalType.swift",
        "Type/MetatypeType.swift",
        "Type/OpaqueType.swift",
        "Type/OptionalType.swift",
        "Type/ProtocolCompositionType.swift",
        "Type/SelfType.swift",
        "Type/TupleType.swift",
        "Type/TypeAnnotation.swift",
        "Type/TypeIdentifier.swift",
        "Type/TypeInheritanceClause.swift",
        "Version.swift"
      ],
      "target_dependencies" : [
        "Source",
        "Diagnostic"
      ],
      "type" : "library"
    }
  ],
  "tools_version" : "5.3"
}
{
  "workspace" : {
    "name" : "swift-ast",
    "schemes" : [
      "swift-ast",
      "swift-ast-Package",
      "SwiftAST",
      "SwiftAST+Tooling"
    ]
  }
}
2026-09-19 21:26:41.728 xcodebuild[868:5769] [MT] IDERunDestination: Supported platforms for the buildables in the current scheme is empty.
Running build ...
env DEVELOPER_DIR=/Applications/Xcode-27.0.0-Release.Candidate.app xcrun xcodebuild -IDEClonedSourcePackagesDirPathOverride=$PWD/.dependencies -skipMacroValidation -skipPackagePluginValidation -derivedDataPath $PWD/.derivedData build -scheme swift-ast-Package -destination generic/platform=watchOS
Command line invocation:
    /Applications/Xcode-27.0.0-Release.Candidate.app/Contents/Developer/usr/bin/xcodebuild -IDEClonedSourcePackagesDirPathOverride=/Users/admin/builder/spi-builder-workspace/.dependencies -skipMacroValidation -skipPackagePluginValidation -derivedDataPath /Users/admin/builder/spi-builder-workspace/.derivedData build -scheme swift-ast-Package -destination generic/platform=watchOS
Resolve Package Graph
Resolved source packages:
  swift-ast: /Users/admin/builder/spi-builder-workspace
ComputePackagePrebuildTargetDependencyGraph
Prepare packages
CreateBuildRequest
SendProjectDescription
CreateBuildOperation
ComputeTargetDependencyGraph
note: Building targets in dependency order
note: Target dependency graph (12 targets)
    Target 'swift-ast-product' in project 'swift-ast'
        ➜ Explicit dependency on target 'Bocho' in project 'swift-ast'
        ➜ Explicit dependency on target 'Source' in project 'swift-ast'
        ➜ Explicit dependency on target 'Diagnostic' in project 'swift-ast'
        ➜ Explicit dependency on target 'AST' in project 'swift-ast'
        ➜ Explicit dependency on target 'Lexer' in project 'swift-ast'
        ➜ Explicit dependency on target 'Parser' in project 'swift-ast'
        ➜ Explicit dependency on target 'Sema' in project 'swift-ast'
        ➜ Explicit dependency on target 'Tooling' in project 'swift-ast'
        ➜ Explicit dependency on target 'Frontend' in project 'swift-ast'
    Target 'Frontend' in project 'swift-ast'
        ➜ Explicit dependency on target 'Bocho' in project 'swift-ast'
        ➜ Explicit dependency on target 'Source' in project 'swift-ast'
        ➜ Explicit dependency on target 'Diagnostic' in project 'swift-ast'
        ➜ Explicit dependency on target 'AST' in project 'swift-ast'
        ➜ Explicit dependency on target 'Lexer' in project 'swift-ast'
        ➜ Explicit dependency on target 'Parser' in project 'swift-ast'
        ➜ Explicit dependency on target 'Sema' in project 'swift-ast'
        ➜ Explicit dependency on target 'Tooling' in project 'swift-ast'
    Target 'SwiftAST+Tooling-product' in project 'swift-ast'
        ➜ Explicit dependency on target 'Bocho' in project 'swift-ast'
        ➜ Explicit dependency on target 'Source' in project 'swift-ast'
        ➜ Explicit dependency on target 'Diagnostic' in project 'swift-ast'
        ➜ Explicit dependency on target 'AST' in project 'swift-ast'
        ➜ Explicit dependency on target 'Lexer' in project 'swift-ast'
        ➜ Explicit dependency on target 'Parser' in project 'swift-ast'
        ➜ Explicit dependency on target 'Sema' in project 'swift-ast'
        ➜ Explicit dependency on target 'Tooling' in project 'swift-ast'
    Target 'Tooling' in project 'swift-ast'
        ➜ Explicit dependency on target 'Bocho' in project 'swift-ast'
        ➜ Explicit dependency on target 'Source' in project 'swift-ast'
        ➜ Explicit dependency on target 'Diagnostic' in project 'swift-ast'
        ➜ Explicit dependency on target 'AST' in project 'swift-ast'
        ➜ Explicit dependency on target 'Lexer' in project 'swift-ast'
        ➜ Explicit dependency on target 'Parser' in project 'swift-ast'
        ➜ Explicit dependency on target 'Sema' in project 'swift-ast'
    Target 'SwiftAST-product' in project 'swift-ast'
        ➜ Explicit dependency on target 'Bocho' in project 'swift-ast'
        ➜ Explicit dependency on target 'Source' in project 'swift-ast'
        ➜ Explicit dependency on target 'Diagnostic' in project 'swift-ast'
        ➜ Explicit dependency on target 'AST' in project 'swift-ast'
        ➜ Explicit dependency on target 'Lexer' in project 'swift-ast'
        ➜ Explicit dependency on target 'Parser' in project 'swift-ast'
        ➜ Explicit dependency on target 'Sema' in project 'swift-ast'
    Target 'Sema' in project 'swift-ast'
        ➜ Explicit dependency on target 'Bocho' in project 'swift-ast'
        ➜ Explicit dependency on target 'Source' in project 'swift-ast'
        ➜ Explicit dependency on target 'Diagnostic' in project 'swift-ast'
        ➜ Explicit dependency on target 'AST' in project 'swift-ast'
    Target 'Parser' in project 'swift-ast'
        ➜ Explicit dependency on target 'Bocho' in project 'swift-ast'
        ➜ Explicit dependency on target 'Source' in project 'swift-ast'
        ➜ Explicit dependency on target 'Diagnostic' in project 'swift-ast'
        ➜ Explicit dependency on target 'AST' in project 'swift-ast'
        ➜ Explicit dependency on target 'Lexer' in project 'swift-ast'
    Target 'Lexer' in project 'swift-ast'
        ➜ Explicit dependency on target 'Bocho' in project 'swift-ast'
        ➜ Explicit dependency on target 'Source' in project 'swift-ast'
        ➜ Explicit dependency on target 'Diagnostic' in project 'swift-ast'
    Target 'AST' in project 'swift-ast'
        ➜ Explicit dependency on target 'Bocho' in project 'swift-ast'
        ➜ Explicit dependency on target 'Source' in project 'swift-ast'
        ➜ Explicit dependency on target 'Diagnostic' in project 'swift-ast'
    Target 'Diagnostic' in project 'swift-ast'
        ➜ Explicit dependency on target 'Bocho' in project 'swift-ast'
        ➜ Explicit dependency on target 'Source' in project 'swift-ast'
    Target 'Source' in project 'swift-ast'
        ➜ Explicit dependency on target 'Bocho' in project 'swift-ast'
    Target 'Bocho' in project 'swift-ast' (no dependencies)
GatherProvisioningInputs
CreateBuildDescription
ClangStatCache /Applications/Xcode-27.0.0-Release.Candidate.app/Contents/Developer/Toolchains/XcodeDefault.xctoolchain/usr/bin/clang-stat-cache /Applications/Xcode-27.0.0-Release.Candidate.app/Contents/Developer/Platforms/WatchOS.platform/Developer/SDKs/WatchOS27.0.sdk /Users/admin/builder/spi-builder-workspace/.derivedData/SDKStatCaches.noindex/watchos27.0-24R360-e829b21a6f8c9b70876ba0858053c04477534ef55a1706bf4c1112bbb242f0a2.sdkstatcache
    cd /Users/admin/builder/spi-builder-workspace/.swiftpm/xcode
    /Applications/Xcode-27.0.0-Release.Candidate.app/Contents/Developer/Toolchains/XcodeDefault.xctoolchain/usr/bin/clang-stat-cache /Applications/Xcode-27.0.0-Release.Candidate.app/Contents/Developer/Platforms/WatchOS.platform/Developer/SDKs/WatchOS27.0.sdk -o /Users/admin/builder/spi-builder-workspace/.derivedData/SDKStatCaches.noindex/watchos27.0-24R360-e829b21a6f8c9b70876ba0858053c04477534ef55a1706bf4c1112bbb242f0a2.sdkstatcache
SwiftDriver Parser normal arm64_32 com.apple.xcode.tools.swift.compiler (in target 'Parser' from project 'swift-ast')
    cd /Users/admin/builder/spi-builder-workspace/.swiftpm/xcode
    builtin-SwiftDriver -- /Applications/Xcode-27.0.0-Release.Candidate.app/Contents/Developer/Toolchains/XcodeDefault.xctoolchain/usr/bin/swiftc -parse-as-library -module-name Parser -Onone @/Users/admin/builder/spi-builder-workspace/.derivedData/Build/Intermediates.noindex/swift-ast.build/Debug-watchos/Parser-t.build/Objects-normal/arm64_32/Parser.SwiftFileList -DSWIFT_PACKAGE -DDEBUG -DSWIFT_MODULE_RESOURCE_BUNDLE_UNAVAILABLE -DXcode -plugin-path /Applications/Xcode-27.0.0-Release.Candidate.app/Contents/Developer/Toolchains/XcodeDefault.xctoolchain/usr/lib/swift/host/plugins/testing -enable-experimental-feature DebugDescriptionMacro -sdk /Applications/Xcode-27.0.0-Release.Candidate.app/Contents/Developer/Platforms/WatchOS.platform/Developer/SDKs/WatchOS27.0.sdk -target arm64_32-apple-watchos9.0 -g -module-cache-path /Users/admin/builder/spi-builder-workspace/.derivedData/ModuleCache.noindex -Xfrontend -serialize-debugging-options -profile-coverage-mapping -profile-generate -enable-testing -index-store-path /Users/admin/builder/spi-builder-workspace/.derivedData/Index.noindex/DataStore -Xcc -D_LIBCPP_HARDENING_MODE\=_LIBCPP_HARDENING_MODE_DEBUG -swift-version 5 -I /Users/admin/builder/spi-builder-workspace/.derivedData/Build/Products/Debug-watchos -Isystem /Applications/Xcode-27.0.0-Release.Candidate.app/Contents/Developer/Platforms/WatchOS.platform/Developer/usr/lib -F /Users/admin/builder/spi-builder-workspace/.derivedData/Build/Products/Debug-watchos/PackageFrameworks -F /Users/admin/builder/spi-builder-workspace/.derivedData/Build/Products/Debug-watchos -F /Applications/Xcode-27.0.0-Release.Candidate.app/Contents/Developer/Platforms/WatchOS.platform/Developer/Library/Frameworks -F /Applications/Xcode-27.0.0-Release.Candidate.app/Contents/Developer/Platforms/WatchOS.platform/Developer/SDKs/WatchOS27.0.sdk/Developer/Library/Frameworks -c -j10 -enable-batch-mode -incremental -Xcc -ivfsstatcache -Xcc /Users/admin/builder/spi-builder-workspace/.derivedData/SDKStatCaches.noindex/watchos27.0-24R360-e829b21a6f8c9b70876ba0858053c04477534ef55a1706bf4c1112bbb242f0a2.sdkstatcache -output-file-map /Users/admin/builder/spi-builder-workspace/.derivedData/Build/Intermediates.noindex/swift-ast.build/Debug-watchos/Parser-t.build/Objects-normal/arm64_32/Parser-OutputFileMap.json -save-temps -no-color-diagnostics -explicit-module-build -module-cache-path /Users/admin/builder/spi-builder-workspace/.derivedData/Build/Intermediates.noindex/SwiftExplicitPrecompiledModules -clang-scanner-module-cache-path /Users/admin/builder/spi-builder-workspace/.derivedData/ModuleCache.noindex -sdk-module-cache-path /Users/admin/builder/spi-builder-workspace/.derivedData/SDKExplicitPrecompiledModules -emit-dependencies -emit-module -emit-module-path /Users/admin/builder/spi-builder-workspace/.derivedData/Build/Intermediates.noindex/swift-ast.build/Debug-watchos/Parser-t.build/Objects-normal/arm64_32/Parser.swiftmodule -serialize-diagnostics -dependency-scan-serialize-diagnostics-path /Users/admin/builder/spi-builder-workspace/.derivedData/Build/Intermediates.noindex/swift-ast.build/Debug-watchos/Parser-t.build/Objects-normal/arm64_32/Parser-dependency-scan.dia -validate-clang-modules-once -clang-build-session-file /Users/admin/builder/spi-builder-workspace/.derivedData/ModuleCache.noindex/Session.modulevalidation -Xcc -fmodules-prune-interval\=86400 -Xcc -fmodules-prune-after\=345600 -emit-const-values -const-gather-protocols-list /Users/admin/builder/spi-builder-workspace/.derivedData/Build/Intermediates.noindex/swift-ast.build/Debug-watchos/Parser-t.build/Objects-normal/arm64_32/Parser_const_extract_protocols.json -Xcc -I/Users/admin/builder/spi-builder-workspace/.derivedData/Build/Products/Debug-watchos/include -Xcc -I/Users/admin/builder/spi-builder-workspace/.derivedData/Build/Intermediates.noindex/swift-ast.build/Debug-watchos/Parser-t.build/DerivedSources-normal/arm64_32 -Xcc -I/Users/admin/builder/spi-builder-workspace/.derivedData/Build/Intermediates.noindex/swift-ast.build/Debug-watchos/Parser-t.build/DerivedSources/arm64_32 -Xcc -I/Users/admin/builder/spi-builder-workspace/.derivedData/Build/Intermediates.noindex/swift-ast.build/Debug-watchos/Parser-t.build/DerivedSources -Xcc -DSWIFT_PACKAGE -Xcc -DDEBUG\=1 -emit-objc-header -emit-objc-header-path /Users/admin/builder/spi-builder-workspace/.derivedData/Build/Intermediates.noindex/swift-ast.build/Debug-watchos/Parser-t.build/Objects-normal/arm64_32/Parser-Swift.h -working-directory /Users/admin/builder/spi-builder-workspace/.swiftpm/xcode -experimental-emit-module-separately -disable-cmo
SwiftDriver Sema normal arm64_32 com.apple.xcode.tools.swift.compiler (in target 'Sema' from project 'swift-ast')
    cd /Users/admin/builder/spi-builder-workspace/.swiftpm/xcode
    builtin-SwiftDriver -- /Applications/Xcode-27.0.0-Release.Candidate.app/Contents/Developer/Toolchains/XcodeDefault.xctoolchain/usr/bin/swiftc -parse-as-library -module-name Sema -Onone @/Users/admin/builder/spi-builder-workspace/.derivedData/Build/Intermediates.noindex/swift-ast.build/Debug-watchos/Sema-t.build/Objects-normal/arm64_32/Sema.SwiftFileList -DSWIFT_PACKAGE -DDEBUG -DSWIFT_MODULE_RESOURCE_BUNDLE_UNAVAILABLE -DXcode -plugin-path /Applications/Xcode-27.0.0-Release.Candidate.app/Contents/Developer/Toolchains/XcodeDefault.xctoolchain/usr/lib/swift/host/plugins/testing -enable-experimental-feature DebugDescriptionMacro -sdk /Applications/Xcode-27.0.0-Release.Candidate.app/Contents/Developer/Platforms/WatchOS.platform/Developer/SDKs/WatchOS27.0.sdk -target arm64_32-apple-watchos9.0 -g -module-cache-path /Users/admin/builder/spi-builder-workspace/.derivedData/ModuleCache.noindex -Xfrontend -serialize-debugging-options -profile-coverage-mapping -profile-generate -enable-testing -index-store-path /Users/admin/builder/spi-builder-workspace/.derivedData/Index.noindex/DataStore -Xcc -D_LIBCPP_HARDENING_MODE\=_LIBCPP_HARDENING_MODE_DEBUG -swift-version 5 -I /Users/admin/builder/spi-builder-workspace/.derivedData/Build/Products/Debug-watchos -Isystem /Applications/Xcode-27.0.0-Release.Candidate.app/Contents/Developer/Platforms/WatchOS.platform/Developer/usr/lib -F /Users/admin/builder/spi-builder-workspace/.derivedData/Build/Products/Debug-watchos/PackageFrameworks -F /Users/admin/builder/spi-builder-workspace/.derivedData/Build/Products/Debug-watchos -F /Applications/Xcode-27.0.0-Release.Candidate.app/Contents/Developer/Platforms/WatchOS.platform/Developer/Library/Frameworks -F /Applications/Xcode-27.0.0-Release.Candidate.app/Contents/Developer/Platforms/WatchOS.platform/Developer/SDKs/WatchOS27.0.sdk/Developer/Library/Frameworks -c -j10 -enable-batch-mode -incremental -Xcc -ivfsstatcache -Xcc /Users/admin/builder/spi-builder-workspace/.derivedData/SDKStatCaches.noindex/watchos27.0-24R360-e829b21a6f8c9b70876ba0858053c04477534ef55a1706bf4c1112bbb242f0a2.sdkstatcache -output-file-map /Users/admin/builder/spi-builder-workspace/.derivedData/Build/Intermediates.noindex/swift-ast.build/Debug-watchos/Sema-t.build/Objects-normal/arm64_32/Sema-OutputFileMap.json -save-temps -no-color-diagnostics -explicit-module-build -module-cache-path /Users/admin/builder/spi-builder-workspace/.derivedData/Build/Intermediates.noindex/SwiftExplicitPrecompiledModules -clang-scanner-module-cache-path /Users/admin/builder/spi-builder-workspace/.derivedData/ModuleCache.noindex -sdk-module-cache-path /Users/admin/builder/spi-builder-workspace/.derivedData/SDKExplicitPrecompiledModules -emit-dependencies -emit-module -emit-module-path /Users/admin/builder/spi-builder-workspace/.derivedData/Build/Intermediates.noindex/swift-ast.build/Debug-watchos/Sema-t.build/Objects-normal/arm64_32/Sema.swiftmodule -serialize-diagnostics -dependency-scan-serialize-diagnostics-path /Users/admin/builder/spi-builder-workspace/.derivedData/Build/Intermediates.noindex/swift-ast.build/Debug-watchos/Sema-t.build/Objects-normal/arm64_32/Sema-dependency-scan.dia -validate-clang-modules-once -clang-build-session-file /Users/admin/builder/spi-builder-workspace/.derivedData/ModuleCache.noindex/Session.modulevalidation -Xcc -fmodules-prune-interval\=86400 -Xcc -fmodules-prune-after\=345600 -emit-const-values -const-gather-protocols-list /Users/admin/builder/spi-builder-workspace/.derivedData/Build/Intermediates.noindex/swift-ast.build/Debug-watchos/Sema-t.build/Objects-normal/arm64_32/Sema_const_extract_protocols.json -Xcc -I/Users/admin/builder/spi-builder-workspace/.derivedData/Build/Products/Debug-watchos/include -Xcc -I/Users/admin/builder/spi-builder-workspace/.derivedData/Build/Intermediates.noindex/swift-ast.build/Debug-watchos/Sema-t.build/DerivedSources-normal/arm64_32 -Xcc -I/Users/admin/builder/spi-builder-workspace/.derivedData/Build/Intermediates.noindex/swift-ast.build/Debug-watchos/Sema-t.build/DerivedSources/arm64_32 -Xcc -I/Users/admin/builder/spi-builder-workspace/.derivedData/Build/Intermediates.noindex/swift-ast.build/Debug-watchos/Sema-t.build/DerivedSources -Xcc -DSWIFT_PACKAGE -Xcc -DDEBUG\=1 -emit-objc-header -emit-objc-header-path /Users/admin/builder/spi-builder-workspace/.derivedData/Build/Intermediates.noindex/swift-ast.build/Debug-watchos/Sema-t.build/Objects-normal/arm64_32/Sema-Swift.h -working-directory /Users/admin/builder/spi-builder-workspace/.swiftpm/xcode -experimental-emit-module-separately -disable-cmo
SwiftDriver Sema normal arm64 com.apple.xcode.tools.swift.compiler (in target 'Sema' from project 'swift-ast')
    cd /Users/admin/builder/spi-builder-workspace/.swiftpm/xcode
    builtin-SwiftDriver -- /Applications/Xcode-27.0.0-Release.Candidate.app/Contents/Developer/Toolchains/XcodeDefault.xctoolchain/usr/bin/swiftc -parse-as-library -module-name Sema -Onone @/Users/admin/builder/spi-builder-workspace/.derivedData/Build/Intermediates.noindex/swift-ast.build/Debug-watchos/Sema-t.build/Objects-normal/arm64/Sema.SwiftFileList -DSWIFT_PACKAGE -DDEBUG -DSWIFT_MODULE_RESOURCE_BUNDLE_UNAVAILABLE -DXcode -plugin-path /Applications/Xcode-27.0.0-Release.Candidate.app/Contents/Developer/Toolchains/XcodeDefault.xctoolchain/usr/lib/swift/host/plugins/testing -enable-experimental-feature DebugDescriptionMacro -sdk /Applications/Xcode-27.0.0-Release.Candidate.app/Contents/Developer/Platforms/WatchOS.platform/Developer/SDKs/WatchOS27.0.sdk -target arm64-apple-watchos9.0 -g -module-cache-path /Users/admin/builder/spi-builder-workspace/.derivedData/ModuleCache.noindex -Xfrontend -serialize-debugging-options -profile-coverage-mapping -profile-generate -enable-testing -index-store-path /Users/admin/builder/spi-builder-workspace/.derivedData/Index.noindex/DataStore -Xcc -D_LIBCPP_HARDENING_MODE\=_LIBCPP_HARDENING_MODE_DEBUG -swift-version 5 -I /Users/admin/builder/spi-builder-workspace/.derivedData/Build/Products/Debug-watchos -Isystem /Applications/Xcode-27.0.0-Release.Candidate.app/Contents/Developer/Platforms/WatchOS.platform/Developer/usr/lib -F /Users/admin/builder/spi-builder-workspace/.derivedData/Build/Products/Debug-watchos/PackageFrameworks -F /Users/admin/builder/spi-builder-workspace/.derivedData/Build/Products/Debug-watchos -F /Applications/Xcode-27.0.0-Release.Candidate.app/Contents/Developer/Platforms/WatchOS.platform/Developer/Library/Frameworks -F /Applications/Xcode-27.0.0-Release.Candidate.app/Contents/Developer/Platforms/WatchOS.platform/Developer/SDKs/WatchOS27.0.sdk/Developer/Library/Frameworks -c -j10 -enable-batch-mode -incremental -Xcc -ivfsstatcache -Xcc /Users/admin/builder/spi-builder-workspace/.derivedData/SDKStatCaches.noindex/watchos27.0-24R360-e829b21a6f8c9b70876ba0858053c04477534ef55a1706bf4c1112bbb242f0a2.sdkstatcache -output-file-map /Users/admin/builder/spi-builder-workspace/.derivedData/Build/Intermediates.noindex/swift-ast.build/Debug-watchos/Sema-t.build/Objects-normal/arm64/Sema-OutputFileMap.json -save-temps -no-color-diagnostics -explicit-module-build -module-cache-path /Users/admin/builder/spi-builder-workspace/.derivedData/Build/Intermediates.noindex/SwiftExplicitPrecompiledModules -clang-scanner-module-cache-path /Users/admin/builder/spi-builder-workspace/.derivedData/ModuleCache.noindex -sdk-module-cache-path /Users/admin/builder/spi-builder-workspace/.derivedData/SDKExplicitPrecompiledModules -emit-dependencies -emit-module -emit-module-path /Users/admin/builder/spi-builder-workspace/.derivedData/Build/Intermediates.noindex/swift-ast.build/Debug-watchos/Sema-t.build/Objects-normal/arm64/Sema.swiftmodule -serialize-diagnostics -dependency-scan-serialize-diagnostics-path /Users/admin/builder/spi-builder-workspace/.derivedData/Build/Intermediates.noindex/swift-ast.build/Debug-watchos/Sema-t.build/Objects-normal/arm64/Sema-dependency-scan.dia -validate-clang-modules-once -clang-build-session-file /Users/admin/builder/spi-builder-workspace/.derivedData/ModuleCache.noindex/Session.modulevalidation -Xcc -fmodules-prune-interval\=86400 -Xcc -fmodules-prune-after\=345600 -emit-const-values -const-gather-protocols-list /Users/admin/builder/spi-builder-workspace/.derivedData/Build/Intermediates.noindex/swift-ast.build/Debug-watchos/Sema-t.build/Objects-normal/arm64/Sema_const_extract_protocols.json -Xcc -I/Users/admin/builder/spi-builder-workspace/.derivedData/Build/Products/Debug-watchos/include -Xcc -I/Users/admin/builder/spi-builder-workspace/.derivedData/Build/Intermediates.noindex/swift-ast.build/Debug-watchos/Sema-t.build/DerivedSources-normal/arm64 -Xcc -I/Users/admin/builder/spi-builder-workspace/.derivedData/Build/Intermediates.noindex/swift-ast.build/Debug-watchos/Sema-t.build/DerivedSources/arm64 -Xcc -I/Users/admin/builder/spi-builder-workspace/.derivedData/Build/Intermediates.noindex/swift-ast.build/Debug-watchos/Sema-t.build/DerivedSources -Xcc -DSWIFT_PACKAGE -Xcc -DDEBUG\=1 -emit-objc-header -emit-objc-header-path /Users/admin/builder/spi-builder-workspace/.derivedData/Build/Intermediates.noindex/swift-ast.build/Debug-watchos/Sema-t.build/Objects-normal/arm64/Sema-Swift.h -working-directory /Users/admin/builder/spi-builder-workspace/.swiftpm/xcode -experimental-emit-module-separately -disable-cmo
SwiftDriver Parser normal arm64 com.apple.xcode.tools.swift.compiler (in target 'Parser' from project 'swift-ast')
    cd /Users/admin/builder/spi-builder-workspace/.swiftpm/xcode
    builtin-SwiftDriver -- /Applications/Xcode-27.0.0-Release.Candidate.app/Contents/Developer/Toolchains/XcodeDefault.xctoolchain/usr/bin/swiftc -parse-as-library -module-name Parser -Onone @/Users/admin/builder/spi-builder-workspace/.derivedData/Build/Intermediates.noindex/swift-ast.build/Debug-watchos/Parser-t.build/Objects-normal/arm64/Parser.SwiftFileList -DSWIFT_PACKAGE -DDEBUG -DSWIFT_MODULE_RESOURCE_BUNDLE_UNAVAILABLE -DXcode -plugin-path /Applications/Xcode-27.0.0-Release.Candidate.app/Contents/Developer/Toolchains/XcodeDefault.xctoolchain/usr/lib/swift/host/plugins/testing -enable-experimental-feature DebugDescriptionMacro -sdk /Applications/Xcode-27.0.0-Release.Candidate.app/Contents/Developer/Platforms/WatchOS.platform/Developer/SDKs/WatchOS27.0.sdk -target arm64-apple-watchos9.0 -g -module-cache-path /Users/admin/builder/spi-builder-workspace/.derivedData/ModuleCache.noindex -Xfrontend -serialize-debugging-options -profile-coverage-mapping -profile-generate -enable-testing -index-store-path /Users/admin/builder/spi-builder-workspace/.derivedData/Index.noindex/DataStore -Xcc -D_LIBCPP_HARDENING_MODE\=_LIBCPP_HARDENING_MODE_DEBUG -swift-version 5 -I /Users/admin/builder/spi-builder-workspace/.derivedData/Build/Products/Debug-watchos -Isystem /Applications/Xcode-27.0.0-Release.Candidate.app/Contents/Developer/Platforms/WatchOS.platform/Developer/usr/lib -F /Users/admin/builder/spi-builder-workspace/.derivedData/Build/Products/Debug-watchos/PackageFrameworks -F /Users/admin/builder/spi-builder-workspace/.derivedData/Build/Products/Debug-watchos -F /Applications/Xcode-27.0.0-Release.Candidate.app/Contents/Developer/Platforms/WatchOS.platform/Developer/Library/Frameworks -F /Applications/Xcode-27.0.0-Release.Candidate.app/Contents/Developer/Platforms/WatchOS.platform/Developer/SDKs/WatchOS27.0.sdk/Developer/Library/Frameworks -c -j10 -enable-batch-mode -incremental -Xcc -ivfsstatcache -Xcc /Users/admin/builder/spi-builder-workspace/.derivedData/SDKStatCaches.noindex/watchos27.0-24R360-e829b21a6f8c9b70876ba0858053c04477534ef55a1706bf4c1112bbb242f0a2.sdkstatcache -output-file-map /Users/admin/builder/spi-builder-workspace/.derivedData/Build/Intermediates.noindex/swift-ast.build/Debug-watchos/Parser-t.build/Objects-normal/arm64/Parser-OutputFileMap.json -save-temps -no-color-diagnostics -explicit-module-build -module-cache-path /Users/admin/builder/spi-builder-workspace/.derivedData/Build/Intermediates.noindex/SwiftExplicitPrecompiledModules -clang-scanner-module-cache-path /Users/admin/builder/spi-builder-workspace/.derivedData/ModuleCache.noindex -sdk-module-cache-path /Users/admin/builder/spi-builder-workspace/.derivedData/SDKExplicitPrecompiledModules -emit-dependencies -emit-module -emit-module-path /Users/admin/builder/spi-builder-workspace/.derivedData/Build/Intermediates.noindex/swift-ast.build/Debug-watchos/Parser-t.build/Objects-normal/arm64/Parser.swiftmodule -serialize-diagnostics -dependency-scan-serialize-diagnostics-path /Users/admin/builder/spi-builder-workspace/.derivedData/Build/Intermediates.noindex/swift-ast.build/Debug-watchos/Parser-t.build/Objects-normal/arm64/Parser-dependency-scan.dia -validate-clang-modules-once -clang-build-session-file /Users/admin/builder/spi-builder-workspace/.derivedData/ModuleCache.noindex/Session.modulevalidation -Xcc -fmodules-prune-interval\=86400 -Xcc -fmodules-prune-after\=345600 -emit-const-values -const-gather-protocols-list /Users/admin/builder/spi-builder-workspace/.derivedData/Build/Intermediates.noindex/swift-ast.build/Debug-watchos/Parser-t.build/Objects-normal/arm64/Parser_const_extract_protocols.json -Xcc -I/Users/admin/builder/spi-builder-workspace/.derivedData/Build/Products/Debug-watchos/include -Xcc -I/Users/admin/builder/spi-builder-workspace/.derivedData/Build/Intermediates.noindex/swift-ast.build/Debug-watchos/Parser-t.build/DerivedSources-normal/arm64 -Xcc -I/Users/admin/builder/spi-builder-workspace/.derivedData/Build/Intermediates.noindex/swift-ast.build/Debug-watchos/Parser-t.build/DerivedSources/arm64 -Xcc -I/Users/admin/builder/spi-builder-workspace/.derivedData/Build/Intermediates.noindex/swift-ast.build/Debug-watchos/Parser-t.build/DerivedSources -Xcc -DSWIFT_PACKAGE -Xcc -DDEBUG\=1 -emit-objc-header -emit-objc-header-path /Users/admin/builder/spi-builder-workspace/.derivedData/Build/Intermediates.noindex/swift-ast.build/Debug-watchos/Parser-t.build/Objects-normal/arm64/Parser-Swift.h -working-directory /Users/admin/builder/spi-builder-workspace/.swiftpm/xcode -experimental-emit-module-separately -disable-cmo
SwiftDriver AST normal arm64 com.apple.xcode.tools.swift.compiler (in target 'AST' from project 'swift-ast')
    cd /Users/admin/builder/spi-builder-workspace/.swiftpm/xcode
    builtin-SwiftDriver -- /Applications/Xcode-27.0.0-Release.Candidate.app/Contents/Developer/Toolchains/XcodeDefault.xctoolchain/usr/bin/swiftc -parse-as-library -module-name AST -Onone @/Users/admin/builder/spi-builder-workspace/.derivedData/Build/Intermediates.noindex/swift-ast.build/Debug-watchos/AST-t.build/Objects-normal/arm64/AST.SwiftFileList -DSWIFT_PACKAGE -DDEBUG -DSWIFT_MODULE_RESOURCE_BUNDLE_UNAVAILABLE -DXcode -plugin-path /Applications/Xcode-27.0.0-Release.Candidate.app/Contents/Developer/Toolchains/XcodeDefault.xctoolchain/usr/lib/swift/host/plugins/testing -enable-experimental-feature DebugDescriptionMacro -sdk /Applications/Xcode-27.0.0-Release.Candidate.app/Contents/Developer/Platforms/WatchOS.platform/Developer/SDKs/WatchOS27.0.sdk -target arm64-apple-watchos9.0 -g -module-cache-path /Users/admin/builder/spi-builder-workspace/.derivedData/ModuleCache.noindex -Xfrontend -serialize-debugging-options -profile-coverage-mapping -profile-generate -enable-testing -index-store-path /Users/admin/builder/spi-builder-workspace/.derivedData/Index.noindex/DataStore -Xcc -D_LIBCPP_HARDENING_MODE\=_LIBCPP_HARDENING_MODE_DEBUG -swift-version 5 -I /Users/admin/builder/spi-builder-workspace/.derivedData/Build/Products/Debug-watchos -Isystem /Applications/Xcode-27.0.0-Release.Candidate.app/Contents/Developer/Platforms/WatchOS.platform/Developer/usr/lib -F /Users/admin/builder/spi-builder-workspace/.derivedData/Build/Products/Debug-watchos/PackageFrameworks -F /Users/admin/builder/spi-builder-workspace/.derivedData/Build/Products/Debug-watchos -F /Applications/Xcode-27.0.0-Release.Candidate.app/Contents/Developer/Platforms/WatchOS.platform/Developer/Library/Frameworks -F /Applications/Xcode-27.0.0-Release.Candidate.app/Contents/Developer/Platforms/WatchOS.platform/Developer/SDKs/WatchOS27.0.sdk/Developer/Library/Frameworks -c -j10 -enable-batch-mode -incremental -Xcc -ivfsstatcache -Xcc /Users/admin/builder/spi-builder-workspace/.derivedData/SDKStatCaches.noindex/watchos27.0-24R360-e829b21a6f8c9b70876ba0858053c04477534ef55a1706bf4c1112bbb242f0a2.sdkstatcache -output-file-map /Users/admin/builder/spi-builder-workspace/.derivedData/Build/Intermediates.noindex/swift-ast.build/Debug-watchos/AST-t.build/Objects-normal/arm64/AST-OutputFileMap.json -save-temps -no-color-diagnostics -explicit-module-build -module-cache-path /Users/admin/builder/spi-builder-workspace/.derivedData/Build/Intermediates.noindex/SwiftExplicitPrecompiledModules -clang-scanner-module-cache-path /Users/admin/builder/spi-builder-workspace/.derivedData/ModuleCache.noindex -sdk-module-cache-path /Users/admin/builder/spi-builder-workspace/.derivedData/SDKExplicitPrecompiledModules -emit-dependencies -emit-module -emit-module-path /Users/admin/builder/spi-builder-workspace/.derivedData/Build/Intermediates.noindex/swift-ast.build/Debug-watchos/AST-t.build/Objects-normal/arm64/AST.swiftmodule -serialize-diagnostics -dependency-scan-serialize-diagnostics-path /Users/admin/builder/spi-builder-workspace/.derivedData/Build/Intermediates.noindex/swift-ast.build/Debug-watchos/AST-t.build/Objects-normal/arm64/AST-dependency-scan.dia -validate-clang-modules-once -clang-build-session-file /Users/admin/builder/spi-builder-workspace/.derivedData/ModuleCache.noindex/Session.modulevalidation -Xcc -fmodules-prune-interval\=86400 -Xcc -fmodules-prune-after\=345600 -emit-const-values -const-gather-protocols-list /Users/admin/builder/spi-builder-workspace/.derivedData/Build/Intermediates.noindex/swift-ast.build/Debug-watchos/AST-t.build/Objects-normal/arm64/AST_const_extract_protocols.json -Xcc -I/Users/admin/builder/spi-builder-workspace/.derivedData/Build/Products/Debug-watchos/include -Xcc -I/Users/admin/builder/spi-builder-workspace/.derivedData/Build/Intermediates.noindex/swift-ast.build/Debug-watchos/AST-t.build/DerivedSources-normal/arm64 -Xcc -I/Users/admin/builder/spi-builder-workspace/.derivedData/Build/Intermediates.noindex/swift-ast.build/Debug-watchos/AST-t.build/DerivedSources/arm64 -Xcc -I/Users/admin/builder/spi-builder-workspace/.derivedData/Build/Intermediates.noindex/swift-ast.build/Debug-watchos/AST-t.build/DerivedSources -Xcc -DSWIFT_PACKAGE -Xcc -DDEBUG\=1 -emit-objc-header -emit-objc-header-path /Users/admin/builder/spi-builder-workspace/.derivedData/Build/Intermediates.noindex/swift-ast.build/Debug-watchos/AST-t.build/Objects-normal/arm64/AST-Swift.h -working-directory /Users/admin/builder/spi-builder-workspace/.swiftpm/xcode -experimental-emit-module-separately -disable-cmo
SwiftDriver AST normal arm64_32 com.apple.xcode.tools.swift.compiler (in target 'AST' from project 'swift-ast')
    cd /Users/admin/builder/spi-builder-workspace/.swiftpm/xcode
    builtin-SwiftDriver -- /Applications/Xcode-27.0.0-Release.Candidate.app/Contents/Developer/Toolchains/XcodeDefault.xctoolchain/usr/bin/swiftc -parse-as-library -module-name AST -Onone @/Users/admin/builder/spi-builder-workspace/.derivedData/Build/Intermediates.noindex/swift-ast.build/Debug-watchos/AST-t.build/Objects-normal/arm64_32/AST.SwiftFileList -DSWIFT_PACKAGE -DDEBUG -DSWIFT_MODULE_RESOURCE_BUNDLE_UNAVAILABLE -DXcode -plugin-path /Applications/Xcode-27.0.0-Release.Candidate.app/Contents/Developer/Toolchains/XcodeDefault.xctoolchain/usr/lib/swift/host/plugins/testing -enable-experimental-feature DebugDescriptionMacro -sdk /Applications/Xcode-27.0.0-Release.Candidate.app/Contents/Developer/Platforms/WatchOS.platform/Developer/SDKs/WatchOS27.0.sdk -target arm64_32-apple-watchos9.0 -g -module-cache-path /Users/admin/builder/spi-builder-workspace/.derivedData/ModuleCache.noindex -Xfrontend -serialize-debugging-options -profile-coverage-mapping -profile-generate -enable-testing -index-store-path /Users/admin/builder/spi-builder-workspace/.derivedData/Index.noindex/DataStore -Xcc -D_LIBCPP_HARDENING_MODE\=_LIBCPP_HARDENING_MODE_DEBUG -swift-version 5 -I /Users/admin/builder/spi-builder-workspace/.derivedData/Build/Products/Debug-watchos -Isystem /Applications/Xcode-27.0.0-Release.Candidate.app/Contents/Developer/Platforms/WatchOS.platform/Developer/usr/lib -F /Users/admin/builder/spi-builder-workspace/.derivedData/Build/Products/Debug-watchos/PackageFrameworks -F /Users/admin/builder/spi-builder-workspace/.derivedData/Build/Products/Debug-watchos -F /Applications/Xcode-27.0.0-Release.Candidate.app/Contents/Developer/Platforms/WatchOS.platform/Developer/Library/Frameworks -F /Applications/Xcode-27.0.0-Release.Candidate.app/Contents/Developer/Platforms/WatchOS.platform/Developer/SDKs/WatchOS27.0.sdk/Developer/Library/Frameworks -c -j10 -enable-batch-mode -incremental -Xcc -ivfsstatcache -Xcc /Users/admin/builder/spi-builder-workspace/.derivedData/SDKStatCaches.noindex/watchos27.0-24R360-e829b21a6f8c9b70876ba0858053c04477534ef55a1706bf4c1112bbb242f0a2.sdkstatcache -output-file-map /Users/admin/builder/spi-builder-workspace/.derivedData/Build/Intermediates.noindex/swift-ast.build/Debug-watchos/AST-t.build/Objects-normal/arm64_32/AST-OutputFileMap.json -save-temps -no-color-diagnostics -explicit-module-build -module-cache-path /Users/admin/builder/spi-builder-workspace/.derivedData/Build/Intermediates.noindex/SwiftExplicitPrecompiledModules -clang-scanner-module-cache-path /Users/admin/builder/spi-builder-workspace/.derivedData/ModuleCache.noindex -sdk-module-cache-path /Users/admin/builder/spi-builder-workspace/.derivedData/SDKExplicitPrecompiledModules -emit-dependencies -emit-module -emit-module-path /Users/admin/builder/spi-builder-workspace/.derivedData/Build/Intermediates.noindex/swift-ast.build/Debug-watchos/AST-t.build/Objects-normal/arm64_32/AST.swiftmodule -serialize-diagnostics -dependency-scan-serialize-diagnostics-path /Users/admin/builder/spi-builder-workspace/.derivedData/Build/Intermediates.noindex/swift-ast.build/Debug-watchos/AST-t.build/Objects-normal/arm64_32/AST-dependency-scan.dia -validate-clang-modules-once -clang-build-session-file /Users/admin/builder/spi-builder-workspace/.derivedData/ModuleCache.noindex/Session.modulevalidation -Xcc -fmodules-prune-interval\=86400 -Xcc -fmodules-prune-after\=345600 -emit-const-values -const-gather-protocols-list /Users/admin/builder/spi-builder-workspace/.derivedData/Build/Intermediates.noindex/swift-ast.build/Debug-watchos/AST-t.build/Objects-normal/arm64_32/AST_const_extract_protocols.json -Xcc -I/Users/admin/builder/spi-builder-workspace/.derivedData/Build/Products/Debug-watchos/include -Xcc -I/Users/admin/builder/spi-builder-workspace/.derivedData/Build/Intermediates.noindex/swift-ast.build/Debug-watchos/AST-t.build/DerivedSources-normal/arm64_32 -Xcc -I/Users/admin/builder/spi-builder-workspace/.derivedData/Build/Intermediates.noindex/swift-ast.build/Debug-watchos/AST-t.build/DerivedSources/arm64_32 -Xcc -I/Users/admin/builder/spi-builder-workspace/.derivedData/Build/Intermediates.noindex/swift-ast.build/Debug-watchos/AST-t.build/DerivedSources -Xcc -DSWIFT_PACKAGE -Xcc -DDEBUG\=1 -emit-objc-header -emit-objc-header-path /Users/admin/builder/spi-builder-workspace/.derivedData/Build/Intermediates.noindex/swift-ast.build/Debug-watchos/AST-t.build/Objects-normal/arm64_32/AST-Swift.h -working-directory /Users/admin/builder/spi-builder-workspace/.swiftpm/xcode -experimental-emit-module-separately -disable-cmo
ExtractAppIntentsMetadata (in target 'Lexer' from project 'swift-ast')
    cd /Users/admin/builder/spi-builder-workspace
    /Applications/Xcode-27.0.0-Release.Candidate.app/Contents/Developer/Toolchains/XcodeDefault.xctoolchain/usr/bin/appintentsmetadataprocessor --toolchain-dir /var/run/com.apple.security.cryptexd/mnt/com.apple.MobileAsset.MetalToolchain-v27.1.266.1.Go3Mb3/Metal.xctoolchain --module-name Lexer --sdk-root /Applications/Xcode-27.0.0-Release.Candidate.app/Contents/Developer/Platforms/WatchOS.platform/Developer/SDKs/WatchOS27.0.sdk --xcode-version 27A266a --platform-family watchOS --deployment-target 9.0 --bundle-identifier spi-builder-workspace.Lexer --output /Users/admin/builder/spi-builder-workspace/.derivedData/Build/Products/Debug-watchos/Lexer.appintents --target-triple arm64-apple-watchos9.0 --target-triple arm64_32-apple-watchos9.0 --binary-file /Users/admin/builder/spi-builder-workspace/.derivedData/Build/Products/Debug-watchos/Lexer.o --dependency-file /Users/admin/builder/spi-builder-workspace/.derivedData/Build/Intermediates.noindex/swift-ast.build/Debug-watchos/Lexer-t.build/Objects-normal/arm64/Lexer_dependency_info.dat --dependency-file /Users/admin/builder/spi-builder-workspace/.derivedData/Build/Intermediates.noindex/swift-ast.build/Debug-watchos/Lexer-t.build/Objects-normal/arm64_32/Lexer_dependency_info.dat --stringsdata-file /Users/admin/builder/spi-builder-workspace/.derivedData/Build/Intermediates.noindex/swift-ast.build/Debug-watchos/Lexer-t.build/Objects-normal/arm64/ExtractedAppShortcutsMetadata.stringsdata --stringsdata-file /Users/admin/builder/spi-builder-workspace/.derivedData/Build/Intermediates.noindex/swift-ast.build/Debug-watchos/Lexer-t.build/Objects-normal/arm64_32/ExtractedAppShortcutsMetadata.stringsdata --source-file-list /Users/admin/builder/spi-builder-workspace/.derivedData/Build/Intermediates.noindex/swift-ast.build/Debug-watchos/Lexer-t.build/Objects-normal/arm64/Lexer.SwiftFileList --source-file-list /Users/admin/builder/spi-builder-workspace/.derivedData/Build/Intermediates.noindex/swift-ast.build/Debug-watchos/Lexer-t.build/Objects-normal/arm64_32/Lexer.SwiftFileList --metadata-file-list /Users/admin/builder/spi-builder-workspace/.derivedData/Build/Intermediates.noindex/swift-ast.build/Debug-watchos/Lexer-t.build/Lexer.DependencyMetadataFileList --static-metadata-file-list /Users/admin/builder/spi-builder-workspace/.derivedData/Build/Intermediates.noindex/swift-ast.build/Debug-watchos/Lexer-t.build/Lexer.DependencyStaticMetadataFileList --swift-const-vals-list /Users/admin/builder/spi-builder-workspace/.derivedData/Build/Intermediates.noindex/swift-ast.build/Debug-watchos/Lexer-t.build/Objects-normal/arm64/Lexer.SwiftConstValuesFileList --swift-const-vals-list /Users/admin/builder/spi-builder-workspace/.derivedData/Build/Intermediates.noindex/swift-ast.build/Debug-watchos/Lexer-t.build/Objects-normal/arm64_32/Lexer.SwiftConstValuesFileList --force --compile-time-extraction --deployment-aware-processing --no-app-shortcuts-localization
2026-09-19 21:26:44.116 appintentsmetadataprocessor[872:5842] Starting appintentsmetadataprocessor export
2026-09-19 21:26:44.180 appintentsmetadataprocessor[872:5842] Extracted no relevant App Intents symbols, skipping writing output
SwiftEmitModule normal arm64_32 Emitting\ module\ for\ Sema (in target 'Sema' from project 'swift-ast')
SwiftCompile normal arm64_32 (in target 'Sema' from project 'swift-ast')
    cd /Users/admin/builder/spi-builder-workspace/.swiftpm/xcode

SwiftCompile normal arm64_32 Compiling\ LexicalParentAssignment.swift /Users/admin/builder/spi-builder-workspace/Sources/Sema/LexicalParentAssignment.swift (in target 'Sema' from project 'swift-ast')
SwiftCompile normal arm64_32 /Users/admin/builder/spi-builder-workspace/Sources/Sema/LexicalParentAssignment.swift (in target 'Sema' from project 'swift-ast')
    cd /Users/admin/builder/spi-builder-workspace/.swiftpm/xcode
    builtin-SwiftPerFileCompile LexicalParentAssignment.swift
SwiftCompile normal arm64_32 Compiling\ SequenceExpressionFolding.swift /Users/admin/builder/spi-builder-workspace/Sources/Sema/SequenceExpressionFolding.swift (in target 'Sema' from project 'swift-ast')
SwiftCompile normal arm64_32 /Users/admin/builder/spi-builder-workspace/Sources/Sema/SequenceExpressionFolding.swift (in target 'Sema' from project 'swift-ast')
    cd /Users/admin/builder/spi-builder-workspace/.swiftpm/xcode
    builtin-SwiftPerFileCompile SequenceExpressionFolding.swift
SwiftEmitModule normal arm64 Emitting\ module\ for\ Sema (in target 'Sema' from project 'swift-ast')
SwiftCompile normal arm64 (in target 'Sema' from project 'swift-ast')
    cd /Users/admin/builder/spi-builder-workspace/.swiftpm/xcode

SwiftCompile normal arm64 Compiling\ SequenceExpressionFolding.swift /Users/admin/builder/spi-builder-workspace/Sources/Sema/SequenceExpressionFolding.swift (in target 'Sema' from project 'swift-ast')
SwiftCompile normal arm64 /Users/admin/builder/spi-builder-workspace/Sources/Sema/SequenceExpressionFolding.swift (in target 'Sema' from project 'swift-ast')
    cd /Users/admin/builder/spi-builder-workspace/.swiftpm/xcode
    builtin-SwiftPerFileCompile SequenceExpressionFolding.swift
SwiftCompile normal arm64 Compiling\ Parser+Declaration.swift,\ Parser+Diagnostic.swift /Users/admin/builder/spi-builder-workspace/Sources/Parser/Parser+Declaration.swift /Users/admin/builder/spi-builder-workspace/Sources/Parser/Parser+Diagnostic.swift (in target 'Parser' from project 'swift-ast')
SwiftCompile normal arm64 /Users/admin/builder/spi-builder-workspace/Sources/Parser/Parser+Declaration.swift (in target 'Parser' from project 'swift-ast')
    cd /Users/admin/builder/spi-builder-workspace/.swiftpm/xcode
    builtin-SwiftPerFileCompile Parser+Declaration.swift
SwiftCompile normal arm64 /Users/admin/builder/spi-builder-workspace/Sources/Parser/Parser+Diagnostic.swift (in target 'Parser' from project 'swift-ast')
    cd /Users/admin/builder/spi-builder-workspace/.swiftpm/xcode
    builtin-SwiftPerFileCompile Parser+Diagnostic.swift
SwiftEmitModule normal arm64 Emitting\ module\ for\ Parser (in target 'Parser' from project 'swift-ast')
/Users/admin/builder/spi-builder-workspace/Sources/Parser/Parser+Expression.swift:40:93: error: 'Expression' is ambiguous for type lookup in this context
  38 |   }
  39 |
  40 |   func parseExpression(config: ParserExpressionConfig = ParserExpressionConfig()) throws -> Expression {
     |                                                                                             `- error: 'Expression' is ambiguous for type lookup in this context
  41 |     let tryKind = parseTryKind()
  42 |     let prefixExpr = try parsePrefixExpression(config: config)
Foundation.Expression:2:15: note: found this candidate
1 | @available(macOS 15, iOS 18, tvOS 18, watchOS 11, *)
2 | public struct Expression<each Input, Output> : Sendable {
  |               `- note: found this candidate
3 |     public let expression: any StandardPredicateExpression<Output>
4 |     public let variable: (repeat PredicateExpressions.Variable<each Input>)
AST.Expression:1:17: note: found this candidate
1 | public protocol Expression : AST.Statement {
  |                 `- note: found this candidate
2 | }
/Users/admin/builder/spi-builder-workspace/Sources/Parser/Parser+Expression.swift:53:48: error: 'Expression' is ambiguous for type lookup in this context
  51 |     case noTry
  52 |
  53 |     fileprivate func wrap(expr: Expression) -> Expression {
     |                                                `- error: 'Expression' is ambiguous for type lookup in this context
  54 |       switch self {
  55 |       case .try(let startLocation):
Foundation.Expression:2:15: note: found this candidate
1 | @available(macOS 15, iOS 18, tvOS 18, watchOS 11, *)
2 | public struct Expression<each Input, Output> : Sendable {
  |               `- note: found this candidate
3 |     public let expression: any StandardPredicateExpression<Output>
4 |     public let variable: (repeat PredicateExpressions.Variable<each Input>)
AST.Expression:1:17: note: found this candidate
1 | public protocol Expression : AST.Statement {
  |                 `- note: found this candidate
2 | }
/Users/admin/builder/spi-builder-workspace/Sources/Parser/Parser+Expression.swift:53:33: error: 'Expression' is ambiguous for type lookup in this context
  51 |     case noTry
  52 |
  53 |     fileprivate func wrap(expr: Expression) -> Expression {
     |                                 `- error: 'Expression' is ambiguous for type lookup in this context
  54 |       switch self {
  55 |       case .try(let startLocation):
Foundation.Expression:2:15: note: found this candidate
1 | @available(macOS 15, iOS 18, tvOS 18, watchOS 11, *)
2 | public struct Expression<each Input, Output> : Sendable {
  |               `- note: found this candidate
3 |     public let expression: any StandardPredicateExpression<Output>
4 |     public let variable: (repeat PredicateExpressions.Variable<each Input>)
AST.Expression:1:17: note: found this candidate
1 | public protocol Expression : AST.Statement {
  |                 `- note: found this candidate
2 | }
/Users/admin/builder/spi-builder-workspace/Sources/Parser/Parser+Expression.swift:89:15: error: 'Expression' is ambiguous for type lookup in this context
  87 |   private func parseBinaryExpressions( // swift-lint:suppress(high_ncss,high_cyclomatic_complexity)
  88 |     leftExpression: Expression, config: ParserExpressionConfig
  89 |   ) throws -> Expression {
     |               `- error: 'Expression' is ambiguous for type lookup in this context
  90 |     var resultExpr: Expression = leftExpression
  91 |
Foundation.Expression:2:15: note: found this candidate
1 | @available(macOS 15, iOS 18, tvOS 18, watchOS 11, *)
2 | public struct Expression<each Input, Output> : Sendable {
  |               `- note: found this candidate
3 |     public let expression: any StandardPredicateExpression<Output>
4 |     public let variable: (repeat PredicateExpressions.Variable<each Input>)
AST.Expression:1:17: note: found this candidate
1 | public protocol Expression : AST.Statement {
  |                 `- note: found this candidate
2 | }
/Users/admin/builder/spi-builder-workspace/Sources/Parser/Parser+Expression.swift:88:21: error: 'Expression' is ambiguous for type lookup in this context
  86 |
  87 |   private func parseBinaryExpressions( // swift-lint:suppress(high_ncss,high_cyclomatic_complexity)
  88 |     leftExpression: Expression, config: ParserExpressionConfig
     |                     `- error: 'Expression' is ambiguous for type lookup in this context
  89 |   ) throws -> Expression {
  90 |     var resultExpr: Expression = leftExpression
Foundation.Expression:2:15: note: found this candidate
1 | @available(macOS 15, iOS 18, tvOS 18, watchOS 11, *)
2 | public struct Expression<each Input, Output> : Sendable {
  |               `- note: found this candidate
3 |     public let expression: any StandardPredicateExpression<Output>
4 |     public let variable: (repeat PredicateExpressions.Variable<each Input>)
AST.Expression:1:17: note: found this candidate
1 | public protocol Expression : AST.Statement {
  |                 `- note: found this candidate
2 | }
/Users/admin/builder/spi-builder-workspace/Sources/Parser/Parser+Expression.swift:252:80: error: 'Expression' is ambiguous for type lookup in this context
 250 |   }
 251 |
 252 |   private func parsePrefixExpression(config: ParserExpressionConfig) throws -> Expression {
     |                                                                                `- error: 'Expression' is ambiguous for type lookup in this context
 253 |     let startLocation = getStartLocation()
 254 |     switch _lexer.read([.dummyPrefixOperator, .prefixAmp]) {
Foundation.Expression:2:15: note: found this candidate
1 | @available(macOS 15, iOS 18, tvOS 18, watchOS 11, *)
2 | public struct Expression<each Input, Output> : Sendable {
  |               `- note: found this candidate
3 |     public let expression: any StandardPredicateExpression<Output>
4 |     public let variable: (repeat PredicateExpressions.Variable<each Input>)
AST.Expression:1:17: note: found this candidate
1 | public protocol Expression : AST.Statement {
  |                 `- note: found this candidate
2 | }
/Users/admin/builder/spi-builder-workspace/Sources/Parser/Parser+Expression.swift:1081:45: error: 'Expression' is ambiguous for type lookup in this context
1079 |   }
1080 |
1081 |   private func parseDictionaryLiteral(head: Expression, startLocation: SourceLocation) throws -> LiteralExpression {
     |                                             `- error: 'Expression' is ambiguous for type lookup in this context
1082 |     var entries: [DictionaryEntry] = []
1083 |     // complete first entry
Foundation.Expression:2:15: note: found this candidate
1 | @available(macOS 15, iOS 18, tvOS 18, watchOS 11, *)
2 | public struct Expression<each Input, Output> : Sendable {
  |               `- note: found this candidate
3 |     public let expression: any StandardPredicateExpression<Output>
4 |     public let variable: (repeat PredicateExpressions.Variable<each Input>)
AST.Expression:1:17: note: found this candidate
1 | public protocol Expression : AST.Statement {
  |                 `- note: found this candidate
2 | }
/Users/admin/builder/spi-builder-workspace/Sources/Parser/Parser+Expression.swift:1101:11: error: 'Expression' is ambiguous for type lookup in this context
1099 |
1100 |   private func parseArrayLiteral(
1101 |     head: Expression, startLocation: SourceLocation
     |           `- error: 'Expression' is ambiguous for type lookup in this context
1102 |   ) throws -> LiteralExpression {
1103 |     var exprs: [Expression] = [head]
Foundation.Expression:2:15: note: found this candidate
1 | @available(macOS 15, iOS 18, tvOS 18, watchOS 11, *)
2 | public struct Expression<each Input, Output> : Sendable {
  |               `- note: found this candidate
3 |     public let expression: any StandardPredicateExpression<Output>
4 |     public let variable: (repeat PredicateExpressions.Variable<each Input>)
AST.Expression:1:17: note: found this candidate
1 | public protocol Expression : AST.Statement {
  |                 `- note: found this candidate
2 | }
/Users/admin/builder/spi-builder-workspace/Sources/Parser/Parser+Type.swift:291:9: warning: 'catch' block is unreachable because no errors are thrown in 'do' block
289 |         }
290 |         return type
291 |       } catch ParenthesizedType.TupleConversionError.isVariadic {
    |         `- warning: 'catch' block is unreachable because no errors are thrown in 'do' block
292 |         throw _raiseFatal(.tupleTypeVariadicElement)
293 |       } catch ParenthesizedType.TupleConversionError.multipleLabels {
Failed frontend command:
/Applications/Xcode-27.0.0-Release.Candidate.app/Contents/Developer/Toolchains/XcodeDefault.xctoolchain/usr/bin/swift-frontend -frontend -emit-module -experimental-skip-non-inlinable-function-bodies-without-types /Users/admin/builder/spi-builder-workspace/Sources/Parser/Parser+Attribute.swift /Users/admin/builder/spi-builder-workspace/Sources/Parser/Parser+Common.swift /Users/admin/builder/spi-builder-workspace/Sources/Parser/Parser+Declaration.swift /Users/admin/builder/spi-builder-workspace/Sources/Parser/Parser+Diagnostic.swift /Users/admin/builder/spi-builder-workspace/Sources/Parser/Parser+Expression.swift /Users/admin/builder/spi-builder-workspace/Sources/Parser/Parser+Generic.swift /Users/admin/builder/spi-builder-workspace/Sources/Parser/Parser+Lexing.swift /Users/admin/builder/spi-builder-workspace/Sources/Parser/Parser+Modifier.swift /Users/admin/builder/spi-builder-workspace/Sources/Parser/Parser+Pattern.swift /Users/admin/builder/spi-builder-workspace/Sources/Parser/Parser+Statement.swift /Users/admin/builder/spi-builder-workspace/Sources/Parser/Parser+Type.swift /Users/admin/builder/spi-builder-workspace/Sources/Parser/Parser+Util.swift /Users/admin/builder/spi-builder-workspace/Sources/Parser/Parser.swift -target arm64-apple-watchos9.0 -disable-cross-import-overlay-search -load-resolved-plugin /Applications/Xcode-27.0.0-Release.Candidate.app/Contents/Developer/Platforms/WatchOS.platform/Developer/usr/lib/swift/host/plugins/libFoundationMacros.dylib\#/Applications/Xcode-27.0.0-Release.Candidate.app/Contents/Developer/Platforms/WatchOS.platform/Developer/usr/bin/swift-plugin-server\#FoundationMacros -load-resolved-plugin /Applications/Xcode-27.0.0-Release.Candidate.app/Contents/Developer/Platforms/WatchOS.platform/Developer/usr/lib/swift/host/plugins/libObservationMacros.dylib\#/Applications/Xcode-27.0.0-Release.Candidate.app/Contents/Developer/Platforms/WatchOS.platform/Developer/usr/bin/swift-plugin-server\#ObservationMacros -load-resolved-plugin /Applications/Xcode-27.0.0-Release.Candidate.app/Contents/Developer/Platforms/WatchOS.platform/Developer/usr/lib/swift/host/plugins/libSwiftMacros.dylib\#/Applications/Xcode-27.0.0-Release.Candidate.app/Contents/Developer/Platforms/WatchOS.platform/Developer/usr/bin/swift-plugin-server\#SwiftMacros -disable-implicit-swift-modules -Xcc -fno-implicit-modules -Xcc -fno-implicit-module-maps -explicit-swift-module-map-file /Users/admin/builder/spi-builder-workspace/.derivedData/Build/Intermediates.noindex/swift-ast.build/Debug-watchos/Parser-t.build/Objects-normal/arm64/Parser-dependencies-1.json -Xllvm -aarch64-use-tbi -enable-objc-interop -stack-check -sdk /Applications/Xcode-27.0.0-Release.Candidate.app/Contents/Developer/Platforms/WatchOS.platform/Developer/SDKs/WatchOS27.0.sdk -I /Users/admin/builder/spi-builder-workspace/.derivedData/Build/Products/Debug-watchos -Isystem /Applications/Xcode-27.0.0-Release.Candidate.app/Contents/Developer/Platforms/WatchOS.platform/Developer/usr/lib -F /Users/admin/builder/spi-builder-workspace/.derivedData/Build/Products/Debug-watchos/PackageFrameworks -F /Users/admin/builder/spi-builder-workspace/.derivedData/Build/Products/Debug-watchos -F /Applications/Xcode-27.0.0-Release.Candidate.app/Contents/Developer/Platforms/WatchOS.platform/Developer/Library/Frameworks -F /Applications/Xcode-27.0.0-Release.Candidate.app/Contents/Developer/Platforms/WatchOS.platform/Developer/SDKs/WatchOS27.0.sdk/Developer/Library/Frameworks -module-cache-path /Users/admin/builder/spi-builder-workspace/.derivedData/Build/Intermediates.noindex/SwiftExplicitPrecompiledModules -no-color-diagnostics -Xcc -fno-color-diagnostics -enable-testing -g -debug-info-format\=dwarf -dwarf-version\=4 -profile-generate -profile-coverage-mapping -swift-version 5 -Onone -D SWIFT_PACKAGE -D DEBUG -D SWIFT_MODULE_RESOURCE_BUNDLE_UNAVAILABLE -D Xcode -serialize-debugging-options -enable-experimental-feature DebugDescriptionMacro -empty-abi-descriptor -validate-clang-modules-once -clang-build-session-file /Users/admin/builder/spi-builder-workspace/.derivedData/ModuleCache.noindex/Session.modulevalidation -Xcc -working-directory -Xcc /Users/admin/builder/spi-builder-workspace/.swiftpm/xcode -enable-anonymous-context-mangled-names -file-compilation-dir /Users/admin/builder/spi-builder-workspace/.swiftpm/xcode -Xcc -D_LIBCPP_HARDENING_MODE\=_LIBCPP_HARDENING_MODE_DEBUG -Xcc -ivfsstatcache -Xcc /Users/admin/builder/spi-builder-workspace/.derivedData/SDKStatCaches.noindex/watchos27.0-24R360-e829b21a6f8c9b70876ba0858053c04477534ef55a1706bf4c1112bbb242f0a2.sdkstatcache -Xcc -fmodules-prune-interval\=86400 -Xcc -fmodules-prune-after\=345600 -Xcc -I/Users/admin/builder/spi-builder-workspace/.derivedData/Build/Products/Debug-watchos/include -Xcc -I/Users/admin/builder/spi-builder-workspace/.derivedData/Build/Intermediates.noindex/swift-ast.build/Debug-watchos/Parser-t.build/DerivedSources-normal/arm64 -Xcc -I/Users/admin/builder/spi-builder-workspace/.derivedData/Build/Intermediates.noindex/swift-ast.build/Debug-watchos/Parser-t.build/DerivedSources/arm64 -Xcc -I/Users/admin/builder/spi-builder-workspace/.derivedData/Build/Intermediates.noindex/swift-ast.build/Debug-watchos/Parser-t.build/DerivedSources -Xcc -DSWIFT_PACKAGE -Xcc -DDEBUG\=1 -no-auto-bridging-header-chaining -module-name Parser -const-gather-protocols-file /Users/admin/builder/spi-builder-workspace/.derivedData/Build/Intermediates.noindex/swift-ast.build/Debug-watchos/Parser-t.build/Objects-normal/arm64/Parser_const_extract_protocols.json -disable-clang-spi -clang-target arm64-apple-watchos27.0 -target-sdk-version 27.0 -target-sdk-name watchos27.0 -in-process-plugin-server-path /Applications/Xcode-27.0.0-Release.Candidate.app/Contents/Developer/Toolchains/XcodeDefault.xctoolchain/usr/lib/swift/host/libSwiftInProcPluginServer.dylib -emit-module-doc-path /Users/admin/builder/spi-builder-workspace/.derivedData/Build/Intermediates.noindex/swift-ast.build/Debug-watchos/Parser-t.build/Objects-normal/arm64/Parser.swiftdoc -emit-module-source-info-path /Users/admin/builder/spi-builder-workspace/.derivedData/Build/Intermediates.noindex/swift-ast.build/Debug-watchos/Parser-t.build/Objects-normal/arm64/Parser.swiftsourceinfo -emit-objc-header-path /Users/admin/builder/spi-builder-workspace/.derivedData/Build/Intermediates.noindex/swift-ast.build/Debug-watchos/Parser-t.build/Objects-normal/arm64/Parser-Swift.h -serialize-diagnostics-path /Users/admin/builder/spi-builder-workspace/.derivedData/Build/Intermediates.noindex/swift-ast.build/Debug-watchos/Parser-t.build/Objects-normal/arm64/Parser-primary-emit-module.dia -emit-dependencies-path /Users/admin/builder/spi-builder-workspace/.derivedData/Build/Intermediates.noindex/swift-ast.build/Debug-watchos/Parser-t.build/Objects-normal/arm64/Parser-primary-emit-module.d -parse-as-library -o /Users/admin/builder/spi-builder-workspace/.derivedData/Build/Intermediates.noindex/swift-ast.build/Debug-watchos/Parser-t.build/Objects-normal/arm64/Parser.swiftmodule -emit-abi-descriptor-path /Users/admin/builder/spi-builder-workspace/.derivedData/Build/Intermediates.noindex/swift-ast.build/Debug-watchos/Parser-t.build/Objects-normal/arm64/Parser.abi.json
SwiftCompile normal arm64 (in target 'Parser' from project 'swift-ast')
    cd /Users/admin/builder/spi-builder-workspace/.swiftpm/xcode

SwiftCompile normal arm64 Compiling\ Parser+Util.swift /Users/admin/builder/spi-builder-workspace/Sources/Parser/Parser+Util.swift (in target 'Parser' from project 'swift-ast')
SwiftCompile normal arm64 /Users/admin/builder/spi-builder-workspace/Sources/Parser/Parser+Util.swift (in target 'Parser' from project 'swift-ast')
    cd /Users/admin/builder/spi-builder-workspace/.swiftpm/xcode
    builtin-SwiftPerFileCompile Parser+Util.swift
SwiftEmitModule normal arm64_32 Emitting\ module\ for\ Parser (in target 'Parser' from project 'swift-ast')
SwiftCompile normal arm64_32 (in target 'Parser' from project 'swift-ast')
    cd /Users/admin/builder/spi-builder-workspace/.swiftpm/xcode

/Users/admin/builder/spi-builder-workspace/Sources/Parser/Parser+Expression.swift:40:93: error: 'Expression' is ambiguous for type lookup in this context
  38 |   }
  39 |
  40 |   func parseExpression(config: ParserExpressionConfig = ParserExpressionConfig()) throws -> Expression {
     |                                                                                             `- error: 'Expression' is ambiguous for type lookup in this context
  41 |     let tryKind = parseTryKind()
  42 |     let prefixExpr = try parsePrefixExpression(config: config)
Foundation.Expression:2:15: note: found this candidate
1 | @available(macOS 15, iOS 18, tvOS 18, watchOS 11, *)
2 | public struct Expression<each Input, Output> : Sendable {
  |               `- note: found this candidate
3 |     public let expression: any StandardPredicateExpression<Output>
4 |     public let variable: (repeat PredicateExpressions.Variable<each Input>)
AST.Expression:1:17: note: found this candidate
1 | public protocol Expression : AST.Statement {
  |                 `- note: found this candidate
2 | }
/Users/admin/builder/spi-builder-workspace/Sources/Parser/Parser+Expression.swift:53:48: error: 'Expression' is ambiguous for type lookup in this context
  51 |     case noTry
  52 |
  53 |     fileprivate func wrap(expr: Expression) -> Expression {
     |                                                `- error: 'Expression' is ambiguous for type lookup in this context
  54 |       switch self {
  55 |       case .try(let startLocation):
Foundation.Expression:2:15: note: found this candidate
1 | @available(macOS 15, iOS 18, tvOS 18, watchOS 11, *)
2 | public struct Expression<each Input, Output> : Sendable {
  |               `- note: found this candidate
3 |     public let expression: any StandardPredicateExpression<Output>
4 |     public let variable: (repeat PredicateExpressions.Variable<each Input>)
AST.Expression:1:17: note: found this candidate
1 | public protocol Expression : AST.Statement {
  |                 `- note: found this candidate
2 | }
/Users/admin/builder/spi-builder-workspace/Sources/Parser/Parser+Expression.swift:53:33: error: 'Expression' is ambiguous for type lookup in this context
  51 |     case noTry
  52 |
  53 |     fileprivate func wrap(expr: Expression) -> Expression {
     |                                 `- error: 'Expression' is ambiguous for type lookup in this context
  54 |       switch self {
  55 |       case .try(let startLocation):
Foundation.Expression:2:15: note: found this candidate
1 | @available(macOS 15, iOS 18, tvOS 18, watchOS 11, *)
2 | public struct Expression<each Input, Output> : Sendable {
  |               `- note: found this candidate
3 |     public let expression: any StandardPredicateExpression<Output>
4 |     public let variable: (repeat PredicateExpressions.Variable<each Input>)
AST.Expression:1:17: note: found this candidate
1 | public protocol Expression : AST.Statement {
  |                 `- note: found this candidate
2 | }
/Users/admin/builder/spi-builder-workspace/Sources/Parser/Parser+Expression.swift:89:15: error: 'Expression' is ambiguous for type lookup in this context
  87 |   private func parseBinaryExpressions( // swift-lint:suppress(high_ncss,high_cyclomatic_complexity)
  88 |     leftExpression: Expression, config: ParserExpressionConfig
  89 |   ) throws -> Expression {
     |               `- error: 'Expression' is ambiguous for type lookup in this context
  90 |     var resultExpr: Expression = leftExpression
  91 |
Foundation.Expression:2:15: note: found this candidate
1 | @available(macOS 15, iOS 18, tvOS 18, watchOS 11, *)
2 | public struct Expression<each Input, Output> : Sendable {
  |               `- note: found this candidate
3 |     public let expression: any StandardPredicateExpression<Output>
4 |     public let variable: (repeat PredicateExpressions.Variable<each Input>)
AST.Expression:1:17: note: found this candidate
1 | public protocol Expression : AST.Statement {
  |                 `- note: found this candidate
2 | }
/Users/admin/builder/spi-builder-workspace/Sources/Parser/Parser+Expression.swift:88:21: error: 'Expression' is ambiguous for type lookup in this context
  86 |
  87 |   private func parseBinaryExpressions( // swift-lint:suppress(high_ncss,high_cyclomatic_complexity)
  88 |     leftExpression: Expression, config: ParserExpressionConfig
     |                     `- error: 'Expression' is ambiguous for type lookup in this context
  89 |   ) throws -> Expression {
  90 |     var resultExpr: Expression = leftExpression
Foundation.Expression:2:15: note: found this candidate
1 | @available(macOS 15, iOS 18, tvOS 18, watchOS 11, *)
2 | public struct Expression<each Input, Output> : Sendable {
  |               `- note: found this candidate
3 |     public let expression: any StandardPredicateExpression<Output>
4 |     public let variable: (repeat PredicateExpressions.Variable<each Input>)
AST.Expression:1:17: note: found this candidate
1 | public protocol Expression : AST.Statement {
  |                 `- note: found this candidate
2 | }
/Users/admin/builder/spi-builder-workspace/Sources/Parser/Parser+Expression.swift:252:80: error: 'Expression' is ambiguous for type lookup in this context
 250 |   }
 251 |
 252 |   private func parsePrefixExpression(config: ParserExpressionConfig) throws -> Expression {
     |                                                                                `- error: 'Expression' is ambiguous for type lookup in this context
 253 |     let startLocation = getStartLocation()
 254 |     switch _lexer.read([.dummyPrefixOperator, .prefixAmp]) {
Foundation.Expression:2:15: note: found this candidate
1 | @available(macOS 15, iOS 18, tvOS 18, watchOS 11, *)
2 | public struct Expression<each Input, Output> : Sendable {
  |               `- note: found this candidate
3 |     public let expression: any StandardPredicateExpression<Output>
4 |     public let variable: (repeat PredicateExpressions.Variable<each Input>)
AST.Expression:1:17: note: found this candidate
1 | public protocol Expression : AST.Statement {
  |                 `- note: found this candidate
2 | }
/Users/admin/builder/spi-builder-workspace/Sources/Parser/Parser+Expression.swift:1081:45: error: 'Expression' is ambiguous for type lookup in this context
1079 |   }
1080 |
1081 |   private func parseDictionaryLiteral(head: Expression, startLocation: SourceLocation) throws -> LiteralExpression {
     |                                             `- error: 'Expression' is ambiguous for type lookup in this context
1082 |     var entries: [DictionaryEntry] = []
1083 |     // complete first entry
Foundation.Expression:2:15: note: found this candidate
1 | @available(macOS 15, iOS 18, tvOS 18, watchOS 11, *)
2 | public struct Expression<each Input, Output> : Sendable {
  |               `- note: found this candidate
3 |     public let expression: any StandardPredicateExpression<Output>
4 |     public let variable: (repeat PredicateExpressions.Variable<each Input>)
AST.Expression:1:17: note: found this candidate
1 | public protocol Expression : AST.Statement {
  |                 `- note: found this candidate
2 | }
SwiftCompile normal arm64_32 Compiling\ Parser.swift /Users/admin/builder/spi-builder-workspace/Sources/Parser/Parser.swift (in target 'Parser' from project 'swift-ast')
SwiftCompile normal arm64_32 /Users/admin/builder/spi-builder-workspace/Sources/Parser/Parser.swift (in target 'Parser' from project 'swift-ast')
    cd /Users/admin/builder/spi-builder-workspace/.swiftpm/xcode
    builtin-SwiftPerFileCompile Parser.swift
SwiftCompile normal arm64_32 Compiling\ Parser+Lexing.swift /Users/admin/builder/spi-builder-workspace/Sources/Parser/Parser+Lexing.swift (in target 'Parser' from project 'swift-ast')
SwiftCompile normal arm64_32 /Users/admin/builder/spi-builder-workspace/Sources/Parser/Parser+Lexing.swift (in target 'Parser' from project 'swift-ast')
    cd /Users/admin/builder/spi-builder-workspace/.swiftpm/xcode
    builtin-SwiftPerFileCompile Parser+Lexing.swift
SwiftCompile normal arm64 Compiling\ Parser+Type.swift /Users/admin/builder/spi-builder-workspace/Sources/Parser/Parser+Type.swift (in target 'Parser' from project 'swift-ast')
SwiftCompile normal arm64 /Users/admin/builder/spi-builder-workspace/Sources/Parser/Parser+Type.swift (in target 'Parser' from project 'swift-ast')
    cd /Users/admin/builder/spi-builder-workspace/.swiftpm/xcode
    builtin-SwiftPerFileCompile Parser+Type.swift
SwiftEmitModule normal arm64 Emitting\ module\ for\ AST (in target 'AST' from project 'swift-ast')
SwiftCompile normal arm64 (in target 'AST' from project 'swift-ast')
    cd /Users/admin/builder/spi-builder-workspace/.swiftpm/xcode

SwiftDriverJobDiscovery normal arm64_32 Compiling LexicalParentAssignment.swift (in target 'Sema' from project 'swift-ast')
SwiftCompile normal arm64_32 Compiling\ Parser+Statement.swift /Users/admin/builder/spi-builder-workspace/Sources/Parser/Parser+Statement.swift (in target 'Parser' from project 'swift-ast')
SwiftCompile normal arm64_32 /Users/admin/builder/spi-builder-workspace/Sources/Parser/Parser+Statement.swift (in target 'Parser' from project 'swift-ast')
    cd /Users/admin/builder/spi-builder-workspace/.swiftpm/xcode
    builtin-SwiftPerFileCompile Parser+Statement.swift
SwiftDriverJobDiscovery normal arm64_32 Compiling Parser.swift (in target 'Parser' from project 'swift-ast')
SwiftCompile normal arm64_32 Compiling\ Parser+Modifier.swift /Users/admin/builder/spi-builder-workspace/Sources/Parser/Parser+Modifier.swift (in target 'Parser' from project 'swift-ast')
SwiftCompile normal arm64_32 /Users/admin/builder/spi-builder-workspace/Sources/Parser/Parser+Modifier.swift (in target 'Parser' from project 'swift-ast')
    cd /Users/admin/builder/spi-builder-workspace/.swiftpm/xcode
    builtin-SwiftPerFileCompile Parser+Modifier.swift
SwiftDriverJobDiscovery normal arm64 Compiling Parser+Util.swift (in target 'Parser' from project 'swift-ast')
SwiftCompile normal arm64 Compiling\ Parser+Generic.swift /Users/admin/builder/spi-builder-workspace/Sources/Parser/Parser+Generic.swift (in target 'Parser' from project 'swift-ast')
SwiftCompile normal arm64 /Users/admin/builder/spi-builder-workspace/Sources/Parser/Parser+Generic.swift (in target 'Parser' from project 'swift-ast')
    cd /Users/admin/builder/spi-builder-workspace/.swiftpm/xcode
    builtin-SwiftPerFileCompile Parser+Generic.swift
PruneExplicitPrecompiledModules /Users/admin/builder/spi-builder-workspace/.derivedData/Build/Intermediates.noindex/SwiftExplicitPrecompiledModules
PruneExplicitPrecompiledModules /Users/admin/builder/spi-builder-workspace/.derivedData/Build/Intermediates.noindex/ExplicitPrecompiledModules
PruneExplicitPrecompiledModules /Users/admin/builder/spi-builder-workspace/.derivedData/SDKExplicitPrecompiledModules
2026-09-19 21:26:42.841 xcodebuild[869:5797] [MT] IDERunDestination: Supported platforms for the buildables in the current scheme is empty.
** BUILD FAILED **
The following build commands failed:
	SwiftEmitModule normal arm64 Emitting\ module\ for\ Parser (in target 'Parser' from project 'swift-ast')
	SwiftCompile normal arm64 (in target 'Parser' from project 'swift-ast')
	Building workspace swift-ast with scheme swift-ast-Package
(3 failures)
BUILD FAILURE 6.4 watchOS