Build Information
Failed to build SwiftObserver, reference master (09a608), with Swift 6.3 for tvOS using Xcode 26.4 on 22 Jul 2026 09:47:20 UTC.
Build Command
env DEVELOPER_DIR=/Applications/Xcode-26.4.0.app xcrun xcodebuild -IDEClonedSourcePackagesDirPathOverride=$PWD/.dependencies -skipMacroValidation -skipPackagePluginValidation -derivedDataPath $PWD/.derivedData build -scheme SwiftObserver-Package -destination generic/platform=tvOSBuild Log
========================================
RunAll
========================================
Builder version: undefined version: run 'make version' to update
Interrupt handler set up.
========================================
Checkout
========================================
Clone URL: https://github.com/nohype-ai/SwiftObserver.git
Reference: master
Initialized empty Git repository in /Users/admin/builder/spi-builder-workspace/.git/
From https://github.com/nohype-ai/SwiftObserver
* branch master -> FETCH_HEAD
* [new branch] master -> origin/master
HEAD is now at 09a608d Raise macOS floor to 10.15; bump SwiftyToolz to 0.5.8
Cloned https://github.com/nohype-ai/SwiftObserver.git
Revision (git rev-parse @):
09a608ddc1dc4afac0eaa9637e2e28fb616d9e7b
SPI manifest file found: $PWD/.spi.yml
SUCCESS checkout https://github.com/nohype-ai/SwiftObserver.git at master
========================================
Build
========================================
Selected platform: tvOS
Swift version: 6.3
Building package at path: $PWD
https://github.com/nohype-ai/SwiftObserver.git
Command line invocation:
/Applications/Xcode-26.4.0.app/Contents/Developer/usr/bin/xcodebuild -IDEClonedSourcePackagesDirPathOverride=/Users/admin/builder/spi-builder-workspace/.dependencies -resolvePackageDependencies
Resolve Package Graph
Fetching from https://github.com/nohype-ai/SwiftyToolz.git
Creating working copy of package ‘SwiftyToolz’
Checking out 0.5.8 of package ‘SwiftyToolz’
Resolve Package Graph
Resolved source packages:
SwiftObserver: /Users/admin/builder/spi-builder-workspace
SwiftyToolz: https://github.com/nohype-ai/SwiftyToolz.git @ 0.5.8
resolved source packages: SwiftObserver, SwiftyToolz
2026-07-22 05:46:43.289 xcodebuild[541:3113] [MT] IDERunDestination: Supported platforms for the buildables in the current scheme is empty.
{
"dependencies" : [
{
"identity" : "swiftytoolz",
"requirement" : {
"exact" : [
"0.5.8"
]
},
"type" : "sourceControl",
"url" : "https://github.com/nohype-ai/SwiftyToolz.git"
}
],
"manifest_display_name" : "SwiftObserver",
"name" : "SwiftObserver",
"path" : "/Users/admin/builder/spi-builder-workspace",
"platforms" : [
{
"name" : "ios",
"version" : "12.0"
},
{
"name" : "macos",
"version" : "10.15"
},
{
"name" : "tvos",
"version" : "12.0"
},
{
"name" : "watchos",
"version" : "6.0"
}
],
"products" : [
{
"name" : "SwiftObserver",
"targets" : [
"SwiftObserver"
],
"type" : {
"library" : [
"automatic"
]
}
},
{
"name" : "CombineObserver",
"targets" : [
"CombineObserver"
],
"type" : {
"library" : [
"automatic"
]
}
}
],
"targets" : [
{
"c99name" : "SwiftObserverTests",
"module_type" : "SwiftTarget",
"name" : "SwiftObserverTests",
"path" : "Tests/SwiftObserverTests",
"product_dependencies" : [
"SwiftyToolz"
],
"sources" : [
"BasicTests.swift",
"CustomObservableTests.swift",
"ObservableTransformTests.swift",
"ObservationTransformTests.swift",
"VariableTests.swift"
],
"target_dependencies" : [
"SwiftObserver"
],
"type" : "test"
},
{
"c99name" : "SwiftObserver",
"module_type" : "SwiftTarget",
"name" : "SwiftObserver",
"path" : "Code/SwiftObserver",
"product_dependencies" : [
"SwiftyToolz"
],
"product_memberships" : [
"SwiftObserver",
"CombineObserver"
],
"sources" : [
"AnyAuthor.swift",
"Connection.swift",
"ObservableObject/Messenger.swift",
"ObservableObject/ObservableCache.swift",
"ObservableObject/ObservableObject+StopObservation.swift",
"ObservableObject/ObservableObject.swift",
"ObservableObject/ReceiverPool.swift",
"ObservableObject/Update.swift",
"Observer/ObservableObject+Observer.swift",
"Observer/Observer.swift",
"Observer/Receiver.swift",
"Transforms/ObservableTransforms/AuthorFilter.swift",
"Transforms/ObservableTransforms/Cache.swift",
"Transforms/ObservableTransforms/CacheOnOptionalMessage.swift",
"Transforms/ObservableTransforms/Filter.swift",
"Transforms/ObservableTransforms/Mapper+Cache.swift",
"Transforms/ObservableTransforms/Mapper.swift",
"Transforms/ObservableTransforms/ObservableObject+Transforms/ObservableObject+Cache.swift",
"Transforms/ObservableTransforms/ObservableObject+Transforms/ObservableObject+Filter.swift",
"Transforms/ObservableTransforms/ObservableObject+Transforms/ObservableObject+FilterAuthor.swift",
"Transforms/ObservableTransforms/ObservableObject+Transforms/ObservableObject+From.swift",
"Transforms/ObservableTransforms/ObservableObject+Transforms/ObservableObject+Map.swift",
"Transforms/ObservableTransforms/ObservableObject+Transforms/ObservableObject+New.swift",
"Transforms/ObservableTransforms/ObservableObject+Transforms/ObservableObject+NotFrom.swift",
"Transforms/ObservableTransforms/ObservableObject+Transforms/ObservableObject+Select.swift",
"Transforms/ObservableTransforms/ObservableObject+Transforms/ObservableObject+Unwrap.swift",
"Transforms/ObservableTransforms/ObservableObject+Transforms/ObservableObject+UnwrapWithDefault.swift",
"Transforms/ObservableTransforms/ObservableObject+Transforms/ObservableObject+Weak.swift",
"Transforms/ObservableTransforms/Unwrapper.swift",
"Transforms/ObservableTransforms/Weak.swift",
"Transforms/ObservationTransforms/ObservationTransformer+Transforms/ObservationTransformer+Filter.swift",
"Transforms/ObservationTransforms/ObservationTransformer+Transforms/ObservationTransformer+FilterAuthor.swift",
"Transforms/ObservationTransforms/ObservationTransformer+Transforms/ObservationTransformer+From.swift",
"Transforms/ObservationTransforms/ObservationTransformer+Transforms/ObservationTransformer+Map.swift",
"Transforms/ObservationTransforms/ObservationTransformer+Transforms/ObservationTransformer+New.swift",
"Transforms/ObservationTransforms/ObservationTransformer+Transforms/ObservationTransformer+NotFrom.swift",
"Transforms/ObservationTransforms/ObservationTransformer+Transforms/ObservationTransformer+Select.swift",
"Transforms/ObservationTransforms/ObservationTransformer+Transforms/ObservationTransformer+Unwrap.swift",
"Transforms/ObservationTransforms/ObservationTransformer+Transforms/ObservationTransformer+UnwrapWithDefault.swift",
"Transforms/ObservationTransforms/ObservationTransformer.swift",
"Transforms/ObservationTransforms/Observer+ObservationTransformer.swift",
"Variable/Variable+Comparable.swift",
"Variable/Variable+ObservableCache.swift",
"Variable/Variable+PropertyWrapper.swift",
"Variable/Variable+ValueAssignment.swift",
"Variable/Variable.swift"
],
"type" : "library"
},
{
"c99name" : "CombineObserverTests",
"module_type" : "SwiftTarget",
"name" : "CombineObserverTests",
"path" : "Tests/CombineObserverTests",
"product_dependencies" : [
"SwiftyToolz"
],
"sources" : [
"CombineObserverTests.swift"
],
"target_dependencies" : [
"CombineObserver",
"SwiftObserver"
],
"type" : "test"
},
{
"c99name" : "CombineObserver",
"module_type" : "SwiftTarget",
"name" : "CombineObserver",
"path" : "Code/CombineObserver",
"product_dependencies" : [
"SwiftyToolz"
],
"product_memberships" : [
"CombineObserver"
],
"sources" : [
"SwiftObserver+Combine.swift"
],
"target_dependencies" : [
"SwiftObserver"
],
"type" : "library"
}
],
"tools_version" : "5.6"
}
{
"workspace" : {
"name" : "spi-builder-workspace",
"schemes" : [
"CombineObserver",
"SwiftObserver",
"SwiftObserver-Package"
]
}
}
2026-07-22 05:47:08.097 xcodebuild[751:4686] [MT] IDERunDestination: Supported platforms for the buildables in the current scheme is empty.
Running build ...
env DEVELOPER_DIR=/Applications/Xcode-26.4.0.app xcrun xcodebuild -IDEClonedSourcePackagesDirPathOverride=$PWD/.dependencies -skipMacroValidation -skipPackagePluginValidation -derivedDataPath $PWD/.derivedData build -scheme SwiftObserver-Package -destination generic/platform=tvOS
Command line invocation:
/Applications/Xcode-26.4.0.app/Contents/Developer/usr/bin/xcodebuild -IDEClonedSourcePackagesDirPathOverride=/Users/admin/builder/spi-builder-workspace/.dependencies -skipMacroValidation -skipPackagePluginValidation -derivedDataPath /Users/admin/builder/spi-builder-workspace/.derivedData build -scheme SwiftObserver-Package -destination generic/platform=tvOS
Resolve Package Graph
Resolve Package Graph
Resolved source packages:
SwiftObserver: /Users/admin/builder/spi-builder-workspace
SwiftyToolz: https://github.com/nohype-ai/SwiftyToolz.git @ 0.5.8
ComputePackagePrebuildTargetDependencyGraph
Prepare packages
CreateBuildRequest
SendProjectDescription
CreateBuildOperation
ComputeTargetDependencyGraph
note: Building targets in dependency order
note: Target dependency graph (6 targets)
Target 'SwiftObserver' in project 'SwiftObserver'
➜ Explicit dependency on target 'SwiftObserver' in project 'SwiftObserver'
➜ Explicit dependency on target 'SwiftyToolz' in project 'SwiftyToolz'
Target 'CombineObserver' in project 'SwiftObserver'
➜ Explicit dependency on target 'CombineObserver' in project 'SwiftObserver'
➜ Explicit dependency on target 'SwiftObserver' in project 'SwiftObserver'
➜ Explicit dependency on target 'SwiftyToolz' in project 'SwiftyToolz'
Target 'CombineObserver' in project 'SwiftObserver'
➜ Explicit dependency on target 'SwiftObserver' in project 'SwiftObserver'
➜ Explicit dependency on target 'SwiftyToolz' in project 'SwiftyToolz'
Target 'SwiftObserver' in project 'SwiftObserver'
➜ Explicit dependency on target 'SwiftyToolz' in project 'SwiftyToolz'
Target 'SwiftyToolz' in project 'SwiftyToolz'
➜ Explicit dependency on target 'SwiftyToolz' in project 'SwiftyToolz'
Target 'SwiftyToolz' in project 'SwiftyToolz' (no dependencies)
GatherProvisioningInputs
CreateBuildDescription
ExecuteExternalTool /Applications/Xcode-26.4.0.app/Contents/Developer/Toolchains/XcodeDefault.xctoolchain/usr/bin/swiftc --version
ExecuteExternalTool /Applications/Xcode-26.4.0.app/Contents/Developer/Toolchains/XcodeDefault.xctoolchain/usr/bin/clang -v -E -dM -isysroot /Applications/Xcode-26.4.0.app/Contents/Developer/Platforms/AppleTVOS.platform/Developer/SDKs/AppleTVOS26.4.sdk -x c -c /dev/null
ExecuteExternalTool /Applications/Xcode-26.4.0.app/Contents/Developer/Toolchains/XcodeDefault.xctoolchain/usr/bin/ld -version_details
Build description signature: 917206cf17c35b9411df3554ea4f8cf8
Build description path: /Users/admin/builder/spi-builder-workspace/.derivedData/Build/Intermediates.noindex/XCBuildData/917206cf17c35b9411df3554ea4f8cf8.xcbuilddata
ClangStatCache /Applications/Xcode-26.4.0.app/Contents/Developer/Toolchains/XcodeDefault.xctoolchain/usr/bin/clang-stat-cache /Applications/Xcode-26.4.0.app/Contents/Developer/Platforms/AppleTVOS.platform/Developer/SDKs/AppleTVOS26.4.sdk /Users/admin/builder/spi-builder-workspace/.derivedData/SDKStatCaches.noindex/appletvos26.4-23L236-688ef53f1462e2c8f657fdc38a81448fe9417fc108aa677fd4261ecaa021a5e7.sdkstatcache
cd /Users/admin/builder/spi-builder-workspace/.swiftpm/xcode
/Applications/Xcode-26.4.0.app/Contents/Developer/Toolchains/XcodeDefault.xctoolchain/usr/bin/clang-stat-cache /Applications/Xcode-26.4.0.app/Contents/Developer/Platforms/AppleTVOS.platform/Developer/SDKs/AppleTVOS26.4.sdk -o /Users/admin/builder/spi-builder-workspace/.derivedData/SDKStatCaches.noindex/appletvos26.4-23L236-688ef53f1462e2c8f657fdc38a81448fe9417fc108aa677fd4261ecaa021a5e7.sdkstatcache
CreateBuildDirectory /Users/admin/builder/spi-builder-workspace/.derivedData/Build/Products
cd /Users/admin/builder/spi-builder-workspace/.swiftpm/xcode
builtin-create-build-directory /Users/admin/builder/spi-builder-workspace/.derivedData/Build/Products
CreateBuildDirectory /Users/admin/builder/spi-builder-workspace/.derivedData/Build/Intermediates.noindex
cd /Users/admin/builder/spi-builder-workspace/.swiftpm/xcode
builtin-create-build-directory /Users/admin/builder/spi-builder-workspace/.derivedData/Build/Intermediates.noindex
CreateBuildDirectory /Users/admin/builder/spi-builder-workspace/.derivedData/Build/Intermediates.noindex/ExplicitPrecompiledModules
cd /Users/admin/builder/spi-builder-workspace/.swiftpm/xcode
builtin-create-build-directory /Users/admin/builder/spi-builder-workspace/.derivedData/Build/Intermediates.noindex/ExplicitPrecompiledModules
CreateBuildDirectory /Users/admin/builder/spi-builder-workspace/.derivedData/Build/Intermediates.noindex/SwiftExplicitPrecompiledModules
cd /Users/admin/builder/spi-builder-workspace/.swiftpm/xcode
builtin-create-build-directory /Users/admin/builder/spi-builder-workspace/.derivedData/Build/Intermediates.noindex/SwiftExplicitPrecompiledModules
CreateBuildDirectory /Users/admin/builder/spi-builder-workspace/.derivedData/Build/Products/Debug-appletvos
cd /Users/admin/builder/spi-builder-workspace/.swiftpm/xcode
builtin-create-build-directory /Users/admin/builder/spi-builder-workspace/.derivedData/Build/Products/Debug-appletvos
CreateBuildDirectory /Users/admin/builder/spi-builder-workspace/.derivedData/Build/Intermediates.noindex/EagerLinkingTBDs/Debug-appletvos
cd /Users/admin/builder/spi-builder-workspace/.swiftpm/xcode
builtin-create-build-directory /Users/admin/builder/spi-builder-workspace/.derivedData/Build/Intermediates.noindex/EagerLinkingTBDs/Debug-appletvos
CreateBuildDirectory /Users/admin/builder/spi-builder-workspace/.derivedData/Build/Products/Debug-appletvos/PackageFrameworks
cd /Users/admin/builder/spi-builder-workspace/.swiftpm/xcode
builtin-create-build-directory /Users/admin/builder/spi-builder-workspace/.derivedData/Build/Products/Debug-appletvos/PackageFrameworks
WriteAuxiliaryFile /Users/admin/builder/spi-builder-workspace/.derivedData/Build/Intermediates.noindex/SwiftyToolz.build/Debug-appletvos/SwiftyToolz.build/SwiftyToolz.modulemap (in target 'SwiftyToolz' from project 'SwiftyToolz')
cd /Users/admin/builder/spi-builder-workspace/.dependencies/checkouts/SwiftyToolz
write-file /Users/admin/builder/spi-builder-workspace/.derivedData/Build/Intermediates.noindex/SwiftyToolz.build/Debug-appletvos/SwiftyToolz.build/SwiftyToolz.modulemap
WriteAuxiliaryFile /Users/admin/builder/spi-builder-workspace/.derivedData/Build/Intermediates.noindex/SwiftyToolz.build/Debug-appletvos/SwiftyToolz.build/SwiftyToolz.DependencyStaticMetadataFileList (in target 'SwiftyToolz' from project 'SwiftyToolz')
cd /Users/admin/builder/spi-builder-workspace/.dependencies/checkouts/SwiftyToolz
write-file /Users/admin/builder/spi-builder-workspace/.derivedData/Build/Intermediates.noindex/SwiftyToolz.build/Debug-appletvos/SwiftyToolz.build/SwiftyToolz.DependencyStaticMetadataFileList
WriteAuxiliaryFile /Users/admin/builder/spi-builder-workspace/.derivedData/Build/Intermediates.noindex/SwiftyToolz.build/Debug-appletvos/SwiftyToolz.build/SwiftyToolz.DependencyMetadataFileList (in target 'SwiftyToolz' from project 'SwiftyToolz')
cd /Users/admin/builder/spi-builder-workspace/.dependencies/checkouts/SwiftyToolz
write-file /Users/admin/builder/spi-builder-workspace/.derivedData/Build/Intermediates.noindex/SwiftyToolz.build/Debug-appletvos/SwiftyToolz.build/SwiftyToolz.DependencyMetadataFileList
WriteAuxiliaryFile /Users/admin/builder/spi-builder-workspace/.derivedData/Build/Intermediates.noindex/SwiftyToolz.build/Debug-appletvos/SwiftyToolz.build/Objects-normal/arm64/SwiftyToolz-OutputFileMap.json (in target 'SwiftyToolz' from project 'SwiftyToolz')
cd /Users/admin/builder/spi-builder-workspace/.dependencies/checkouts/SwiftyToolz
write-file /Users/admin/builder/spi-builder-workspace/.derivedData/Build/Intermediates.noindex/SwiftyToolz.build/Debug-appletvos/SwiftyToolz.build/Objects-normal/arm64/SwiftyToolz-OutputFileMap.json
WriteAuxiliaryFile /Users/admin/builder/spi-builder-workspace/.derivedData/Build/Intermediates.noindex/SwiftyToolz.build/Debug-appletvos/SwiftyToolz.build/Objects-normal/arm64/SwiftyToolz_const_extract_protocols.json (in target 'SwiftyToolz' from project 'SwiftyToolz')
cd /Users/admin/builder/spi-builder-workspace/.dependencies/checkouts/SwiftyToolz
write-file /Users/admin/builder/spi-builder-workspace/.derivedData/Build/Intermediates.noindex/SwiftyToolz.build/Debug-appletvos/SwiftyToolz.build/Objects-normal/arm64/SwiftyToolz_const_extract_protocols.json
WriteAuxiliaryFile /Users/admin/builder/spi-builder-workspace/.derivedData/Build/Intermediates.noindex/SwiftyToolz.build/Debug-appletvos/SwiftyToolz.build/Objects-normal/arm64/SwiftyToolz.SwiftConstValuesFileList (in target 'SwiftyToolz' from project 'SwiftyToolz')
cd /Users/admin/builder/spi-builder-workspace/.dependencies/checkouts/SwiftyToolz
write-file /Users/admin/builder/spi-builder-workspace/.derivedData/Build/Intermediates.noindex/SwiftyToolz.build/Debug-appletvos/SwiftyToolz.build/Objects-normal/arm64/SwiftyToolz.SwiftConstValuesFileList
WriteAuxiliaryFile /Users/admin/builder/spi-builder-workspace/.derivedData/Build/Intermediates.noindex/SwiftyToolz.build/Debug-appletvos/SwiftyToolz.build/Objects-normal/arm64/SwiftyToolz.SwiftFileList (in target 'SwiftyToolz' from project 'SwiftyToolz')
cd /Users/admin/builder/spi-builder-workspace/.dependencies/checkouts/SwiftyToolz
write-file /Users/admin/builder/spi-builder-workspace/.derivedData/Build/Intermediates.noindex/SwiftyToolz.build/Debug-appletvos/SwiftyToolz.build/Objects-normal/arm64/SwiftyToolz.SwiftFileList
WriteAuxiliaryFile /Users/admin/builder/spi-builder-workspace/.derivedData/Build/Intermediates.noindex/SwiftyToolz.build/Debug-appletvos/SwiftyToolz.build/Objects-normal/arm64/SwiftyToolz.LinkFileList (in target 'SwiftyToolz' from project 'SwiftyToolz')
cd /Users/admin/builder/spi-builder-workspace/.dependencies/checkouts/SwiftyToolz
write-file /Users/admin/builder/spi-builder-workspace/.derivedData/Build/Intermediates.noindex/SwiftyToolz.build/Debug-appletvos/SwiftyToolz.build/Objects-normal/arm64/SwiftyToolz.LinkFileList
WriteAuxiliaryFile /Users/admin/builder/spi-builder-workspace/.derivedData/Build/Intermediates.noindex/SwiftObserver.build/Debug-appletvos/SwiftObserver.build/SwiftObserver.modulemap (in target 'SwiftObserver' from project 'SwiftObserver')
cd /Users/admin/builder/spi-builder-workspace
write-file /Users/admin/builder/spi-builder-workspace/.derivedData/Build/Intermediates.noindex/SwiftObserver.build/Debug-appletvos/SwiftObserver.build/SwiftObserver.modulemap
WriteAuxiliaryFile /Users/admin/builder/spi-builder-workspace/.derivedData/Build/Intermediates.noindex/SwiftObserver.build/Debug-appletvos/SwiftObserver.build/SwiftObserver.DependencyStaticMetadataFileList (in target 'SwiftObserver' from project 'SwiftObserver')
cd /Users/admin/builder/spi-builder-workspace
write-file /Users/admin/builder/spi-builder-workspace/.derivedData/Build/Intermediates.noindex/SwiftObserver.build/Debug-appletvos/SwiftObserver.build/SwiftObserver.DependencyStaticMetadataFileList
WriteAuxiliaryFile /Users/admin/builder/spi-builder-workspace/.derivedData/Build/Intermediates.noindex/SwiftObserver.build/Debug-appletvos/SwiftObserver.build/SwiftObserver.DependencyMetadataFileList (in target 'SwiftObserver' from project 'SwiftObserver')
cd /Users/admin/builder/spi-builder-workspace
write-file /Users/admin/builder/spi-builder-workspace/.derivedData/Build/Intermediates.noindex/SwiftObserver.build/Debug-appletvos/SwiftObserver.build/SwiftObserver.DependencyMetadataFileList
WriteAuxiliaryFile /Users/admin/builder/spi-builder-workspace/.derivedData/Build/Intermediates.noindex/SwiftObserver.build/Debug-appletvos/SwiftObserver.build/Objects-normal/arm64/SwiftObserver_const_extract_protocols.json (in target 'SwiftObserver' from project 'SwiftObserver')
cd /Users/admin/builder/spi-builder-workspace
write-file /Users/admin/builder/spi-builder-workspace/.derivedData/Build/Intermediates.noindex/SwiftObserver.build/Debug-appletvos/SwiftObserver.build/Objects-normal/arm64/SwiftObserver_const_extract_protocols.json
WriteAuxiliaryFile /Users/admin/builder/spi-builder-workspace/.derivedData/Build/Intermediates.noindex/SwiftObserver.build/Debug-appletvos/SwiftObserver.build/Objects-normal/arm64/SwiftObserver.SwiftFileList (in target 'SwiftObserver' from project 'SwiftObserver')
cd /Users/admin/builder/spi-builder-workspace
write-file /Users/admin/builder/spi-builder-workspace/.derivedData/Build/Intermediates.noindex/SwiftObserver.build/Debug-appletvos/SwiftObserver.build/Objects-normal/arm64/SwiftObserver.SwiftFileList
Copy /Users/admin/builder/spi-builder-workspace/.derivedData/Build/Intermediates.noindex/GeneratedModuleMaps-appletvos/SwiftyToolz.modulemap /Users/admin/builder/spi-builder-workspace/.derivedData/Build/Intermediates.noindex/SwiftyToolz.build/Debug-appletvos/SwiftyToolz.build/SwiftyToolz.modulemap (in target 'SwiftyToolz' from project 'SwiftyToolz')
cd /Users/admin/builder/spi-builder-workspace/.dependencies/checkouts/SwiftyToolz
builtin-copy -exclude .DS_Store -exclude CVS -exclude .svn -exclude .git -exclude .hg -resolve-src-symlinks /Users/admin/builder/spi-builder-workspace/.derivedData/Build/Intermediates.noindex/SwiftyToolz.build/Debug-appletvos/SwiftyToolz.build/SwiftyToolz.modulemap /Users/admin/builder/spi-builder-workspace/.derivedData/Build/Intermediates.noindex/GeneratedModuleMaps-appletvos
WriteAuxiliaryFile /Users/admin/builder/spi-builder-workspace/.derivedData/Build/Intermediates.noindex/SwiftObserver.build/Debug-appletvos/SwiftObserver.build/Objects-normal/arm64/SwiftObserver.SwiftConstValuesFileList (in target 'SwiftObserver' from project 'SwiftObserver')
cd /Users/admin/builder/spi-builder-workspace
write-file /Users/admin/builder/spi-builder-workspace/.derivedData/Build/Intermediates.noindex/SwiftObserver.build/Debug-appletvos/SwiftObserver.build/Objects-normal/arm64/SwiftObserver.SwiftConstValuesFileList
WriteAuxiliaryFile /Users/admin/builder/spi-builder-workspace/.derivedData/Build/Intermediates.noindex/SwiftObserver.build/Debug-appletvos/SwiftObserver.build/Objects-normal/arm64/SwiftObserver.LinkFileList (in target 'SwiftObserver' from project 'SwiftObserver')
cd /Users/admin/builder/spi-builder-workspace
write-file /Users/admin/builder/spi-builder-workspace/.derivedData/Build/Intermediates.noindex/SwiftObserver.build/Debug-appletvos/SwiftObserver.build/Objects-normal/arm64/SwiftObserver.LinkFileList
WriteAuxiliaryFile /Users/admin/builder/spi-builder-workspace/.derivedData/Build/Intermediates.noindex/SwiftObserver.build/Debug-appletvos/SwiftObserver.build/Objects-normal/arm64/SwiftObserver-OutputFileMap.json (in target 'SwiftObserver' from project 'SwiftObserver')
cd /Users/admin/builder/spi-builder-workspace
write-file /Users/admin/builder/spi-builder-workspace/.derivedData/Build/Intermediates.noindex/SwiftObserver.build/Debug-appletvos/SwiftObserver.build/Objects-normal/arm64/SwiftObserver-OutputFileMap.json
WriteAuxiliaryFile /Users/admin/builder/spi-builder-workspace/.derivedData/Build/Intermediates.noindex/SwiftObserver.build/Debug-appletvos/CombineObserver.build/Objects-normal/arm64/CombineObserver_const_extract_protocols.json (in target 'CombineObserver' from project 'SwiftObserver')
cd /Users/admin/builder/spi-builder-workspace
write-file /Users/admin/builder/spi-builder-workspace/.derivedData/Build/Intermediates.noindex/SwiftObserver.build/Debug-appletvos/CombineObserver.build/Objects-normal/arm64/CombineObserver_const_extract_protocols.json
Copy /Users/admin/builder/spi-builder-workspace/.derivedData/Build/Intermediates.noindex/GeneratedModuleMaps-appletvos/SwiftObserver.modulemap /Users/admin/builder/spi-builder-workspace/.derivedData/Build/Intermediates.noindex/SwiftObserver.build/Debug-appletvos/SwiftObserver.build/SwiftObserver.modulemap (in target 'SwiftObserver' from project 'SwiftObserver')
cd /Users/admin/builder/spi-builder-workspace
builtin-copy -exclude .DS_Store -exclude CVS -exclude .svn -exclude .git -exclude .hg -resolve-src-symlinks /Users/admin/builder/spi-builder-workspace/.derivedData/Build/Intermediates.noindex/SwiftObserver.build/Debug-appletvos/SwiftObserver.build/SwiftObserver.modulemap /Users/admin/builder/spi-builder-workspace/.derivedData/Build/Intermediates.noindex/GeneratedModuleMaps-appletvos
WriteAuxiliaryFile /Users/admin/builder/spi-builder-workspace/.derivedData/Build/Intermediates.noindex/SwiftObserver.build/Debug-appletvos/CombineObserver.build/Objects-normal/arm64/CombineObserver.SwiftFileList (in target 'CombineObserver' from project 'SwiftObserver')
cd /Users/admin/builder/spi-builder-workspace
write-file /Users/admin/builder/spi-builder-workspace/.derivedData/Build/Intermediates.noindex/SwiftObserver.build/Debug-appletvos/CombineObserver.build/Objects-normal/arm64/CombineObserver.SwiftFileList
WriteAuxiliaryFile /Users/admin/builder/spi-builder-workspace/.derivedData/Build/Intermediates.noindex/SwiftObserver.build/Debug-appletvos/CombineObserver.build/Objects-normal/arm64/CombineObserver.SwiftConstValuesFileList (in target 'CombineObserver' from project 'SwiftObserver')
cd /Users/admin/builder/spi-builder-workspace
write-file /Users/admin/builder/spi-builder-workspace/.derivedData/Build/Intermediates.noindex/SwiftObserver.build/Debug-appletvos/CombineObserver.build/Objects-normal/arm64/CombineObserver.SwiftConstValuesFileList
WriteAuxiliaryFile /Users/admin/builder/spi-builder-workspace/.derivedData/Build/Intermediates.noindex/SwiftObserver.build/Debug-appletvos/CombineObserver.build/Objects-normal/arm64/CombineObserver.LinkFileList (in target 'CombineObserver' from project 'SwiftObserver')
cd /Users/admin/builder/spi-builder-workspace
write-file /Users/admin/builder/spi-builder-workspace/.derivedData/Build/Intermediates.noindex/SwiftObserver.build/Debug-appletvos/CombineObserver.build/Objects-normal/arm64/CombineObserver.LinkFileList
WriteAuxiliaryFile /Users/admin/builder/spi-builder-workspace/.derivedData/Build/Intermediates.noindex/SwiftObserver.build/Debug-appletvos/CombineObserver.build/Objects-normal/arm64/CombineObserver-OutputFileMap.json (in target 'CombineObserver' from project 'SwiftObserver')
cd /Users/admin/builder/spi-builder-workspace
write-file /Users/admin/builder/spi-builder-workspace/.derivedData/Build/Intermediates.noindex/SwiftObserver.build/Debug-appletvos/CombineObserver.build/Objects-normal/arm64/CombineObserver-OutputFileMap.json
WriteAuxiliaryFile /Users/admin/builder/spi-builder-workspace/.derivedData/Build/Intermediates.noindex/SwiftObserver.build/Debug-appletvos/CombineObserver.build/CombineObserver.modulemap (in target 'CombineObserver' from project 'SwiftObserver')
cd /Users/admin/builder/spi-builder-workspace
write-file /Users/admin/builder/spi-builder-workspace/.derivedData/Build/Intermediates.noindex/SwiftObserver.build/Debug-appletvos/CombineObserver.build/CombineObserver.modulemap
WriteAuxiliaryFile /Users/admin/builder/spi-builder-workspace/.derivedData/Build/Intermediates.noindex/SwiftObserver.build/Debug-appletvos/CombineObserver.build/CombineObserver.DependencyStaticMetadataFileList (in target 'CombineObserver' from project 'SwiftObserver')
cd /Users/admin/builder/spi-builder-workspace
write-file /Users/admin/builder/spi-builder-workspace/.derivedData/Build/Intermediates.noindex/SwiftObserver.build/Debug-appletvos/CombineObserver.build/CombineObserver.DependencyStaticMetadataFileList
WriteAuxiliaryFile /Users/admin/builder/spi-builder-workspace/.derivedData/Build/Intermediates.noindex/SwiftObserver.build/Debug-appletvos/CombineObserver.build/CombineObserver.DependencyMetadataFileList (in target 'CombineObserver' from project 'SwiftObserver')
cd /Users/admin/builder/spi-builder-workspace
write-file /Users/admin/builder/spi-builder-workspace/.derivedData/Build/Intermediates.noindex/SwiftObserver.build/Debug-appletvos/CombineObserver.build/CombineObserver.DependencyMetadataFileList
Copy /Users/admin/builder/spi-builder-workspace/.derivedData/Build/Intermediates.noindex/GeneratedModuleMaps-appletvos/CombineObserver.modulemap /Users/admin/builder/spi-builder-workspace/.derivedData/Build/Intermediates.noindex/SwiftObserver.build/Debug-appletvos/CombineObserver.build/CombineObserver.modulemap (in target 'CombineObserver' from project 'SwiftObserver')
cd /Users/admin/builder/spi-builder-workspace
builtin-copy -exclude .DS_Store -exclude CVS -exclude .svn -exclude .git -exclude .hg -resolve-src-symlinks /Users/admin/builder/spi-builder-workspace/.derivedData/Build/Intermediates.noindex/SwiftObserver.build/Debug-appletvos/CombineObserver.build/CombineObserver.modulemap /Users/admin/builder/spi-builder-workspace/.derivedData/Build/Intermediates.noindex/GeneratedModuleMaps-appletvos
SwiftDriver SwiftyToolz normal arm64 com.apple.xcode.tools.swift.compiler (in target 'SwiftyToolz' from project 'SwiftyToolz')
cd /Users/admin/builder/spi-builder-workspace/.swiftpm/xcode
builtin-SwiftDriver -- /Applications/Xcode-26.4.0.app/Contents/Developer/Toolchains/XcodeDefault.xctoolchain/usr/bin/swiftc -module-name SwiftyToolz -Onone @/Users/admin/builder/spi-builder-workspace/.derivedData/Build/Intermediates.noindex/SwiftyToolz.build/Debug-appletvos/SwiftyToolz.build/Objects-normal/arm64/SwiftyToolz.SwiftFileList -DSWIFT_PACKAGE -DDEBUG -DSWIFT_MODULE_RESOURCE_BUNDLE_UNAVAILABLE -DXcode -plugin-path /Applications/Xcode-26.4.0.app/Contents/Developer/Toolchains/XcodeDefault.xctoolchain/usr/lib/swift/host/plugins/testing -enable-experimental-feature DebugDescriptionMacro -sdk /Applications/Xcode-26.4.0.app/Contents/Developer/Platforms/AppleTVOS.platform/Developer/SDKs/AppleTVOS26.4.sdk -target arm64-apple-tvos12.0 -g -module-cache-path /Users/admin/builder/spi-builder-workspace/.derivedData/ModuleCache.noindex -Xfrontend -serialize-debugging-options -profile-coverage-mapping -profile-generate -enable-testing -suppress-warnings -index-store-path /Users/admin/builder/spi-builder-workspace/.derivedData/Index.noindex/DataStore -Xcc -D_LIBCPP_HARDENING_MODE\=_LIBCPP_HARDENING_MODE_DEBUG -swift-version 6 -I /Users/admin/builder/spi-builder-workspace/.derivedData/Build/Products/Debug-appletvos -Isystem /Applications/Xcode-26.4.0.app/Contents/Developer/Platforms/AppleTVOS.platform/Developer/usr/lib -F /Users/admin/builder/spi-builder-workspace/.derivedData/Build/Products/Debug-appletvos -F /Applications/Xcode-26.4.0.app/Contents/Developer/Platforms/AppleTVOS.platform/Developer/Library/Frameworks -F /Applications/Xcode-26.4.0.app/Contents/Developer/Platforms/AppleTVOS.platform/Developer/SDKs/AppleTVOS26.4.sdk/Developer/Library/Frameworks -c -j10 -enable-batch-mode -incremental -Xcc -ivfsstatcache -Xcc /Users/admin/builder/spi-builder-workspace/.derivedData/SDKStatCaches.noindex/appletvos26.4-23L236-688ef53f1462e2c8f657fdc38a81448fe9417fc108aa677fd4261ecaa021a5e7.sdkstatcache -output-file-map /Users/admin/builder/spi-builder-workspace/.derivedData/Build/Intermediates.noindex/SwiftyToolz.build/Debug-appletvos/SwiftyToolz.build/Objects-normal/arm64/SwiftyToolz-OutputFileMap.json -use-frontend-parseable-output -save-temps -no-color-diagnostics -explicit-module-build -module-cache-path /Users/admin/builder/spi-builder-workspace/.derivedData/Build/Intermediates.noindex/SwiftExplicitPrecompiledModules -clang-scanner-module-cache-path /Users/admin/builder/spi-builder-workspace/.derivedData/ModuleCache.noindex -sdk-module-cache-path /Users/admin/builder/spi-builder-workspace/.derivedData/ModuleCache.noindex -serialize-diagnostics -emit-dependencies -emit-module -emit-module-path /Users/admin/builder/spi-builder-workspace/.derivedData/Build/Intermediates.noindex/SwiftyToolz.build/Debug-appletvos/SwiftyToolz.build/Objects-normal/arm64/SwiftyToolz.swiftmodule -user-module-version 0.5.8 -validate-clang-modules-once -clang-build-session-file /Users/admin/builder/spi-builder-workspace/.derivedData/ModuleCache.noindex/Session.modulevalidation -package-name swiftytoolz -Xcc -I/Users/admin/builder/spi-builder-workspace/.derivedData/Build/Intermediates.noindex/SwiftyToolz.build/Debug-appletvos/SwiftyToolz.build/swift-overrides.hmap -emit-const-values -Xfrontend -const-gather-protocols-file -Xfrontend /Users/admin/builder/spi-builder-workspace/.derivedData/Build/Intermediates.noindex/SwiftyToolz.build/Debug-appletvos/SwiftyToolz.build/Objects-normal/arm64/SwiftyToolz_const_extract_protocols.json -Xcc -I/Users/admin/builder/spi-builder-workspace/.derivedData/Build/Products/Debug-appletvos/include -Xcc -I/Users/admin/builder/spi-builder-workspace/.derivedData/Build/Intermediates.noindex/SwiftyToolz.build/Debug-appletvos/SwiftyToolz.build/DerivedSources-normal/arm64 -Xcc -I/Users/admin/builder/spi-builder-workspace/.derivedData/Build/Intermediates.noindex/SwiftyToolz.build/Debug-appletvos/SwiftyToolz.build/DerivedSources/arm64 -Xcc -I/Users/admin/builder/spi-builder-workspace/.derivedData/Build/Intermediates.noindex/SwiftyToolz.build/Debug-appletvos/SwiftyToolz.build/DerivedSources -Xcc -DSWIFT_PACKAGE -Xcc -DDEBUG\=1 -emit-objc-header -emit-objc-header-path /Users/admin/builder/spi-builder-workspace/.derivedData/Build/Intermediates.noindex/SwiftyToolz.build/Debug-appletvos/SwiftyToolz.build/Objects-normal/arm64/SwiftyToolz-Swift.h -working-directory /Users/admin/builder/spi-builder-workspace/.swiftpm/xcode -experimental-emit-module-separately -disable-cmo
SwiftExplicitDependencyGeneratePcm arm64 /Users/admin/builder/spi-builder-workspace/.derivedData/ModuleCache.noindex/_Builtin_stddef-BZO0N6E0DIXHZYNQ4S8EZ7EDL.pcm
SwiftExplicitDependencyGeneratePcm arm64 /Users/admin/builder/spi-builder-workspace/.derivedData/ModuleCache.noindex/_Builtin_stdarg-3KWPF1V25TACG1K3ZQBSH88O6.pcm
SwiftExplicitDependencyGeneratePcm arm64 /Users/admin/builder/spi-builder-workspace/.derivedData/ModuleCache.noindex/_SwiftConcurrencyShims-1I7I9RFLZZYCUO3TPLS4U805X.pcm
SwiftExplicitDependencyGeneratePcm arm64 /Users/admin/builder/spi-builder-workspace/.derivedData/ModuleCache.noindex/_AvailabilityInternal-2ERXFBA9JY7AMMKY8VA4HWPMN.pcm
SwiftExplicitDependencyGeneratePcm arm64 /Users/admin/builder/spi-builder-workspace/.derivedData/ModuleCache.noindex/SwiftShims-C8QKBRC8FEWLEQZYK4B7DE50J.pcm
SwiftExplicitDependencyGeneratePcm arm64 /Users/admin/builder/spi-builder-workspace/.derivedData/ModuleCache.noindex/_Builtin_float-8P5G6DEEPG56ZYUKMYHMN3RE1.pcm
SwiftExplicitDependencyGeneratePcm arm64 /Users/admin/builder/spi-builder-workspace/.derivedData/ModuleCache.noindex/_Builtin_stdbool-2HYNKNS3I0KIM31LWB1MT4JSR.pcm
SwiftExplicitDependencyGeneratePcm arm64 /Users/admin/builder/spi-builder-workspace/.derivedData/ModuleCache.noindex/ptrcheck-6YUZKR4MV7T2QFLE4Q48OP5H2.pcm
SwiftExplicitDependencyGeneratePcm arm64 /Users/admin/builder/spi-builder-workspace/.derivedData/ModuleCache.noindex/_DarwinFoundation1-BS1SXL224UKZLY0BZCZGXSPY2.pcm
SwiftExplicitDependencyGeneratePcm arm64 /Users/admin/builder/spi-builder-workspace/.derivedData/ModuleCache.noindex/_Builtin_limits-C3APVXRMKC1TL26H5OI6RFWKI.pcm
SwiftExplicitDependencyGeneratePcm arm64 /Users/admin/builder/spi-builder-workspace/.derivedData/ModuleCache.noindex/_DarwinFoundation2-AHTQ2Z4LJMUBWM4FTN7VFGCFE.pcm
SwiftExplicitDependencyGeneratePcm arm64 /Users/admin/builder/spi-builder-workspace/.derivedData/ModuleCache.noindex/_Builtin_stdint-904ZPNR3NXQN0C6LOE65GKG9O.pcm
SwiftExplicitDependencyGeneratePcm arm64 /Users/admin/builder/spi-builder-workspace/.derivedData/ModuleCache.noindex/sys_types-14C32VGX1D4IWU8QLS276WR4F.pcm
SwiftExplicitDependencyGeneratePcm arm64 /Users/admin/builder/spi-builder-workspace/.derivedData/ModuleCache.noindex/_Builtin_tgmath-DWVAMEMGKAFCY5NXKQCXFM9N5.pcm
SwiftExplicitDependencyGeneratePcm arm64 /Users/admin/builder/spi-builder-workspace/.derivedData/ModuleCache.noindex/_Builtin_intrinsics-AHR6IXDE7UDNPRUTWW3IFW4OS.pcm
SwiftExplicitDependencyGeneratePcm arm64 /Users/admin/builder/spi-builder-workspace/.derivedData/ModuleCache.noindex/_DarwinFoundation3-6TXRXGZJ10UGF87VX48ADDYWW.pcm
SwiftExplicitDependencyGeneratePcm arm64 /Users/admin/builder/spi-builder-workspace/.derivedData/ModuleCache.noindex/_Builtin_inttypes-EL0RWE9MAIYLCMLOT4GISD5SK.pcm
SwiftExplicitDependencyGeneratePcm arm64 /Users/admin/builder/spi-builder-workspace/.derivedData/ModuleCache.noindex/Darwin-4YCIRIE2AAE9KXHT7D5IAT201.pcm
SwiftExplicitDependencyGeneratePcm arm64 /Users/admin/builder/spi-builder-workspace/.derivedData/ModuleCache.noindex/simd-SHDHVS7PZSNYSP1DPIHIIS4U.pcm
SwiftEmitModule normal arm64 Emitting\ module\ for\ SwiftyToolz (in target 'SwiftyToolz' from project 'SwiftyToolz')
EmitSwiftModule normal arm64 (in target 'SwiftyToolz' from project 'SwiftyToolz')
cd /Users/admin/builder/spi-builder-workspace/.swiftpm/xcode
SwiftCompile normal arm64 Compiling\ Font.swift,\ Geometry.swift /Users/admin/builder/spi-builder-workspace/.dependencies/checkouts/SwiftyToolz/Code/UI\ Model\ Elements/Font.swift /Users/admin/builder/spi-builder-workspace/.dependencies/checkouts/SwiftyToolz/Code/UI\ Model\ Elements/Geometry.swift (in target 'SwiftyToolz' from project 'SwiftyToolz')
SwiftCompile normal arm64 /Users/admin/builder/spi-builder-workspace/.dependencies/checkouts/SwiftyToolz/Code/UI\ Model\ Elements/Font.swift (in target 'SwiftyToolz' from project 'SwiftyToolz')
cd /Users/admin/builder/spi-builder-workspace/.swiftpm/xcode
SwiftCompile normal arm64 /Users/admin/builder/spi-builder-workspace/.dependencies/checkouts/SwiftyToolz/Code/UI\ Model\ Elements/Geometry.swift (in target 'SwiftyToolz' from project 'SwiftyToolz')
cd /Users/admin/builder/spi-builder-workspace/.swiftpm/xcode
SwiftCompile normal arm64 Compiling\ Timeout.swift,\ Color.swift /Users/admin/builder/spi-builder-workspace/.dependencies/checkouts/SwiftyToolz/Code/Timeout.swift /Users/admin/builder/spi-builder-workspace/.dependencies/checkouts/SwiftyToolz/Code/UI\ Model\ Elements/Color.swift (in target 'SwiftyToolz' from project 'SwiftyToolz')
SwiftCompile normal arm64 /Users/admin/builder/spi-builder-workspace/.dependencies/checkouts/SwiftyToolz/Code/Timeout.swift (in target 'SwiftyToolz' from project 'SwiftyToolz')
cd /Users/admin/builder/spi-builder-workspace/.swiftpm/xcode
SwiftCompile normal arm64 /Users/admin/builder/spi-builder-workspace/.dependencies/checkouts/SwiftyToolz/Code/UI\ Model\ Elements/Color.swift (in target 'SwiftyToolz' from project 'SwiftyToolz')
cd /Users/admin/builder/spi-builder-workspace/.swiftpm/xcode
SwiftCompile normal arm64 Compiling\ URLString.swift,\ WeakArray.swift /Users/admin/builder/spi-builder-workspace/.dependencies/checkouts/SwiftyToolz/Code/URLString.swift /Users/admin/builder/spi-builder-workspace/.dependencies/checkouts/SwiftyToolz/Code/WeakArray.swift (in target 'SwiftyToolz' from project 'SwiftyToolz')
SwiftCompile normal arm64 /Users/admin/builder/spi-builder-workspace/.dependencies/checkouts/SwiftyToolz/Code/URLString.swift (in target 'SwiftyToolz' from project 'SwiftyToolz')
cd /Users/admin/builder/spi-builder-workspace/.swiftpm/xcode
SwiftCompile normal arm64 /Users/admin/builder/spi-builder-workspace/.dependencies/checkouts/SwiftyToolz/Code/WeakArray.swift (in target 'SwiftyToolz' from project 'SwiftyToolz')
cd /Users/admin/builder/spi-builder-workspace/.swiftpm/xcode
SwiftCompile normal arm64 Compiling\ Set+SwiftyToolz.swift,\ String+SwiftyToolz.swift /Users/admin/builder/spi-builder-workspace/.dependencies/checkouts/SwiftyToolz/Code/Swift+SwiftyToolz/Set+SwiftyToolz.swift /Users/admin/builder/spi-builder-workspace/.dependencies/checkouts/SwiftyToolz/Code/Swift+SwiftyToolz/String+SwiftyToolz.swift (in target 'SwiftyToolz' from project 'SwiftyToolz')
SwiftCompile normal arm64 /Users/admin/builder/spi-builder-workspace/.dependencies/checkouts/SwiftyToolz/Code/Swift+SwiftyToolz/Set+SwiftyToolz.swift (in target 'SwiftyToolz' from project 'SwiftyToolz')
cd /Users/admin/builder/spi-builder-workspace/.swiftpm/xcode
SwiftCompile normal arm64 /Users/admin/builder/spi-builder-workspace/.dependencies/checkouts/SwiftyToolz/Code/Swift+SwiftyToolz/String+SwiftyToolz.swift (in target 'SwiftyToolz' from project 'SwiftyToolz')
cd /Users/admin/builder/spi-builder-workspace/.swiftpm/xcode
SwiftCompile normal arm64 Compiling\ Task+SwiftyToolz.swift,\ SwiftHelpers.swift /Users/admin/builder/spi-builder-workspace/.dependencies/checkouts/SwiftyToolz/Code/Swift+SwiftyToolz/Task+SwiftyToolz.swift /Users/admin/builder/spi-builder-workspace/.dependencies/checkouts/SwiftyToolz/Code/SwiftHelpers.swift (in target 'SwiftyToolz' from project 'SwiftyToolz')
SwiftCompile normal arm64 /Users/admin/builder/spi-builder-workspace/.dependencies/checkouts/SwiftyToolz/Code/Swift+SwiftyToolz/Task+SwiftyToolz.swift (in target 'SwiftyToolz' from project 'SwiftyToolz')
cd /Users/admin/builder/spi-builder-workspace/.swiftpm/xcode
SwiftCompile normal arm64 /Users/admin/builder/spi-builder-workspace/.dependencies/checkouts/SwiftyToolz/Code/SwiftHelpers.swift (in target 'SwiftyToolz' from project 'SwiftyToolz')
cd /Users/admin/builder/spi-builder-workspace/.swiftpm/xcode
SwiftCompile normal arm64 Compiling\ Copyable.swift,\ JSON.swift,\ Log.swift /Users/admin/builder/spi-builder-workspace/.dependencies/checkouts/SwiftyToolz/Code/Copyable.swift /Users/admin/builder/spi-builder-workspace/.dependencies/checkouts/SwiftyToolz/Code/JSON.swift /Users/admin/builder/spi-builder-workspace/.dependencies/checkouts/SwiftyToolz/Code/Log.swift (in target 'SwiftyToolz' from project 'SwiftyToolz')
SwiftCompile normal arm64 /Users/admin/builder/spi-builder-workspace/.dependencies/checkouts/SwiftyToolz/Code/Copyable.swift (in target 'SwiftyToolz' from project 'SwiftyToolz')
cd /Users/admin/builder/spi-builder-workspace/.swiftpm/xcode
SwiftCompile normal arm64 /Users/admin/builder/spi-builder-workspace/.dependencies/checkouts/SwiftyToolz/Code/JSON.swift (in target 'SwiftyToolz' from project 'SwiftyToolz')
cd /Users/admin/builder/spi-builder-workspace/.swiftpm/xcode
SwiftCompile normal arm64 /Users/admin/builder/spi-builder-workspace/.dependencies/checkouts/SwiftyToolz/Code/Log.swift (in target 'SwiftyToolz' from project 'SwiftyToolz')
cd /Users/admin/builder/spi-builder-workspace/.swiftpm/xcode
SwiftCompile normal arm64 Compiling\ Dictionary+SwiftyToolz.swift,\ Int+SwiftyToolz.swift /Users/admin/builder/spi-builder-workspace/.dependencies/checkouts/SwiftyToolz/Code/Swift+SwiftyToolz/Dictionary+SwiftyToolz.swift /Users/admin/builder/spi-builder-workspace/.dependencies/checkouts/SwiftyToolz/Code/Swift+SwiftyToolz/Int+SwiftyToolz.swift (in target 'SwiftyToolz' from project 'SwiftyToolz')
SwiftCompile normal arm64 /Users/admin/builder/spi-builder-workspace/.dependencies/checkouts/SwiftyToolz/Code/Swift+SwiftyToolz/Dictionary+SwiftyToolz.swift (in target 'SwiftyToolz' from project 'SwiftyToolz')
cd /Users/admin/builder/spi-builder-workspace/.swiftpm/xcode
SwiftCompile normal arm64 /Users/admin/builder/spi-builder-workspace/.dependencies/checkouts/SwiftyToolz/Code/Swift+SwiftyToolz/Int+SwiftyToolz.swift (in target 'SwiftyToolz' from project 'SwiftyToolz')
cd /Users/admin/builder/spi-builder-workspace/.swiftpm/xcode
SwiftCompile normal arm64 Compiling\ BackgroundActor.swift,\ BuildEnvironment.swift,\ Clipboard.swift /Users/admin/builder/spi-builder-workspace/.dependencies/checkouts/SwiftyToolz/Code/BackgroundActor.swift /Users/admin/builder/spi-builder-workspace/.dependencies/checkouts/SwiftyToolz/Code/BuildEnvironment.swift /Users/admin/builder/spi-builder-workspace/.dependencies/checkouts/SwiftyToolz/Code/Clipboard.swift (in target 'SwiftyToolz' from project 'SwiftyToolz')
SwiftCompile normal arm64 /Users/admin/builder/spi-builder-workspace/.dependencies/checkouts/SwiftyToolz/Code/BackgroundActor.swift (in target 'SwiftyToolz' from project 'SwiftyToolz')
cd /Users/admin/builder/spi-builder-workspace/.swiftpm/xcode
SwiftCompile normal arm64 /Users/admin/builder/spi-builder-workspace/.dependencies/checkouts/SwiftyToolz/Code/BuildEnvironment.swift (in target 'SwiftyToolz' from project 'SwiftyToolz')
cd /Users/admin/builder/spi-builder-workspace/.swiftpm/xcode
SwiftCompile normal arm64 /Users/admin/builder/spi-builder-workspace/.dependencies/checkouts/SwiftyToolz/Code/Clipboard.swift (in target 'SwiftyToolz' from project 'SwiftyToolz')
cd /Users/admin/builder/spi-builder-workspace/.swiftpm/xcode
SwiftCompile normal arm64 Compiling\ Optional+SwiftyToolz.swift,\ Sequence+Async.swift /Users/admin/builder/spi-builder-workspace/.dependencies/checkouts/SwiftyToolz/Code/Swift+SwiftyToolz/Optional+SwiftyToolz.swift /Users/admin/builder/spi-builder-workspace/.dependencies/checkouts/SwiftyToolz/Code/Swift+SwiftyToolz/Sequence+Async.swift (in target 'SwiftyToolz' from project 'SwiftyToolz')
SwiftCompile normal arm64 /Users/admin/builder/spi-builder-workspace/.dependencies/checkouts/SwiftyToolz/Code/Swift+SwiftyToolz/Optional+SwiftyToolz.swift (in target 'SwiftyToolz' from project 'SwiftyToolz')
cd /Users/admin/builder/spi-builder-workspace/.swiftpm/xcode
SwiftCompile normal arm64 /Users/admin/builder/spi-builder-workspace/.dependencies/checkouts/SwiftyToolz/Code/Swift+SwiftyToolz/Sequence+Async.swift (in target 'SwiftyToolz' from project 'SwiftyToolz')
cd /Users/admin/builder/spi-builder-workspace/.swiftpm/xcode
SwiftCompile normal arm64 Compiling\ ReadableError.swift,\ Array+SwiftyToolz.swift,\ Collection+Sum.swift /Users/admin/builder/spi-builder-workspace/.dependencies/checkouts/SwiftyToolz/Code/ReadableError.swift /Users/admin/builder/spi-builder-workspace/.dependencies/checkouts/SwiftyToolz/Code/Swift+SwiftyToolz/Array+SwiftyToolz.swift /Users/admin/builder/spi-builder-workspace/.dependencies/checkouts/SwiftyToolz/Code/Swift+SwiftyToolz/Collection+Sum.swift (in target 'SwiftyToolz' from project 'SwiftyToolz')
SwiftCompile normal arm64 /Users/admin/builder/spi-builder-workspace/.dependencies/checkouts/SwiftyToolz/Code/ReadableError.swift (in target 'SwiftyToolz' from project 'SwiftyToolz')
cd /Users/admin/builder/spi-builder-workspace/.swiftpm/xcode
SwiftCompile normal arm64 /Users/admin/builder/spi-builder-workspace/.dependencies/checkouts/SwiftyToolz/Code/Swift+SwiftyToolz/Array+SwiftyToolz.swift (in target 'SwiftyToolz' from project 'SwiftyToolz')
cd /Users/admin/builder/spi-builder-workspace/.swiftpm/xcode
SwiftCompile normal arm64 /Users/admin/builder/spi-builder-workspace/.dependencies/checkouts/SwiftyToolz/Code/Swift+SwiftyToolz/Collection+Sum.swift (in target 'SwiftyToolz' from project 'SwiftyToolz')
cd /Users/admin/builder/spi-builder-workspace/.swiftpm/xcode
SwiftDriverJobDiscovery normal arm64 Emitting module for SwiftyToolz (in target 'SwiftyToolz' from project 'SwiftyToolz')
SwiftDriver\ Compilation\ Requirements SwiftyToolz normal arm64 com.apple.xcode.tools.swift.compiler (in target 'SwiftyToolz' from project 'SwiftyToolz')
cd /Users/admin/builder/spi-builder-workspace/.swiftpm/xcode
builtin-Swift-Compilation-Requirements -- /Applications/Xcode-26.4.0.app/Contents/Developer/Toolchains/XcodeDefault.xctoolchain/usr/bin/swiftc -module-name SwiftyToolz -Onone @/Users/admin/builder/spi-builder-workspace/.derivedData/Build/Intermediates.noindex/SwiftyToolz.build/Debug-appletvos/SwiftyToolz.build/Objects-normal/arm64/SwiftyToolz.SwiftFileList -DSWIFT_PACKAGE -DDEBUG -DSWIFT_MODULE_RESOURCE_BUNDLE_UNAVAILABLE -DXcode -plugin-path /Applications/Xcode-26.4.0.app/Contents/Developer/Toolchains/XcodeDefault.xctoolchain/usr/lib/swift/host/plugins/testing -enable-experimental-feature DebugDescriptionMacro -sdk /Applications/Xcode-26.4.0.app/Contents/Developer/Platforms/AppleTVOS.platform/Developer/SDKs/AppleTVOS26.4.sdk -target arm64-apple-tvos12.0 -g -module-cache-path /Users/admin/builder/spi-builder-workspace/.derivedData/ModuleCache.noindex -Xfrontend -serialize-debugging-options -profile-coverage-mapping -profile-generate -enable-testing -suppress-warnings -index-store-path /Users/admin/builder/spi-builder-workspace/.derivedData/Index.noindex/DataStore -Xcc -D_LIBCPP_HARDENING_MODE\=_LIBCPP_HARDENING_MODE_DEBUG -swift-version 6 -I /Users/admin/builder/spi-builder-workspace/.derivedData/Build/Products/Debug-appletvos -Isystem /Applications/Xcode-26.4.0.app/Contents/Developer/Platforms/AppleTVOS.platform/Developer/usr/lib -F /Users/admin/builder/spi-builder-workspace/.derivedData/Build/Products/Debug-appletvos -F /Applications/Xcode-26.4.0.app/Contents/Developer/Platforms/AppleTVOS.platform/Developer/Library/Frameworks -F /Applications/Xcode-26.4.0.app/Contents/Developer/Platforms/AppleTVOS.platform/Developer/SDKs/AppleTVOS26.4.sdk/Developer/Library/Frameworks -c -j10 -enable-batch-mode -incremental -Xcc -ivfsstatcache -Xcc /Users/admin/builder/spi-builder-workspace/.derivedData/SDKStatCaches.noindex/appletvos26.4-23L236-688ef53f1462e2c8f657fdc38a81448fe9417fc108aa677fd4261ecaa021a5e7.sdkstatcache -output-file-map /Users/admin/builder/spi-builder-workspace/.derivedData/Build/Intermediates.noindex/SwiftyToolz.build/Debug-appletvos/SwiftyToolz.build/Objects-normal/arm64/SwiftyToolz-OutputFileMap.json -use-frontend-parseable-output -save-temps -no-color-diagnostics -explicit-module-build -module-cache-path /Users/admin/builder/spi-builder-workspace/.derivedData/Build/Intermediates.noindex/SwiftExplicitPrecompiledModules -clang-scanner-module-cache-path /Users/admin/builder/spi-builder-workspace/.derivedData/ModuleCache.noindex -sdk-module-cache-path /Users/admin/builder/spi-builder-workspace/.derivedData/ModuleCache.noindex -serialize-diagnostics -emit-dependencies -emit-module -emit-module-path /Users/admin/builder/spi-builder-workspace/.derivedData/Build/Intermediates.noindex/SwiftyToolz.build/Debug-appletvos/SwiftyToolz.build/Objects-normal/arm64/SwiftyToolz.swiftmodule -user-module-version 0.5.8 -validate-clang-modules-once -clang-build-session-file /Users/admin/builder/spi-builder-workspace/.derivedData/ModuleCache.noindex/Session.modulevalidation -package-name swiftytoolz -Xcc -I/Users/admin/builder/spi-builder-workspace/.derivedData/Build/Intermediates.noindex/SwiftyToolz.build/Debug-appletvos/SwiftyToolz.build/swift-overrides.hmap -emit-const-values -Xfrontend -const-gather-protocols-file -Xfrontend /Users/admin/builder/spi-builder-workspace/.derivedData/Build/Intermediates.noindex/SwiftyToolz.build/Debug-appletvos/SwiftyToolz.build/Objects-normal/arm64/SwiftyToolz_const_extract_protocols.json -Xcc -I/Users/admin/builder/spi-builder-workspace/.derivedData/Build/Products/Debug-appletvos/include -Xcc -I/Users/admin/builder/spi-builder-workspace/.derivedData/Build/Intermediates.noindex/SwiftyToolz.build/Debug-appletvos/SwiftyToolz.build/DerivedSources-normal/arm64 -Xcc -I/Users/admin/builder/spi-builder-workspace/.derivedData/Build/Intermediates.noindex/SwiftyToolz.build/Debug-appletvos/SwiftyToolz.build/DerivedSources/arm64 -Xcc -I/Users/admin/builder/spi-builder-workspace/.derivedData/Build/Intermediates.noindex/SwiftyToolz.build/Debug-appletvos/SwiftyToolz.build/DerivedSources -Xcc -DSWIFT_PACKAGE -Xcc -DDEBUG\=1 -emit-objc-header -emit-objc-header-path /Users/admin/builder/spi-builder-workspace/.derivedData/Build/Intermediates.noindex/SwiftyToolz.build/Debug-appletvos/SwiftyToolz.build/Objects-normal/arm64/SwiftyToolz-Swift.h -working-directory /Users/admin/builder/spi-builder-workspace/.swiftpm/xcode -experimental-emit-module-separately -disable-cmo
SwiftDriverJobDiscovery normal arm64 Compiling Task+SwiftyToolz.swift, SwiftHelpers.swift (in target 'SwiftyToolz' from project 'SwiftyToolz')
SwiftDriverJobDiscovery normal arm64 Compiling Optional+SwiftyToolz.swift, Sequence+Async.swift (in target 'SwiftyToolz' from project 'SwiftyToolz')
SwiftMergeGeneratedHeaders /Users/admin/builder/spi-builder-workspace/.derivedData/Build/Intermediates.noindex/GeneratedModuleMaps-appletvos/SwiftyToolz-Swift.h /Users/admin/builder/spi-builder-workspace/.derivedData/Build/Intermediates.noindex/SwiftyToolz.build/Debug-appletvos/SwiftyToolz.build/Objects-normal/arm64/SwiftyToolz-Swift.h (in target 'SwiftyToolz' from project 'SwiftyToolz')
cd /Users/admin/builder/spi-builder-workspace/.dependencies/checkouts/SwiftyToolz
builtin-swiftHeaderTool -arch arm64 /Users/admin/builder/spi-builder-workspace/.derivedData/Build/Intermediates.noindex/SwiftyToolz.build/Debug-appletvos/SwiftyToolz.build/Objects-normal/arm64/SwiftyToolz-Swift.h -o /Users/admin/builder/spi-builder-workspace/.derivedData/Build/Intermediates.noindex/GeneratedModuleMaps-appletvos/SwiftyToolz-Swift.h
Copy /Users/admin/builder/spi-builder-workspace/.derivedData/Build/Products/Debug-appletvos/SwiftyToolz.swiftmodule/arm64-apple-tvos.swiftmodule /Users/admin/builder/spi-builder-workspace/.derivedData/Build/Intermediates.noindex/SwiftyToolz.build/Debug-appletvos/SwiftyToolz.build/Objects-normal/arm64/SwiftyToolz.swiftmodule (in target 'SwiftyToolz' from project 'SwiftyToolz')
cd /Users/admin/builder/spi-builder-workspace/.dependencies/checkouts/SwiftyToolz
builtin-copy -exclude .DS_Store -exclude CVS -exclude .svn -exclude .git -exclude .hg -resolve-src-symlinks -rename /Users/admin/builder/spi-builder-workspace/.derivedData/Build/Intermediates.noindex/SwiftyToolz.build/Debug-appletvos/SwiftyToolz.build/Objects-normal/arm64/SwiftyToolz.swiftmodule /Users/admin/builder/spi-builder-workspace/.derivedData/Build/Products/Debug-appletvos/SwiftyToolz.swiftmodule/arm64-apple-tvos.swiftmodule
Copy /Users/admin/builder/spi-builder-workspace/.derivedData/Build/Products/Debug-appletvos/SwiftyToolz.swiftmodule/arm64-apple-tvos.swiftdoc /Users/admin/builder/spi-builder-workspace/.derivedData/Build/Intermediates.noindex/SwiftyToolz.build/Debug-appletvos/SwiftyToolz.build/Objects-normal/arm64/SwiftyToolz.swiftdoc (in target 'SwiftyToolz' from project 'SwiftyToolz')
cd /Users/admin/builder/spi-builder-workspace/.dependencies/checkouts/SwiftyToolz
builtin-copy -exclude .DS_Store -exclude CVS -exclude .svn -exclude .git -exclude .hg -resolve-src-symlinks -rename /Users/admin/builder/spi-builder-workspace/.derivedData/Build/Intermediates.noindex/SwiftyToolz.build/Debug-appletvos/SwiftyToolz.build/Objects-normal/arm64/SwiftyToolz.swiftdoc /Users/admin/builder/spi-builder-workspace/.derivedData/Build/Products/Debug-appletvos/SwiftyToolz.swiftmodule/arm64-apple-tvos.swiftdoc
Copy /Users/admin/builder/spi-builder-workspace/.derivedData/Build/Products/Debug-appletvos/SwiftyToolz.swiftmodule/arm64-apple-tvos.abi.json /Users/admin/builder/spi-builder-workspace/.derivedData/Build/Intermediates.noindex/SwiftyToolz.build/Debug-appletvos/SwiftyToolz.build/Objects-normal/arm64/SwiftyToolz.abi.json (in target 'SwiftyToolz' from project 'SwiftyToolz')
cd /Users/admin/builder/spi-builder-workspace/.dependencies/checkouts/SwiftyToolz
builtin-copy -exclude .DS_Store -exclude CVS -exclude .svn -exclude .git -exclude .hg -resolve-src-symlinks -rename /Users/admin/builder/spi-builder-workspace/.derivedData/Build/Intermediates.noindex/SwiftyToolz.build/Debug-appletvos/SwiftyToolz.build/Objects-normal/arm64/SwiftyToolz.abi.json /Users/admin/builder/spi-builder-workspace/.derivedData/Build/Products/Debug-appletvos/SwiftyToolz.swiftmodule/arm64-apple-tvos.abi.json
Copy /Users/admin/builder/spi-builder-workspace/.derivedData/Build/Products/Debug-appletvos/SwiftyToolz.swiftmodule/Project/arm64-apple-tvos.swiftsourceinfo /Users/admin/builder/spi-builder-workspace/.derivedData/Build/Intermediates.noindex/SwiftyToolz.build/Debug-appletvos/SwiftyToolz.build/Objects-normal/arm64/SwiftyToolz.swiftsourceinfo (in target 'SwiftyToolz' from project 'SwiftyToolz')
cd /Users/admin/builder/spi-builder-workspace/.dependencies/checkouts/SwiftyToolz
builtin-copy -exclude .DS_Store -exclude CVS -exclude .svn -exclude .git -exclude .hg -resolve-src-symlinks -rename /Users/admin/builder/spi-builder-workspace/.derivedData/Build/Intermediates.noindex/SwiftyToolz.build/Debug-appletvos/SwiftyToolz.build/Objects-normal/arm64/SwiftyToolz.swiftsourceinfo /Users/admin/builder/spi-builder-workspace/.derivedData/Build/Products/Debug-appletvos/SwiftyToolz.swiftmodule/Project/arm64-apple-tvos.swiftsourceinfo
SwiftDriverJobDiscovery normal arm64 Compiling Set+SwiftyToolz.swift, String+SwiftyToolz.swift (in target 'SwiftyToolz' from project 'SwiftyToolz')
SwiftDriverJobDiscovery normal arm64 Compiling Timeout.swift, Color.swift (in target 'SwiftyToolz' from project 'SwiftyToolz')
SwiftDriverJobDiscovery normal arm64 Compiling ReadableError.swift, Array+SwiftyToolz.swift, Collection+Sum.swift (in target 'SwiftyToolz' from project 'SwiftyToolz')
SwiftDriver SwiftObserver normal arm64 com.apple.xcode.tools.swift.compiler (in target 'SwiftObserver' from project 'SwiftObserver')
cd /Users/admin/builder/spi-builder-workspace/.swiftpm/xcode
builtin-SwiftDriver -- /Applications/Xcode-26.4.0.app/Contents/Developer/Toolchains/XcodeDefault.xctoolchain/usr/bin/swiftc -module-name SwiftObserver -Onone @/Users/admin/builder/spi-builder-workspace/.derivedData/Build/Intermediates.noindex/SwiftObserver.build/Debug-appletvos/SwiftObserver.build/Objects-normal/arm64/SwiftObserver.SwiftFileList -DSWIFT_PACKAGE -DDEBUG -DSWIFT_MODULE_RESOURCE_BUNDLE_UNAVAILABLE -DXcode -plugin-path /Applications/Xcode-26.4.0.app/Contents/Developer/Toolchains/XcodeDefault.xctoolchain/usr/lib/swift/host/plugins/testing -enable-experimental-feature DebugDescriptionMacro -sdk /Applications/Xcode-26.4.0.app/Contents/Developer/Platforms/AppleTVOS.platform/Developer/SDKs/AppleTVOS26.4.sdk -target arm64-apple-tvos12.0 -g -module-cache-path /Users/admin/builder/spi-builder-workspace/.derivedData/ModuleCache.noindex -Xfrontend -serialize-debugging-options -profile-coverage-mapping -profile-generate -enable-testing -index-store-path /Users/admin/builder/spi-builder-workspace/.derivedData/Index.noindex/DataStore -Xcc -D_LIBCPP_HARDENING_MODE\=_LIBCPP_HARDENING_MODE_DEBUG -swift-version 5 -I /Users/admin/builder/spi-builder-workspace/.derivedData/Build/Products/Debug-appletvos -Isystem /Applications/Xcode-26.4.0.app/Contents/Developer/Platforms/AppleTVOS.platform/Developer/usr/lib -F /Users/admin/builder/spi-builder-workspace/.derivedData/Build/Products/Debug-appletvos/PackageFrameworks -F /Users/admin/builder/spi-builder-workspace/.derivedData/Build/Products/Debug-appletvos -F /Applications/Xcode-26.4.0.app/Contents/Developer/Platforms/AppleTVOS.platform/Developer/Library/Frameworks -F /Applications/Xcode-26.4.0.app/Contents/Developer/Platforms/AppleTVOS.platform/Developer/SDKs/AppleTVOS26.4.sdk/Developer/Library/Frameworks -c -j10 -enable-batch-mode -incremental -Xcc -ivfsstatcache -Xcc /Users/admin/builder/spi-builder-workspace/.derivedData/SDKStatCaches.noindex/appletvos26.4-23L236-688ef53f1462e2c8f657fdc38a81448fe9417fc108aa677fd4261ecaa021a5e7.sdkstatcache -output-file-map /Users/admin/builder/spi-builder-workspace/.derivedData/Build/Intermediates.noindex/SwiftObserver.build/Debug-appletvos/SwiftObserver.build/Objects-normal/arm64/SwiftObserver-OutputFileMap.json -use-frontend-parseable-output -save-temps -no-color-diagnostics -explicit-module-build -module-cache-path /Users/admin/builder/spi-builder-workspace/.derivedData/Build/Intermediates.noindex/SwiftExplicitPrecompiledModules -clang-scanner-module-cache-path /Users/admin/builder/spi-builder-workspace/.derivedData/ModuleCache.noindex -sdk-module-cache-path /Users/admin/builder/spi-builder-workspace/.derivedData/ModuleCache.noindex -serialize-diagnostics -emit-dependencies -emit-module -emit-module-path /Users/admin/builder/spi-builder-workspace/.derivedData/Build/Intermediates.noindex/SwiftObserver.build/Debug-appletvos/SwiftObserver.build/Objects-normal/arm64/SwiftObserver.swiftmodule -validate-clang-modules-once -clang-build-session-file /Users/admin/builder/spi-builder-workspace/.derivedData/ModuleCache.noindex/Session.modulevalidation -Xcc -I/Users/admin/builder/spi-builder-workspace/.derivedData/Build/Intermediates.noindex/SwiftObserver.build/Debug-appletvos/SwiftObserver.build/swift-overrides.hmap -emit-const-values -Xfrontend -const-gather-protocols-file -Xfrontend /Users/admin/builder/spi-builder-workspace/.derivedData/Build/Intermediates.noindex/SwiftObserver.build/Debug-appletvos/SwiftObserver.build/Objects-normal/arm64/SwiftObserver_const_extract_protocols.json -Xcc -I/Users/admin/builder/spi-builder-workspace/.derivedData/Build/Products/Debug-appletvos/include -Xcc -I/Users/admin/builder/spi-builder-workspace/.derivedData/Build/Intermediates.noindex/SwiftObserver.build/Debug-appletvos/SwiftObserver.build/DerivedSources-normal/arm64 -Xcc -I/Users/admin/builder/spi-builder-workspace/.derivedData/Build/Intermediates.noindex/SwiftObserver.build/Debug-appletvos/SwiftObserver.build/DerivedSources/arm64 -Xcc -I/Users/admin/builder/spi-builder-workspace/.derivedData/Build/Intermediates.noindex/SwiftObserver.build/Debug-appletvos/SwiftObserver.build/DerivedSources -Xcc -DSWIFT_PACKAGE -Xcc -DDEBUG\=1 -emit-objc-header -emit-objc-header-path /Users/admin/builder/spi-builder-workspace/.derivedData/Build/Intermediates.noindex/SwiftObserver.build/Debug-appletvos/SwiftObserver.build/Objects-normal/arm64/SwiftObserver-Swift.h -working-directory /Users/admin/builder/spi-builder-workspace/.swiftpm/xcode -experimental-emit-module-separately -disable-cmo
SwiftDriverJobDiscovery normal arm64 Compiling URLString.swift, WeakArray.swift (in target 'SwiftyToolz' from project 'SwiftyToolz')
SwiftDriverJobDiscovery normal arm64 Compiling BackgroundActor.swift, BuildEnvironment.swift, Clipboard.swift (in target 'SwiftyToolz' from project 'SwiftyToolz')
SwiftDriverJobDiscovery normal arm64 Compiling Dictionary+SwiftyToolz.swift, Int+SwiftyToolz.swift (in target 'SwiftyToolz' from project 'SwiftyToolz')
SwiftDriverJobDiscovery normal arm64 Compiling Copyable.swift, JSON.swift, Log.swift (in target 'SwiftyToolz' from project 'SwiftyToolz')
SwiftExplicitDependencyGeneratePcm arm64 /Users/admin/builder/spi-builder-workspace/.derivedData/ModuleCache.noindex/_Builtin_stddef-C6Z7GBHIDKCEKLMFM2YYI3A7W.pcm
SwiftExplicitDependencyGeneratePcm arm64 /Users/admin/builder/spi-builder-workspace/.derivedData/ModuleCache.noindex/ptrcheck-1IU6E9SKRA3YNK7CWSCP8LFFS.pcm
SwiftExplicitDependencyGeneratePcm arm64 /Users/admin/builder/spi-builder-workspace/.derivedData/ModuleCache.noindex/SwiftShims-9YF1YACEBW6IEGLI4RGNNNLKV.pcm
SwiftExplicitDependencyGeneratePcm arm64 /Users/admin/builder/spi-builder-workspace/.derivedData/ModuleCache.noindex/_Builtin_stdbool-CTW4BL8O8PXECFGEXKIKZLVOF.pcm
SwiftExplicitDependencyGeneratePcm arm64 /Users/admin/builder/spi-builder-workspace/.derivedData/ModuleCache.noindex/_Builtin_float-9H0QRNNC5ZMLD86R6TPVNQQLB.pcm
SwiftExplicitDependencyGeneratePcm arm64 /Users/admin/builder/spi-builder-workspace/.derivedData/ModuleCache.noindex/_SwiftConcurrencyShims-96MY5YMIZE1U4MOE11R9ULKIT.pcm
SwiftExplicitDependencyGeneratePcm arm64 /Users/admin/builder/spi-builder-workspace/.derivedData/ModuleCache.noindex/_Builtin_stdarg-6IR74AZANZ723GQ22P5KSUCNO.pcm
SwiftExplicitDependencyGeneratePcm arm64 /Users/admin/builder/spi-builder-workspace/.derivedData/ModuleCache.noindex/_AvailabilityInternal-AQ1HY8MQB40OBEMHIY1GTTYAP.pcm
SwiftExplicitDependencyGeneratePcm arm64 /Users/admin/builder/spi-builder-workspace/.derivedData/ModuleCache.noindex/_DarwinFoundation1-C8K25E426DLKPVCAJ8SHHXWCC.pcm
SwiftExplicitDependencyGeneratePcm arm64 /Users/admin/builder/spi-builder-workspace/.derivedData/ModuleCache.noindex/_DarwinFoundation2-83M597VMZ10XO5UMBNT95WK00.pcm
SwiftExplicitDependencyGeneratePcm arm64 /Users/admin/builder/spi-builder-workspace/.derivedData/ModuleCache.noindex/_Builtin_limits-AJ9HGUY5IRAH91VM50P1L9B11.pcm
SwiftDriverJobDiscovery normal arm64 Compiling Font.swift, Geometry.swift (in target 'SwiftyToolz' from project 'SwiftyToolz')
SwiftDriver\ Compilation SwiftyToolz normal arm64 com.apple.xcode.tools.swift.compiler (in target 'SwiftyToolz' from project 'SwiftyToolz')
cd /Users/admin/builder/spi-builder-workspace/.swiftpm/xcode
builtin-Swift-Compilation -- /Applications/Xcode-26.4.0.app/Contents/Developer/Toolchains/XcodeDefault.xctoolchain/usr/bin/swiftc -module-name SwiftyToolz -Onone @/Users/admin/builder/spi-builder-workspace/.derivedData/Build/Intermediates.noindex/SwiftyToolz.build/Debug-appletvos/SwiftyToolz.build/Objects-normal/arm64/SwiftyToolz.SwiftFileList -DSWIFT_PACKAGE -DDEBUG -DSWIFT_MODULE_RESOURCE_BUNDLE_UNAVAILABLE -DXcode -plugin-path /Applications/Xcode-26.4.0.app/Contents/Developer/Toolchains/XcodeDefault.xctoolchain/usr/lib/swift/host/plugins/testing -enable-experimental-feature DebugDescriptionMacro -sdk /Applications/Xcode-26.4.0.app/Contents/Developer/Platforms/AppleTVOS.platform/Developer/SDKs/AppleTVOS26.4.sdk -target arm64-apple-tvos12.0 -g -module-cache-path /Users/admin/builder/spi-builder-workspace/.derivedData/ModuleCache.noindex -Xfrontend -serialize-debugging-options -profile-coverage-mapping -profile-generate -enable-testing -suppress-warnings -index-store-path /Users/admin/builder/spi-builder-workspace/.derivedData/Index.noindex/DataStore -Xcc -D_LIBCPP_HARDENING_MODE\=_LIBCPP_HARDENING_MODE_DEBUG -swift-version 6 -I /Users/admin/builder/spi-builder-workspace/.derivedData/Build/Products/Debug-appletvos -Isystem /Applications/Xcode-26.4.0.app/Contents/Developer/Platforms/AppleTVOS.platform/Developer/usr/lib -F /Users/admin/builder/spi-builder-workspace/.derivedData/Build/Products/Debug-appletvos -F /Applications/Xcode-26.4.0.app/Contents/Developer/Platforms/AppleTVOS.platform/Developer/Library/Frameworks -F /Applications/Xcode-26.4.0.app/Contents/Developer/Platforms/AppleTVOS.platform/Developer/SDKs/AppleTVOS26.4.sdk/Developer/Library/Frameworks -c -j10 -enable-batch-mode -incremental -Xcc -ivfsstatcache -Xcc /Users/admin/builder/spi-builder-workspace/.derivedData/SDKStatCaches.noindex/appletvos26.4-23L236-688ef53f1462e2c8f657fdc38a81448fe9417fc108aa677fd4261ecaa021a5e7.sdkstatcache -output-file-map /Users/admin/builder/spi-builder-workspace/.derivedData/Build/Intermediates.noindex/SwiftyToolz.build/Debug-appletvos/SwiftyToolz.build/Objects-normal/arm64/SwiftyToolz-OutputFileMap.json -use-frontend-parseable-output -save-temps -no-color-diagnostics -explicit-module-build -module-cache-path /Users/admin/builder/spi-builder-workspace/.derivedData/Build/Intermediates.noindex/SwiftExplicitPrecompiledModules -clang-scanner-module-cache-path /Users/admin/builder/spi-builder-workspace/.derivedData/ModuleCache.noindex -sdk-module-cache-path /Users/admin/builder/spi-builder-workspace/.derivedData/ModuleCache.noindex -serialize-diagnostics -emit-dependencies -emit-module -emit-module-path /Users/admin/builder/spi-builder-workspace/.derivedData/Build/Intermediates.noindex/SwiftyToolz.build/Debug-appletvos/SwiftyToolz.build/Objects-normal/arm64/SwiftyToolz.swiftmodule -user-module-version 0.5.8 -validate-clang-modules-once -clang-build-session-file /Users/admin/builder/spi-builder-workspace/.derivedData/ModuleCache.noindex/Session.modulevalidation -package-name swiftytoolz -Xcc -I/Users/admin/builder/spi-builder-workspace/.derivedData/Build/Intermediates.noindex/SwiftyToolz.build/Debug-appletvos/SwiftyToolz.build/swift-overrides.hmap -emit-const-values -Xfrontend -const-gather-protocols-file -Xfrontend /Users/admin/builder/spi-builder-workspace/.derivedData/Build/Intermediates.noindex/SwiftyToolz.build/Debug-appletvos/SwiftyToolz.build/Objects-normal/arm64/SwiftyToolz_const_extract_protocols.json -Xcc -I/Users/admin/builder/spi-builder-workspace/.derivedData/Build/Products/Debug-appletvos/include -Xcc -I/Users/admin/builder/spi-builder-workspace/.derivedData/Build/Intermediates.noindex/SwiftyToolz.build/Debug-appletvos/SwiftyToolz.build/DerivedSources-normal/arm64 -Xcc -I/Users/admin/builder/spi-builder-workspace/.derivedData/Build/Intermediates.noindex/SwiftyToolz.build/Debug-appletvos/SwiftyToolz.build/DerivedSources/arm64 -Xcc -I/Users/admin/builder/spi-builder-workspace/.derivedData/Build/Intermediates.noindex/SwiftyToolz.build/Debug-appletvos/SwiftyToolz.build/DerivedSources -Xcc -DSWIFT_PACKAGE -Xcc -DDEBUG\=1 -emit-objc-header -emit-objc-header-path /Users/admin/builder/spi-builder-workspace/.derivedData/Build/Intermediates.noindex/SwiftyToolz.build/Debug-appletvos/SwiftyToolz.build/Objects-normal/arm64/SwiftyToolz-Swift.h -working-directory /Users/admin/builder/spi-builder-workspace/.swiftpm/xcode -experimental-emit-module-separately -disable-cmo
Ld /Users/admin/builder/spi-builder-workspace/.derivedData/Build/Products/Debug-appletvos/SwiftyToolz.o normal (in target 'SwiftyToolz' from project 'SwiftyToolz')
cd /Users/admin/builder/spi-builder-workspace/.dependencies/checkouts/SwiftyToolz
/Applications/Xcode-26.4.0.app/Contents/Developer/Toolchains/XcodeDefault.xctoolchain/usr/bin/clang -Xlinker -reproducible -target arm64-apple-tvos12.0 -r -isysroot /Applications/Xcode-26.4.0.app/Contents/Developer/Platforms/AppleTVOS.platform/Developer/SDKs/AppleTVOS26.4.sdk -O0 -w -F/Users/admin/builder/spi-builder-workspace/.derivedData/Build/Intermediates.noindex/EagerLinkingTBDs/Debug-appletvos -F/Users/admin/builder/spi-builder-workspace/.derivedData/Build/Products/Debug-appletvos -iframework /Applications/Xcode-26.4.0.app/Contents/Developer/Platforms/AppleTVOS.platform/Developer/Library/Frameworks -iframework /Applications/Xcode-26.4.0.app/Contents/Developer/Platforms/AppleTVOS.platform/Developer/SDKs/AppleTVOS26.4.sdk/Developer/Library/Frameworks -filelist /Users/admin/builder/spi-builder-workspace/.derivedData/Build/Intermediates.noindex/SwiftyToolz.build/Debug-appletvos/SwiftyToolz.build/Objects-normal/arm64/SwiftyToolz.LinkFileList -nostdlib -Xlinker -object_path_lto -Xlinker /Users/admin/builder/spi-builder-workspace/.derivedData/Build/Intermediates.noindex/SwiftyToolz.build/Debug-appletvos/SwiftyToolz.build/Objects-normal/arm64/SwiftyToolz_lto.o -Xlinker -no_deduplicate -Xlinker -debug_variant -Xlinker -dependency_info -Xlinker /Users/admin/builder/spi-builder-workspace/.derivedData/Build/Intermediates.noindex/SwiftyToolz.build/Debug-appletvos/SwiftyToolz.build/Objects-normal/arm64/SwiftyToolz_dependency_info.dat -fobjc-link-runtime -L/Applications/Xcode-26.4.0.app/Contents/Developer/Toolchains/XcodeDefault.xctoolchain/usr/lib/swift/appletvos -L/usr/lib/swift -Xlinker -add_ast_path -Xlinker /Users/admin/builder/spi-builder-workspace/.derivedData/Build/Intermediates.noindex/SwiftyToolz.build/Debug-appletvos/SwiftyToolz.build/Objects-normal/arm64/SwiftyToolz.swiftmodule @/Users/admin/builder/spi-builder-workspace/.derivedData/Build/Intermediates.noindex/SwiftyToolz.build/Debug-appletvos/SwiftyToolz.build/Objects-normal/arm64/SwiftyToolz-linker-args.resp -o /Users/admin/builder/spi-builder-workspace/.derivedData/Build/Products/Debug-appletvos/SwiftyToolz.o
SwiftExplicitDependencyGeneratePcm arm64 /Users/admin/builder/spi-builder-workspace/.derivedData/ModuleCache.noindex/_Builtin_stdint-2JW6725WSOM329AHHOI2IXHEL.pcm
SwiftExplicitDependencyGeneratePcm arm64 /Users/admin/builder/spi-builder-workspace/.derivedData/ModuleCache.noindex/sys_types-4OHVUM6HD4FHWY3AVYX8MYOG5.pcm
SwiftExplicitDependencyGeneratePcm arm64 /Users/admin/builder/spi-builder-workspace/.derivedData/ModuleCache.noindex/_Builtin_tgmath-2J4QWDJS530Y5G2ONP170MFO3.pcm
SwiftExplicitDependencyGeneratePcm arm64 /Users/admin/builder/spi-builder-workspace/.derivedData/ModuleCache.noindex/_Builtin_intrinsics-EEEW785C3BVETX7EPG9KRZMX3.pcm
SwiftExplicitDependencyGeneratePcm arm64 /Users/admin/builder/spi-builder-workspace/.derivedData/ModuleCache.noindex/_DarwinFoundation3-2FMS4S00LDVTM3A5F3HG2NCPF.pcm
SwiftExplicitDependencyGeneratePcm arm64 /Users/admin/builder/spi-builder-workspace/.derivedData/ModuleCache.noindex/_Builtin_inttypes-EK28CMNHQB1F0TL1JOVI3MZKI.pcm
ExtractAppIntentsMetadata (in target 'SwiftyToolz' from project 'SwiftyToolz')
cd /Users/admin/builder/spi-builder-workspace/.dependencies/checkouts/SwiftyToolz
/Applications/Xcode-26.4.0.app/Contents/Developer/Toolchains/XcodeDefault.xctoolchain/usr/bin/appintentsmetadataprocessor --toolchain-dir /var/run/com.apple.security.cryptexd/mnt/com.apple.MobileAsset.MetalToolchain-v17.5.188.0.Ey8M8M/Metal.xctoolchain --module-name SwiftyToolz --sdk-root /Applications/Xcode-26.4.0.app/Contents/Developer/Platforms/AppleTVOS.platform/Developer/SDKs/AppleTVOS26.4.sdk --xcode-version 17E192 --platform-family tvOS --deployment-target 12.0 --bundle-identifier swiftytoolz.SwiftyToolz --output /Users/admin/builder/spi-builder-workspace/.derivedData/Build/Products/Debug-appletvos/SwiftyToolz.appintents --target-triple arm64-apple-tvos12.0 --binary-file /Users/admin/builder/spi-builder-workspace/.derivedData/Build/Products/Debug-appletvos/SwiftyToolz.o --dependency-file /Users/admin/builder/spi-builder-workspace/.derivedData/Build/Intermediates.noindex/SwiftyToolz.build/Debug-appletvos/SwiftyToolz.build/Objects-normal/arm64/SwiftyToolz_dependency_info.dat --stringsdata-file /Users/admin/builder/spi-builder-workspace/.derivedData/Build/Intermediates.noindex/SwiftyToolz.build/Debug-appletvos/SwiftyToolz.build/Objects-normal/arm64/ExtractedAppShortcutsMetadata.stringsdata --source-file-list /Users/admin/builder/spi-builder-workspace/.derivedData/Build/Intermediates.noindex/SwiftyToolz.build/Debug-appletvos/SwiftyToolz.build/Objects-normal/arm64/SwiftyToolz.SwiftFileList --metadata-file-list /Users/admin/builder/spi-builder-workspace/.derivedData/Build/Intermediates.noindex/SwiftyToolz.build/Debug-appletvos/SwiftyToolz.build/SwiftyToolz.DependencyMetadataFileList --static-metadata-file-list /Users/admin/builder/spi-builder-workspace/.derivedData/Build/Intermediates.noindex/SwiftyToolz.build/Debug-appletvos/SwiftyToolz.build/SwiftyToolz.DependencyStaticMetadataFileList --swift-const-vals-list /Users/admin/builder/spi-builder-workspace/.derivedData/Build/Intermediates.noindex/SwiftyToolz.build/Debug-appletvos/SwiftyToolz.build/Objects-normal/arm64/SwiftyToolz.SwiftConstValuesFileList --force --compile-time-extraction --deployment-aware-processing --validate-assistant-intents --no-app-shortcuts-localization
SwiftExplicitDependencyGeneratePcm arm64 /Users/admin/builder/spi-builder-workspace/.derivedData/ModuleCache.noindex/Darwin-5GDWD1R0ICI11NFRTJALQMUXN.pcm
SwiftExplicitDependencyGeneratePcm arm64 /Users/admin/builder/spi-builder-workspace/.derivedData/ModuleCache.noindex/simd-1463X4FIIU3UGS2LPYFXGVRNL.pcm
SwiftEmitModule normal arm64 Emitting\ module\ for\ SwiftObserver (in target 'SwiftObserver' from project 'SwiftObserver')
EmitSwiftModule normal arm64 (in target 'SwiftObserver' from project 'SwiftObserver')
cd /Users/admin/builder/spi-builder-workspace/.swiftpm/xcode
SwiftCompile normal arm64 Compiling\ Receiver.swift,\ AuthorFilter.swift,\ Cache.swift,\ CacheOnOptionalMessage.swift,\ Filter.swift /Users/admin/builder/spi-builder-workspace/Code/SwiftObserver/Observer/Receiver.swift /Users/admin/builder/spi-builder-workspace/Code/SwiftObserver/Transforms/ObservableTransforms/AuthorFilter.swift /Users/admin/builder/spi-builder-workspace/Code/SwiftObserver/Transforms/ObservableTransforms/Cache.swift /Users/admin/builder/spi-builder-workspace/Code/SwiftObserver/Transforms/ObservableTransforms/CacheOnOptionalMessage.swift /Users/admin/builder/spi-builder-workspace/Code/SwiftObserver/Transforms/ObservableTransforms/Filter.swift (in target 'SwiftObserver' from project 'SwiftObserver')
Failed frontend command:
/Applications/Xcode-26.4.0.app/Contents/Developer/Toolchains/XcodeDefault.xctoolchain/usr/bin/swift-frontend -frontend -c /Users/admin/builder/spi-builder-workspace/Code/SwiftObserver/AnyAuthor.swift /Users/admin/builder/spi-builder-workspace/Code/SwiftObserver/Connection.swift /Users/admin/builder/spi-builder-workspace/Code/SwiftObserver/ObservableObject/Messenger.swift /Users/admin/builder/spi-builder-workspace/Code/SwiftObserver/ObservableObject/ObservableCache.swift /Users/admin/builder/spi-builder-workspace/Code/SwiftObserver/ObservableObject/ObservableObject+StopObservation.swift /Users/admin/builder/spi-builder-workspace/Code/SwiftObserver/ObservableObject/ObservableObject.swift /Users/admin/builder/spi-builder-workspace/Code/SwiftObserver/ObservableObject/ReceiverPool.swift /Users/admin/builder/spi-builder-workspace/Code/SwiftObserver/ObservableObject/Update.swift /Users/admin/builder/spi-builder-workspace/Code/SwiftObserver/Observer/ObservableObject+Observer.swift /Users/admin/builder/spi-builder-workspace/Code/SwiftObserver/Observer/Observer.swift -primary-file /Users/admin/builder/spi-builder-workspace/Code/SwiftObserver/Observer/Receiver.swift -primary-file /Users/admin/builder/spi-builder-workspace/Code/SwiftObserver/Transforms/ObservableTransforms/AuthorFilter.swift -primary-file /Users/admin/builder/spi-builder-workspace/Code/SwiftObserver/Transforms/ObservableTransforms/Cache.swift -primary-file /Users/admin/builder/spi-builder-workspace/Code/SwiftObserver/Transforms/ObservableTransforms/CacheOnOptionalMessage.swift -primary-file /Users/admin/builder/spi-builder-workspace/Code/SwiftObserver/Transforms/ObservableTransforms/Filter.swift /Users/admin/builder/spi-builder-workspace/Code/SwiftObserver/Transforms/ObservableTransforms/Mapper+Cache.swift /Users/admin/builder/spi-builder-workspace/Code/SwiftObserver/Transforms/ObservableTransforms/Mapper.swift /Users/admin/builder/spi-builder-workspace/Code/SwiftObserver/Transforms/ObservableTransforms/ObservableObject+Transforms/ObservableObject+Cache.swift /Users/admin/builder/spi-builder-workspace/Code/SwiftObserver/Transforms/ObservableTransforms/ObservableObject+Transforms/ObservableObject+Filter.swift /Users/admin/builder/spi-builder-workspace/Code/SwiftObserver/Transforms/ObservableTransforms/ObservableObject+Transforms/ObservableObject+FilterAuthor.swift /Users/admin/builder/spi-builder-workspace/Code/SwiftObserver/Transforms/ObservableTransforms/ObservableObject+Transforms/ObservableObject+From.swift /Users/admin/builder/spi-builder-workspace/Code/SwiftObserver/Transforms/ObservableTransforms/ObservableObject+Transforms/ObservableObject+Map.swift /Users/admin/builder/spi-builder-workspace/Code/SwiftObserver/Transforms/ObservableTransforms/ObservableObject+Transforms/ObservableObject+New.swift /Users/admin/builder/spi-builder-workspace/Code/SwiftObserver/Transforms/ObservableTransforms/ObservableObject+Transforms/ObservableObject+NotFrom.swift /Users/admin/builder/spi-builder-workspace/Code/SwiftObserver/Transforms/ObservableTransforms/ObservableObject+Transforms/ObservableObject+Select.swift /Users/admin/builder/spi-builder-workspace/Code/SwiftObserver/Transforms/ObservableTransforms/ObservableObject+Transforms/ObservableObject+Unwrap.swift /Users/admin/builder/spi-builder-workspace/Code/SwiftObserver/Transforms/ObservableTransforms/ObservableObject+Transforms/ObservableObject+UnwrapWithDefault.swift /Users/admin/builder/spi-builder-workspace/Code/SwiftObserver/Transforms/ObservableTransforms/ObservableObject+Transforms/ObservableObject+Weak.swift /Users/admin/builder/spi-builder-workspace/Code/SwiftObserver/Transforms/ObservableTransforms/Unwrapper.swift /Users/admin/builder/spi-builder-workspace/Code/SwiftObserver/Transforms/ObservableTransforms/Weak.swift /Users/admin/builder/spi-builder-workspace/Code/SwiftObserver/Transforms/ObservationTransforms/ObservationTransformer+Transforms/ObservationTransformer+Filter.swift /Users/admin/builder/spi-builder-workspace/Code/SwiftObserver/Transforms/ObservationTransforms/ObservationTransformer+Transforms/ObservationTransformer+FilterAuthor.swift /Users/admin/builder/spi-builder-workspace/Code/SwiftObserver/Transforms/ObservationTransforms/ObservationTransformer+Transforms/ObservationTransformer+From.swift /Users/admin/builder/spi-builder-workspace/Code/SwiftObserver/Transforms/ObservationTransforms/ObservationTransformer+Transforms/ObservationTransformer+Map.swift /Users/admin/builder/spi-builder-workspace/Code/SwiftObserver/Transforms/ObservationTransforms/ObservationTransformer+Transforms/ObservationTransformer+New.swift /Users/admin/builder/spi-builder-workspace/Code/SwiftObserver/Transforms/ObservationTransforms/ObservationTransformer+Transforms/ObservationTransformer+NotFrom.swift /Users/admin/builder/spi-builder-workspace/Code/SwiftObserver/Transforms/ObservationTransforms/ObservationTransformer+Transforms/ObservationTransformer+Select.swift /Users/admin/builder/spi-builder-workspace/Code/SwiftObserver/Transforms/ObservationTransforms/ObservationTransformer+Transforms/ObservationTransformer+Unwrap.swift /Users/admin/builder/spi-builder-workspace/Code/SwiftObserver/Transforms/ObservationTransforms/ObservationTransformer+Transforms/ObservationTransformer+UnwrapWithDefault.swift /Users/admin/builder/spi-builder-workspace/Code/SwiftObserver/Transforms/ObservationTransforms/ObservationTransformer.swift /Users/admin/builder/spi-builder-workspace/Code/SwiftObserver/Transforms/ObservationTransforms/Observer+ObservationTransformer.swift /Users/admin/builder/spi-builder-workspace/Code/SwiftObserver/Variable/Variable+Comparable.swift /Users/admin/builder/spi-builder-workspace/Code/SwiftObserver/Variable/Variable+ObservableCache.swift /Users/admin/builder/spi-builder-workspace/Code/SwiftObserver/Variable/Variable+PropertyWrapper.swift /Users/admin/builder/spi-builder-workspace/Code/SwiftObserver/Variable/Variable+ValueAssignment.swift /Users/admin/builder/spi-builder-workspace/Code/SwiftObserver/Variable/Variable.swift -supplementary-output-file-map /Users/admin/builder/spi-builder-workspace/.derivedData/Build/Intermediates.noindex/SwiftObserver.build/Debug-appletvos/SwiftObserver.build/Objects-normal/arm64/supplementaryOutputs-6 -target arm64-apple-tvos12.0 -load-resolved-plugin /Applications/Xcode-26.4.0.app/Contents/Developer/Platforms/AppleTVOS.platform/Developer/usr/lib/swift/host/plugins/libSwiftMacros.dylib\#/Applications/Xcode-26.4.0.app/Contents/Developer/Platforms/AppleTVOS.platform/Developer/usr/bin/swift-plugin-server\#SwiftMacros -disable-implicit-swift-modules -Xcc -fno-implicit-modules -Xcc -fno-implicit-module-maps -explicit-swift-module-map-file /Users/admin/builder/spi-builder-workspace/.derivedData/Build/Intermediates.noindex/SwiftObserver.build/Debug-appletvos/SwiftObserver.build/Objects-normal/arm64/SwiftObserver-dependencies-1.json -debug-module-path /Users/admin/builder/spi-builder-workspace/.derivedData/Build/Intermediates.noindex/SwiftObserver.build/Debug-appletvos/SwiftObserver.build/Objects-normal/arm64/SwiftObserver.swiftmodule -Xllvm -aarch64-use-tbi -enable-objc-interop -sdk /Applications/Xcode-26.4.0.app/Contents/Developer/Platforms/AppleTVOS.platform/Developer/SDKs/AppleTVOS26.4.sdk -I /Users/admin/builder/spi-builder-workspace/.derivedData/Build/Products/Debug-appletvos -Isystem /Applications/Xcode-26.4.0.app/Contents/Developer/Platforms/AppleTVOS.platform/Developer/usr/lib -F /Users/admin/builder/spi-builder-workspace/.derivedData/Build/Products/Debug-appletvos/PackageFrameworks -F /Users/admin/builder/spi-builder-workspace/.derivedData/Build/Products/Debug-appletvos -F /Applications/Xcode-26.4.0.app/Contents/Developer/Platforms/AppleTVOS.platform/Developer/Library/Frameworks -F /Applications/Xcode-26.4.0.app/Contents/Developer/Platforms/AppleTVOS.platform/Developer/SDKs/AppleTVOS26.4.sdk/Developer/Library/Frameworks -no-color-diagnostics -Xcc -fno-color-diagnostics -enable-testing -g -debug-info-format\=dwarf -dwarf-version\=4 -module-cache-path /Users/admin/builder/spi-builder-workspace/.derivedData/Build/Intermediates.noindex/SwiftExplicitPrecompiledModules -profile-generate -profile-coverage-mapping -swift-version 5 -Onone -D SWIFT_PACKAGE -D DEBUG -D SWIFT_MODULE_RESOURCE_BUNDLE_UNAVAILABLE -D Xcode -serialize-debugging-options -const-gather-protocols-file /Users/admin/builder/spi-builder-workspace/.derivedData/Build/Intermediates.noindex/SwiftObserver.build/Debug-appletvos/SwiftObserver.build/Objects-normal/arm64/SwiftObserver_const_extract_protocols.json -enable-experimental-feature DebugDescriptionMacro -empty-abi-descriptor -validate-clang-modules-once -clang-build-session-file /Users/admin/builder/spi-builder-workspace/.derivedData/ModuleCache.noindex/Session.modulevalidation -Xcc -working-directory -Xcc /Users/admin/builder/spi-builder-workspace/.swiftpm/xcode -enable-anonymous-context-mangled-names -file-compilation-dir /Users/admin/builder/spi-builder-workspace/.swiftpm/xcode -Xcc -D_LIBCPP_HARDENING_MODE\=_LIBCPP_HARDENING_MODE_DEBUG -Xcc -ivfsstatcache -Xcc /Users/admin/builder/spi-builder-workspace/.derivedData/SDKStatCaches.noindex/appletvos26.4-23L236-688ef53f1462e2c8f657fdc38a81448fe9417fc108aa677fd4261ecaa021a5e7.sdkstatcache -Xcc -I/Users/admin/builder/spi-builder-workspace/.derivedData/Build/Intermediates.noindex/SwiftObserver.build/Debug-appletvos/SwiftObserver.build/swift-overrides.hmap -Xcc -I/Users/admin/builder/spi-builder-workspace/.derivedData/Build/Products/Debug-appletvos/include -Xcc -I/Users/admin/builder/spi-builder-workspace/.derivedData/Build/Intermediates.noindex/SwiftObserver.build/Debug-appletvos/SwiftObserver.build/DerivedSources-normal/arm64 -Xcc -I/Users/admin/builder/spi-builder-workspace/.derivedData/Build/Intermediates.noindex/SwiftObserver.build/Debug-appletvos/SwiftObserver.build/DerivedSources/arm64 -Xcc -I/Users/admin/builder/spi-builder-workspace/.derivedData/Build/Intermediates.noindex/SwiftObserver.build/Debug-appletvos/SwiftObserver.build/DerivedSources -Xcc -DSWIFT_PACKAGE -Xcc -DDEBUG\=1 -no-auto-bridging-header-chaining -module-name SwiftObserver -frontend-parseable-output -disable-clang-spi -clang-target arm64-apple-tvos26.4 -target-sdk-version 26.4 -target-sdk-name appletvos26.4 -in-process-plugin-server-path /Applications/Xcode-26.4.0.app/Contents/Developer/Toolchains/XcodeDefault.xctoolchain/usr/lib/swift/host/libSwiftInProcPluginServer.dylib -o /Users/admin/builder/spi-builder-workspace/.derivedData/Build/Intermediates.noindex/SwiftObserver.build/Debug-appletvos/SwiftObserver.build/Objects-normal/arm64/Receiver.o -o /Users/admin/builder/spi-builder-workspace/.derivedData/Build/Intermediates.noindex/SwiftObserver.build/Debug-appletvos/SwiftObserver.build/Objects-normal/arm64/AuthorFilter.o -o /Users/admin/builder/spi-builder-workspace/.derivedData/Build/Intermediates.noindex/SwiftObserver.build/Debug-appletvos/SwiftObserver.build/Objects-normal/arm64/Cache.o -o /Users/admin/builder/spi-builder-workspace/.derivedData/Build/Intermediates.noindex/SwiftObserver.build/Debug-appletvos/SwiftObserver.build/Objects-normal/arm64/CacheOnOptionalMessage.o -o /Users/admin/builder/spi-builder-workspace/.derivedData/Build/Intermediates.noindex/SwiftObserver.build/Debug-appletvos/SwiftObserver.build/Objects-normal/arm64/Filter.o -index-unit-output-path /SwiftObserver.build/Debug-appletvos/SwiftObserver.build/Objects-normal/arm64/Receiver.o -index-unit-output-path /SwiftObserver.build/Debug-appletvos/SwiftObserver.build/Objects-normal/arm64/AuthorFilter.o -index-unit-output-path /SwiftObserver.build/Debug-appletvos/SwiftObserver.build/Objects-normal/arm64/Cache.o -index-unit-output-path /SwiftObserver.build/Debug-appletvos/SwiftObserver.build/Objects-normal/arm64/CacheOnOptionalMessage.o -index-unit-output-path /SwiftObserver.build/Debug-appletvos/SwiftObserver.build/Objects-normal/arm64/Filter.o -index-store-path /Users/admin/builder/spi-builder-workspace/.derivedData/Index.noindex/DataStore -index-system-modules
SwiftCompile normal arm64 /Users/admin/builder/spi-builder-workspace/Code/SwiftObserver/Observer/Receiver.swift (in target 'SwiftObserver' from project 'SwiftObserver')
cd /Users/admin/builder/spi-builder-workspace/.swiftpm/xcode
/Users/admin/builder/spi-builder-workspace/Code/SwiftObserver/Observer/Receiver.swift:37:13: error: 'log(error:title:forUser:filePath:function:line:)' is only available in tvOS 13.0 or newer
log(error: "\(Self.self) will retain a connection that points to a different \(Self.self).")
^
/Users/admin/builder/spi-builder-workspace/Code/SwiftObserver/Observer/Receiver.swift:37:13: note: add 'if #available' version check
log(error: "\(Self.self) will retain a connection that points to a different \(Self.self).")
^
/Users/admin/builder/spi-builder-workspace/Code/SwiftObserver/Observer/Receiver.swift:33:19: note: add '@available' attribute to enclosing instance method
internal func retain(_ connection: Connection)
^
/Users/admin/builder/spi-builder-workspace/Code/SwiftObserver/Observer/Receiver.swift:8:20: note: add '@available' attribute to enclosing class
public final class Receiver
^
SwiftCompile normal arm64 /Users/admin/builder/spi-builder-workspace/Code/SwiftObserver/Transforms/ObservableTransforms/AuthorFilter.swift (in target 'SwiftObserver' from project 'SwiftObserver')
cd /Users/admin/builder/spi-builder-workspace/.swiftpm/xcode
SwiftCompile normal arm64 /Users/admin/builder/spi-builder-workspace/Code/SwiftObserver/Transforms/ObservableTransforms/Cache.swift (in target 'SwiftObserver' from project 'SwiftObserver')
cd /Users/admin/builder/spi-builder-workspace/.swiftpm/xcode
SwiftCompile normal arm64 /Users/admin/builder/spi-builder-workspace/Code/SwiftObserver/Transforms/ObservableTransforms/CacheOnOptionalMessage.swift (in target 'SwiftObserver' from project 'SwiftObserver')
cd /Users/admin/builder/spi-builder-workspace/.swiftpm/xcode
SwiftCompile normal arm64 /Users/admin/builder/spi-builder-workspace/Code/SwiftObserver/Transforms/ObservableTransforms/Filter.swift (in target 'SwiftObserver' from project 'SwiftObserver')
cd /Users/admin/builder/spi-builder-workspace/.swiftpm/xcode
SwiftCompile normal arm64 Compiling\ ObservationTransformer+UnwrapWithDefault.swift,\ ObservationTransformer.swift,\ Observer+ObservationTransformer.swift,\ Variable+Comparable.swift /Users/admin/builder/spi-builder-workspace/Code/SwiftObserver/Transforms/ObservationTransforms/ObservationTransformer+Transforms/ObservationTransformer+UnwrapWithDefault.swift /Users/admin/builder/spi-builder-workspace/Code/SwiftObserver/Transforms/ObservationTransforms/ObservationTransformer.swift /Users/admin/builder/spi-builder-workspace/Code/SwiftObserver/Transforms/ObservationTransforms/Observer+ObservationTransformer.swift /Users/admin/builder/spi-builder-workspace/Code/SwiftObserver/Variable/Variable+Comparable.swift (in target 'SwiftObserver' from project 'SwiftObserver')
SwiftCompile normal arm64 /Users/admin/builder/spi-builder-workspace/Code/SwiftObserver/Transforms/ObservationTransforms/ObservationTransformer+Transforms/ObservationTransformer+UnwrapWithDefault.swift (in target 'SwiftObserver' from project 'SwiftObserver')
cd /Users/admin/builder/spi-builder-workspace/.swiftpm/xcode
SwiftCompile normal arm64 /Users/admin/builder/spi-builder-workspace/Code/SwiftObserver/Transforms/ObservationTransforms/ObservationTransformer.swift (in target 'SwiftObserver' from project 'SwiftObserver')
cd /Users/admin/builder/spi-builder-workspace/.swiftpm/xcode
SwiftCompile normal arm64 /Users/admin/builder/spi-builder-workspace/Code/SwiftObserver/Transforms/ObservationTransforms/Observer+ObservationTransformer.swift (in target 'SwiftObserver' from project 'SwiftObserver')
cd /Users/admin/builder/spi-builder-workspace/.swiftpm/xcode
SwiftCompile normal arm64 /Users/admin/builder/spi-builder-workspace/Code/SwiftObserver/Variable/Variable+Comparable.swift (in target 'SwiftObserver' from project 'SwiftObserver')
cd /Users/admin/builder/spi-builder-workspace/.swiftpm/xcode
SwiftCompile normal arm64 Compiling\ ObservationTransformer+New.swift,\ ObservationTransformer+NotFrom.swift,\ ObservationTransformer+Select.swift,\ ObservationTransformer+Unwrap.swift /Users/admin/builder/spi-builder-workspace/Code/SwiftObserver/Transforms/ObservationTransforms/ObservationTransformer+Transforms/ObservationTransformer+New.swift /Users/admin/builder/spi-builder-workspace/Code/SwiftObserver/Transforms/ObservationTransforms/ObservationTransformer+Transforms/ObservationTransformer+NotFrom.swift /Users/admin/builder/spi-builder-workspace/Code/SwiftObserver/Transforms/ObservationTransforms/ObservationTransformer+Transforms/ObservationTransformer+Select.swift /Users/admin/builder/spi-builder-workspace/Code/SwiftObserver/Transforms/ObservationTransforms/ObservationTransformer+Transforms/ObservationTransformer+Unwrap.swift (in target 'SwiftObserver' from project 'SwiftObserver')
SwiftCompile normal arm64 /Users/admin/builder/spi-builder-workspace/Code/SwiftObserver/Transforms/ObservationTransforms/ObservationTransformer+Transforms/ObservationTransformer+New.swift (in target 'SwiftObserver' from project 'SwiftObserver')
cd /Users/admin/builder/spi-builder-workspace/.swiftpm/xcode
SwiftCompile normal arm64 /Users/admin/builder/spi-builder-workspace/Code/SwiftObserver/Transforms/ObservationTransforms/ObservationTransformer+Transforms/ObservationTransformer+NotFrom.swift (in target 'SwiftObserver' from project 'SwiftObserver')
cd /Users/admin/builder/spi-builder-workspace/.swiftpm/xcode
SwiftCompile normal arm64 /Users/admin/builder/spi-builder-workspace/Code/SwiftObserver/Transforms/ObservationTransforms/ObservationTransformer+Transforms/ObservationTransformer+Select.swift (in target 'SwiftObserver' from project 'SwiftObserver')
cd /Users/admin/builder/spi-builder-workspace/.swiftpm/xcode
SwiftCompile normal arm64 /Users/admin/builder/spi-builder-workspace/Code/SwiftObserver/Transforms/ObservationTransforms/ObservationTransformer+Transforms/ObservationTransformer+Unwrap.swift (in target 'SwiftObserver' from project 'SwiftObserver')
cd /Users/admin/builder/spi-builder-workspace/.swiftpm/xcode
SwiftCompile normal arm64 Compiling\ Mapper+Cache.swift,\ Mapper.swift,\ ObservableObject+Cache.swift,\ ObservableObject+Filter.swift,\ ObservableObject+FilterAuthor.swift /Users/admin/builder/spi-builder-workspace/Code/SwiftObserver/Transforms/ObservableTransforms/Mapper+Cache.swift /Users/admin/builder/spi-builder-workspace/Code/SwiftObserver/Transforms/ObservableTransforms/Mapper.swift /Users/admin/builder/spi-builder-workspace/Code/SwiftObserver/Transforms/ObservableTransforms/ObservableObject+Transforms/ObservableObject+Cache.swift /Users/admin/builder/spi-builder-workspace/Code/SwiftObserver/Transforms/ObservableTransforms/ObservableObject+Transforms/ObservableObject+Filter.swift /Users/admin/builder/spi-builder-workspace/Code/SwiftObserver/Transforms/ObservableTransforms/ObservableObject+Transforms/ObservableObject+FilterAuthor.swift (in target 'SwiftObserver' from project 'SwiftObserver')
SwiftCompile normal arm64 /Users/admin/builder/spi-builder-workspace/Code/SwiftObserver/Transforms/ObservableTransforms/Mapper+Cache.swift (in target 'SwiftObserver' from project 'SwiftObserver')
cd /Users/admin/builder/spi-builder-workspace/.swiftpm/xcode
SwiftCompile normal arm64 /Users/admin/builder/spi-builder-workspace/Code/SwiftObserver/Transforms/ObservableTransforms/Mapper.swift (in target 'SwiftObserver' from project 'SwiftObserver')
cd /Users/admin/builder/spi-builder-workspace/.swiftpm/xcode
SwiftCompile normal arm64 /Users/admin/builder/spi-builder-workspace/Code/SwiftObserver/Transforms/ObservableTransforms/ObservableObject+Transforms/ObservableObject+Cache.swift (in target 'SwiftObserver' from project 'SwiftObserver')
cd /Users/admin/builder/spi-builder-workspace/.swiftpm/xcode
SwiftCompile normal arm64 /Users/admin/builder/spi-builder-workspace/Code/SwiftObserver/Transforms/ObservableTransforms/ObservableObject+Transforms/ObservableObject+Filter.swift (in target 'SwiftObserver' from project 'SwiftObserver')
cd /Users/admin/builder/spi-builder-workspace/.swiftpm/xcode
SwiftCompile normal arm64 /Users/admin/builder/spi-builder-workspace/Code/SwiftObserver/Transforms/ObservableTransforms/ObservableObject+Transforms/ObservableObject+FilterAuthor.swift (in target 'SwiftObserver' from project 'SwiftObserver')
cd /Users/admin/builder/spi-builder-workspace/.swiftpm/xcode
SwiftCompile normal arm64 Compiling\ ObservationTransformer+Filter.swift,\ ObservationTransformer+FilterAuthor.swift,\ ObservationTransformer+From.swift,\ ObservationTransformer+Map.swift /Users/admin/builder/spi-builder-workspace/Code/SwiftObserver/Transforms/ObservationTransforms/ObservationTransformer+Transforms/ObservationTransformer+Filter.swift /Users/admin/builder/spi-builder-workspace/Code/SwiftObserver/Transforms/ObservationTransforms/ObservationTransformer+Transforms/ObservationTransformer+FilterAuthor.swift /Users/admin/builder/spi-builder-workspace/Code/SwiftObserver/Transforms/ObservationTransforms/ObservationTransformer+Transforms/ObservationTransformer+From.swift /Users/admin/builder/spi-builder-workspace/Code/SwiftObserver/Transforms/ObservationTransforms/ObservationTransformer+Transforms/ObservationTransformer+Map.swift (in target 'SwiftObserver' from project 'SwiftObserver')
SwiftCompile normal arm64 /Users/admin/builder/spi-builder-workspace/Code/SwiftObserver/Transforms/ObservationTransforms/ObservationTransformer+Transforms/ObservationTransformer+Filter.swift (in target 'SwiftObserver' from project 'SwiftObserver')
cd /Users/admin/builder/spi-builder-workspace/.swiftpm/xcode
SwiftCompile normal arm64 /Users/admin/builder/spi-builder-workspace/Code/SwiftObserver/Transforms/ObservationTransforms/ObservationTransformer+Transforms/ObservationTransformer+FilterAuthor.swift (in target 'SwiftObserver' from project 'SwiftObserver')
cd /Users/admin/builder/spi-builder-workspace/.swiftpm/xcode
SwiftCompile normal arm64 /Users/admin/builder/spi-builder-workspace/Code/SwiftObserver/Transforms/ObservationTransforms/ObservationTransformer+Transforms/ObservationTransformer+From.swift (in target 'SwiftObserver' from project 'SwiftObserver')
cd /Users/admin/builder/spi-builder-workspace/.swiftpm/xcode
SwiftCompile normal arm64 /Users/admin/builder/spi-builder-workspace/Code/SwiftObserver/Transforms/ObservationTransforms/ObservationTransformer+Transforms/ObservationTransformer+Map.swift (in target 'SwiftObserver' from project 'SwiftObserver')
cd /Users/admin/builder/spi-builder-workspace/.swiftpm/xcode
SwiftCompile normal arm64 Compiling\ AnyAuthor.swift,\ Connection.swift,\ Messenger.swift,\ ObservableCache.swift,\ ObservableObject+StopObservation.swift /Users/admin/builder/spi-builder-workspace/Code/SwiftObserver/AnyAuthor.swift /Users/admin/builder/spi-builder-workspace/Code/SwiftObserver/Connection.swift /Users/admin/builder/spi-builder-workspace/Code/SwiftObserver/ObservableObject/Messenger.swift /Users/admin/builder/spi-builder-workspace/Code/SwiftObserver/ObservableObject/ObservableCache.swift /Users/admin/builder/spi-builder-workspace/Code/SwiftObserver/ObservableObject/ObservableObject+StopObservation.swift (in target 'SwiftObserver' from project 'SwiftObserver')
SwiftCompile normal arm64 /Users/admin/builder/spi-builder-workspace/Code/SwiftObserver/AnyAuthor.swift (in target 'SwiftObserver' from project 'SwiftObserver')
cd /Users/admin/builder/spi-builder-workspace/.swiftpm/xcode
SwiftCompile normal arm64 /Users/admin/builder/spi-builder-workspace/Code/SwiftObserver/Connection.swift (in target 'SwiftObserver' from project 'SwiftObserver')
cd /Users/admin/builder/spi-builder-workspace/.swiftpm/xcode
SwiftCompile normal arm64 /Users/admin/builder/spi-builder-workspace/Code/SwiftObserver/ObservableObject/Messenger.swift (in target 'SwiftObserver' from project 'SwiftObserver')
cd /Users/admin/builder/spi-builder-workspace/.swiftpm/xcode
SwiftCompile normal arm64 /Users/admin/builder/spi-builder-workspace/Code/SwiftObserver/ObservableObject/ObservableCache.swift (in target 'SwiftObserver' from project 'SwiftObserver')
cd /Users/admin/builder/spi-builder-workspace/.swiftpm/xcode
SwiftCompile normal arm64 /Users/admin/builder/spi-builder-workspace/Code/SwiftObserver/ObservableObject/ObservableObject+StopObservation.swift (in target 'SwiftObserver' from project 'SwiftObserver')
cd /Users/admin/builder/spi-builder-workspace/.swiftpm/xcode
SwiftCompile normal arm64 Compiling\ ObservableObject+Unwrap.swift,\ ObservableObject+UnwrapWithDefault.swift,\ ObservableObject+Weak.swift,\ Unwrapper.swift,\ Weak.swift /Users/admin/builder/spi-builder-workspace/Code/SwiftObserver/Transforms/ObservableTransforms/ObservableObject+Transforms/ObservableObject+Unwrap.swift /Users/admin/builder/spi-builder-workspace/Code/SwiftObserver/Transforms/ObservableTransforms/ObservableObject+Transforms/ObservableObject+UnwrapWithDefault.swift /Users/admin/builder/spi-builder-workspace/Code/SwiftObserver/Transforms/ObservableTransforms/ObservableObject+Transforms/ObservableObject+Weak.swift /Users/admin/builder/spi-builder-workspace/Code/SwiftObserver/Transforms/ObservableTransforms/Unwrapper.swift /Users/admin/builder/spi-builder-workspace/Code/SwiftObserver/Transforms/ObservableTransforms/Weak.swift (in target 'SwiftObserver' from project 'SwiftObserver')
SwiftCompile normal arm64 /Users/admin/builder/spi-builder-workspace/Code/SwiftObserver/Transforms/ObservableTransforms/ObservableObject+Transforms/ObservableObject+Unwrap.swift (in target 'SwiftObserver' from project 'SwiftObserver')
cd /Users/admin/builder/spi-builder-workspace/.swiftpm/xcode
SwiftCompile normal arm64 /Users/admin/builder/spi-builder-workspace/Code/SwiftObserver/Transforms/ObservableTransforms/ObservableObject+Transforms/ObservableObject+UnwrapWithDefault.swift (in target 'SwiftObserver' from project 'SwiftObserver')
cd /Users/admin/builder/spi-builder-workspace/.swiftpm/xcode
SwiftCompile normal arm64 /Users/admin/builder/spi-builder-workspace/Code/SwiftObserver/Transforms/ObservableTransforms/ObservableObject+Transforms/ObservableObject+Weak.swift (in target 'SwiftObserver' from project 'SwiftObserver')
cd /Users/admin/builder/spi-builder-workspace/.swiftpm/xcode
SwiftCompile normal arm64 /Users/admin/builder/spi-builder-workspace/Code/SwiftObserver/Transforms/ObservableTransforms/Unwrapper.swift (in target 'SwiftObserver' from project 'SwiftObserver')
cd /Users/admin/builder/spi-builder-workspace/.swiftpm/xcode
SwiftCompile normal arm64 /Users/admin/builder/spi-builder-workspace/Code/SwiftObserver/Transforms/ObservableTransforms/Weak.swift (in target 'SwiftObserver' from project 'SwiftObserver')
cd /Users/admin/builder/spi-builder-workspace/.swiftpm/xcode
SwiftCompile normal arm64 Compiling\ ObservableObject+From.swift,\ ObservableObject+Map.swift,\ ObservableObject+New.swift,\ ObservableObject+NotFrom.swift,\ ObservableObject+Select.swift /Users/admin/builder/spi-builder-workspace/Code/SwiftObserver/Transforms/ObservableTransforms/ObservableObject+Transforms/ObservableObject+From.swift /Users/admin/builder/spi-builder-workspace/Code/SwiftObserver/Transforms/ObservableTransforms/ObservableObject+Transforms/ObservableObject+Map.swift /Users/admin/builder/spi-builder-workspace/Code/SwiftObserver/Transforms/ObservableTransforms/ObservableObject+Transforms/ObservableObject+New.swift /Users/admin/builder/spi-builder-workspace/Code/SwiftObserver/Transforms/ObservableTransforms/ObservableObject+Transforms/ObservableObject+NotFrom.swift /Users/admin/builder/spi-builder-workspace/Code/SwiftObserver/Transforms/ObservableTransforms/ObservableObject+Transforms/ObservableObject+Select.swift (in target 'SwiftObserver' from project 'SwiftObserver')
SwiftCompile normal arm64 /Users/admin/builder/spi-builder-workspace/Code/SwiftObserver/Transforms/ObservableTransforms/ObservableObject+Transforms/ObservableObject+From.swift (in target 'SwiftObserver' from project 'SwiftObserver')
cd /Users/admin/builder/spi-builder-workspace/.swiftpm/xcode
SwiftCompile normal arm64 /Users/admin/builder/spi-builder-workspace/Code/SwiftObserver/Transforms/ObservableTransforms/ObservableObject+Transforms/ObservableObject+Map.swift (in target 'SwiftObserver' from project 'SwiftObserver')
cd /Users/admin/builder/spi-builder-workspace/.swiftpm/xcode
SwiftCompile normal arm64 /Users/admin/builder/spi-builder-workspace/Code/SwiftObserver/Transforms/ObservableTransforms/ObservableObject+Transforms/ObservableObject+New.swift (in target 'SwiftObserver' from project 'SwiftObserver')
cd /Users/admin/builder/spi-builder-workspace/.swiftpm/xcode
SwiftCompile normal arm64 /Users/admin/builder/spi-builder-workspace/Code/SwiftObserver/Transforms/ObservableTransforms/ObservableObject+Transforms/ObservableObject+NotFrom.swift (in target 'SwiftObserver' from project 'SwiftObserver')
cd /Users/admin/builder/spi-builder-workspace/.swiftpm/xcode
SwiftCompile normal arm64 /Users/admin/builder/spi-builder-workspace/Code/SwiftObserver/Transforms/ObservableTransforms/ObservableObject+Transforms/ObservableObject+Select.swift (in target 'SwiftObserver' from project 'SwiftObserver')
cd /Users/admin/builder/spi-builder-workspace/.swiftpm/xcode
SwiftCompile normal arm64 Compiling\ ObservableObject.swift,\ ReceiverPool.swift,\ Update.swift,\ ObservableObject+Observer.swift,\ Observer.swift /Users/admin/builder/spi-builder-workspace/Code/SwiftObserver/ObservableObject/ObservableObject.swift /Users/admin/builder/spi-builder-workspace/Code/SwiftObserver/ObservableObject/ReceiverPool.swift /Users/admin/builder/spi-builder-workspace/Code/SwiftObserver/ObservableObject/Update.swift /Users/admin/builder/spi-builder-workspace/Code/SwiftObserver/Observer/ObservableObject+Observer.swift /Users/admin/builder/spi-builder-workspace/Code/SwiftObserver/Observer/Observer.swift (in target 'SwiftObserver' from project 'SwiftObserver')
SwiftCompile normal arm64 /Users/admin/builder/spi-builder-workspace/Code/SwiftObserver/ObservableObject/ObservableObject.swift (in target 'SwiftObserver' from project 'SwiftObserver')
cd /Users/admin/builder/spi-builder-workspace/.swiftpm/xcode
SwiftCompile normal arm64 /Users/admin/builder/spi-builder-workspace/Code/SwiftObserver/ObservableObject/ReceiverPool.swift (in target 'SwiftObserver' from project 'SwiftObserver')
cd /Users/admin/builder/spi-builder-workspace/.swiftpm/xcode
SwiftCompile normal arm64 /Users/admin/builder/spi-builder-workspace/Code/SwiftObserver/ObservableObject/Update.swift (in target 'SwiftObserver' from project 'SwiftObserver')
cd /Users/admin/builder/spi-builder-workspace/.swiftpm/xcode
SwiftCompile normal arm64 /Users/admin/builder/spi-builder-workspace/Code/SwiftObserver/Observer/ObservableObject+Observer.swift (in target 'SwiftObserver' from project 'SwiftObserver')
cd /Users/admin/builder/spi-builder-workspace/.swiftpm/xcode
SwiftCompile normal arm64 /Users/admin/builder/spi-builder-workspace/Code/SwiftObserver/Observer/Observer.swift (in target 'SwiftObserver' from project 'SwiftObserver')
cd /Users/admin/builder/spi-builder-workspace/.swiftpm/xcode
SwiftDriverJobDiscovery normal arm64 Emitting module for SwiftObserver (in target 'SwiftObserver' from project 'SwiftObserver')
SwiftDriver\ Compilation\ Requirements SwiftObserver normal arm64 com.apple.xcode.tools.swift.compiler (in target 'SwiftObserver' from project 'SwiftObserver')
cd /Users/admin/builder/spi-builder-workspace/.swiftpm/xcode
builtin-Swift-Compilation-Requirements -- /Applications/Xcode-26.4.0.app/Contents/Developer/Toolchains/XcodeDefault.xctoolchain/usr/bin/swiftc -module-name SwiftObserver -Onone @/Users/admin/builder/spi-builder-workspace/.derivedData/Build/Intermediates.noindex/SwiftObserver.build/Debug-appletvos/SwiftObserver.build/Objects-normal/arm64/SwiftObserver.SwiftFileList -DSWIFT_PACKAGE -DDEBUG -DSWIFT_MODULE_RESOURCE_BUNDLE_UNAVAILABLE -DXcode -plugin-path /Applications/Xcode-26.4.0.app/Contents/Developer/Toolchains/XcodeDefault.xctoolchain/usr/lib/swift/host/plugins/testing -enable-experimental-feature DebugDescriptionMacro -sdk /Applications/Xcode-26.4.0.app/Contents/Developer/Platforms/AppleTVOS.platform/Developer/SDKs/AppleTVOS26.4.sdk -target arm64-apple-tvos12.0 -g -module-cache-path /Users/admin/builder/spi-builder-workspace/.derivedData/ModuleCache.noindex -Xfrontend -serialize-debugging-options -profile-coverage-mapping -profile-generate -enable-testing -index-store-path /Users/admin/builder/spi-builder-workspace/.derivedData/Index.noindex/DataStore -Xcc -D_LIBCPP_HARDENING_MODE\=_LIBCPP_HARDENING_MODE_DEBUG -swift-version 5 -I /Users/admin/builder/spi-builder-workspace/.derivedData/Build/Products/Debug-appletvos -Isystem /Applications/Xcode-26.4.0.app/Contents/Developer/Platforms/AppleTVOS.platform/Developer/usr/lib -F /Users/admin/builder/spi-builder-workspace/.derivedData/Build/Products/Debug-appletvos/PackageFrameworks -F /Users/admin/builder/spi-builder-workspace/.derivedData/Build/Products/Debug-appletvos -F /Applications/Xcode-26.4.0.app/Contents/Developer/Platforms/AppleTVOS.platform/Developer/Library/Frameworks -F /Applications/Xcode-26.4.0.app/Contents/Developer/Platforms/AppleTVOS.platform/Developer/SDKs/AppleTVOS26.4.sdk/Developer/Library/Frameworks -c -j10 -enable-batch-mode -incremental -Xcc -ivfsstatcache -Xcc /Users/admin/builder/spi-builder-workspace/.derivedData/SDKStatCaches.noindex/appletvos26.4-23L236-688ef53f1462e2c8f657fdc38a81448fe9417fc108aa677fd4261ecaa021a5e7.sdkstatcache -output-file-map /Users/admin/builder/spi-builder-workspace/.derivedData/Build/Intermediates.noindex/SwiftObserver.build/Debug-appletvos/SwiftObserver.build/Objects-normal/arm64/SwiftObserver-OutputFileMap.json -use-frontend-parseable-output -save-temps -no-color-diagnostics -explicit-module-build -module-cache-path /Users/admin/builder/spi-builder-workspace/.derivedData/Build/Intermediates.noindex/SwiftExplicitPrecompiledModules -clang-scanner-module-cache-path /Users/admin/builder/spi-builder-workspace/.derivedData/ModuleCache.noindex -sdk-module-cache-path /Users/admin/builder/spi-builder-workspace/.derivedData/ModuleCache.noindex -serialize-diagnostics -emit-dependencies -emit-module -emit-module-path /Users/admin/builder/spi-builder-workspace/.derivedData/Build/Intermediates.noindex/SwiftObserver.build/Debug-appletvos/SwiftObserver.build/Objects-normal/arm64/SwiftObserver.swiftmodule -validate-clang-modules-once -clang-build-session-file /Users/admin/builder/spi-builder-workspace/.derivedData/ModuleCache.noindex/Session.modulevalidation -Xcc -I/Users/admin/builder/spi-builder-workspace/.derivedData/Build/Intermediates.noindex/SwiftObserver.build/Debug-appletvos/SwiftObserver.build/swift-overrides.hmap -emit-const-values -Xfrontend -const-gather-protocols-file -Xfrontend /Users/admin/builder/spi-builder-workspace/.derivedData/Build/Intermediates.noindex/SwiftObserver.build/Debug-appletvos/SwiftObserver.build/Objects-normal/arm64/SwiftObserver_const_extract_protocols.json -Xcc -I/Users/admin/builder/spi-builder-workspace/.derivedData/Build/Products/Debug-appletvos/include -Xcc -I/Users/admin/builder/spi-builder-workspace/.derivedData/Build/Intermediates.noindex/SwiftObserver.build/Debug-appletvos/SwiftObserver.build/DerivedSources-normal/arm64 -Xcc -I/Users/admin/builder/spi-builder-workspace/.derivedData/Build/Intermediates.noindex/SwiftObserver.build/Debug-appletvos/SwiftObserver.build/DerivedSources/arm64 -Xcc -I/Users/admin/builder/spi-builder-workspace/.derivedData/Build/Intermediates.noindex/SwiftObserver.build/Debug-appletvos/SwiftObserver.build/DerivedSources -Xcc -DSWIFT_PACKAGE -Xcc -DDEBUG\=1 -emit-objc-header -emit-objc-header-path /Users/admin/builder/spi-builder-workspace/.derivedData/Build/Intermediates.noindex/SwiftObserver.build/Debug-appletvos/SwiftObserver.build/Objects-normal/arm64/SwiftObserver-Swift.h -working-directory /Users/admin/builder/spi-builder-workspace/.swiftpm/xcode -experimental-emit-module-separately -disable-cmo
2026-07-22 05:47:10.272 xcodebuild[759:4767] [MT] IDERunDestination: Supported platforms for the buildables in the current scheme is empty.
** BUILD FAILED **
The following build commands failed:
SwiftCompile normal arm64 Compiling\ Receiver.swift,\ AuthorFilter.swift,\ Cache.swift,\ CacheOnOptionalMessage.swift,\ Filter.swift /Users/admin/builder/spi-builder-workspace/Code/SwiftObserver/Observer/Receiver.swift /Users/admin/builder/spi-builder-workspace/Code/SwiftObserver/Transforms/ObservableTransforms/AuthorFilter.swift /Users/admin/builder/spi-builder-workspace/Code/SwiftObserver/Transforms/ObservableTransforms/Cache.swift /Users/admin/builder/spi-builder-workspace/Code/SwiftObserver/Transforms/ObservableTransforms/CacheOnOptionalMessage.swift /Users/admin/builder/spi-builder-workspace/Code/SwiftObserver/Transforms/ObservableTransforms/Filter.swift (in target 'SwiftObserver' from project 'SwiftObserver')
SwiftCompile normal arm64 /Users/admin/builder/spi-builder-workspace/Code/SwiftObserver/Observer/Receiver.swift (in target 'SwiftObserver' from project 'SwiftObserver')
Building workspace spi-builder-workspace with scheme SwiftObserver-Package
(3 failures)
Command line invocation:
/Applications/Xcode-26.4.0.app/Contents/Developer/usr/bin/xcodebuild -IDEClonedSourcePackagesDirPathOverride=/Users/admin/builder/spi-builder-workspace/.dependencies -resolvePackageDependencies
Resolve Package Graph
Resolved source packages:
SwiftyToolz: https://github.com/nohype-ai/SwiftyToolz.git @ 0.5.8
SwiftObserver: /Users/admin/builder/spi-builder-workspace
resolved source packages: SwiftyToolz, SwiftObserver
2026-07-22 05:47:17.554 xcodebuild[846:5191] [MT] IDERunDestination: Supported platforms for the buildables in the current scheme is empty.
{
"dependencies" : [
{
"identity" : "swiftytoolz",
"requirement" : {
"exact" : [
"0.5.8"
]
},
"type" : "sourceControl",
"url" : "https://github.com/nohype-ai/SwiftyToolz.git"
}
],
"manifest_display_name" : "SwiftObserver",
"name" : "SwiftObserver",
"path" : "/Users/admin/builder/spi-builder-workspace",
"platforms" : [
{
"name" : "ios",
"version" : "12.0"
},
{
"name" : "macos",
"version" : "10.15"
},
{
"name" : "tvos",
"version" : "12.0"
},
{
"name" : "watchos",
"version" : "6.0"
}
],
"products" : [
{
"name" : "SwiftObserver",
"targets" : [
"SwiftObserver"
],
"type" : {
"library" : [
"automatic"
]
}
},
{
"name" : "CombineObserver",
"targets" : [
"CombineObserver"
],
"type" : {
"library" : [
"automatic"
]
}
}
],
"targets" : [
{
"c99name" : "SwiftObserverTests",
"module_type" : "SwiftTarget",
"name" : "SwiftObserverTests",
"path" : "Tests/SwiftObserverTests",
"product_dependencies" : [
"SwiftyToolz"
],
"sources" : [
"BasicTests.swift",
"CustomObservableTests.swift",
"ObservableTransformTests.swift",
"ObservationTransformTests.swift",
"VariableTests.swift"
],
"target_dependencies" : [
"SwiftObserver"
],
"type" : "test"
},
{
"c99name" : "SwiftObserver",
"module_type" : "SwiftTarget",
"name" : "SwiftObserver",
"path" : "Code/SwiftObserver",
"product_dependencies" : [
"SwiftyToolz"
],
"product_memberships" : [
"SwiftObserver",
"CombineObserver"
],
"sources" : [
"AnyAuthor.swift",
"Connection.swift",
"ObservableObject/Messenger.swift",
"ObservableObject/ObservableCache.swift",
"ObservableObject/ObservableObject+StopObservation.swift",
"ObservableObject/ObservableObject.swift",
"ObservableObject/ReceiverPool.swift",
"ObservableObject/Update.swift",
"Observer/ObservableObject+Observer.swift",
"Observer/Observer.swift",
"Observer/Receiver.swift",
"Transforms/ObservableTransforms/AuthorFilter.swift",
"Transforms/ObservableTransforms/Cache.swift",
"Transforms/ObservableTransforms/CacheOnOptionalMessage.swift",
"Transforms/ObservableTransforms/Filter.swift",
"Transforms/ObservableTransforms/Mapper+Cache.swift",
"Transforms/ObservableTransforms/Mapper.swift",
"Transforms/ObservableTransforms/ObservableObject+Transforms/ObservableObject+Cache.swift",
"Transforms/ObservableTransforms/ObservableObject+Transforms/ObservableObject+Filter.swift",
"Transforms/ObservableTransforms/ObservableObject+Transforms/ObservableObject+FilterAuthor.swift",
"Transforms/ObservableTransforms/ObservableObject+Transforms/ObservableObject+From.swift",
"Transforms/ObservableTransforms/ObservableObject+Transforms/ObservableObject+Map.swift",
"Transforms/ObservableTransforms/ObservableObject+Transforms/ObservableObject+New.swift",
"Transforms/ObservableTransforms/ObservableObject+Transforms/ObservableObject+NotFrom.swift",
"Transforms/ObservableTransforms/ObservableObject+Transforms/ObservableObject+Select.swift",
"Transforms/ObservableTransforms/ObservableObject+Transforms/ObservableObject+Unwrap.swift",
"Transforms/ObservableTransforms/ObservableObject+Transforms/ObservableObject+UnwrapWithDefault.swift",
"Transforms/ObservableTransforms/ObservableObject+Transforms/ObservableObject+Weak.swift",
"Transforms/ObservableTransforms/Unwrapper.swift",
"Transforms/ObservableTransforms/Weak.swift",
"Transforms/ObservationTransforms/ObservationTransformer+Transforms/ObservationTransformer+Filter.swift",
"Transforms/ObservationTransforms/ObservationTransformer+Transforms/ObservationTransformer+FilterAuthor.swift",
"Transforms/ObservationTransforms/ObservationTransformer+Transforms/ObservationTransformer+From.swift",
"Transforms/ObservationTransforms/ObservationTransformer+Transforms/ObservationTransformer+Map.swift",
"Transforms/ObservationTransforms/ObservationTransformer+Transforms/ObservationTransformer+New.swift",
"Transforms/ObservationTransforms/ObservationTransformer+Transforms/ObservationTransformer+NotFrom.swift",
"Transforms/ObservationTransforms/ObservationTransformer+Transforms/ObservationTransformer+Select.swift",
"Transforms/ObservationTransforms/ObservationTransformer+Transforms/ObservationTransformer+Unwrap.swift",
"Transforms/ObservationTransforms/ObservationTransformer+Transforms/ObservationTransformer+UnwrapWithDefault.swift",
"Transforms/ObservationTransforms/ObservationTransformer.swift",
"Transforms/ObservationTransforms/Observer+ObservationTransformer.swift",
"Variable/Variable+Comparable.swift",
"Variable/Variable+ObservableCache.swift",
"Variable/Variable+PropertyWrapper.swift",
"Variable/Variable+ValueAssignment.swift",
"Variable/Variable.swift"
],
"type" : "library"
},
{
"c99name" : "CombineObserverTests",
"module_type" : "SwiftTarget",
"name" : "CombineObserverTests",
"path" : "Tests/CombineObserverTests",
"product_dependencies" : [
"SwiftyToolz"
],
"sources" : [
"CombineObserverTests.swift"
],
"target_dependencies" : [
"CombineObserver",
"SwiftObserver"
],
"type" : "test"
},
{
"c99name" : "CombineObserver",
"module_type" : "SwiftTarget",
"name" : "CombineObserver",
"path" : "Code/CombineObserver",
"product_dependencies" : [
"SwiftyToolz"
],
"product_memberships" : [
"CombineObserver"
],
"sources" : [
"SwiftObserver+Combine.swift"
],
"target_dependencies" : [
"SwiftObserver"
],
"type" : "library"
}
],
"tools_version" : "5.6"
}
{
"workspace" : {
"name" : "spi-builder-workspace",
"schemes" : [
"CombineObserver",
"SwiftObserver",
"SwiftObserver-Package"
]
}
}
2026-07-22 05:47:18.746 xcodebuild[856:5268] [MT] IDERunDestination: Supported platforms for the buildables in the current scheme is empty.
Running build ...
env DEVELOPER_DIR=/Applications/Xcode-26.4.0.app xcrun xcodebuild -IDEClonedSourcePackagesDirPathOverride=$PWD/.dependencies -skipMacroValidation -skipPackagePluginValidation -derivedDataPath $PWD/.derivedData build -scheme SwiftObserver-Package -destination generic/platform=tvOS
Command line invocation:
/Applications/Xcode-26.4.0.app/Contents/Developer/usr/bin/xcodebuild -IDEClonedSourcePackagesDirPathOverride=/Users/admin/builder/spi-builder-workspace/.dependencies -skipMacroValidation -skipPackagePluginValidation -derivedDataPath /Users/admin/builder/spi-builder-workspace/.derivedData build -scheme SwiftObserver-Package -destination generic/platform=tvOS
Resolve Package Graph
Resolved source packages:
SwiftObserver: /Users/admin/builder/spi-builder-workspace
SwiftyToolz: https://github.com/nohype-ai/SwiftyToolz.git @ 0.5.8
ComputePackagePrebuildTargetDependencyGraph
Prepare packages
CreateBuildRequest
SendProjectDescription
CreateBuildOperation
ComputeTargetDependencyGraph
note: Building targets in dependency order
note: Target dependency graph (6 targets)
Target 'SwiftObserver' in project 'SwiftObserver'
➜ Explicit dependency on target 'SwiftObserver' in project 'SwiftObserver'
➜ Explicit dependency on target 'SwiftyToolz' in project 'SwiftyToolz'
Target 'CombineObserver' in project 'SwiftObserver'
➜ Explicit dependency on target 'CombineObserver' in project 'SwiftObserver'
➜ Explicit dependency on target 'SwiftObserver' in project 'SwiftObserver'
➜ Explicit dependency on target 'SwiftyToolz' in project 'SwiftyToolz'
Target 'CombineObserver' in project 'SwiftObserver'
➜ Explicit dependency on target 'SwiftObserver' in project 'SwiftObserver'
➜ Explicit dependency on target 'SwiftyToolz' in project 'SwiftyToolz'
Target 'SwiftObserver' in project 'SwiftObserver'
➜ Explicit dependency on target 'SwiftyToolz' in project 'SwiftyToolz'
Target 'SwiftyToolz' in project 'SwiftyToolz'
➜ Explicit dependency on target 'SwiftyToolz' in project 'SwiftyToolz'
Target 'SwiftyToolz' in project 'SwiftyToolz' (no dependencies)
GatherProvisioningInputs
CreateBuildDescription
ClangStatCache /Applications/Xcode-26.4.0.app/Contents/Developer/Toolchains/XcodeDefault.xctoolchain/usr/bin/clang-stat-cache /Applications/Xcode-26.4.0.app/Contents/Developer/Platforms/AppleTVOS.platform/Developer/SDKs/AppleTVOS26.4.sdk /Users/admin/builder/spi-builder-workspace/.derivedData/SDKStatCaches.noindex/appletvos26.4-23L236-688ef53f1462e2c8f657fdc38a81448fe9417fc108aa677fd4261ecaa021a5e7.sdkstatcache
cd /Users/admin/builder/spi-builder-workspace/.swiftpm/xcode
/Applications/Xcode-26.4.0.app/Contents/Developer/Toolchains/XcodeDefault.xctoolchain/usr/bin/clang-stat-cache /Applications/Xcode-26.4.0.app/Contents/Developer/Platforms/AppleTVOS.platform/Developer/SDKs/AppleTVOS26.4.sdk -o /Users/admin/builder/spi-builder-workspace/.derivedData/SDKStatCaches.noindex/appletvos26.4-23L236-688ef53f1462e2c8f657fdc38a81448fe9417fc108aa677fd4261ecaa021a5e7.sdkstatcache
SwiftDriver SwiftObserver normal arm64 com.apple.xcode.tools.swift.compiler (in target 'SwiftObserver' from project 'SwiftObserver')
cd /Users/admin/builder/spi-builder-workspace/.swiftpm/xcode
builtin-SwiftDriver -- /Applications/Xcode-26.4.0.app/Contents/Developer/Toolchains/XcodeDefault.xctoolchain/usr/bin/swiftc -module-name SwiftObserver -Onone @/Users/admin/builder/spi-builder-workspace/.derivedData/Build/Intermediates.noindex/SwiftObserver.build/Debug-appletvos/SwiftObserver.build/Objects-normal/arm64/SwiftObserver.SwiftFileList -DSWIFT_PACKAGE -DDEBUG -DSWIFT_MODULE_RESOURCE_BUNDLE_UNAVAILABLE -DXcode -plugin-path /Applications/Xcode-26.4.0.app/Contents/Developer/Toolchains/XcodeDefault.xctoolchain/usr/lib/swift/host/plugins/testing -enable-experimental-feature DebugDescriptionMacro -sdk /Applications/Xcode-26.4.0.app/Contents/Developer/Platforms/AppleTVOS.platform/Developer/SDKs/AppleTVOS26.4.sdk -target arm64-apple-tvos12.0 -g -module-cache-path /Users/admin/builder/spi-builder-workspace/.derivedData/ModuleCache.noindex -Xfrontend -serialize-debugging-options -profile-coverage-mapping -profile-generate -enable-testing -index-store-path /Users/admin/builder/spi-builder-workspace/.derivedData/Index.noindex/DataStore -Xcc -D_LIBCPP_HARDENING_MODE\=_LIBCPP_HARDENING_MODE_DEBUG -swift-version 5 -I /Users/admin/builder/spi-builder-workspace/.derivedData/Build/Products/Debug-appletvos -Isystem /Applications/Xcode-26.4.0.app/Contents/Developer/Platforms/AppleTVOS.platform/Developer/usr/lib -F /Users/admin/builder/spi-builder-workspace/.derivedData/Build/Products/Debug-appletvos/PackageFrameworks -F /Users/admin/builder/spi-builder-workspace/.derivedData/Build/Products/Debug-appletvos -F /Applications/Xcode-26.4.0.app/Contents/Developer/Platforms/AppleTVOS.platform/Developer/Library/Frameworks -F /Applications/Xcode-26.4.0.app/Contents/Developer/Platforms/AppleTVOS.platform/Developer/SDKs/AppleTVOS26.4.sdk/Developer/Library/Frameworks -c -j10 -enable-batch-mode -incremental -Xcc -ivfsstatcache -Xcc /Users/admin/builder/spi-builder-workspace/.derivedData/SDKStatCaches.noindex/appletvos26.4-23L236-688ef53f1462e2c8f657fdc38a81448fe9417fc108aa677fd4261ecaa021a5e7.sdkstatcache -output-file-map /Users/admin/builder/spi-builder-workspace/.derivedData/Build/Intermediates.noindex/SwiftObserver.build/Debug-appletvos/SwiftObserver.build/Objects-normal/arm64/SwiftObserver-OutputFileMap.json -use-frontend-parseable-output -save-temps -no-color-diagnostics -explicit-module-build -module-cache-path /Users/admin/builder/spi-builder-workspace/.derivedData/Build/Intermediates.noindex/SwiftExplicitPrecompiledModules -clang-scanner-module-cache-path /Users/admin/builder/spi-builder-workspace/.derivedData/ModuleCache.noindex -sdk-module-cache-path /Users/admin/builder/spi-builder-workspace/.derivedData/ModuleCache.noindex -serialize-diagnostics -emit-dependencies -emit-module -emit-module-path /Users/admin/builder/spi-builder-workspace/.derivedData/Build/Intermediates.noindex/SwiftObserver.build/Debug-appletvos/SwiftObserver.build/Objects-normal/arm64/SwiftObserver.swiftmodule -validate-clang-modules-once -clang-build-session-file /Users/admin/builder/spi-builder-workspace/.derivedData/ModuleCache.noindex/Session.modulevalidation -Xcc -I/Users/admin/builder/spi-builder-workspace/.derivedData/Build/Intermediates.noindex/SwiftObserver.build/Debug-appletvos/SwiftObserver.build/swift-overrides.hmap -emit-const-values -Xfrontend -const-gather-protocols-file -Xfrontend /Users/admin/builder/spi-builder-workspace/.derivedData/Build/Intermediates.noindex/SwiftObserver.build/Debug-appletvos/SwiftObserver.build/Objects-normal/arm64/SwiftObserver_const_extract_protocols.json -Xcc -I/Users/admin/builder/spi-builder-workspace/.derivedData/Build/Products/Debug-appletvos/include -Xcc -I/Users/admin/builder/spi-builder-workspace/.derivedData/Build/Intermediates.noindex/SwiftObserver.build/Debug-appletvos/SwiftObserver.build/DerivedSources-normal/arm64 -Xcc -I/Users/admin/builder/spi-builder-workspace/.derivedData/Build/Intermediates.noindex/SwiftObserver.build/Debug-appletvos/SwiftObserver.build/DerivedSources/arm64 -Xcc -I/Users/admin/builder/spi-builder-workspace/.derivedData/Build/Intermediates.noindex/SwiftObserver.build/Debug-appletvos/SwiftObserver.build/DerivedSources -Xcc -DSWIFT_PACKAGE -Xcc -DDEBUG\=1 -emit-objc-header -emit-objc-header-path /Users/admin/builder/spi-builder-workspace/.derivedData/Build/Intermediates.noindex/SwiftObserver.build/Debug-appletvos/SwiftObserver.build/Objects-normal/arm64/SwiftObserver-Swift.h -working-directory /Users/admin/builder/spi-builder-workspace/.swiftpm/xcode -experimental-emit-module-separately -disable-cmo
ExtractAppIntentsMetadata (in target 'SwiftyToolz' from project 'SwiftyToolz')
cd /Users/admin/builder/spi-builder-workspace/.dependencies/checkouts/SwiftyToolz
/Applications/Xcode-26.4.0.app/Contents/Developer/Toolchains/XcodeDefault.xctoolchain/usr/bin/appintentsmetadataprocessor --toolchain-dir /var/run/com.apple.security.cryptexd/mnt/com.apple.MobileAsset.MetalToolchain-v17.5.188.0.Ey8M8M/Metal.xctoolchain --module-name SwiftyToolz --sdk-root /Applications/Xcode-26.4.0.app/Contents/Developer/Platforms/AppleTVOS.platform/Developer/SDKs/AppleTVOS26.4.sdk --xcode-version 17E192 --platform-family tvOS --deployment-target 12.0 --bundle-identifier swiftytoolz.SwiftyToolz --output /Users/admin/builder/spi-builder-workspace/.derivedData/Build/Products/Debug-appletvos/SwiftyToolz.appintents --target-triple arm64-apple-tvos12.0 --binary-file /Users/admin/builder/spi-builder-workspace/.derivedData/Build/Products/Debug-appletvos/SwiftyToolz.o --dependency-file /Users/admin/builder/spi-builder-workspace/.derivedData/Build/Intermediates.noindex/SwiftyToolz.build/Debug-appletvos/SwiftyToolz.build/Objects-normal/arm64/SwiftyToolz_dependency_info.dat --stringsdata-file /Users/admin/builder/spi-builder-workspace/.derivedData/Build/Intermediates.noindex/SwiftyToolz.build/Debug-appletvos/SwiftyToolz.build/Objects-normal/arm64/ExtractedAppShortcutsMetadata.stringsdata --source-file-list /Users/admin/builder/spi-builder-workspace/.derivedData/Build/Intermediates.noindex/SwiftyToolz.build/Debug-appletvos/SwiftyToolz.build/Objects-normal/arm64/SwiftyToolz.SwiftFileList --metadata-file-list /Users/admin/builder/spi-builder-workspace/.derivedData/Build/Intermediates.noindex/SwiftyToolz.build/Debug-appletvos/SwiftyToolz.build/SwiftyToolz.DependencyMetadataFileList --static-metadata-file-list /Users/admin/builder/spi-builder-workspace/.derivedData/Build/Intermediates.noindex/SwiftyToolz.build/Debug-appletvos/SwiftyToolz.build/SwiftyToolz.DependencyStaticMetadataFileList --swift-const-vals-list /Users/admin/builder/spi-builder-workspace/.derivedData/Build/Intermediates.noindex/SwiftyToolz.build/Debug-appletvos/SwiftyToolz.build/Objects-normal/arm64/SwiftyToolz.SwiftConstValuesFileList --force --compile-time-extraction --deployment-aware-processing --validate-assistant-intents --no-app-shortcuts-localization
2026-07-22 05:47:20.517 appintentsmetadataprocessor[864:5354] Starting appintentsmetadataprocessor export
2026-07-22 05:47:20.540 appintentsmetadataprocessor[864:5354] Extracted no relevant App Intents symbols, skipping writing output
RegisterExecutionPolicyException /Users/admin/builder/spi-builder-workspace/.derivedData/Build/Products/Debug-appletvos/SwiftyToolz.o (in target 'SwiftyToolz' from project 'SwiftyToolz')
cd /Users/admin/builder/spi-builder-workspace/.dependencies/checkouts/SwiftyToolz
builtin-RegisterExecutionPolicyException /Users/admin/builder/spi-builder-workspace/.derivedData/Build/Products/Debug-appletvos/SwiftyToolz.o
SwiftCompile normal arm64 Compiling\ ObservableObject.swift,\ ReceiverPool.swift,\ Update.swift,\ ObservableObject+Observer.swift,\ Observer.swift /Users/admin/builder/spi-builder-workspace/Code/SwiftObserver/ObservableObject/ObservableObject.swift /Users/admin/builder/spi-builder-workspace/Code/SwiftObserver/ObservableObject/ReceiverPool.swift /Users/admin/builder/spi-builder-workspace/Code/SwiftObserver/ObservableObject/Update.swift /Users/admin/builder/spi-builder-workspace/Code/SwiftObserver/Observer/ObservableObject+Observer.swift /Users/admin/builder/spi-builder-workspace/Code/SwiftObserver/Observer/Observer.swift (in target 'SwiftObserver' from project 'SwiftObserver')
SwiftCompile normal arm64 /Users/admin/builder/spi-builder-workspace/Code/SwiftObserver/ObservableObject/ObservableObject.swift (in target 'SwiftObserver' from project 'SwiftObserver')
cd /Users/admin/builder/spi-builder-workspace/.swiftpm/xcode
SwiftCompile normal arm64 /Users/admin/builder/spi-builder-workspace/Code/SwiftObserver/ObservableObject/ReceiverPool.swift (in target 'SwiftObserver' from project 'SwiftObserver')
cd /Users/admin/builder/spi-builder-workspace/.swiftpm/xcode
SwiftCompile normal arm64 /Users/admin/builder/spi-builder-workspace/Code/SwiftObserver/ObservableObject/Update.swift (in target 'SwiftObserver' from project 'SwiftObserver')
cd /Users/admin/builder/spi-builder-workspace/.swiftpm/xcode
SwiftCompile normal arm64 /Users/admin/builder/spi-builder-workspace/Code/SwiftObserver/Observer/ObservableObject+Observer.swift (in target 'SwiftObserver' from project 'SwiftObserver')
cd /Users/admin/builder/spi-builder-workspace/.swiftpm/xcode
SwiftCompile normal arm64 /Users/admin/builder/spi-builder-workspace/Code/SwiftObserver/Observer/Observer.swift (in target 'SwiftObserver' from project 'SwiftObserver')
cd /Users/admin/builder/spi-builder-workspace/.swiftpm/xcode
SwiftCompile normal arm64 Compiling\ Receiver.swift,\ AuthorFilter.swift,\ Cache.swift,\ CacheOnOptionalMessage.swift,\ Filter.swift /Users/admin/builder/spi-builder-workspace/Code/SwiftObserver/Observer/Receiver.swift /Users/admin/builder/spi-builder-workspace/Code/SwiftObserver/Transforms/ObservableTransforms/AuthorFilter.swift /Users/admin/builder/spi-builder-workspace/Code/SwiftObserver/Transforms/ObservableTransforms/Cache.swift /Users/admin/builder/spi-builder-workspace/Code/SwiftObserver/Transforms/ObservableTransforms/CacheOnOptionalMessage.swift /Users/admin/builder/spi-builder-workspace/Code/SwiftObserver/Transforms/ObservableTransforms/Filter.swift (in target 'SwiftObserver' from project 'SwiftObserver')
Failed frontend command:
/Applications/Xcode-26.4.0.app/Contents/Developer/Toolchains/XcodeDefault.xctoolchain/usr/bin/swift-frontend -frontend -c /Users/admin/builder/spi-builder-workspace/Code/SwiftObserver/AnyAuthor.swift /Users/admin/builder/spi-builder-workspace/Code/SwiftObserver/Connection.swift /Users/admin/builder/spi-builder-workspace/Code/SwiftObserver/ObservableObject/Messenger.swift /Users/admin/builder/spi-builder-workspace/Code/SwiftObserver/ObservableObject/ObservableCache.swift /Users/admin/builder/spi-builder-workspace/Code/SwiftObserver/ObservableObject/ObservableObject+StopObservation.swift /Users/admin/builder/spi-builder-workspace/Code/SwiftObserver/ObservableObject/ObservableObject.swift /Users/admin/builder/spi-builder-workspace/Code/SwiftObserver/ObservableObject/ReceiverPool.swift /Users/admin/builder/spi-builder-workspace/Code/SwiftObserver/ObservableObject/Update.swift /Users/admin/builder/spi-builder-workspace/Code/SwiftObserver/Observer/ObservableObject+Observer.swift /Users/admin/builder/spi-builder-workspace/Code/SwiftObserver/Observer/Observer.swift -primary-file /Users/admin/builder/spi-builder-workspace/Code/SwiftObserver/Observer/Receiver.swift -primary-file /Users/admin/builder/spi-builder-workspace/Code/SwiftObserver/Transforms/ObservableTransforms/AuthorFilter.swift -primary-file /Users/admin/builder/spi-builder-workspace/Code/SwiftObserver/Transforms/ObservableTransforms/Cache.swift -primary-file /Users/admin/builder/spi-builder-workspace/Code/SwiftObserver/Transforms/ObservableTransforms/CacheOnOptionalMessage.swift -primary-file /Users/admin/builder/spi-builder-workspace/Code/SwiftObserver/Transforms/ObservableTransforms/Filter.swift /Users/admin/builder/spi-builder-workspace/Code/SwiftObserver/Transforms/ObservableTransforms/Mapper+Cache.swift /Users/admin/builder/spi-builder-workspace/Code/SwiftObserver/Transforms/ObservableTransforms/Mapper.swift /Users/admin/builder/spi-builder-workspace/Code/SwiftObserver/Transforms/ObservableTransforms/ObservableObject+Transforms/ObservableObject+Cache.swift /Users/admin/builder/spi-builder-workspace/Code/SwiftObserver/Transforms/ObservableTransforms/ObservableObject+Transforms/ObservableObject+Filter.swift /Users/admin/builder/spi-builder-workspace/Code/SwiftObserver/Transforms/ObservableTransforms/ObservableObject+Transforms/ObservableObject+FilterAuthor.swift /Users/admin/builder/spi-builder-workspace/Code/SwiftObserver/Transforms/ObservableTransforms/ObservableObject+Transforms/ObservableObject+From.swift /Users/admin/builder/spi-builder-workspace/Code/SwiftObserver/Transforms/ObservableTransforms/ObservableObject+Transforms/ObservableObject+Map.swift /Users/admin/builder/spi-builder-workspace/Code/SwiftObserver/Transforms/ObservableTransforms/ObservableObject+Transforms/ObservableObject+New.swift /Users/admin/builder/spi-builder-workspace/Code/SwiftObserver/Transforms/ObservableTransforms/ObservableObject+Transforms/ObservableObject+NotFrom.swift /Users/admin/builder/spi-builder-workspace/Code/SwiftObserver/Transforms/ObservableTransforms/ObservableObject+Transforms/ObservableObject+Select.swift /Users/admin/builder/spi-builder-workspace/Code/SwiftObserver/Transforms/ObservableTransforms/ObservableObject+Transforms/ObservableObject+Unwrap.swift /Users/admin/builder/spi-builder-workspace/Code/SwiftObserver/Transforms/ObservableTransforms/ObservableObject+Transforms/ObservableObject+UnwrapWithDefault.swift /Users/admin/builder/spi-builder-workspace/Code/SwiftObserver/Transforms/ObservableTransforms/ObservableObject+Transforms/ObservableObject+Weak.swift /Users/admin/builder/spi-builder-workspace/Code/SwiftObserver/Transforms/ObservableTransforms/Unwrapper.swift /Users/admin/builder/spi-builder-workspace/Code/SwiftObserver/Transforms/ObservableTransforms/Weak.swift /Users/admin/builder/spi-builder-workspace/Code/SwiftObserver/Transforms/ObservationTransforms/ObservationTransformer+Transforms/ObservationTransformer+Filter.swift /Users/admin/builder/spi-builder-workspace/Code/SwiftObserver/Transforms/ObservationTransforms/ObservationTransformer+Transforms/ObservationTransformer+FilterAuthor.swift /Users/admin/builder/spi-builder-workspace/Code/SwiftObserver/Transforms/ObservationTransforms/ObservationTransformer+Transforms/ObservationTransformer+From.swift /Users/admin/builder/spi-builder-workspace/Code/SwiftObserver/Transforms/ObservationTransforms/ObservationTransformer+Transforms/ObservationTransformer+Map.swift /Users/admin/builder/spi-builder-workspace/Code/SwiftObserver/Transforms/ObservationTransforms/ObservationTransformer+Transforms/ObservationTransformer+New.swift /Users/admin/builder/spi-builder-workspace/Code/SwiftObserver/Transforms/ObservationTransforms/ObservationTransformer+Transforms/ObservationTransformer+NotFrom.swift /Users/admin/builder/spi-builder-workspace/Code/SwiftObserver/Transforms/ObservationTransforms/ObservationTransformer+Transforms/ObservationTransformer+Select.swift /Users/admin/builder/spi-builder-workspace/Code/SwiftObserver/Transforms/ObservationTransforms/ObservationTransformer+Transforms/ObservationTransformer+Unwrap.swift /Users/admin/builder/spi-builder-workspace/Code/SwiftObserver/Transforms/ObservationTransforms/ObservationTransformer+Transforms/ObservationTransformer+UnwrapWithDefault.swift /Users/admin/builder/spi-builder-workspace/Code/SwiftObserver/Transforms/ObservationTransforms/ObservationTransformer.swift /Users/admin/builder/spi-builder-workspace/Code/SwiftObserver/Transforms/ObservationTransforms/Observer+ObservationTransformer.swift /Users/admin/builder/spi-builder-workspace/Code/SwiftObserver/Variable/Variable+Comparable.swift /Users/admin/builder/spi-builder-workspace/Code/SwiftObserver/Variable/Variable+ObservableCache.swift /Users/admin/builder/spi-builder-workspace/Code/SwiftObserver/Variable/Variable+PropertyWrapper.swift /Users/admin/builder/spi-builder-workspace/Code/SwiftObserver/Variable/Variable+ValueAssignment.swift /Users/admin/builder/spi-builder-workspace/Code/SwiftObserver/Variable/Variable.swift -supplementary-output-file-map /Users/admin/builder/spi-builder-workspace/.derivedData/Build/Intermediates.noindex/SwiftObserver.build/Debug-appletvos/SwiftObserver.build/Objects-normal/arm64/supplementaryOutputs-3 -target arm64-apple-tvos12.0 -load-resolved-plugin /Applications/Xcode-26.4.0.app/Contents/Developer/Platforms/AppleTVOS.platform/Developer/usr/lib/swift/host/plugins/libSwiftMacros.dylib\#/Applications/Xcode-26.4.0.app/Contents/Developer/Platforms/AppleTVOS.platform/Developer/usr/bin/swift-plugin-server\#SwiftMacros -disable-implicit-swift-modules -Xcc -fno-implicit-modules -Xcc -fno-implicit-module-maps -explicit-swift-module-map-file /Users/admin/builder/spi-builder-workspace/.derivedData/Build/Intermediates.noindex/SwiftObserver.build/Debug-appletvos/SwiftObserver.build/Objects-normal/arm64/SwiftObserver-dependencies-1.json -debug-module-path /Users/admin/builder/spi-builder-workspace/.derivedData/Build/Intermediates.noindex/SwiftObserver.build/Debug-appletvos/SwiftObserver.build/Objects-normal/arm64/SwiftObserver.swiftmodule -Xllvm -aarch64-use-tbi -enable-objc-interop -sdk /Applications/Xcode-26.4.0.app/Contents/Developer/Platforms/AppleTVOS.platform/Developer/SDKs/AppleTVOS26.4.sdk -I /Users/admin/builder/spi-builder-workspace/.derivedData/Build/Products/Debug-appletvos -Isystem /Applications/Xcode-26.4.0.app/Contents/Developer/Platforms/AppleTVOS.platform/Developer/usr/lib -F /Users/admin/builder/spi-builder-workspace/.derivedData/Build/Products/Debug-appletvos/PackageFrameworks -F /Users/admin/builder/spi-builder-workspace/.derivedData/Build/Products/Debug-appletvos -F /Applications/Xcode-26.4.0.app/Contents/Developer/Platforms/AppleTVOS.platform/Developer/Library/Frameworks -F /Applications/Xcode-26.4.0.app/Contents/Developer/Platforms/AppleTVOS.platform/Developer/SDKs/AppleTVOS26.4.sdk/Developer/Library/Frameworks -no-color-diagnostics -Xcc -fno-color-diagnostics -enable-testing -g -debug-info-format\=dwarf -dwarf-version\=4 -module-cache-path /Users/admin/builder/spi-builder-workspace/.derivedData/Build/Intermediates.noindex/SwiftExplicitPrecompiledModules -profile-generate -profile-coverage-mapping -swift-version 5 -Onone -D SWIFT_PACKAGE -D DEBUG -D SWIFT_MODULE_RESOURCE_BUNDLE_UNAVAILABLE -D Xcode -serialize-debugging-options -const-gather-protocols-file /Users/admin/builder/spi-builder-workspace/.derivedData/Build/Intermediates.noindex/SwiftObserver.build/Debug-appletvos/SwiftObserver.build/Objects-normal/arm64/SwiftObserver_const_extract_protocols.json -enable-experimental-feature DebugDescriptionMacro -empty-abi-descriptor -validate-clang-modules-once -clang-build-session-file /Users/admin/builder/spi-builder-workspace/.derivedData/ModuleCache.noindex/Session.modulevalidation -Xcc -working-directory -Xcc /Users/admin/builder/spi-builder-workspace/.swiftpm/xcode -enable-anonymous-context-mangled-names -file-compilation-dir /Users/admin/builder/spi-builder-workspace/.swiftpm/xcode -Xcc -D_LIBCPP_HARDENING_MODE\=_LIBCPP_HARDENING_MODE_DEBUG -Xcc -ivfsstatcache -Xcc /Users/admin/builder/spi-builder-workspace/.derivedData/SDKStatCaches.noindex/appletvos26.4-23L236-688ef53f1462e2c8f657fdc38a81448fe9417fc108aa677fd4261ecaa021a5e7.sdkstatcache -Xcc -I/Users/admin/builder/spi-builder-workspace/.derivedData/Build/Intermediates.noindex/SwiftObserver.build/Debug-appletvos/SwiftObserver.build/swift-overrides.hmap -Xcc -I/Users/admin/builder/spi-builder-workspace/.derivedData/Build/Products/Debug-appletvos/include -Xcc -I/Users/admin/builder/spi-builder-workspace/.derivedData/Build/Intermediates.noindex/SwiftObserver.build/Debug-appletvos/SwiftObserver.build/DerivedSources-normal/arm64 -Xcc -I/Users/admin/builder/spi-builder-workspace/.derivedData/Build/Intermediates.noindex/SwiftObserver.build/Debug-appletvos/SwiftObserver.build/DerivedSources/arm64 -Xcc -I/Users/admin/builder/spi-builder-workspace/.derivedData/Build/Intermediates.noindex/SwiftObserver.build/Debug-appletvos/SwiftObserver.build/DerivedSources -Xcc -DSWIFT_PACKAGE -Xcc -DDEBUG\=1 -no-auto-bridging-header-chaining -module-name SwiftObserver -frontend-parseable-output -disable-clang-spi -clang-target arm64-apple-tvos26.4 -target-sdk-version 26.4 -target-sdk-name appletvos26.4 -in-process-plugin-server-path /Applications/Xcode-26.4.0.app/Contents/Developer/Toolchains/XcodeDefault.xctoolchain/usr/lib/swift/host/libSwiftInProcPluginServer.dylib -o /Users/admin/builder/spi-builder-workspace/.derivedData/Build/Intermediates.noindex/SwiftObserver.build/Debug-appletvos/SwiftObserver.build/Objects-normal/arm64/Receiver.o -o /Users/admin/builder/spi-builder-workspace/.derivedData/Build/Intermediates.noindex/SwiftObserver.build/Debug-appletvos/SwiftObserver.build/Objects-normal/arm64/AuthorFilter.o -o /Users/admin/builder/spi-builder-workspace/.derivedData/Build/Intermediates.noindex/SwiftObserver.build/Debug-appletvos/SwiftObserver.build/Objects-normal/arm64/Cache.o -o /Users/admin/builder/spi-builder-workspace/.derivedData/Build/Intermediates.noindex/SwiftObserver.build/Debug-appletvos/SwiftObserver.build/Objects-normal/arm64/CacheOnOptionalMessage.o -o /Users/admin/builder/spi-builder-workspace/.derivedData/Build/Intermediates.noindex/SwiftObserver.build/Debug-appletvos/SwiftObserver.build/Objects-normal/arm64/Filter.o -index-unit-output-path /SwiftObserver.build/Debug-appletvos/SwiftObserver.build/Objects-normal/arm64/Receiver.o -index-unit-output-path /SwiftObserver.build/Debug-appletvos/SwiftObserver.build/Objects-normal/arm64/AuthorFilter.o -index-unit-output-path /SwiftObserver.build/Debug-appletvos/SwiftObserver.build/Objects-normal/arm64/Cache.o -index-unit-output-path /SwiftObserver.build/Debug-appletvos/SwiftObserver.build/Objects-normal/arm64/CacheOnOptionalMessage.o -index-unit-output-path /SwiftObserver.build/Debug-appletvos/SwiftObserver.build/Objects-normal/arm64/Filter.o -index-store-path /Users/admin/builder/spi-builder-workspace/.derivedData/Index.noindex/DataStore -index-system-modules
SwiftCompile normal arm64 /Users/admin/builder/spi-builder-workspace/Code/SwiftObserver/Observer/Receiver.swift (in target 'SwiftObserver' from project 'SwiftObserver')
cd /Users/admin/builder/spi-builder-workspace/.swiftpm/xcode
/Users/admin/builder/spi-builder-workspace/Code/SwiftObserver/Observer/Receiver.swift:37:13: error: 'log(error:title:forUser:filePath:function:line:)' is only available in tvOS 13.0 or newer
log(error: "\(Self.self) will retain a connection that points to a different \(Self.self).")
^
/Users/admin/builder/spi-builder-workspace/Code/SwiftObserver/Observer/Receiver.swift:37:13: note: add 'if #available' version check
log(error: "\(Self.self) will retain a connection that points to a different \(Self.self).")
^
/Users/admin/builder/spi-builder-workspace/Code/SwiftObserver/Observer/Receiver.swift:33:19: note: add '@available' attribute to enclosing instance method
internal func retain(_ connection: Connection)
^
/Users/admin/builder/spi-builder-workspace/Code/SwiftObserver/Observer/Receiver.swift:8:20: note: add '@available' attribute to enclosing class
public final class Receiver
^
SwiftCompile normal arm64 /Users/admin/builder/spi-builder-workspace/Code/SwiftObserver/Transforms/ObservableTransforms/AuthorFilter.swift (in target 'SwiftObserver' from project 'SwiftObserver')
cd /Users/admin/builder/spi-builder-workspace/.swiftpm/xcode
SwiftCompile normal arm64 /Users/admin/builder/spi-builder-workspace/Code/SwiftObserver/Transforms/ObservableTransforms/Cache.swift (in target 'SwiftObserver' from project 'SwiftObserver')
cd /Users/admin/builder/spi-builder-workspace/.swiftpm/xcode
SwiftCompile normal arm64 /Users/admin/builder/spi-builder-workspace/Code/SwiftObserver/Transforms/ObservableTransforms/CacheOnOptionalMessage.swift (in target 'SwiftObserver' from project 'SwiftObserver')
cd /Users/admin/builder/spi-builder-workspace/.swiftpm/xcode
SwiftCompile normal arm64 /Users/admin/builder/spi-builder-workspace/Code/SwiftObserver/Transforms/ObservableTransforms/Filter.swift (in target 'SwiftObserver' from project 'SwiftObserver')
cd /Users/admin/builder/spi-builder-workspace/.swiftpm/xcode
SwiftCompile normal arm64 Compiling\ Mapper+Cache.swift,\ Mapper.swift,\ ObservableObject+Cache.swift,\ ObservableObject+Filter.swift,\ ObservableObject+FilterAuthor.swift /Users/admin/builder/spi-builder-workspace/Code/SwiftObserver/Transforms/ObservableTransforms/Mapper+Cache.swift /Users/admin/builder/spi-builder-workspace/Code/SwiftObserver/Transforms/ObservableTransforms/Mapper.swift /Users/admin/builder/spi-builder-workspace/Code/SwiftObserver/Transforms/ObservableTransforms/ObservableObject+Transforms/ObservableObject+Cache.swift /Users/admin/builder/spi-builder-workspace/Code/SwiftObserver/Transforms/ObservableTransforms/ObservableObject+Transforms/ObservableObject+Filter.swift /Users/admin/builder/spi-builder-workspace/Code/SwiftObserver/Transforms/ObservableTransforms/ObservableObject+Transforms/ObservableObject+FilterAuthor.swift (in target 'SwiftObserver' from project 'SwiftObserver')
SwiftCompile normal arm64 /Users/admin/builder/spi-builder-workspace/Code/SwiftObserver/Transforms/ObservableTransforms/Mapper+Cache.swift (in target 'SwiftObserver' from project 'SwiftObserver')
cd /Users/admin/builder/spi-builder-workspace/.swiftpm/xcode
SwiftCompile normal arm64 /Users/admin/builder/spi-builder-workspace/Code/SwiftObserver/Transforms/ObservableTransforms/Mapper.swift (in target 'SwiftObserver' from project 'SwiftObserver')
cd /Users/admin/builder/spi-builder-workspace/.swiftpm/xcode
SwiftCompile normal arm64 /Users/admin/builder/spi-builder-workspace/Code/SwiftObserver/Transforms/ObservableTransforms/ObservableObject+Transforms/ObservableObject+Cache.swift (in target 'SwiftObserver' from project 'SwiftObserver')
cd /Users/admin/builder/spi-builder-workspace/.swiftpm/xcode
SwiftCompile normal arm64 /Users/admin/builder/spi-builder-workspace/Code/SwiftObserver/Transforms/ObservableTransforms/ObservableObject+Transforms/ObservableObject+Filter.swift (in target 'SwiftObserver' from project 'SwiftObserver')
cd /Users/admin/builder/spi-builder-workspace/.swiftpm/xcode
SwiftCompile normal arm64 /Users/admin/builder/spi-builder-workspace/Code/SwiftObserver/Transforms/ObservableTransforms/ObservableObject+Transforms/ObservableObject+FilterAuthor.swift (in target 'SwiftObserver' from project 'SwiftObserver')
cd /Users/admin/builder/spi-builder-workspace/.swiftpm/xcode
SwiftCompile normal arm64 Compiling\ ObservationTransformer+Filter.swift,\ ObservationTransformer+FilterAuthor.swift,\ ObservationTransformer+From.swift,\ ObservationTransformer+Map.swift /Users/admin/builder/spi-builder-workspace/Code/SwiftObserver/Transforms/ObservationTransforms/ObservationTransformer+Transforms/ObservationTransformer+Filter.swift /Users/admin/builder/spi-builder-workspace/Code/SwiftObserver/Transforms/ObservationTransforms/ObservationTransformer+Transforms/ObservationTransformer+FilterAuthor.swift /Users/admin/builder/spi-builder-workspace/Code/SwiftObserver/Transforms/ObservationTransforms/ObservationTransformer+Transforms/ObservationTransformer+From.swift /Users/admin/builder/spi-builder-workspace/Code/SwiftObserver/Transforms/ObservationTransforms/ObservationTransformer+Transforms/ObservationTransformer+Map.swift (in target 'SwiftObserver' from project 'SwiftObserver')
SwiftCompile normal arm64 /Users/admin/builder/spi-builder-workspace/Code/SwiftObserver/Transforms/ObservationTransforms/ObservationTransformer+Transforms/ObservationTransformer+Filter.swift (in target 'SwiftObserver' from project 'SwiftObserver')
cd /Users/admin/builder/spi-builder-workspace/.swiftpm/xcode
SwiftCompile normal arm64 /Users/admin/builder/spi-builder-workspace/Code/SwiftObserver/Transforms/ObservationTransforms/ObservationTransformer+Transforms/ObservationTransformer+FilterAuthor.swift (in target 'SwiftObserver' from project 'SwiftObserver')
cd /Users/admin/builder/spi-builder-workspace/.swiftpm/xcode
SwiftCompile normal arm64 /Users/admin/builder/spi-builder-workspace/Code/SwiftObserver/Transforms/ObservationTransforms/ObservationTransformer+Transforms/ObservationTransformer+From.swift (in target 'SwiftObserver' from project 'SwiftObserver')
cd /Users/admin/builder/spi-builder-workspace/.swiftpm/xcode
SwiftCompile normal arm64 /Users/admin/builder/spi-builder-workspace/Code/SwiftObserver/Transforms/ObservationTransforms/ObservationTransformer+Transforms/ObservationTransformer+Map.swift (in target 'SwiftObserver' from project 'SwiftObserver')
cd /Users/admin/builder/spi-builder-workspace/.swiftpm/xcode
SwiftCompile normal arm64 Compiling\ ObservableObject+From.swift,\ ObservableObject+Map.swift,\ ObservableObject+New.swift,\ ObservableObject+NotFrom.swift,\ ObservableObject+Select.swift /Users/admin/builder/spi-builder-workspace/Code/SwiftObserver/Transforms/ObservableTransforms/ObservableObject+Transforms/ObservableObject+From.swift /Users/admin/builder/spi-builder-workspace/Code/SwiftObserver/Transforms/ObservableTransforms/ObservableObject+Transforms/ObservableObject+Map.swift /Users/admin/builder/spi-builder-workspace/Code/SwiftObserver/Transforms/ObservableTransforms/ObservableObject+Transforms/ObservableObject+New.swift /Users/admin/builder/spi-builder-workspace/Code/SwiftObserver/Transforms/ObservableTransforms/ObservableObject+Transforms/ObservableObject+NotFrom.swift /Users/admin/builder/spi-builder-workspace/Code/SwiftObserver/Transforms/ObservableTransforms/ObservableObject+Transforms/ObservableObject+Select.swift (in target 'SwiftObserver' from project 'SwiftObserver')
SwiftCompile normal arm64 /Users/admin/builder/spi-builder-workspace/Code/SwiftObserver/Transforms/ObservableTransforms/ObservableObject+Transforms/ObservableObject+From.swift (in target 'SwiftObserver' from project 'SwiftObserver')
cd /Users/admin/builder/spi-builder-workspace/.swiftpm/xcode
SwiftCompile normal arm64 /Users/admin/builder/spi-builder-workspace/Code/SwiftObserver/Transforms/ObservableTransforms/ObservableObject+Transforms/ObservableObject+Map.swift (in target 'SwiftObserver' from project 'SwiftObserver')
cd /Users/admin/builder/spi-builder-workspace/.swiftpm/xcode
SwiftCompile normal arm64 /Users/admin/builder/spi-builder-workspace/Code/SwiftObserver/Transforms/ObservableTransforms/ObservableObject+Transforms/ObservableObject+New.swift (in target 'SwiftObserver' from project 'SwiftObserver')
cd /Users/admin/builder/spi-builder-workspace/.swiftpm/xcode
SwiftCompile normal arm64 /Users/admin/builder/spi-builder-workspace/Code/SwiftObserver/Transforms/ObservableTransforms/ObservableObject+Transforms/ObservableObject+NotFrom.swift (in target 'SwiftObserver' from project 'SwiftObserver')
cd /Users/admin/builder/spi-builder-workspace/.swiftpm/xcode
SwiftCompile normal arm64 /Users/admin/builder/spi-builder-workspace/Code/SwiftObserver/Transforms/ObservableTransforms/ObservableObject+Transforms/ObservableObject+Select.swift (in target 'SwiftObserver' from project 'SwiftObserver')
cd /Users/admin/builder/spi-builder-workspace/.swiftpm/xcode
SwiftCompile normal arm64 Compiling\ ObservationTransformer+New.swift,\ ObservationTransformer+NotFrom.swift,\ ObservationTransformer+Select.swift,\ ObservationTransformer+Unwrap.swift /Users/admin/builder/spi-builder-workspace/Code/SwiftObserver/Transforms/ObservationTransforms/ObservationTransformer+Transforms/ObservationTransformer+New.swift /Users/admin/builder/spi-builder-workspace/Code/SwiftObserver/Transforms/ObservationTransforms/ObservationTransformer+Transforms/ObservationTransformer+NotFrom.swift /Users/admin/builder/spi-builder-workspace/Code/SwiftObserver/Transforms/ObservationTransforms/ObservationTransformer+Transforms/ObservationTransformer+Select.swift /Users/admin/builder/spi-builder-workspace/Code/SwiftObserver/Transforms/ObservationTransforms/ObservationTransformer+Transforms/ObservationTransformer+Unwrap.swift (in target 'SwiftObserver' from project 'SwiftObserver')
SwiftCompile normal arm64 /Users/admin/builder/spi-builder-workspace/Code/SwiftObserver/Transforms/ObservationTransforms/ObservationTransformer+Transforms/ObservationTransformer+New.swift (in target 'SwiftObserver' from project 'SwiftObserver')
cd /Users/admin/builder/spi-builder-workspace/.swiftpm/xcode
SwiftCompile normal arm64 /Users/admin/builder/spi-builder-workspace/Code/SwiftObserver/Transforms/ObservationTransforms/ObservationTransformer+Transforms/ObservationTransformer+NotFrom.swift (in target 'SwiftObserver' from project 'SwiftObserver')
cd /Users/admin/builder/spi-builder-workspace/.swiftpm/xcode
SwiftCompile normal arm64 /Users/admin/builder/spi-builder-workspace/Code/SwiftObserver/Transforms/ObservationTransforms/ObservationTransformer+Transforms/ObservationTransformer+Select.swift (in target 'SwiftObserver' from project 'SwiftObserver')
cd /Users/admin/builder/spi-builder-workspace/.swiftpm/xcode
SwiftCompile normal arm64 /Users/admin/builder/spi-builder-workspace/Code/SwiftObserver/Transforms/ObservationTransforms/ObservationTransformer+Transforms/ObservationTransformer+Unwrap.swift (in target 'SwiftObserver' from project 'SwiftObserver')
cd /Users/admin/builder/spi-builder-workspace/.swiftpm/xcode
SwiftEmitModule normal arm64 Emitting\ module\ for\ SwiftObserver (in target 'SwiftObserver' from project 'SwiftObserver')
EmitSwiftModule normal arm64 (in target 'SwiftObserver' from project 'SwiftObserver')
cd /Users/admin/builder/spi-builder-workspace/.swiftpm/xcode
SwiftCompile normal arm64 Compiling\ ObservationTransformer+UnwrapWithDefault.swift,\ ObservationTransformer.swift,\ Observer+ObservationTransformer.swift,\ Variable+Comparable.swift /Users/admin/builder/spi-builder-workspace/Code/SwiftObserver/Transforms/ObservationTransforms/ObservationTransformer+Transforms/ObservationTransformer+UnwrapWithDefault.swift /Users/admin/builder/spi-builder-workspace/Code/SwiftObserver/Transforms/ObservationTransforms/ObservationTransformer.swift /Users/admin/builder/spi-builder-workspace/Code/SwiftObserver/Transforms/ObservationTransforms/Observer+ObservationTransformer.swift /Users/admin/builder/spi-builder-workspace/Code/SwiftObserver/Variable/Variable+Comparable.swift (in target 'SwiftObserver' from project 'SwiftObserver')
SwiftCompile normal arm64 /Users/admin/builder/spi-builder-workspace/Code/SwiftObserver/Transforms/ObservationTransforms/ObservationTransformer+Transforms/ObservationTransformer+UnwrapWithDefault.swift (in target 'SwiftObserver' from project 'SwiftObserver')
cd /Users/admin/builder/spi-builder-workspace/.swiftpm/xcode
SwiftCompile normal arm64 /Users/admin/builder/spi-builder-workspace/Code/SwiftObserver/Transforms/ObservationTransforms/ObservationTransformer.swift (in target 'SwiftObserver' from project 'SwiftObserver')
cd /Users/admin/builder/spi-builder-workspace/.swiftpm/xcode
SwiftCompile normal arm64 /Users/admin/builder/spi-builder-workspace/Code/SwiftObserver/Transforms/ObservationTransforms/Observer+ObservationTransformer.swift (in target 'SwiftObserver' from project 'SwiftObserver')
cd /Users/admin/builder/spi-builder-workspace/.swiftpm/xcode
SwiftCompile normal arm64 /Users/admin/builder/spi-builder-workspace/Code/SwiftObserver/Variable/Variable+Comparable.swift (in target 'SwiftObserver' from project 'SwiftObserver')
cd /Users/admin/builder/spi-builder-workspace/.swiftpm/xcode
SwiftCompile normal arm64 Compiling\ Variable+ObservableCache.swift,\ Variable+PropertyWrapper.swift,\ Variable+ValueAssignment.swift,\ Variable.swift /Users/admin/builder/spi-builder-workspace/Code/SwiftObserver/Variable/Variable+ObservableCache.swift /Users/admin/builder/spi-builder-workspace/Code/SwiftObserver/Variable/Variable+PropertyWrapper.swift /Users/admin/builder/spi-builder-workspace/Code/SwiftObserver/Variable/Variable+ValueAssignment.swift /Users/admin/builder/spi-builder-workspace/Code/SwiftObserver/Variable/Variable.swift (in target 'SwiftObserver' from project 'SwiftObserver')
SwiftCompile normal arm64 /Users/admin/builder/spi-builder-workspace/Code/SwiftObserver/Variable/Variable+ObservableCache.swift (in target 'SwiftObserver' from project 'SwiftObserver')
cd /Users/admin/builder/spi-builder-workspace/.swiftpm/xcode
SwiftCompile normal arm64 /Users/admin/builder/spi-builder-workspace/Code/SwiftObserver/Variable/Variable+PropertyWrapper.swift (in target 'SwiftObserver' from project 'SwiftObserver')
cd /Users/admin/builder/spi-builder-workspace/.swiftpm/xcode
SwiftCompile normal arm64 /Users/admin/builder/spi-builder-workspace/Code/SwiftObserver/Variable/Variable+ValueAssignment.swift (in target 'SwiftObserver' from project 'SwiftObserver')
cd /Users/admin/builder/spi-builder-workspace/.swiftpm/xcode
SwiftCompile normal arm64 /Users/admin/builder/spi-builder-workspace/Code/SwiftObserver/Variable/Variable.swift (in target 'SwiftObserver' from project 'SwiftObserver')
cd /Users/admin/builder/spi-builder-workspace/.swiftpm/xcode
SwiftCompile normal arm64 Compiling\ ObservableObject+Unwrap.swift,\ ObservableObject+UnwrapWithDefault.swift,\ ObservableObject+Weak.swift,\ Unwrapper.swift,\ Weak.swift /Users/admin/builder/spi-builder-workspace/Code/SwiftObserver/Transforms/ObservableTransforms/ObservableObject+Transforms/ObservableObject+Unwrap.swift /Users/admin/builder/spi-builder-workspace/Code/SwiftObserver/Transforms/ObservableTransforms/ObservableObject+Transforms/ObservableObject+UnwrapWithDefault.swift /Users/admin/builder/spi-builder-workspace/Code/SwiftObserver/Transforms/ObservableTransforms/ObservableObject+Transforms/ObservableObject+Weak.swift /Users/admin/builder/spi-builder-workspace/Code/SwiftObserver/Transforms/ObservableTransforms/Unwrapper.swift /Users/admin/builder/spi-builder-workspace/Code/SwiftObserver/Transforms/ObservableTransforms/Weak.swift (in target 'SwiftObserver' from project 'SwiftObserver')
SwiftCompile normal arm64 /Users/admin/builder/spi-builder-workspace/Code/SwiftObserver/Transforms/ObservableTransforms/ObservableObject+Transforms/ObservableObject+Unwrap.swift (in target 'SwiftObserver' from project 'SwiftObserver')
cd /Users/admin/builder/spi-builder-workspace/.swiftpm/xcode
SwiftCompile normal arm64 /Users/admin/builder/spi-builder-workspace/Code/SwiftObserver/Transforms/ObservableTransforms/ObservableObject+Transforms/ObservableObject+UnwrapWithDefault.swift (in target 'SwiftObserver' from project 'SwiftObserver')
cd /Users/admin/builder/spi-builder-workspace/.swiftpm/xcode
SwiftCompile normal arm64 /Users/admin/builder/spi-builder-workspace/Code/SwiftObserver/Transforms/ObservableTransforms/ObservableObject+Transforms/ObservableObject+Weak.swift (in target 'SwiftObserver' from project 'SwiftObserver')
cd /Users/admin/builder/spi-builder-workspace/.swiftpm/xcode
SwiftCompile normal arm64 /Users/admin/builder/spi-builder-workspace/Code/SwiftObserver/Transforms/ObservableTransforms/Unwrapper.swift (in target 'SwiftObserver' from project 'SwiftObserver')
cd /Users/admin/builder/spi-builder-workspace/.swiftpm/xcode
SwiftCompile normal arm64 /Users/admin/builder/spi-builder-workspace/Code/SwiftObserver/Transforms/ObservableTransforms/Weak.swift (in target 'SwiftObserver' from project 'SwiftObserver')
cd /Users/admin/builder/spi-builder-workspace/.swiftpm/xcode
SwiftCompile normal arm64 Compiling\ AnyAuthor.swift,\ Connection.swift,\ Messenger.swift,\ ObservableCache.swift,\ ObservableObject+StopObservation.swift /Users/admin/builder/spi-builder-workspace/Code/SwiftObserver/AnyAuthor.swift /Users/admin/builder/spi-builder-workspace/Code/SwiftObserver/Connection.swift /Users/admin/builder/spi-builder-workspace/Code/SwiftObserver/ObservableObject/Messenger.swift /Users/admin/builder/spi-builder-workspace/Code/SwiftObserver/ObservableObject/ObservableCache.swift /Users/admin/builder/spi-builder-workspace/Code/SwiftObserver/ObservableObject/ObservableObject+StopObservation.swift (in target 'SwiftObserver' from project 'SwiftObserver')
2026-07-22 05:47:19.684 xcodebuild[859:5302] [MT] IDERunDestination: Supported platforms for the buildables in the current scheme is empty.
** BUILD FAILED **
The following build commands failed:
SwiftCompile normal arm64 Compiling\ Receiver.swift,\ AuthorFilter.swift,\ Cache.swift,\ CacheOnOptionalMessage.swift,\ Filter.swift /Users/admin/builder/spi-builder-workspace/Code/SwiftObserver/Observer/Receiver.swift /Users/admin/builder/spi-builder-workspace/Code/SwiftObserver/Transforms/ObservableTransforms/AuthorFilter.swift /Users/admin/builder/spi-builder-workspace/Code/SwiftObserver/Transforms/ObservableTransforms/Cache.swift /Users/admin/builder/spi-builder-workspace/Code/SwiftObserver/Transforms/ObservableTransforms/CacheOnOptionalMessage.swift /Users/admin/builder/spi-builder-workspace/Code/SwiftObserver/Transforms/ObservableTransforms/Filter.swift (in target 'SwiftObserver' from project 'SwiftObserver')
SwiftCompile normal arm64 /Users/admin/builder/spi-builder-workspace/Code/SwiftObserver/Observer/Receiver.swift (in target 'SwiftObserver' from project 'SwiftObserver')
Building workspace spi-builder-workspace with scheme SwiftObserver-Package
(3 failures)
BUILD FAILURE 6.3 tvOS