The Swift Package Index logo.Swift Package Index

Build Information

Failed to build Logdog, reference main (4adc44), with Swift 6.3 for macOS (SPM) on 26 Jun 2026 02:58:34 UTC.

Build Command

env DEVELOPER_DIR=/Applications/Xcode-26.4.0.app xcrun swift build --arch arm64

Build Log

========================================
RunAll
========================================
Builder version: undefined version: run 'make version' to update
Interrupt handler set up.
========================================
Checkout
========================================
Clone URL: https://github.com/uhooi/Logdog.git
Reference: main
Initialized empty Git repository in /Users/admin/builder/spi-builder-workspace/.git/
From https://github.com/uhooi/Logdog
 * branch            main       -> FETCH_HEAD
 * [new branch]      main       -> origin/main
HEAD is now at 4adc448 Merge pull request #37 from uhooi/feature/bump_xcode_to_26.4
Cloned https://github.com/uhooi/Logdog.git
Revision (git rev-parse @):
4adc4481dd16df3fa83a452b8d218eae8d55d668
SPI manifest file found: $PWD/.spi.yml
SUCCESS checkout https://github.com/uhooi/Logdog.git at main
Fetching https://github.com/apple/swift-docc-symbolkit
Fetching https://github.com/apple/swift-docc-plugin
[1/2299] Fetching swift-docc-plugin
[231/6048] Fetching swift-docc-plugin, swift-docc-symbolkit
Fetched https://github.com/apple/swift-docc-symbolkit from cache (1.14s)
[1403/2299] Fetching swift-docc-plugin
Fetched https://github.com/apple/swift-docc-plugin from cache (1.21s)
Computing version for https://github.com/apple/swift-docc-plugin
Computed https://github.com/apple/swift-docc-plugin at 1.3.0 (4.38s)
Computing version for https://github.com/apple/swift-docc-symbolkit
Computed https://github.com/apple/swift-docc-symbolkit at 1.0.0 (0.73s)
Creating working copy for https://github.com/apple/swift-docc-symbolkit
Working copy of https://github.com/apple/swift-docc-symbolkit resolved at 1.0.0
Creating working copy for https://github.com/apple/swift-docc-plugin
Working copy of https://github.com/apple/swift-docc-plugin resolved at 1.3.0
========================================
ResolveProductDependencies
========================================
Resolving dependencies ...
{
  "identity": ".resolve-product-dependencies",
  "name": "resolve-dependencies",
  "url": "/Users/admin/builder/spi-builder-workspace/.resolve-product-dependencies",
  "version": "unspecified",
  "path": "/Users/admin/builder/spi-builder-workspace/.resolve-product-dependencies",
  "traits": [
    "default"
  ],
  "dependencies": [
    {
      "identity": "logdog",
      "name": "Logdog",
      "url": "https://github.com/uhooi/Logdog.git",
      "version": "unspecified",
      "path": "/Users/admin/builder/spi-builder-workspace/.resolve-product-dependencies/.build/checkouts/Logdog",
      "traits": [
        "default"
      ],
      "dependencies": [
      ]
    }
  ]
}
Fetching https://github.com/uhooi/Logdog.git
[1/379] Fetching logdog
Fetched https://github.com/uhooi/Logdog.git from cache (0.72s)
Creating working copy for https://github.com/uhooi/Logdog.git
Working copy of https://github.com/uhooi/Logdog.git resolved at main (4adc448)
warning: '.resolve-product-dependencies': dependency 'logdog' is not used by any target
Found 0 product dependencies
========================================
Build
========================================
Selected platform:         macosSpm
Swift version:             6.3
Building package at path:  $PWD
https://github.com/uhooi/Logdog.git
Running build ...
env DEVELOPER_DIR=/Applications/Xcode-26.4.0.app xcrun swift build --arch arm64
[1/1] Compiling plugin Swift-DocC Preview
[2/2] Compiling plugin Swift-DocC
Building for debugging...
[2/5] Write sources
[4/5] Write swift-version--6988338F2F200930.txt
[6/11] Compiling Logdog LogEntry.swift
[7/11] Compiling Logdog LogStore.swift
[8/11] Emitting module Logdog
[9/11] Compiling Logdog LogLevel.swift
[10/11] Compiling Logdog LogLevel+Init.swift
[11/11] Compiling Logdog Metadata.swift
error: emit-module command failed with exit code 1 (use -v to see invocation)
[12/16] Compiling LogdogUI LogRowView.swift
[13/16] Emitting module LogdogUI
/Users/admin/builder/spi-builder-workspace/Sources/LogdogUI/Publics/LogdogScreen.swift:256:64: error: type 'Bundle?' has no member 'module'
254 |     NavigationStack {
255 |         LogdogScreen()
256 |             .navigationTitle(String(localized: "Log", bundle: .module))
    |                                                                `- error: type 'Bundle?' has no member 'module'
257 |             .navigationBarTitleDisplayMode(.inline)
258 |     }
[14/16] Compiling LogdogUI Metadata+UI.swift
/Users/admin/builder/spi-builder-workspace/Sources/LogdogUI/Internals/Extensions/Metadata+UI.swift:6:55: error: type 'Bundle?' has no member 'module'
 4 |     var text: String {
 5 |         switch self {
 6 |         case .type: .init(localized: "Type", bundle: .module)
   |                                                       `- error: type 'Bundle?' has no member 'module'
 7 |         case .timestamp: .init(localized: "Timestamp", bundle: .module)
 8 |         case .library: .init(localized: "Library", bundle: .module)
[15/16] Compiling LogdogUI LogLevel+UI.swift
/Users/admin/builder/spi-builder-workspace/Sources/LogdogUI/Internals/Extensions/LogLevel+UI.swift:7:65: error: type 'Bundle?' has no member 'module'
 5 |     var text: String {
 6 |         switch self {
 7 |         case .undefined: .init(localized: "Undefined", bundle: .module)
   |                                                                 `- error: type 'Bundle?' has no member 'module'
 8 |         case .debug: .init(localized: "Debug", bundle: .module)
 9 |         case .info: .init(localized: "Info", bundle: .module)
[16/16] Compiling LogdogUI LogdogScreen.swift
/Users/admin/builder/spi-builder-workspace/Sources/LogdogUI/Publics/LogdogScreen.swift:256:64: error: type 'Bundle?' has no member 'module'
254 |     NavigationStack {
255 |         LogdogScreen()
256 |             .navigationTitle(String(localized: "Log", bundle: .module))
    |                                                                `- error: type 'Bundle?' has no member 'module'
257 |             .navigationBarTitleDisplayMode(.inline)
258 |     }
/Users/admin/builder/spi-builder-workspace/Sources/LogdogUI/Publics/LogdogScreen.swift:34:54: error: type 'Bundle?' has no member 'module'
 32 |                         Menu {
 33 |                             Picker(selection: $subsystemSearchScope) {
 34 |                                 Text("All", bundle: .module)
    |                                                      `- error: type 'Bundle?' has no member 'module'
 35 |                                     .tag(SubsystemSearchScope.all)
 36 |
/Users/admin/builder/spi-builder-workspace/Sources/LogdogUI/Publics/LogdogScreen.swift:42:60: error: type 'Bundle?' has no member 'module'
 40 |                                 }
 41 |                             } label: {
 42 |                                 Text("Subsystem", bundle: .module)
    |                                                            `- error: type 'Bundle?' has no member 'module'
 43 |                             }
 44 |                         } label: {
/Users/admin/builder/spi-builder-workspace/Sources/LogdogUI/Publics/LogdogScreen.swift:187:53: error: type 'Bundle?' has no member 'module'
185 |     var text: String {
186 |         switch self {
187 |         case .all: .init(localized: "All", bundle: .module)
    |                                                     `- error: type 'Bundle?' has no member 'module'
188 |         case let .subsystem(subsystem): subsystem
189 |         }
/Users/admin/builder/spi-builder-workspace/Sources/LogdogUI/Publics/LogdogScreen.swift:199:53: error: type 'Bundle?' has no member 'module'
197 |     var text: String {
198 |         switch self {
199 |         case .all: .init(localized: "All", bundle: .module)
    |                                                     `- error: type 'Bundle?' has no member 'module'
200 |         case let .category(category): category
201 |         }
/Users/admin/builder/spi-builder-workspace/Sources/LogdogUI/Publics/LogdogScreen.swift:243:13: error: 'menuActionDismissBehavior' is only available in macOS 13.3 or newer
237 | }
238 |
239 | private extension View {
    |         `- note: add '@available' attribute to enclosing extension
240 |     @ViewBuilder
241 |     func menuActionDismissBehaviorDisabledIfAvailable() -> some View {
    |          `- note: add '@available' attribute to enclosing instance method
242 |         if #available(iOS 16.4, *) {
243 |             menuActionDismissBehavior(.disabled)
    |             |- error: 'menuActionDismissBehavior' is only available in macOS 13.3 or newer
    |             `- note: add 'if #available' version check
244 |         } else {
245 |             self
/Users/admin/builder/spi-builder-workspace/Sources/LogdogUI/Publics/LogdogScreen.swift:243:40: error: 'disabled' is unavailable in macOS
241 |     func menuActionDismissBehaviorDisabledIfAvailable() -> some View {
242 |         if #available(iOS 16.4, *) {
243 |             menuActionDismissBehavior(.disabled)
    |                                        `- error: 'disabled' is unavailable in macOS
244 |         } else {
245 |             self
SwiftUI.MenuActionDismissBehavior.disabled:5:21: note: 'disabled' has been explicitly marked unavailable here
3 |   @available(macOS, unavailable)
4 |   @available(watchOS, unavailable)
5 |   public static let disabled: MenuActionDismissBehavior}
  |                     `- note: 'disabled' has been explicitly marked unavailable here
6 |
warning: 'spi-builder-workspace': found 1 file(s) which are unhandled; explicitly declare them as resources or exclude from the target
    /Users/admin/builder/spi-builder-workspace/Sources/LogdogUI/Resources/Localizable.xcstrings
BUILD FAILURE 6.3 macosSpm