The Swift Package Index logo.Swift Package Index

Build Information

Failed to build FIT, reference 21.218.0 (7c2bdc), with Swift 6.2 for Linux on 9 Oct 2026 12:56:22 UTC.

Build Command

bash -c docker run --pull=always --rm -v "checkouts-54344845-0":/host -w "$PWD" -e JAVA_HOME="/root/.sdkman/candidates/java/current" -e SPI_BUILD="1" -e SPI_PROCESSING="1" registry.gitlab.com/saguaro1/spi-images:basic-6.2-latest swift build --triple x86_64-unknown-linux-gnu 2>&1

Build Log

========================================
RunAll
========================================
Builder version: 5.1.1
Interrupt handler set up.
========================================
Checkout
========================================
Clone URL: https://github.com/garmin/fit-objective-c-sdk.git
Reference: 21.218.0
Initialized empty Git repository in /host/spi-builder-workspace/.git/
hint: Using 'master' as the name for the initial branch. This default branch name
hint: is subject to change. To configure the initial branch name to use in all
hint: of your new repositories, which will suppress this warning, call:
hint:
hint: 	git config --global init.defaultBranch <name>
hint:
hint: Names commonly chosen instead of 'master' are 'main', 'trunk' and
hint: 'development'. The just-created branch can be renamed via this command:
hint:
hint: 	git branch -m <name>
From https://github.com/garmin/fit-objective-c-sdk
 * tag               21.218.0   -> FETCH_HEAD
HEAD is now at 7c2bdc8 Garmin FIT SDK 21.218.0
Cloned https://github.com/garmin/fit-objective-c-sdk.git
Revision (git rev-parse @):
7c2bdc8f662153b705074e98ea07c7dc19cf1a73
SUCCESS checkout https://github.com/garmin/fit-objective-c-sdk.git at 21.218.0
========================================
Build
========================================
Selected platform:         linux
Swift version:             6.2
Building package at path:  $PWD
https://github.com/garmin/fit-objective-c-sdk.git
Running build ...
bash -c docker run --pull=always --rm -v "checkouts-54344845-0":/host -w "$PWD" -e JAVA_HOME="/root/.sdkman/candidates/java/current" -e SPI_BUILD="1" -e SPI_PROCESSING="1" registry.gitlab.com/saguaro1/spi-images:basic-6.2-latest swift build --triple x86_64-unknown-linux-gnu 2>&1
basic-6.2-latest: Pulling from saguaro1/spi-images
Digest: sha256:24009fa1488c01937630ee3297a7a7a1872c773069724929dff85071fefc3743
Status: Image is up to date for registry.gitlab.com/saguaro1/spi-images:basic-6.2-latest
Building for debugging...
In file included from /host/spi-builder-workspace/Sources/ObjcFIT/FITBarometerDataMesg.mm:13:
In file included from /host/spi-builder-workspace/Sources/ObjcFIT/FITMessage+Internal.h:13:
/host/spi-builder-workspace/Sources/ObjcFIT/include/FITMessage.h:13:9: fatal error: 'Foundation/Foundation.h' file not found
   13 | #import <Foundation/Foundation.h>
      |         ^~~~~~~~~~~~~~~~~~~~~~~~~
1 error generated.
[0/155] Compiling ObjcFIT FITBarometerDataMesg.mm
In file included from /host/spi-builder-workspace/Sources/ObjcFIT/FITBloodPressureMesg.mm:13:
In file included from /host/spi-builder-workspace/Sources/ObjcFIT/FITMessage+Internal.h:13:
/host/spi-builder-workspace/Sources/ObjcFIT/include/FITMessage.h:13:9: fatal error: 'Foundation/Foundation.h' file not found
   13 | #import <Foundation/Foundation.h>
      |         ^~~~~~~~~~~~~~~~~~~~~~~~~
1 error generated.
[0/155] Compiling ObjcFIT FITBloodPressureMesg.mm
In file included from /host/spi-builder-workspace/Sources/ObjcFIT/FITClimbProMesg.mm:13:
In file included from /host/spi-builder-workspace/Sources/ObjcFIT/FITMessage+Internal.h:13:
/host/spi-builder-workspace/Sources/ObjcFIT/include/FITMessage.h:13:9: fatal error: 'Foundation/Foundation.h' file not found
   13 | #import <Foundation/Foundation.h>
      |         ^~~~~~~~~~~~~~~~~~~~~~~~~
1 error generated.
[0/155] Compiling ObjcFIT FITClimbProMesg.mm
In file included from /host/spi-builder-workspace/Sources/ObjcFIT/FITBikeProfileMesg.mm:13:
In file included from /host/spi-builder-workspace/Sources/ObjcFIT/FITMessage+Internal.h:13:
/host/spi-builder-workspace/Sources/ObjcFIT/include/FITMessage.h:13:9: fatal error: 'Foundation/Foundation.h' file not found
   13 | #import <Foundation/Foundation.h>
      |         ^~~~~~~~~~~~~~~~~~~~~~~~~
1 error generated.
[0/155] Compiling ObjcFIT FITBikeProfileMesg.mm
In file included from /host/spi-builder-workspace/Sources/ObjcFIT/FITChronoShotSessionMesg.mm:13:
In file included from /host/spi-builder-workspace/Sources/ObjcFIT/FITMessage+Internal.h:13:
/host/spi-builder-workspace/Sources/ObjcFIT/include/FITMessage.h:13:9: fatal error: 'Foundation/Foundation.h' file not found
   13 | #import <Foundation/Foundation.h>
      |         ^~~~~~~~~~~~~~~~~~~~~~~~~
1 error generated.
[0/155] Compiling ObjcFIT FITChronoShotSessionMesg.mm
In file included from /host/spi-builder-workspace/Sources/ObjcFIT/FITBatteryMesg.mm:13:
In file included from /host/spi-builder-workspace/Sources/ObjcFIT/FITMessage+Internal.h:13:
/host/spi-builder-workspace/Sources/ObjcFIT/include/FITMessage.h:13:9: fatal error: 'Foundation/Foundation.h' file not found
   13 | #import <Foundation/Foundation.h>
      |         ^~~~~~~~~~~~~~~~~~~~~~~~~
[0/155] Compiling ObjcFIT FITBatteryMesg.mm
In file included from /host/spi-builder-workspace/Sources/ObjcFIT/FITBeatIntervalsMesg.mm:13:
In file included from /host/spi-builder-workspace/Sources/ObjcFIT/FITMessage+Internal.h:13:
/host/spi-builder-workspace/Sources/ObjcFIT/include/FITMessage.h:13:9: fatal error: 'Foundation/Foundation.h' file not found
   13 | #import <Foundation/Foundation.h>
      |         ^~~~~~~~~~~~~~~~~~~~~~~~~
1 error generated.
In file included from /host/spi-builder-workspace/Sources/ObjcFIT/FITRespirationRateMesg.mm:13:
In file included from /host/spi-builder-workspace/Sources/ObjcFIT/FITMessage+Internal.h:13:
/host/spi-builder-workspace/Sources/ObjcFIT/include/FITMessage.h:13:9: fatal error: 'Foundation/Foundation.h' file not found
   13 | #import <Foundation/Foundation.h>
      |         ^~~~~~~~~~~~~~~~~~~~~~~~~
1 error generated.
[0/155] Compiling ObjcFIT FITRespirationRateMesg.mm
[0/155] Compiling ObjcFIT FITBeatIntervalsMesg.mm
BUILD FAILURE 6.2 linux