Build Information
Failed to build swift-snapshot-testing, reference 2.2.2 (da50a6), with Swift 6.2 for Wasm on 10 Oct 2026 08:24:01 UTC.
Build Command
bash -c docker run --pull=always --rm -v "checkouts-54344849-0":/host -w "$PWD" -e JAVA_HOME="/root/.sdkman/candidates/java/current" -e SPI_BUILD="1" -e SPI_PROCESSING="1" registry.gitlab.com/saguaro1/spi-images:wasm-6.2-latest swift build --swift-sdk swift-6.2-RELEASE_wasm 2>&1Build Log
========================================
RunAll
========================================
Builder version: 5.1.1
Interrupt handler set up.
========================================
Checkout
========================================
Clone URL: https://github.com/modern-swift-dev/swift-snapshot-testing.git
Reference: 2.2.2
Initialized empty Git repository in /host/spi-builder-workspace/.git/
hint: Using 'master' as the name for the initial branch. This default branch name
hint: is subject to change. To configure the initial branch name to use in all
hint: of your new repositories, which will suppress this warning, call:
hint:
hint: git config --global init.defaultBranch <name>
hint:
hint: Names commonly chosen instead of 'master' are 'main', 'trunk' and
hint: 'development'. The just-created branch can be renamed via this command:
hint:
hint: git branch -m <name>
From https://github.com/modern-swift-dev/swift-snapshot-testing
* tag 2.2.2 -> FETCH_HEAD
HEAD is now at da50a6b perf: look up collection diff offsets in sets
Cloned https://github.com/modern-swift-dev/swift-snapshot-testing.git
Revision (git rev-parse @):
da50a6bdf782f4df303a8253a13063f12ef275f6
SPI manifest file found: $PWD/.spi.yml
SUCCESS checkout https://github.com/modern-swift-dev/swift-snapshot-testing.git at 2.2.2
========================================
Build
========================================
Selected platform: wasm
Swift version: 6.2
Building package at path: $PWD
https://github.com/modern-swift-dev/swift-snapshot-testing.git
Running build ...
bash -c docker run --pull=always --rm -v "checkouts-54344849-0":/host -w "$PWD" -e JAVA_HOME="/root/.sdkman/candidates/java/current" -e SPI_BUILD="1" -e SPI_PROCESSING="1" registry.gitlab.com/saguaro1/spi-images:wasm-6.2-latest swift build --swift-sdk swift-6.2-RELEASE_wasm 2>&1
wasm-6.2-latest: Pulling from saguaro1/spi-images
Digest: sha256:c092ff8dc506a2a30e6239b6992792fd4f7dfaaa46cac3b3c48d8fe35e954282
Status: Image is up to date for registry.gitlab.com/saguaro1/spi-images:wasm-6.2-latest
Fetching https://github.com/swiftlang/swift-syntax
Fetching https://github.com/pointfreeco/xctest-dynamic-overlay
Fetching https://github.com/swiftlang/swift-docc-plugin
[1/2345] Fetching swift-docc-plugin
[2346/5072] Fetching swift-docc-plugin, xctest-dynamic-overlay
Fetched https://github.com/pointfreeco/xctest-dynamic-overlay from cache (0.78s)
[1/80411] Fetching swift-syntax
Fetched https://github.com/swiftlang/swift-docc-plugin from cache (3.73s)
Fetched https://github.com/swiftlang/swift-syntax from cache (3.75s)
Computing version for https://github.com/swiftlang/swift-docc-plugin
Computed https://github.com/swiftlang/swift-docc-plugin at 1.5.0 (4.64s)
Fetching https://github.com/swiftlang/swift-docc-symbolkit
[1/3835] Fetching swift-docc-symbolkit
Fetched https://github.com/swiftlang/swift-docc-symbolkit from cache (0.56s)
Computing version for https://github.com/swiftlang/swift-docc-symbolkit
Computed https://github.com/swiftlang/swift-docc-symbolkit at 1.0.0 (0.75s)
Computing version for https://github.com/swiftlang/swift-syntax
Computed https://github.com/swiftlang/swift-syntax at 604.0.0 (0.25s)
Computing version for https://github.com/pointfreeco/xctest-dynamic-overlay
Computed https://github.com/pointfreeco/xctest-dynamic-overlay at 1.13.1 (0.89s)
Creating working copy for https://github.com/pointfreeco/xctest-dynamic-overlay
Working copy of https://github.com/pointfreeco/xctest-dynamic-overlay resolved at 1.13.1
Creating working copy for https://github.com/swiftlang/swift-syntax
Working copy of https://github.com/swiftlang/swift-syntax resolved at 604.0.0
Creating working copy for https://github.com/swiftlang/swift-docc-plugin
Working copy of https://github.com/swiftlang/swift-docc-plugin resolved at 1.5.0
Creating working copy for https://github.com/swiftlang/swift-docc-symbolkit
Working copy of https://github.com/swiftlang/swift-docc-symbolkit resolved at 1.0.0
[1/1] Compiling plugin Swift-DocC Preview
[2/2] Compiling plugin Swift-DocC
Building for debugging...
[2/27] Write sources
[22/27] Compiling _SwiftSyntaxCShims PlatformMutex.c
[23/27] Write swift-version-24593BA9C3E375BF.txt
[25/41] Emitting module SwiftSyntax602
[26/43] Emitting module SwiftSyntax600
[27/43] Emitting module SnapshotPreviews
[28/43] Emitting module SwiftSyntax509
[29/43] Emitting module SwiftSyntax601
[30/43] Compiling SwiftSyntax601 Empty.swift
[32/48] Compiling SwiftSyntax602 Empty.swift
[34/49] Compiling SwiftSyntax603 Empty.swift
[35/49] Emitting module SwiftSyntax603
[37/71] Emitting module SwiftSyntax510
[38/71] Compiling SwiftSyntax510 Empty.swift
[40/72] Compiling SwiftSyntax600 Empty.swift
[42/73] Compiling SwiftSyntax509 Empty.swift
[43/74] Emitting module SwiftSyntax604
[44/74] Compiling SwiftSyntax604 Empty.swift
[47/75] Compiling SnapshotPreviews PreviewSnapshot.swift
[49/172] Compiling SnapshotTesting XCTAttachment.swift
[50/172] Compiling SnapshotTesting Diff.swift
[51/172] Compiling SnapshotTesting Diffing.swift
[52/172] Compiling SnapshotTesting Wait.swift
[53/172] Compiling SnapshotTesting Deprecations.swift
[54/172] Compiling SnapshotTesting RecordIssue.swift
[55/172] Compiling SnapshotTesting SnapshotPreviews.swift
[56/172] Compiling SnapshotTesting SnapshotTestingConfiguration.swift
[57/172] Compiling SnapshotTesting SnapshotsTestTrait.swift
[58/180] Compiling SnapshotTesting Internal.swift
[59/180] Compiling SnapshotTesting LockIsolated.swift
[60/180] Compiling SnapshotTesting View.swift
error: emit-module command failed with exit code 1 (use -v to see invocation)
[61/182] Emitting module SnapshotTesting
/host/spi-builder-workspace/Sources/SnapshotTesting/AssertSnapshot.swift:941:12: error: no such module 'UniformTypeIdentifiers'
939 |
940 | #if !os(Android) && !os(Linux) && !os(Windows)
941 | import UniformTypeIdentifiers
| `- error: no such module 'UniformTypeIdentifiers'
942 |
943 | func uniformTypeIdentifier(fromExtension pathExtension: String) -> String? {
[62/186] Compiling SnapshotTesting UIImage.swift
/host/spi-builder-workspace/Sources/SnapshotTesting/AssertSnapshot.swift:941:12: error: no such module 'UniformTypeIdentifiers'
939 |
940 | #if !os(Android) && !os(Linux) && !os(Windows)
941 | import UniformTypeIdentifiers
| `- error: no such module 'UniformTypeIdentifiers'
942 |
943 | func uniformTypeIdentifier(fromExtension pathExtension: String) -> String? {
[63/186] Compiling SnapshotTesting UIView.swift
/host/spi-builder-workspace/Sources/SnapshotTesting/AssertSnapshot.swift:941:12: error: no such module 'UniformTypeIdentifiers'
939 |
940 | #if !os(Android) && !os(Linux) && !os(Windows)
941 | import UniformTypeIdentifiers
| `- error: no such module 'UniformTypeIdentifiers'
942 |
943 | func uniformTypeIdentifier(fromExtension pathExtension: String) -> String? {
[64/186] Compiling SnapshotTesting UIViewController.swift
/host/spi-builder-workspace/Sources/SnapshotTesting/AssertSnapshot.swift:941:12: error: no such module 'UniformTypeIdentifiers'
939 |
940 | #if !os(Android) && !os(Linux) && !os(Windows)
941 | import UniformTypeIdentifiers
| `- error: no such module 'UniformTypeIdentifiers'
942 |
943 | func uniformTypeIdentifier(fromExtension pathExtension: String) -> String? {
[65/186] Compiling SnapshotTesting URLRequest.swift
/host/spi-builder-workspace/Sources/SnapshotTesting/AssertSnapshot.swift:941:12: error: no such module 'UniformTypeIdentifiers'
939 |
940 | #if !os(Android) && !os(Linux) && !os(Windows)
941 | import UniformTypeIdentifiers
| `- error: no such module 'UniformTypeIdentifiers'
942 |
943 | func uniformTypeIdentifier(fromExtension pathExtension: String) -> String? {
[69/186] Compiling SnapshotTesting Any.swift
[70/186] Compiling SnapshotTesting CALayer.swift
[71/186] Compiling IssueReporting WithExpectedIssue.swift
[72/186] Compiling IssueReporting WithIssueContext.swift
[73/186] Emitting module IssueReporting
[74/186] Compiling SnapshotTesting Data.swift
/host/spi-builder-workspace/Sources/SnapshotTesting/AssertSnapshot.swift:941:12: error: no such module 'UniformTypeIdentifiers'
939 |
940 | #if !os(Android) && !os(Linux) && !os(Windows)
941 | import UniformTypeIdentifiers
| `- error: no such module 'UniformTypeIdentifiers'
942 |
943 | func uniformTypeIdentifier(fromExtension pathExtension: String) -> String? {
/host/spi-builder-workspace/Sources/SnapshotTesting/AssertSnapshot.swift:941:12: error: no such module 'UniformTypeIdentifiers'
939 |
940 | #if !os(Android) && !os(Linux) && !os(Windows)
941 | import UniformTypeIdentifiers
| `- error: no such module 'UniformTypeIdentifiers'
942 |
943 | func uniformTypeIdentifier(fromExtension pathExtension: String) -> String? {
/host/spi-builder-workspace/Sources/SnapshotTesting/AssertSnapshot.swift:941:12: error: no such module 'UniformTypeIdentifiers'
939 |
940 | #if !os(Android) && !os(Linux) && !os(Windows)
941 | import UniformTypeIdentifiers
| `- error: no such module 'UniformTypeIdentifiers'
942 |
943 | func uniformTypeIdentifier(fromExtension pathExtension: String) -> String? {
[77/186] Compiling SnapshotTesting NSBezierPath.swift
/host/spi-builder-workspace/Sources/SnapshotTesting/AssertSnapshot.swift:941:12: error: no such module 'UniformTypeIdentifiers'
939 |
940 | #if !os(Android) && !os(Linux) && !os(Windows)
941 | import UniformTypeIdentifiers
| `- error: no such module 'UniformTypeIdentifiers'
942 |
943 | func uniformTypeIdentifier(fromExtension pathExtension: String) -> String? {
/host/spi-builder-workspace/Sources/SnapshotTesting/AssertSnapshot.swift:941:12: error: no such module 'UniformTypeIdentifiers'
939 |
940 | #if !os(Android) && !os(Linux) && !os(Windows)
941 | import UniformTypeIdentifiers
| `- error: no such module 'UniformTypeIdentifiers'
942 |
943 | func uniformTypeIdentifier(fromExtension pathExtension: String) -> String? {
/host/spi-builder-workspace/Sources/SnapshotTesting/AssertSnapshot.swift:941:12: error: no such module 'UniformTypeIdentifiers'
939 |
940 | #if !os(Android) && !os(Linux) && !os(Windows)
941 | import UniformTypeIdentifiers
| `- error: no such module 'UniformTypeIdentifiers'
942 |
943 | func uniformTypeIdentifier(fromExtension pathExtension: String) -> String? {
[80/186] Compiling SnapshotTesting CGPath.swift
/host/spi-builder-workspace/Sources/SnapshotTesting/AssertSnapshot.swift:941:12: error: no such module 'UniformTypeIdentifiers'
939 |
940 | #if !os(Android) && !os(Linux) && !os(Windows)
941 | import UniformTypeIdentifiers
| `- error: no such module 'UniformTypeIdentifiers'
942 |
943 | func uniformTypeIdentifier(fromExtension pathExtension: String) -> String? {
[81/186] Compiling SnapshotTesting CaseIterable.swift
/host/spi-builder-workspace/Sources/SnapshotTesting/AssertSnapshot.swift:941:12: error: no such module 'UniformTypeIdentifiers'
939 |
940 | #if !os(Android) && !os(Linux) && !os(Windows)
941 | import UniformTypeIdentifiers
| `- error: no such module 'UniformTypeIdentifiers'
942 |
943 | func uniformTypeIdentifier(fromExtension pathExtension: String) -> String? {
[82/186] Compiling SnapshotTesting NSImage.swift
/host/spi-builder-workspace/Sources/SnapshotTesting/AssertSnapshot.swift:941:12: error: no such module 'UniformTypeIdentifiers'
939 |
940 | #if !os(Android) && !os(Linux) && !os(Windows)
941 | import UniformTypeIdentifiers
| `- error: no such module 'UniformTypeIdentifiers'
942 |
943 | func uniformTypeIdentifier(fromExtension pathExtension: String) -> String? {
[83/186] Compiling SnapshotTesting NSView.swift
/host/spi-builder-workspace/Sources/SnapshotTesting/AssertSnapshot.swift:941:12: error: no such module 'UniformTypeIdentifiers'
939 |
940 | #if !os(Android) && !os(Linux) && !os(Windows)
941 | import UniformTypeIdentifiers
| `- error: no such module 'UniformTypeIdentifiers'
942 |
943 | func uniformTypeIdentifier(fromExtension pathExtension: String) -> String? {
[84/186] Compiling SnapshotTesting NSViewController.swift
/host/spi-builder-workspace/Sources/SnapshotTesting/AssertSnapshot.swift:941:12: error: no such module 'UniformTypeIdentifiers'
939 |
940 | #if !os(Android) && !os(Linux) && !os(Windows)
941 | import UniformTypeIdentifiers
| `- error: no such module 'UniformTypeIdentifiers'
942 |
943 | func uniformTypeIdentifier(fromExtension pathExtension: String) -> String? {
[85/186] Compiling SnapshotTesting SceneKit.swift
/host/spi-builder-workspace/Sources/SnapshotTesting/AssertSnapshot.swift:941:12: error: no such module 'UniformTypeIdentifiers'
939 |
940 | #if !os(Android) && !os(Linux) && !os(Windows)
941 | import UniformTypeIdentifiers
| `- error: no such module 'UniformTypeIdentifiers'
942 |
943 | func uniformTypeIdentifier(fromExtension pathExtension: String) -> String? {
[86/186] Compiling SnapshotTesting SpriteKit.swift
/host/spi-builder-workspace/Sources/SnapshotTesting/AssertSnapshot.swift:941:12: error: no such module 'UniformTypeIdentifiers'
939 |
940 | #if !os(Android) && !os(Linux) && !os(Windows)
941 | import UniformTypeIdentifiers
| `- error: no such module 'UniformTypeIdentifiers'
942 |
943 | func uniformTypeIdentifier(fromExtension pathExtension: String) -> String? {
[87/186] Compiling SnapshotTesting String.swift
/host/spi-builder-workspace/Sources/SnapshotTesting/AssertSnapshot.swift:941:12: error: no such module 'UniformTypeIdentifiers'
939 |
940 | #if !os(Android) && !os(Linux) && !os(Windows)
941 | import UniformTypeIdentifiers
| `- error: no such module 'UniformTypeIdentifiers'
942 |
943 | func uniformTypeIdentifier(fromExtension pathExtension: String) -> String? {
[88/186] Compiling SnapshotTesting SwiftUIView.swift
/host/spi-builder-workspace/Sources/SnapshotTesting/AssertSnapshot.swift:941:12: error: no such module 'UniformTypeIdentifiers'
939 |
940 | #if !os(Android) && !os(Linux) && !os(Windows)
941 | import UniformTypeIdentifiers
| `- error: no such module 'UniformTypeIdentifiers'
942 |
943 | func uniformTypeIdentifier(fromExtension pathExtension: String) -> String? {
[89/186] Compiling SnapshotTesting UIBezierPath.swift
/host/spi-builder-workspace/Sources/SnapshotTesting/AssertSnapshot.swift:941:12: error: no such module 'UniformTypeIdentifiers'
939 |
940 | #if !os(Android) && !os(Linux) && !os(Windows)
941 | import UniformTypeIdentifiers
| `- error: no such module 'UniformTypeIdentifiers'
942 |
943 | func uniformTypeIdentifier(fromExtension pathExtension: String) -> String? {
[96/186] Compiling SnapshotTesting Snapshotting.swift
[97/186] Compiling SnapshotTesting AssertSnapshot.swift
[98/186] Compiling SnapshotTesting Async.swift
/host/spi-builder-workspace/Sources/SnapshotTesting/AssertSnapshot.swift:941:12: error: no such module 'UniformTypeIdentifiers'
939 |
940 | #if !os(Android) && !os(Linux) && !os(Windows)
941 | import UniformTypeIdentifiers
| `- error: no such module 'UniformTypeIdentifiers'
942 |
943 | func uniformTypeIdentifier(fromExtension pathExtension: String) -> String? {
/host/spi-builder-workspace/Sources/SnapshotTesting/AssertSnapshot.swift:941:12: error: no such module 'UniformTypeIdentifiers'
939 |
940 | #if !os(Android) && !os(Linux) && !os(Windows)
941 | import UniformTypeIdentifiers
| `- error: no such module 'UniformTypeIdentifiers'
942 |
943 | func uniformTypeIdentifier(fromExtension pathExtension: String) -> String? {
/host/spi-builder-workspace/Sources/SnapshotTesting/AssertSnapshot.swift:941:12: error: no such module 'UniformTypeIdentifiers'
939 |
940 | #if !os(Android) && !os(Linux) && !os(Windows)
941 | import UniformTypeIdentifiers
| `- error: no such module 'UniformTypeIdentifiers'
942 |
943 | func uniformTypeIdentifier(fromExtension pathExtension: String) -> String? {
/host/spi-builder-workspace/Sources/SnapshotTesting/AssertSnapshot.swift:941:12: error: no such module 'UniformTypeIdentifiers'
939 |
940 | #if !os(Android) && !os(Linux) && !os(Windows)
941 | import UniformTypeIdentifiers
| `- error: no such module 'UniformTypeIdentifiers'
942 |
943 | func uniformTypeIdentifier(fromExtension pathExtension: String) -> String? {
/host/spi-builder-workspace/Sources/SnapshotTesting/AssertSnapshot.swift:941:12: error: no such module 'UniformTypeIdentifiers'
939 |
940 | #if !os(Android) && !os(Linux) && !os(Windows)
941 | import UniformTypeIdentifiers
| `- error: no such module 'UniformTypeIdentifiers'
942 |
943 | func uniformTypeIdentifier(fromExtension pathExtension: String) -> String? {
/host/spi-builder-workspace/Sources/SnapshotTesting/AssertSnapshot.swift:941:12: error: no such module 'UniformTypeIdentifiers'
939 |
940 | #if !os(Android) && !os(Linux) && !os(Windows)
941 | import UniformTypeIdentifiers
| `- error: no such module 'UniformTypeIdentifiers'
942 |
943 | func uniformTypeIdentifier(fromExtension pathExtension: String) -> String? {
/host/spi-builder-workspace/Sources/SnapshotTesting/AssertSnapshot.swift:941:12: error: no such module 'UniformTypeIdentifiers'
939 |
940 | #if !os(Android) && !os(Linux) && !os(Windows)
941 | import UniformTypeIdentifiers
| `- error: no such module 'UniformTypeIdentifiers'
942 |
943 | func uniformTypeIdentifier(fromExtension pathExtension: String) -> String? {
/host/spi-builder-workspace/Sources/SnapshotTesting/AssertSnapshot.swift:941:12: error: no such module 'UniformTypeIdentifiers'
939 |
940 | #if !os(Android) && !os(Linux) && !os(Windows)
941 | import UniformTypeIdentifiers
| `- error: no such module 'UniformTypeIdentifiers'
942 |
943 | func uniformTypeIdentifier(fromExtension pathExtension: String) -> String? {
/host/spi-builder-workspace/Sources/SnapshotTesting/AssertSnapshot.swift:941:12: error: no such module 'UniformTypeIdentifiers'
939 |
940 | #if !os(Android) && !os(Linux) && !os(Windows)
941 | import UniformTypeIdentifiers
| `- error: no such module 'UniformTypeIdentifiers'
942 |
943 | func uniformTypeIdentifier(fromExtension pathExtension: String) -> String? {
/host/spi-builder-workspace/Sources/SnapshotTesting/AssertSnapshot.swift:941:12: error: no such module 'UniformTypeIdentifiers'
939 |
940 | #if !os(Android) && !os(Linux) && !os(Windows)
941 | import UniformTypeIdentifiers
| `- error: no such module 'UniformTypeIdentifiers'
942 |
943 | func uniformTypeIdentifier(fromExtension pathExtension: String) -> String? {
/host/spi-builder-workspace/Sources/SnapshotTesting/AssertSnapshot.swift:941:12: error: no such module 'UniformTypeIdentifiers'
939 |
940 | #if !os(Android) && !os(Linux) && !os(Windows)
941 | import UniformTypeIdentifiers
| `- error: no such module 'UniformTypeIdentifiers'
942 |
943 | func uniformTypeIdentifier(fromExtension pathExtension: String) -> String? {
/host/spi-builder-workspace/Sources/SnapshotTesting/AssertSnapshot.swift:941:12: error: no such module 'UniformTypeIdentifiers'
939 |
940 | #if !os(Android) && !os(Linux) && !os(Windows)
941 | import UniformTypeIdentifiers
| `- error: no such module 'UniformTypeIdentifiers'
942 |
943 | func uniformTypeIdentifier(fromExtension pathExtension: String) -> String? {
/host/spi-builder-workspace/Sources/SnapshotTesting/AssertSnapshot.swift:941:12: error: no such module 'UniformTypeIdentifiers'
939 |
940 | #if !os(Android) && !os(Linux) && !os(Windows)
941 | import UniformTypeIdentifiers
| `- error: no such module 'UniformTypeIdentifiers'
942 |
943 | func uniformTypeIdentifier(fromExtension pathExtension: String) -> String? {
/host/spi-builder-workspace/Sources/SnapshotTesting/AssertSnapshot.swift:941:12: error: no such module 'UniformTypeIdentifiers'
939 |
940 | #if !os(Android) && !os(Linux) && !os(Windows)
941 | import UniformTypeIdentifiers
| `- error: no such module 'UniformTypeIdentifiers'
942 |
943 | func uniformTypeIdentifier(fromExtension pathExtension: String) -> String? {
/host/spi-builder-workspace/Sources/SnapshotTesting/AssertSnapshot.swift:941:12: error: no such module 'UniformTypeIdentifiers'
939 |
940 | #if !os(Android) && !os(Linux) && !os(Windows)
941 | import UniformTypeIdentifiers
| `- error: no such module 'UniformTypeIdentifiers'
942 |
943 | func uniformTypeIdentifier(fromExtension pathExtension: String) -> String? {
[118/187] Compiling IssueReportingTestSupport _Test.swift
[119/187] Emitting module IssueReportingTestSupport
BUILD FAILURE 6.2 wasm