Build Information
Failed to build GoogleCloudDataFormV1, reference main (37c3c4), with Swift 6.2 for Android on 12 Oct 2026 03:30:41 UTC.
Build Command
bash -c docker run --pull=always --rm -v "checkouts-54344847-3":/host -w "$PWD" -e JAVA_HOME="/root/.sdkman/candidates/java/current" -e SPI_BUILD="1" -e SPI_PROCESSING="1" registry.gitlab.com/saguaro1/spi-images:android-6.2-latest swift build --swift-sdk aarch64-unknown-linux-android28 2>&1Build Log
========================================
RunAll
========================================
Builder version: 5.1.1
Interrupt handler set up.
========================================
Checkout
========================================
Clone URL: https://github.com/googleapis/swift-google-cloud-dataform-v1.git
Reference: main
Initialized empty Git repository in /host/spi-builder-workspace/.git/
hint: Using 'master' as the name for the initial branch. This default branch name
hint: is subject to change. To configure the initial branch name to use in all
hint: of your new repositories, which will suppress this warning, call:
hint:
hint: git config --global init.defaultBranch <name>
hint:
hint: Names commonly chosen instead of 'master' are 'main', 'trunk' and
hint: 'development'. The just-created branch can be renamed via this command:
hint:
hint: git branch -m <name>
From https://github.com/googleapis/swift-google-cloud-dataform-v1
* branch main -> FETCH_HEAD
* [new branch] main -> origin/main
HEAD is now at 37c3c44 chore: release circa 2026-10-07 (#1382)
Cloned https://github.com/googleapis/swift-google-cloud-dataform-v1.git
Revision (git rev-parse @):
37c3c4432c5905b91675f45babc527e4e1ad4df1
SPI manifest file found: $PWD/.spi.yml
SUCCESS checkout https://github.com/googleapis/swift-google-cloud-dataform-v1.git at main
========================================
Build
========================================
Selected platform: android
Swift version: 6.2
Building package at path: $PWD
https://github.com/googleapis/swift-google-cloud-dataform-v1.git
Running build ...
bash -c docker run --pull=always --rm -v "checkouts-54344847-3":/host -w "$PWD" -e JAVA_HOME="/root/.sdkman/candidates/java/current" -e SPI_BUILD="1" -e SPI_PROCESSING="1" registry.gitlab.com/saguaro1/spi-images:android-6.2-latest swift build --swift-sdk aarch64-unknown-linux-android28 2>&1
android-6.2-latest: Pulling from saguaro1/spi-images
Digest: sha256:a839c9ce201f1dacc8eb056626ec7ab0a1c6d53d7b77c83feda395f4507c51be
Status: Image is up to date for registry.gitlab.com/saguaro1/spi-images:android-6.2-latest
Fetching https://github.com/googleapis/swift-google-wkt
Fetching https://github.com/googleapis/swift-google-type
Fetching https://github.com/googleapis/swift-google-rpc
[11/1023] Fetching swift-google-wkt
[186/1445] Fetching swift-google-wkt, swift-google-rpc
[1446/1882] Fetching swift-google-wkt, swift-google-rpc, swift-google-type
Fetched https://github.com/googleapis/swift-google-rpc from cache (0.42s)
[1120/1460] Fetching swift-google-wkt, swift-google-type
Fetching https://github.com/googleapis/swift-google-gax
Fetching https://github.com/googleapis/swift-google-longrunning
Fetching https://github.com/googleapis/swift-google-iam-v1
Fetching https://github.com/apple/swift-log
Fetched https://github.com/googleapis/swift-google-type from cache (0.47s)
Fetched https://github.com/googleapis/swift-google-wkt from cache (0.48s)
Fetching https://github.com/googleapis/swift-google-cloud-location
Fetching https://github.com/googleapis/swift-google-auth
[1/1748] Fetching swift-google-gax
[54/2454] Fetching swift-google-gax, swift-google-iam-v1
[174/3073] Fetching swift-google-gax, swift-google-iam-v1, swift-google-longrunning
[2672/3625] Fetching swift-google-gax, swift-google-iam-v1, swift-google-longrunning, swift-google-cloud-location
[2689/4648] Fetching swift-google-gax, swift-google-iam-v1, swift-google-longrunning, swift-google-cloud-location, swift-google-auth
Fetched https://github.com/googleapis/swift-google-iam-v1 from cache (0.44s)
[2532/3942] Fetching swift-google-gax, swift-google-longrunning, swift-google-cloud-location, swift-google-auth
[2748/12199] Fetching swift-google-gax, swift-google-longrunning, swift-google-cloud-location, swift-google-auth, swift-log
Fetched https://github.com/googleapis/swift-google-longrunning from cache (0.46s)
[2492/11580] Fetching swift-google-gax, swift-google-cloud-location, swift-google-auth, swift-log
Fetched https://github.com/googleapis/swift-google-gax from cache (0.50s)
[1806/9832] Fetching swift-google-cloud-location, swift-google-auth, swift-log
Fetched https://github.com/googleapis/swift-google-cloud-location from cache (0.46s)
[1581/9280] Fetching swift-google-auth, swift-log
Fetched https://github.com/googleapis/swift-google-auth from cache (0.50s)
[2065/8257] Fetching swift-log
Fetched https://github.com/apple/swift-log from cache (0.70s)
Computing version for https://github.com/googleapis/swift-google-wkt
Computed https://github.com/googleapis/swift-google-wkt at 0.5.0 (1.40s)
Fetching https://github.com/swift-extras/swift-extras-base64
[1/954] Fetching swift-extras-base64
Fetched https://github.com/swift-extras/swift-extras-base64 from cache (0.39s)
Computing version for https://github.com/googleapis/swift-google-type
Computed https://github.com/googleapis/swift-google-type at 0.5.0 (0.54s)
Computing version for https://github.com/googleapis/swift-google-rpc
Computed https://github.com/googleapis/swift-google-rpc at 0.5.0 (0.15s)
Computing version for https://github.com/googleapis/swift-google-longrunning
Computed https://github.com/googleapis/swift-google-longrunning at 0.5.0 (0.16s)
Computing version for https://github.com/googleapis/swift-google-iam-v1
Computed https://github.com/googleapis/swift-google-iam-v1 at 0.5.0 (0.17s)
Computing version for https://github.com/googleapis/swift-google-gax
Computed https://github.com/googleapis/swift-google-gax at 0.5.0 (0.16s)
Fetching https://github.com/apple/swift-nio
Fetching https://github.com/swift-server/async-http-client.git
[1/16464] Fetching async-http-client
[10868/102838] Fetching async-http-client, swift-nio
Fetched https://github.com/swift-server/async-http-client.git from cache (4.52s)
Fetched https://github.com/apple/swift-nio from cache (4.58s)
Computing version for https://github.com/googleapis/swift-google-cloud-location
Computed https://github.com/googleapis/swift-google-cloud-location at 0.5.0 (4.84s)
Computing version for https://github.com/googleapis/swift-google-auth
Computed https://github.com/googleapis/swift-google-auth at 0.5.0 (0.26s)
Fetching https://github.com/vapor/jwt-kit.git
[1/10254] Fetching jwt-kit
Fetching https://github.com/apple/swift-system.git
Fetched https://github.com/vapor/jwt-kit.git from cache (1.13s)
[1/7241] Fetching swift-system
Fetched https://github.com/apple/swift-system.git from cache (0.80s)
Computing version for https://github.com/swift-extras/swift-extras-base64
Computed https://github.com/swift-extras/swift-extras-base64 at 1.2.0 (2.10s)
Computing version for https://github.com/swift-server/async-http-client.git
Computed https://github.com/swift-server/async-http-client.git at 1.36.2 (0.27s)
Fetching https://github.com/apple/swift-algorithms.git
Fetching https://github.com/apple/swift-nio-transport-services.git
Fetching https://github.com/apple/swift-atomics.git
Fetching https://github.com/apple/swift-distributed-tracing.git
[1/1889] Fetching swift-atomics
[20/4756] Fetching swift-atomics, swift-nio-transport-services
[1505/10920] Fetching swift-atomics, swift-nio-transport-services, swift-algorithms
[2655/17471] Fetching swift-atomics, swift-nio-transport-services, swift-algorithms, swift-distributed-tracing
Fetched https://github.com/apple/swift-nio-transport-services.git from cache (0.75s)
Fetching https://github.com/apple/swift-nio-http2.git
Fetching https://github.com/apple/swift-nio-extras.git
Fetching https://github.com/apple/swift-service-context.git
Fetched https://github.com/apple/swift-algorithms.git from cache (0.76s)
Fetching https://github.com/apple/swift-nio-ssl.git
Fetched https://github.com/apple/swift-atomics.git from cache (0.86s)
Fetched https://github.com/apple/swift-distributed-tracing.git from cache (0.87s)
Fetching https://github.com/apple/swift-configuration.git
[1/1501] Fetching swift-service-context
Fetched https://github.com/apple/swift-service-context.git from cache (0.43s)
[1/16880] Fetching swift-nio-ssl
[2/23584] Fetching swift-nio-ssl, swift-nio-extras
[5840/35878] Fetching swift-nio-ssl, swift-nio-extras, swift-nio-http2
[6813/39806] Fetching swift-nio-ssl, swift-nio-extras, swift-nio-http2, swift-configuration
Fetched https://github.com/apple/swift-nio-extras.git from cache (0.65s)
[7307/33102] Fetching swift-nio-ssl, swift-nio-http2, swift-configuration
Fetched https://github.com/apple/swift-configuration.git from cache (0.65s)
[6742/29174] Fetching swift-nio-ssl, swift-nio-http2
Fetched https://github.com/apple/swift-nio-http2.git from cache (1.68s)
Fetched https://github.com/apple/swift-nio-ssl.git from cache (2.05s)
Computing version for https://github.com/apple/swift-service-context.git
Computed https://github.com/apple/swift-service-context.git at 1.3.0 (3.08s)
Computing version for https://github.com/apple/swift-algorithms.git
Computed https://github.com/apple/swift-algorithms.git at 1.2.1 (1.45s)
Fetching https://github.com/apple/swift-numerics.git
[1/6742] Fetching swift-numerics
Fetched https://github.com/apple/swift-numerics.git from cache (0.65s)
Computing version for https://github.com/apple/swift-log
Computed https://github.com/apple/swift-log at 1.16.1 (0.81s)
Computing version for https://github.com/apple/swift-distributed-tracing.git
Computed https://github.com/apple/swift-distributed-tracing.git at 1.5.0 (0.15s)
Computing version for https://github.com/apple/swift-atomics.git
Computed https://github.com/apple/swift-atomics.git at 1.3.1 (0.15s)
Computing version for https://github.com/apple/swift-numerics.git
Computed https://github.com/apple/swift-numerics.git at 1.1.1 (0.16s)
Computing version for https://github.com/apple/swift-nio
Computed https://github.com/apple/swift-nio at 2.104.0 (0.50s)
Fetching https://github.com/apple/swift-collections.git
[1/28703] Fetching swift-collections
Fetched https://github.com/apple/swift-collections.git from cache (3.17s)
Computing version for https://github.com/apple/swift-configuration.git
Computed https://github.com/apple/swift-configuration.git at 1.2.2 (5.11s)
Fetching https://github.com/swift-server/swift-service-lifecycle
[1/2867] Fetching swift-service-lifecycle
Fetched https://github.com/swift-server/swift-service-lifecycle from cache (1.74s)
Computing version for https://github.com/apple/swift-nio-transport-services.git
Computed https://github.com/apple/swift-nio-transport-services.git at 1.28.0 (2.45s)
Computing version for https://github.com/swift-server/swift-service-lifecycle
Computed https://github.com/swift-server/swift-service-lifecycle at 2.12.1 (0.73s)
Fetching https://github.com/apple/swift-async-algorithms.git
[1/6820] Fetching swift-async-algorithms
Fetched https://github.com/apple/swift-async-algorithms.git from cache (1.90s)
Computing version for https://github.com/apple/swift-async-algorithms.git
Computed https://github.com/apple/swift-async-algorithms.git at 1.1.7 (2.71s)
Computing version for https://github.com/apple/swift-collections.git
Computed https://github.com/apple/swift-collections.git at 1.7.2 (0.54s)
Computing version for https://github.com/apple/swift-nio-http2.git
Computed https://github.com/apple/swift-nio-http2.git at 1.46.0 (0.22s)
Computing version for https://github.com/vapor/jwt-kit.git
Computed https://github.com/vapor/jwt-kit.git at 5.7.1 (0.22s)
Fetching https://github.com/apple/swift-certificates.git
Fetching https://github.com/apple/swift-crypto.git
[1/18629] Fetching swift-crypto
[2/26242] Fetching swift-crypto, swift-certificates
Fetched https://github.com/apple/swift-certificates.git from cache (0.68s)
[2050/18629] Fetching swift-crypto
Fetched https://github.com/apple/swift-crypto.git from cache (1.74s)
Computing version for https://github.com/apple/swift-crypto.git
Computed https://github.com/apple/swift-crypto.git at 4.5.2 (2.54s)
Fetching https://github.com/apple/swift-asn1.git
[1/2009] Fetching swift-asn1
Fetched https://github.com/apple/swift-asn1.git from cache (0.46s)
Computing version for https://github.com/apple/swift-asn1.git
Computed https://github.com/apple/swift-asn1.git at 1.7.3 (0.66s)
Computing version for https://github.com/apple/swift-certificates.git
Computed https://github.com/apple/swift-certificates.git at 1.21.0 (0.21s)
Computing version for https://github.com/apple/swift-nio-ssl.git
Computed https://github.com/apple/swift-nio-ssl.git at 2.37.5 (0.18s)
Computing version for https://github.com/apple/swift-system.git
Computed https://github.com/apple/swift-system.git at 1.8.1 (0.18s)
Computing version for https://github.com/apple/swift-nio-extras.git
Computed https://github.com/apple/swift-nio-extras.git at 1.35.1 (0.29s)
Fetching https://github.com/apple/swift-http-types.git
Fetching https://github.com/apple/swift-http-structured-headers.git
[1/1253] Fetching swift-http-structured-headers
[428/3192] Fetching swift-http-structured-headers, swift-http-types
Fetched https://github.com/apple/swift-http-types.git from cache (0.41s)
Fetched https://github.com/apple/swift-http-structured-headers.git from cache (0.41s)
Computing version for https://github.com/apple/swift-http-structured-headers.git
Computed https://github.com/apple/swift-http-structured-headers.git at 1.7.0 (0.57s)
Computing version for https://github.com/apple/swift-http-types.git
Computed https://github.com/apple/swift-http-types.git at 1.8.0 (0.17s)
Creating working copy for https://github.com/apple/swift-nio-extras.git
Working copy of https://github.com/apple/swift-nio-extras.git resolved at 1.35.1
Creating working copy for https://github.com/googleapis/swift-google-type
Working copy of https://github.com/googleapis/swift-google-type resolved at 0.5.0
Creating working copy for https://github.com/apple/swift-nio-http2.git
Working copy of https://github.com/apple/swift-nio-http2.git resolved at 1.46.0
Creating working copy for https://github.com/apple/swift-nio-ssl.git
Working copy of https://github.com/apple/swift-nio-ssl.git resolved at 2.37.5
Creating working copy for https://github.com/swift-extras/swift-extras-base64
Working copy of https://github.com/swift-extras/swift-extras-base64 resolved at 1.2.0
Creating working copy for https://github.com/googleapis/swift-google-iam-v1
Working copy of https://github.com/googleapis/swift-google-iam-v1 resolved at 0.5.0
Creating working copy for https://github.com/vapor/jwt-kit.git
Working copy of https://github.com/vapor/jwt-kit.git resolved at 5.7.1
Creating working copy for https://github.com/apple/swift-nio-transport-services.git
Working copy of https://github.com/apple/swift-nio-transport-services.git resolved at 1.28.0
Creating working copy for https://github.com/googleapis/swift-google-wkt
Working copy of https://github.com/googleapis/swift-google-wkt resolved at 0.5.0
Creating working copy for https://github.com/apple/swift-log
Working copy of https://github.com/apple/swift-log resolved at 1.16.1
Creating working copy for https://github.com/apple/swift-distributed-tracing.git
Working copy of https://github.com/apple/swift-distributed-tracing.git resolved at 1.5.0
Creating working copy for https://github.com/apple/swift-configuration.git
Working copy of https://github.com/apple/swift-configuration.git resolved at 1.2.2
Creating working copy for https://github.com/apple/swift-http-structured-headers.git
Working copy of https://github.com/apple/swift-http-structured-headers.git resolved at 1.7.0
Creating working copy for https://github.com/apple/swift-http-types.git
Working copy of https://github.com/apple/swift-http-types.git resolved at 1.8.0
Creating working copy for https://github.com/apple/swift-crypto.git
Working copy of https://github.com/apple/swift-crypto.git resolved at 4.5.2
Creating working copy for https://github.com/apple/swift-asn1.git
Working copy of https://github.com/apple/swift-asn1.git resolved at 1.7.3
Creating working copy for https://github.com/apple/swift-nio
Working copy of https://github.com/apple/swift-nio resolved at 2.104.0
Creating working copy for https://github.com/apple/swift-certificates.git
Working copy of https://github.com/apple/swift-certificates.git resolved at 1.21.0
Creating working copy for https://github.com/googleapis/swift-google-auth
Working copy of https://github.com/googleapis/swift-google-auth resolved at 0.5.0
Creating working copy for https://github.com/swift-server/swift-service-lifecycle
Working copy of https://github.com/swift-server/swift-service-lifecycle resolved at 2.12.1
Creating working copy for https://github.com/googleapis/swift-google-rpc
Working copy of https://github.com/googleapis/swift-google-rpc resolved at 0.5.0
Creating working copy for https://github.com/apple/swift-algorithms.git
Working copy of https://github.com/apple/swift-algorithms.git resolved at 1.2.1
Creating working copy for https://github.com/apple/swift-system.git
Working copy of https://github.com/apple/swift-system.git resolved at 1.8.1
Creating working copy for https://github.com/apple/swift-numerics.git
Working copy of https://github.com/apple/swift-numerics.git resolved at 1.1.1
Creating working copy for https://github.com/googleapis/swift-google-gax
Working copy of https://github.com/googleapis/swift-google-gax resolved at 0.5.0
Creating working copy for https://github.com/googleapis/swift-google-cloud-location
Working copy of https://github.com/googleapis/swift-google-cloud-location resolved at 0.5.0
Creating working copy for https://github.com/apple/swift-atomics.git
Working copy of https://github.com/apple/swift-atomics.git resolved at 1.3.1
Creating working copy for https://github.com/apple/swift-service-context.git
Working copy of https://github.com/apple/swift-service-context.git resolved at 1.3.0
Creating working copy for https://github.com/apple/swift-collections.git
Working copy of https://github.com/apple/swift-collections.git resolved at 1.7.2
Creating working copy for https://github.com/apple/swift-async-algorithms.git
Working copy of https://github.com/apple/swift-async-algorithms.git resolved at 1.1.7
Creating working copy for https://github.com/swift-server/async-http-client.git
Working copy of https://github.com/swift-server/async-http-client.git resolved at 1.36.2
Creating working copy for https://github.com/googleapis/swift-google-longrunning
Working copy of https://github.com/googleapis/swift-google-longrunning resolved at 0.5.0
Building for debugging...
[0/1210] Compiling _NumericsShims _NumericsShims.c
[0/1210] Write sources
[5/1210] Compiling _AtomicsShims.c
[5/1210] Write sources
[125/1210] Compiling CXKCPShims shims.c
[126/1210] Compiling SimpleFIPS202.c
[127/1210] Compiling KeccakSponge.c
[128/1210] Compiling KeccakP-1600-opt64.c
[129/1210] Compiling KeccakHash.c
[130/1210] Compiling CSystem shims.c
[131/1210] Compiling CNIOWindows shim.c
[132/1210] Compiling CNIOWindows WSAStartup.c
[133/1210] Compiling CNIOWASI CNIOWASI.c
[134/1210] Compiling CNIOPosix event_loop_id.c
[135/1210] Compiling CNIOOpenBSD shim.c
[136/1210] Compiling CNIOLinux shim.c
[137/1210] Compiling CNIOLinux liburing_shims.c
[138/1210] Compiling a_i2d_fp.cc
[138/1210] Compiling a_dup.cc
[140/1210] Compiling CNIOLLHTTP c_nio_http.c
[141/1210] Compiling CNIOFreeBSD shim.c
[142/1210] Compiling CNIOExtrasZlib zutil.c
[143/1210] Compiling CNIOLLHTTP c_nio_api.c
[144/1210] Compiling a_gentm.cc
[145/1210] Compiling a_mbstr.cc
[146/1210] Compiling CNIOLLHTTP c_nio_llhttp.c
[147/1210] Compiling CNIOExtrasZlib inftrees.c
[148/1210] Compiling a_utctm.cc
[149/1210] Compiling CNIOExtrasZlib trees.c
[150/1210] Compiling CNIODarwin shim.c
[151/1210] Compiling CNIOExtrasZlib inffast.c
[152/1210] Compiling CNIOExtrasZlib adler32.c
[153/1210] Compiling a_int.cc
[154/1210] Write swift-version--11D90AFD9DD3AB2.txt
[155/1210] Compiling fiat_p256_adx_sqr.S
[156/1210] Compiling CNIOExtrasZlib crc32.c
[157/1210] Compiling fiat_p256_adx_mul.S
[158/1210] Compiling CNIOExtrasZlib inflate.c
[159/1210] Compiling fiat_curve25519_adx_square.S
[160/1214] Compiling fiat_curve25519_adx_mul.S
[161/1218] Compiling CNIOExtrasZlib deflate.c
[163/1286] Emitting module ServiceContextModule
[164/1286] Emitting module _CertificateInternals
[165/1286] Emitting module _NIOBase64
[165/1286] Compiling CNIOBoringSSLShims shims.c
[167/1297] Emitting module SystemPackage
[168/1302] Compiling RealModule RealFunctions.swift
[169/1303] Compiling Logging SwiftLogNoOpLogHandler.swift
[170/1303] Compiling Logging Locks.swift
[171/1303] Compiling SwiftASN1 ASN1OctetString.swift
[172/1303] Compiling SwiftASN1 ASN1Strings.swift
[173/1305] Compiling RealModule Real.swift
[174/1305] Compiling SwiftASN1 ASN1Integer.swift
[175/1305] Compiling SwiftASN1 ASN1Null.swift
[176/1305] Emitting module SwiftASN1
[177/1305] Compiling RealModule RelaxedArithmetic.swift
[178/1305] Emitting module RealModule
[179/1305] Compiling Logging LoggingSystem.swift
[180/1305] Compiling Logging MultiplexLogHandler.swift
[181/1305] Compiling Logging StreamLogHandler.swift
[186/1306] Compiling Logging LogEvent.swift
[187/1306] Compiling Logging LogHandler.swift
[188/1306] Compiling ServiceContextModule ServiceContext.swift
[189/1306] Compiling RealModule Float80+Real.swift
[190/1306] Compiling SwiftASN1 TimeUtilities.swift
[191/1306] Compiling SwiftASN1 UTCTime.swift
[192/1306] Compiling ServiceContextModule ServiceContextKey.swift
[193/1306] Compiling RealModule Float16+Real.swift
[194/1306] Compiling _NIOBase64 Base64.swift
[195/1308] Compiling _NIODataStructures PriorityQueue.swift
[196/1308] Compiling _NIODataStructures _TinyArray.swift
[197/1308] Compiling SystemPackage SystemString.swift
[198/1308] Compiling SystemPackage Util+StringArray.swift
[199/1308] Compiling SystemPackage Util.swift
[200/1308] Compiling SystemPackage UtilConsumers.swift
[201/1308] Compiling SystemPackage WinSDK+Overlay.swift
[205/1309] Emitting module _NIODataStructures
[206/1309] Compiling _NIODataStructures Heap.swift
[208/1309] Compiling Logging Logger+With.swift
[209/1310] Compiling Logging Logger.swift
[217/1318] Wrapping AST for _NIOBase64 for debugging
[219/1321] Compiling _CertificateInternals _TinyArray.swift
[219/1321] Wrapping AST for _NIODataStructures for debugging
[221/1322] Compiling Logging Logger+Attributes.swift
[224/1350] Wrapping AST for ServiceContextModule for debugging
[226/1350] Compiling Instrumentation NoOpInstrument.swift
[226/1350] Wrapping AST for RealModule for debugging
[228/1350] Compiling Instrumentation MultiplexInstrument.swift
[228/1350] Wrapping AST for _CertificateInternals for debugging
[230/1350] Compiling InternalCollectionsUtilities UnsafeMutablePointer+Extras.swift
[231/1350] Compiling InternalCollectionsUtilities UnsafeMutableRawBufferPointer+Extras.swift
[232/1350] Compiling InternalCollectionsUtilities UnsafePointer+Extras.swift
[233/1353] Compiling InternalCollectionsUtilities UnsafeRawBufferPointer+Extras.swift
[234/1353] Compiling InternalCollectionsUtilities _SortedCollection.swift
[235/1353] Compiling InternalCollectionsUtilities _UniqueCollection.swift
[236/1353] Compiling InternalCollectionsUtilities BorrowingIteratorProtocol+Equality.swift
[237/1353] Compiling InternalCollectionsUtilities BorrowingIteratorProtocol+Extras.swift
[238/1353] Compiling InternalCollectionsUtilities Debugging.swift
[239/1353] Compiling InternalCollectionsUtilities Descriptions.swift
[240/1353] Compiling InternalCollectionsUtilities Strideable+LimitHelpers.swift
[241/1353] Compiling InternalCollectionsUtilities String+Padding.swift
[242/1353] Compiling InternalCollectionsUtilities MutableSpan+Extras.swift
[243/1353] Compiling InternalCollectionsUtilities OutputSpan+Extras.swift
[244/1353] Compiling InternalCollectionsUtilities RandomAccessCollection+Offsets.swift
[245/1353] Compiling InternalCollectionsUtilities Span+Extras.swift
[246/1353] Compiling InternalCollectionsUtilities FixedWidthInteger+roundUpToPowerOfTwo.swift
[247/1353] Compiling InternalCollectionsUtilities Integer rank.swift
[248/1353] Compiling InternalCollectionsUtilities UInt+first and last set bit.swift
[249/1353] Compiling InternalCollectionsUtilities UInt+reversed.swift
[250/1353] Compiling InternalCollectionsUtilities Iterable+CopyContents.swift
[251/1353] Compiling InternalCollectionsUtilities Iterable+Equality.swift
[252/1353] Compiling InternalCollectionsUtilities LifetimeOverride.swift
[253/1353] Compiling InternalCollectionsUtilities MutableRef.swift
[254/1353] Emitting module InternalCollectionsUtilities
[255/1353] Compiling ExtrasBase64 Base32.swift
[256/1353] Compiling InternalCollectionsUtilities _UnsafeBitSet+_Word.swift
[257/1353] Compiling InternalCollectionsUtilities _UnsafeBitSet.swift
[258/1353] Compiling InternalCollectionsUtilities UnsafeBufferPointer+Extras.swift
[259/1353] Compiling InternalCollectionsUtilities UnsafeMutableBufferPointer+Extras.swift
[262/1353] Compiling InternalCollectionsUtilities TemporaryAllocation.swift
[263/1353] Compiling InternalCollectionsUtilities _UnsafeBitSet+Index.swift
[266/1354] Compiling Logging MetadataProvider.swift
[275/1354] Compiling SystemPackage RawBuffer.swift
[276/1354] Compiling SystemPackage Syscalls.swift
[277/1354] Compiling SystemPackage WindowsSyscallAdapters.swift
[278/1354] Compiling SystemPackage MachPort.swift
[279/1354] Compiling SystemPackage PlatformString.swift
[285/1354] Emitting module Logging
[291/1355] Compiling Instrumentation Instrument.swift
[292/1355] Emitting module Instrumentation
[293/1355] Compiling Instrumentation InstrumentationSystem.swift
[294/1355] Compiling Instrumentation Locks.swift
[309/1356] Compiling SystemPackage Mocking.swift
[313/1362] Compiling SpanPreview MutableSpan+InputSpanHelpers.swift
[313/1362] Wrapping AST for InternalCollectionsUtilities for debugging
[315/1362] Emitting module SpanPreview
[316/1362] Compiling SpanPreview OutputSpan+InputSpanHelpers.swift
[317/1362] Compiling SpanPreview InputSpan.swift
[318/1371] Wrapping AST for Logging for debugging
[319/1371] Compiling tls_method.cc
[320/1371] Wrapping AST for Instrumentation for debugging
[321/1371] Wrapping AST for SpanPreview for debugging
[322/1371] Wrapping AST for SwiftASN1 for debugging
[323/1371] Wrapping AST for SystemPackage for debugging
[324/1413] Compiling tls_record.cc
[326/1413] Compiling Tracing TracingTime.swift
[327/1414] Emitting module Tracing
[328/1414] Compiling Tracing TracerProtocol.swift
[329/1414] Compiling Tracing Tracer.swift
[330/1414] Compiling Tracing WithTracer.swift
[331/1414] Compiling Tracing TracerProtocol+Legacy.swift
[332/1414] Compiling DequeModule UniqueDeque+Initializers.swift
[333/1414] Compiling DequeModule UniqueDeque+Insertions.swift
[334/1414] Compiling DequeModule UniqueDeque+Iterable.swift
[335/1414] Compiling DequeModule UniqueDeque+Prepend.swift
[336/1414] Compiling DequeModule UniqueDeque+Removals.swift
[337/1414] Compiling DequeModule UniqueDeque+Consumption.swift
[338/1414] Compiling DequeModule UniqueDeque+ContainerOperations.swift
[339/1414] Compiling DequeModule UniqueDeque+Deprecations.swift
[340/1414] Compiling DequeModule UniqueDeque+Descriptions.swift
[341/1414] Compiling DequeModule UniqueDeque+Equatable.swift
[342/1414] Compiling DequeModule UniqueDeque+Hashable.swift
[343/1419] Compiling DequeModule RigidDeque+Descriptions.swift
[344/1419] Compiling DequeModule RigidDeque+Equatable.swift
[345/1419] Compiling DequeModule RigidDeque+Hashable.swift
[346/1419] Compiling DequeModule RigidDeque+Initializers.swift
[347/1419] Compiling DequeModule RigidDeque+Insertions.swift
[348/1419] Compiling DequeModule RigidDeque+Iterable.swift
[349/1419] Compiling DequeModule _DequeBuffer.swift
[350/1419] Compiling DequeModule _DequeBufferHeader.swift
[351/1419] Compiling DequeModule RigidDeque+Append.swift
[352/1419] Compiling DequeModule RigidDeque+Consumption.swift
[353/1419] Compiling DequeModule RigidDeque+ContainerOperations.swift
[354/1419] Compiling DequeModule RigidDeque+Deprecations.swift
[355/1419] Compiling DequeModule RigidDeque+Prepend.swift
[356/1419] Compiling DequeModule RigidDeque+Removals.swift
[357/1419] Compiling DequeModule RigidDeque+Replacements.swift
[358/1419] Compiling DequeModule RigidDeque+Testing.swift
[359/1419] Compiling DequeModule RigidDeque.swift
[360/1419] Compiling DequeModule UniqueDeque+Append.swift
[361/1419] Compiling Tracing InstrumentationSystem+Tracing.swift
[362/1419] Compiling Tracing NoOpTracer.swift
[363/1419] Compiling Tracing SpanProtocol.swift
[365/1420] Compiling DequeModule Deque+Codable.swift
[366/1420] Compiling DequeModule Deque+Collection.swift
[367/1420] Compiling DequeModule Deque+CustomReflectable.swift
[368/1420] Compiling DequeModule Deque+Descriptions.swift
[369/1420] Compiling DequeModule Deque+Equatable.swift
[370/1420] Compiling DequeModule Deque+ExpressibleByArrayLiteral.swift
[371/1420] Compiling DequeModule Deque+Extras.swift
[372/1420] Compiling DequeModule Deque+Hashable.swift
[373/1420] Compiling DequeModule Deque+Testing.swift
[374/1420] Compiling DequeModule Deque._Storage.swift
[375/1420] Compiling DequeModule Deque._UnsafeHandle.swift
[376/1420] Compiling DequeModule Deque.swift
[376/1420] Compiling tls13_both.cc
[377/1420] Compiling t1_enc.cc
[378/1420] Wrapping AST for Tracing for debugging
[379/1420] Compiling tls13_server.cc
[379/1420] Compiling tls13_client.cc
[381/1420] Compiling tls13_enc.cc
[382/1420] Compiling ssl_x509.cc
[383/1420] Compiling ssl_stat.cc
[384/1420] Compiling ssl_versions.cc
[385/1420] Compiling ssl_transcript.cc
[386/1420] Compiling ssl_privkey.cc
[387/1420] Compiling ssl_session.cc
[389/1420] Compiling DequeModule UniqueDeque+Replacements.swift
[390/1420] Compiling DequeModule UniqueDeque.swift
[391/1420] Compiling DequeModule _DequeSlot.swift
[392/1420] Compiling DequeModule _UnsafeDequeHandle.swift
[393/1420] Compiling DequeModule _UnsafeDequeSegments.swift
[394/1420] Emitting module DequeModule
[395/1421] Compiling ssl_key_share.cc
[396/1464] Compiling ssl_file.cc
[397/1464] Wrapping AST for DequeModule for debugging
[398/1464] Compiling ssl_cipher.cc
[400/1464] Compiling Configuration Deprecations.swift
[401/1464] Compiling Configuration ExpressibleByConfigInt.swift
[402/1464] Compiling Configuration ExpressibleByConfigString.swift
[403/1464] Compiling Configuration CLIKeyEncoder.swift
[404/1464] Compiling Configuration ConfigKeyEncoder.swift
[405/1464] Compiling Configuration DotSeparatorKeyDecoder.swift
[405/1466] Compiling ssl_lib.cc
[406/1469] Compiling ssl_cert.cc
[407/1469] Compiling ssl_credential.cc
[408/1469] Emitting module Configuration
[409/1469] Compiling ssl_buffer.cc
[411/1469] Compiling ExtrasBase64 Base32+Span.swift
[412/1469] Compiling ExtrasBase64 Base64.swift
[413/1469] Compiling ExtrasBase64 Base64+Span.swift
[414/1469] Emitting module ExtrasBase64
[416/1470] Compiling Configuration EnvironmentKeyEncoder.swift
[417/1470] Compiling Configuration EnvironmentVariablesProvider.swift
[418/1470] Compiling Configuration CommonProviderFileSystem.swift
[419/1470] Compiling Configuration DirectoryFilesProvider.swift
[420/1470] Compiling Configuration FileProvider.swift
[421/1470] Compiling Configuration FileProviderSnapshot.swift
[421/1470] Compiling ssl_asn1.cc
[422/1501] Compiling ssl_aead_ctx.cc
[423/1501] Compiling s3_pkt.cc
[424/1501] Wrapping AST for ExtrasBase64 for debugging
[425/1501] Compiling s3_both.cc
[426/1501] Compiling s3_lib.cc
[427/1501] Compiling handshake_server.cc
[429/1501] Compiling GoogleWKT WKTDoubleValue.swift
[430/1501] Compiling GoogleWKT WKTDuration.swift
[431/1501] Compiling GoogleWKT WKTEmpty.swift
[432/1501] Compiling GoogleWKT WKTFieldMask.swift
[433/1505] Emitting module GoogleWKT
[433/1505] Compiling handshake_client.cc
[435/1505] Compiling GoogleWKT UnknownFields.swift
[436/1505] Compiling GoogleWKT WKTAny.swift
[437/1505] Compiling GoogleWKT WKTAnyError.swift
[438/1505] Compiling GoogleWKT WKTBoolValue.swift
[439/1505] Compiling GoogleWKT WKTBytesValue.swift
[440/1505] Compiling GoogleWKT WKTStringValue.swift
[441/1505] Compiling GoogleWKT WKTTimestamp.swift
[442/1505] Compiling GoogleWKT WKTUInt32Value.swift
[443/1505] Compiling GoogleWKT WKTUInt64Value.swift
[444/1505] Compiling GoogleWKT WKTFloatValue.swift
[445/1505] Compiling GoogleWKT WKTInt32Value.swift
[446/1505] Compiling GoogleWKT WKTInt64Value.swift
[447/1505] Compiling GoogleWKT WKTRecursive.swift
[448/1505] Compiling GoogleWKT WKTField.swift
[449/1505] Compiling GoogleWKT WKTMethod.swift
[450/1505] Compiling GoogleWKT WKTMixin.swift
[451/1505] Compiling GoogleWKT WKTOption.swift
[452/1505] Compiling GoogleWKT WKTValue.swift
[453/1505] Compiling GoogleWKT WKTApi.swift
[454/1505] Compiling GoogleWKT WKTEnum.swift
[455/1505] Compiling GoogleWKT WKTEnumValue.swift
[455/1505] Compiling handshake.cc
[457/1505] Compiling GoogleWKT WKTSourceContext.swift
[458/1505] Compiling GoogleWKT WKTSyntax.swift
[459/1505] Compiling GoogleWKT WKTType.swift
[460/1505] Compiling GoogleWKT PackageVersion.swift
[467/1505] Compiling Configuration CombineLatestManyStorage.swift
[468/1505] Compiling Configuration AsyncSequences.swift
[469/1505] Compiling Configuration FoundationExtensions.swift
[470/1505] Compiling Configuration Span.swift
[471/1505] Compiling Configuration ConfigBytesFromStringDecoder.swift
[476/1505] Compiling Configuration YAMLSnapshot.swift
[477/1505] Compiling Configuration InMemoryProvider.swift
[478/1505] Compiling Configuration MutableInMemoryProvider.swift
[479/1505] Compiling Configuration ConfigProvider+Operators.swift
[480/1505] Compiling Configuration KeyMappingProvider.swift
[481/1505] Compiling Configuration SecretsSpecifier.swift
[482/1505] Compiling Configuration AsyncCombineLatestManySequence.swift
[483/1505] Compiling Configuration CombineLatestManyStateMachine.swift
[483/1505] Compiling handoff.cc
[484/1505] Compiling extensions.cc
[485/1505] Compiling encrypted_client_hello.cc
[487/1505] Compiling GoogleWKT AnyPackable.swift
[488/1505] Compiling GoogleWKT DecodeToDefault.swift
[489/1505] Compiling GoogleWKT DiscoveryBase64.swift
[490/1505] Compiling GoogleWKT ProtoJSONDecoder.swift
[491/1505] Compiling GoogleWKT ProtoJSONEncoder.swift
[492/1506] Compiling dtls_record.cc
[493/1524] Compiling dtls_method.cc
[494/1539] Compiling d1_srtp.cc
[495/1539] Wrapping AST for GoogleWKT for debugging
[496/1539] Compiling md5-x86_64-linux.S
[497/1539] Compiling md5-x86_64-apple.S
[499/1539] Emitting module GoogleType
[500/1541] Compiling GoogleRpc HttpRequest.swift
[501/1541] Compiling GoogleRpc HttpResponse.swift
[501/1541] Compiling md5-586-linux.S
[502/1541] Compiling md5-586-apple.S
[504/1541] Compiling GoogleType PostalAddress.swift
[505/1541] Compiling GoogleType Quaternion.swift
[506/1541] Compiling GoogleRpc HttpHeader.swift
[507/1541] Compiling GoogleRpc DebugInfo.swift
[508/1541] Compiling GoogleRpc ErrorInfo.swift
[509/1541] Compiling GoogleRpc BadRequest.swift
[510/1541] Compiling GoogleRpc Code.swift
[511/1541] Compiling GoogleRpc Help.swift
[515/1541] Compiling GoogleRpc RequestInfo.swift
[516/1541] Compiling GoogleRpc ResourceInfo.swift
[517/1541] Compiling GoogleType PhoneNumber.swift
[520/1541] Compiling GoogleType TimeOfDay.swift
[523/1541] Compiling GoogleRpc QuotaFailure.swift
[526/1542] Compiling GoogleRpc LocalizedMessage.swift
[527/1542] Compiling GoogleRpc PackageVersion.swift
[528/1542] Compiling GoogleRpc PreconditionFailure.swift
[531/1542] Compiling d1_pkt.cc
[534/1544] Compiling chacha20_poly1305_x86_64-linux.S
[535/1544] Wrapping AST for Configuration for debugging
[536/1544] Compiling chacha20_poly1305_x86_64-apple.S
[543/1544] Compiling chacha20_poly1305_armv8-win.S
[544/1544] Compiling chacha20_poly1305_armv8-linux.S
[545/1544] Compiling bio_ssl.cc
[547/1544] Emitting module GoogleRpc
[549/1544] Compiling chacha20_poly1305_armv8-apple.S
[552/1544] Compiling GoogleType TimeZone.swift
[552/1544] Compiling chacha-x86_64-apple.S
[553/1544] Compiling chacha-x86_64-linux.S
[554/1545] Compiling err_data.cc
[555/1545] Compiling chacha-x86-apple.S
[556/1545] Compiling chacha-x86-linux.S
[557/1545] Compiling chacha-armv8-win.S
[559/1545] Compiling chacha-armv4-linux.S
[560/1545] Compiling chacha-armv8-apple.S
[561/1545] Compiling chacha-armv8-linux.S
[562/1545] Compiling aes128gcmsiv-x86_64-linux.S
[563/1545] Compiling aes128gcmsiv-x86_64-apple.S
[564/1545] Wrapping AST for GoogleType for debugging
[565/1545] Compiling x86_64-mont5-linux.S
[566/1545] Compiling x86_64-mont-linux.S
[567/1545] Compiling x86_64-mont-apple.S
[568/1545] Compiling x86_64-mont5-apple.S
[569/1545] Compiling x86-mont-linux.S
[570/1545] Compiling x86-mont-apple.S
[571/1545] Compiling vpaes-x86_64-apple.S
[572/1545] Compiling vpaes-x86_64-linux.S
[573/1545] Compiling vpaes-x86-linux.S
[574/1545] Compiling vpaes-x86-apple.S
[575/1545] Compiling vpaes-armv8-linux.S
[580/1545] Compiling vpaes-armv7-linux.S
[581/1545] Compiling vpaes-armv8-apple.S
[582/1545] Compiling vpaes-armv8-win.S
[583/1545] Compiling sha512-x86_64-linux.S
[584/1545] Compiling sha512-x86_64-apple.S
[585/1545] Compiling sha512-armv8-win.S
[586/1545] Compiling d1_lib.cc
[587/1545] Compiling sha512-armv8-linux.S
[588/1545] Compiling sha512-armv8-apple.S
[589/1545] Compiling sha512-armv4-linux.S
[590/1545] Compiling sha512-586-linux.S
[591/1545] Compiling sha512-586-apple.S
[592/1545] Compiling sha256-x86_64-linux.S
[593/1545] Compiling sha256-x86_64-apple.S
[594/1545] Compiling sha256-armv8-win.S
[595/1545] Compiling sha256-armv8-linux.S
[596/1545] Compiling sha256-armv8-apple.S
[597/1545] Compiling d1_both.cc
[598/1545] Compiling sha1-x86_64-linux.S
[599/1545] Compiling sha256-586-apple.S
[601/1545] Compiling GoogleRpc RetryInfo.swift
[602/1545] Compiling GoogleRpc Status.swift
[602/1545] Compiling sha256-armv4-linux.S
[603/1546] Compiling sha256-586-linux.S
[604/1546] Compiling sha1-x86_64-apple.S
[605/1546] Compiling sha1-armv4-large-linux.S
[606/1546] Compiling sha1-586-linux.S
[607/1546] Compiling sha1-armv8-win.S
[609/1546] Compiling sha1-armv8-apple.S
[610/1546] Compiling rsaz-avx2-linux.S
[611/1546] Compiling sha1-armv8-linux.S
[612/1546] Compiling rdrand-x86_64-linux.S
[613/1546] Compiling p256_beeu-x86_64-asm-apple.S
[614/1546] Compiling p256_beeu-x86_64-asm-linux.S
[615/1546] Compiling rdrand-x86_64-apple.S
[616/1546] Compiling rsaz-avx2-apple.S
[617/1546] Compiling sha1-586-apple.S
[618/1546] Compiling p256_beeu-armv8-asm-linux.S
[619/1546] Compiling p256_beeu-armv8-asm-win.S
[620/1546] Wrapping AST for GoogleRpc for debugging
[621/1546] Compiling p256-x86_64-asm-apple.S
[622/1546] Compiling p256-x86_64-asm-linux.S
[623/1546] Compiling p256-armv8-asm-win.S
[624/1546] Compiling p256_beeu-armv8-asm-apple.S
[625/1546] Compiling p256-armv8-asm-linux.S
[626/1546] Compiling p256-armv8-asm-apple.S
[627/1546] Compiling ghashv8-armv8-linux.S
[628/1546] Compiling ghashv8-armv8-apple.S
[629/1546] Compiling ghashv8-armv8-win.S
[630/1546] Compiling ghashv8-armv7-linux.S
[631/1546] Compiling ghash-x86_64-linux.S
[632/1546] Compiling ghash-x86_64-apple.S
[633/1546] Compiling ghash-x86-apple.S
[634/1546] Compiling ghash-ssse3-x86_64-apple.S
[635/1546] Compiling ghash-ssse3-x86_64-linux.S
[636/1546] Compiling ghash-x86-linux.S
[637/1546] Compiling ghash-neon-armv8-win.S
[638/1546] Compiling ghash-ssse3-x86-linux.S
[639/1546] Compiling ghash-ssse3-x86-apple.S
[640/1546] Compiling ghash-neon-armv8-apple.S
[641/1546] Compiling ghash-neon-armv8-linux.S
[642/1546] Compiling co-586-apple.S
[642/1546] Compiling co-586-linux.S
[644/1546] Compiling ghash-armv4-linux.S
[645/1546] Compiling bn-armv8-win.S
[646/1546] Compiling bn-586-apple.S
[647/1546] Compiling bn-armv8-apple.S
[647/1546] Compiling bsaes-armv7-linux.S
[649/1546] Compiling bn-armv8-linux.S
[650/1546] Compiling bn-586-linux.S
[651/1546] Compiling armv8-mont-win.S
[652/1546] Compiling armv4-mont-linux.S
[653/1546] Compiling aesv8-gcm-armv8-apple.S
[654/1546] Compiling aesv8-gcm-armv8-win.S
[655/1546] Compiling aesv8-armv8-linux.S
[656/1546] Compiling aesv8-armv8-win.S
[657/1546] Compiling armv8-mont-apple.S
[658/1546] Compiling aesv8-gcm-armv8-linux.S
[659/1546] Compiling armv8-mont-linux.S
[660/1546] Compiling aesv8-armv8-apple.S
[661/1546] Compiling aesv8-armv7-linux.S
[662/1546] Compiling aesni-x86_64-linux.S
[663/1546] Compiling aesni-x86_64-apple.S
[664/1546] Compiling aesni-x86-linux.S
[665/1546] Compiling aesni-gcm-x86_64-apple.S
[666/1546] Compiling aesni-x86-apple.S
[667/1546] Compiling aes-gcm-avx2-x86_64-apple.S
[668/1546] Compiling aesni-gcm-x86_64-linux.S
[669/1546] Compiling aes-gcm-avx10-x86_64-linux.S
[669/1546] Compiling aes-gcm-avx2-x86_64-linux.S
[671/1546] Compiling aes-gcm-avx10-x86_64-apple.S
[672/1546] Compiling x_pubkey.cc
[673/1546] Compiling x_sig.cc
[674/1546] Compiling x_req.cc
[675/1546] Compiling x_val.cc
[676/1546] Compiling x_x509.cc
[677/1546] Compiling x_spki.cc
[678/1546] Compiling x_x509a.cc
[679/1546] Compiling x_name.cc
[680/1546] Compiling x509rset.cc
[681/1546] Compiling x_attrib.cc
[682/1546] Compiling x_algor.cc
[683/1546] Compiling x_exten.cc
[684/1546] Compiling x_crl.cc
[685/1546] Compiling x509name.cc
[686/1546] Compiling x509spki.cc
[687/1546] Compiling x_all.cc
[688/1546] Compiling x509_req.cc
[689/1546] Compiling x509_v3.cc
[690/1546] Compiling x509cset.cc
[691/1546] Compiling x509_txt.cc
[692/1546] Compiling x509_vpm.cc
[693/1546] Compiling x509_trs.cc
[694/1546] Compiling x509_set.cc
[695/1546] Compiling x509_vfy.cc
[696/1546] Compiling x509_lu.cc
[697/1546] Compiling x509_ext.cc
[698/1546] Compiling x509_obj.cc
[699/1546] Compiling x509_def.cc
[700/1546] Compiling x509_d2.cc
[701/1546] Compiling x509_cmp.cc
[702/1546] Compiling x509.cc
[703/1546] Compiling x509_att.cc
[704/1546] Compiling v3_utl.cc
[705/1546] Compiling v3_prn.cc
[706/1546] Compiling v3_skey.cc
[707/1546] Compiling v3_purp.cc
[708/1546] Compiling v3_ncons.cc
[709/1546] Compiling v3_ocsp.cc
[710/1546] Compiling v3_pcons.cc
[711/1546] Compiling v3_pmaps.cc
[712/1546] Compiling v3_ia5.cc
[713/1546] Compiling v3_lib.cc
[714/1546] Compiling v3_int.cc
[715/1546] Compiling v3_info.cc
[716/1546] Compiling v3_enum.cc
[717/1546] Compiling v3_extku.cc
[718/1546] Compiling v3_genn.cc
[719/1546] Compiling v3_crld.cc
[720/1546] Compiling v3_cpols.cc
[721/1546] Compiling v3_conf.cc
[722/1546] Compiling v3_bitst.cc
[723/1546] Compiling v3_akey.cc
[724/1546] Compiling v3_bcons.cc
[725/1546] Compiling t_x509.cc
[726/1546] Compiling v3_alt.cc
[727/1546] Compiling v3_akeya.cc
[728/1546] Compiling t_crl.cc
[729/1546] Compiling t_x509a.cc
[730/1546] Compiling t_req.cc
[731/1546] Compiling i2d_pr.cc
[732/1546] Compiling rsa_pss.cc
[733/1546] Compiling policy.cc
[734/1546] Compiling name_print.cc
[735/1546] Compiling by_dir.cc
[736/1546] Compiling by_file.cc
[737/1546] Compiling asn1_gen.cc
[738/1546] Compiling algorithm.cc
[739/1546] Compiling a_verify.cc
[740/1546] Compiling thread_win.cc
[741/1546] Compiling trust_token.cc
[742/1546] Compiling thread_pthread.cc
[743/1546] Compiling a_digest.cc
[744/1546] Compiling a_sign.cc
[745/1546] Compiling voprf.cc
[746/1546] Compiling thread_none.cc
[747/1546] Compiling thread.cc
[748/1546] Compiling pmbtoken.cc
[749/1546] Compiling siphash.cc
[750/1546] Compiling stack.cc
[751/1546] Compiling sha256.cc
[752/1546] Compiling sha512.cc
[753/1546] Compiling slhdsa.cc
[754/1546] Compiling sha1.cc
[755/1546] Compiling spake2plus.cc
[756/1546] Compiling rsa_print.cc
[757/1546] Compiling rsa_extra.cc
[758/1546] Compiling refcount.cc
[759/1546] Compiling rsa_crypt.cc
[760/1546] Compiling trusty.cc
[761/1546] Compiling rc4.cc
[762/1546] Compiling windows.cc
[763/1546] Compiling urandom.cc
[764/1546] Compiling rsa_asn1.cc
[765/1546] Compiling rand.cc
[766/1546] Compiling passive.cc
[767/1546] Compiling poly1305_arm_asm.S
[768/1546] Compiling ios.cc
[769/1546] Compiling poly1305_vec.cc
[770/1546] Compiling getentropy.cc
[771/1546] Compiling forkunsafe.cc
[772/1546] Compiling poly1305_arm.cc
[773/1546] Compiling deterministic.cc
[774/1546] Compiling fork_detect.cc
[775/1546] Compiling poly1305.cc
[776/1546] Compiling pool.cc
[777/1546] Compiling pkcs8.cc
[778/1546] Compiling p5_pbev2.cc
[779/1546] Compiling pkcs8_x509.cc
[779/1546] Compiling pkcs7.cc
[781/1546] Compiling pkcs7_x509.cc
[782/1546] Compiling pem_xaux.cc
[783/1546] Compiling pem_pkey.cc
[784/1546] Compiling pem_x509.cc
[785/1546] Compiling obj_xref.cc
[786/1546] Compiling mlkem.cc
[787/1546] Compiling pem_lib.cc
[788/1546] Compiling pem_info.cc
[789/1546] Compiling pem_pk8.cc
[790/1546] Compiling pem_oth.cc
[791/1546] Compiling md4.cc
[792/1546] Compiling pem_all.cc
[793/1546] Compiling mldsa.cc
[794/1546] Compiling poly_rq_mul.S
[795/1546] Compiling fips_shared_support.cc
[796/1546] Compiling md5.cc
[797/1546] Compiling mem.cc
[798/1546] Compiling obj.cc
[799/1546] Compiling lhash.cc
[800/1546] Compiling ex_data.cc
[801/1546] Compiling kyber.cc
[802/1546] Compiling hrss.cc
[803/1546] Compiling sign.cc
[804/1546] Compiling scrypt.cc
[805/1546] Compiling hpke.cc
[806/1546] Compiling print.cc
[807/1546] Compiling pbkdf.cc
[808/1546] Compiling p_x25519.cc
[809/1546] Compiling p_rsa_asn1.cc
[810/1546] Compiling p_x25519_asn1.cc
[811/1546] Compiling p_rsa.cc
[812/1546] Compiling p_ed25519_asn1.cc
[813/1546] Compiling p_hkdf.cc
[814/1546] Compiling p_ed25519.cc
[815/1546] Compiling p_ec.cc
[816/1546] Compiling p_dh_asn1.cc
[817/1546] Compiling evp_ctx.cc
[818/1546] Compiling p_ec_asn1.cc
[819/1546] Compiling p_dh.cc
[820/1546] Compiling p_dsa_asn1.cc
[821/1546] Compiling evp_asn1.cc
[822/1546] Compiling evp.cc
[823/1546] Compiling err.cc
[824/1546] Compiling engine.cc
[825/1546] Compiling ecdh.cc
[826/1546] Compiling ecdsa_asn1.cc
[827/1546] Compiling hash_to_curve.cc
[828/1546] Compiling ec_derive.cc
[829/1546] Compiling bcm.cc
[830/1546] Compiling dsa.cc
[831/1546] Compiling params.cc
[832/1546] Compiling ec_asn1.cc
[833/1546] Compiling x25519-asm-arm.S
[834/1546] Compiling dsa_asn1.cc
[835/1546] Compiling des.cc
[836/1546] Compiling digest_extra.cc
[837/1546] Compiling crypto.cc
[838/1546] Compiling dh_asn1.cc
[839/1546] Compiling curve25519_64_adx.cc
[840/1546] Compiling cpu_aarch64_win.cc
[841/1546] Compiling spake25519.cc
[842/1546] Compiling cpu_intel.cc
[843/1546] Compiling cpu_arm_linux.cc
[844/1546] Compiling curve25519.cc
[845/1546] Compiling cpu_aarch64_sysreg.cc
[846/1546] Compiling cpu_arm_freebsd.cc
[847/1546] Compiling cpu_aarch64_linux.cc
[848/1546] Compiling cpu_aarch64_openbsd.cc
[849/1546] Compiling cpu_aarch64_apple.cc
[850/1546] Compiling cpu_aarch64_fuchsia.cc
[851/1546] Compiling conf.cc
[852/1546] Compiling tls_cbc.cc
[853/1546] Compiling get_cipher.cc
[854/1546] Compiling e_tls.cc
[855/1546] Compiling e_rc4.cc
[856/1546] Compiling e_rc2.cc
[857/1546] Compiling e_null.cc
[858/1546] Compiling e_des.cc
[859/1546] Compiling e_aesgcmsiv.cc
[860/1546] Compiling e_chacha20poly1305.cc
[861/1546] Compiling e_aesctrhmac.cc
[862/1546] Compiling derive_key.cc
[863/1546] Compiling chacha.cc
[864/1546] Compiling unicode.cc
[865/1546] Compiling buf.cc
[866/1546] Compiling ber.cc
[867/1546] Compiling asn1_compat.cc
[868/1546] Compiling cbb.cc
[869/1546] Compiling cbs.cc
[870/1546] Compiling bn_asn1.cc
[871/1546] Compiling convert.cc
[872/1546] Compiling file.cc
[873/1546] Compiling blake2.cc
[874/1546] Compiling socket_helper.cc
[875/1546] Compiling socket.cc
[876/1546] Compiling printf.cc
[877/1546] Compiling pair.cc
[878/1546] Compiling hexdump.cc
[879/1546] Compiling fd.cc
[880/1546] Compiling errno.cc
[881/1546] Compiling connect.cc
[882/1546] Compiling bio_mem.cc
[883/1546] Compiling bio.cc
[884/1546] Compiling base64.cc
[885/1546] Compiling tasn_fre.cc
[886/1546] Compiling tasn_typ.cc
[887/1546] Compiling tasn_new.cc
[888/1546] Compiling tasn_enc.cc
[889/1546] Compiling tasn_utl.cc
[890/1546] Compiling posix_time.cc
[891/1546] Compiling f_string.cc
[892/1546] Compiling f_int.cc
[893/1546] Compiling asn1_par.cc
[894/1546] Compiling asn_pack.cc
[895/1546] Compiling tasn_dec.cc
[896/1546] Compiling a_type.cc
[897/1546] Compiling a_octet.cc
[898/1546] Compiling asn1_lib.cc
[899/1546] Compiling a_time.cc
[900/1546] Compiling a_strnid.cc
[901/1546] Compiling a_object.cc
[902/1546] Compiling a_strex.cc
[903/1546] Compiling a_mbstr.cc
[904/1546] Compiling a_i2d_fp.cc
[905/1546] Compiling a_dup.cc
[906/1546] Compiling CGoogleGaxCRC32C CGoogleGaxCRC32C.c
[907/1546] Compiling a_int.cc
[908/1546] Compiling a_d2i_fp.cc
[909/1546] Compiling fiat_p256_adx_sqr.S
[910/1546] Compiling fiat_curve25519_adx_square.S
[911/1546] Compiling fiat_p256_adx_mul.S
[912/1546] Compiling fiat_curve25519_adx_mul.S
[913/1546] Compiling md5-x86_64-linux.S
[914/1546] Compiling md5-586-linux.S
[915/1546] Compiling md5-x86_64-apple.S
[916/1546] Compiling md5-586-apple.S
[917/1546] Compiling a_gentm.cc
[918/1546] Compiling chacha20_poly1305_x86_64-linux.S
[919/1546] Compiling a_bool.cc
[920/1546] Compiling chacha20_poly1305_x86_64-apple.S
[921/1546] Compiling chacha20_poly1305_armv8-win.S
[922/1546] Compiling a_bitstr.cc
[923/1546] Compiling chacha-x86_64-linux.S
[924/1546] Compiling chacha20_poly1305_armv8-apple.S
[925/1546] Compiling chacha20_poly1305_armv8-linux.S
[926/1546] Compiling chacha-x86-linux.S
[927/1546] Compiling chacha-x86-apple.S
[928/1546] Compiling chacha-x86_64-apple.S
[929/1546] Compiling chacha-armv8-win.S
[930/1546] Compiling CCryptoBoringSSLShims shims.c
[931/1546] Compiling aes128gcmsiv-x86_64-linux.S
[932/1546] Compiling chacha-armv8-apple.S
[933/1546] Compiling chacha-armv4-linux.S
[934/1546] Compiling chacha-armv8-linux.S
[935/1546] Compiling x86_64-mont5-linux.S
[936/1546] Compiling aes128gcmsiv-x86_64-apple.S
[937/1546] Compiling x86_64-mont5-apple.S
[938/1546] Compiling x86_64-mont-linux.S
[939/1546] Compiling x86_64-mont-apple.S
[940/1546] Compiling vpaes-x86_64-linux.S
[941/1546] Compiling x86-mont-linux.S
[942/1546] Compiling x86-mont-apple.S
[943/1546] Compiling vpaes-x86_64-apple.S
[944/1546] Compiling vpaes-armv8-win.S
[945/1546] Compiling vpaes-x86-linux.S
[946/1546] Compiling vpaes-x86-apple.S
[947/1546] Compiling vpaes-armv8-linux.S
[948/1546] Compiling vpaes-armv8-apple.S
[949/1546] Compiling sha512-x86_64-linux.S
[950/1546] Compiling vpaes-armv7-linux.S
[951/1546] Compiling sha512-armv8-win.S
[952/1546] Compiling sha512-x86_64-apple.S
[953/1546] Compiling err_data.cc
[954/1546] Compiling sha512-armv8-apple.S
[955/1546] Compiling sha512-armv4-linux.S
[956/1546] Compiling sha512-586-apple.S
[957/1546] Compiling sha512-586-linux.S
[958/1546] Compiling sha512-armv8-linux.S
[959/1546] Compiling sha256-x86_64-apple.S
[960/1546] Compiling sha256-x86_64-linux.S
[961/1546] Compiling sha256-armv8-win.S
[962/1546] Compiling sha256-armv4-linux.S
[963/1546] Compiling sha256-armv8-apple.S
[964/1546] Compiling sha256-586-apple.S
[965/1546] Compiling sha256-586-linux.S
[966/1546] Compiling sha256-armv8-linux.S
[967/1546] Compiling sha1-x86_64-apple.S
[968/1546] Compiling sha1-x86_64-linux.S
[969/1546] Compiling sha1-armv8-win.S
[970/1546] Compiling sha1-armv8-linux.S
[971/1546] Compiling sha1-armv8-apple.S
[972/1546] Compiling sha1-586-linux.S
[973/1546] Compiling sha1-armv4-large-linux.S
[974/1546] Compiling sha1-586-apple.S
[975/1546] Compiling rsaz-avx2-linux.S
[976/1546] Compiling rsaz-avx2-apple.S
[977/1546] Compiling rdrand-x86_64-linux.S
[978/1546] Compiling p256_beeu-x86_64-asm-apple.S
[979/1546] Compiling p256_beeu-x86_64-asm-linux.S
[980/1546] Compiling p256_beeu-armv8-asm-win.S
[981/1546] Compiling rdrand-x86_64-apple.S
[982/1546] Compiling p256_beeu-armv8-asm-apple.S
[983/1546] Compiling p256_beeu-armv8-asm-linux.S
[984/1546] Compiling p256-x86_64-asm-apple.S
[984/1546] Compiling p256-x86_64-asm-linux.S
[986/1546] Compiling p256-armv8-asm-win.S
[987/1546] Compiling p256-armv8-asm-apple.S
[988/1546] Compiling ghashv8-armv8-win.S
[989/1546] Compiling p256-armv8-asm-linux.S
[990/1546] Compiling ghashv8-armv8-linux.S
[991/1546] Compiling ghashv8-armv7-linux.S
[992/1546] Compiling ghashv8-armv8-apple.S
[993/1546] Compiling ghash-x86_64-apple.S
[994/1546] Compiling ghash-x86-linux.S
[994/1546] Compiling ghash-x86_64-linux.S
[996/1546] Compiling ghash-ssse3-x86_64-linux.S
[997/1546] Compiling ghash-x86-apple.S
[998/1546] Compiling ghash-ssse3-x86_64-apple.S
[999/1546] Compiling ghash-ssse3-x86-linux.S
[1000/1546] Compiling ghash-ssse3-x86-apple.S
[1001/1546] Compiling ghash-neon-armv8-win.S
[1002/1546] Compiling ghash-neon-armv8-linux.S
[1003/1546] Compiling ghash-neon-armv8-apple.S
[1004/1546] Compiling ghash-armv4-linux.S
[1005/1546] Compiling co-586-linux.S
[1006/1546] Compiling co-586-apple.S
[1007/1546] Compiling bn-armv8-apple.S
[1008/1546] Compiling bsaes-armv7-linux.S
[1009/1546] Compiling bn-armv8-linux.S
[1010/1546] Compiling bn-586-linux.S
[1011/1546] Compiling bn-armv8-win.S
[1012/1546] Compiling bn-586-apple.S
[1013/1546] Compiling armv8-mont-win.S
[1014/1546] Compiling armv8-mont-apple.S
[1015/1546] Compiling aesv8-gcm-armv8-win.S
[1016/1546] Compiling armv8-mont-linux.S
[1017/1546] Compiling aesv8-gcm-armv8-apple.S
[1018/1546] Compiling armv4-mont-linux.S
[1019/1546] Compiling aesv8-gcm-armv8-linux.S
[1020/1546] Compiling aesv8-armv8-win.S
[1021/1546] Compiling aesv8-armv8-apple.S
[1022/1546] Compiling aesv8-armv7-linux.S
[1023/1546] Compiling aesv8-armv8-linux.S
[1024/1546] Compiling aesni-x86_64-linux.S
[1025/1546] Compiling aesni-x86-linux.S
[1026/1546] Compiling aesni-x86_64-apple.S
[1027/1546] Compiling aesni-x86-apple.S
[1028/1546] Compiling aesni-gcm-x86_64-linux.S
[1029/1546] Compiling aes-gcm-avx512-x86_64-linux.S
[1030/1546] Compiling aes-gcm-avx512-x86_64-apple.S
[1031/1546] Compiling aesni-gcm-x86_64-apple.S
[1032/1546] Compiling aes-gcm-avx2-x86_64-apple.S
[1033/1546] Compiling aes-gcm-avx2-x86_64-linux.S
[1034/1546] Compiling xwing.cc
[1035/1546] Compiling x_spki.cc
[1036/1546] Compiling x_x509.cc
[1037/1546] Compiling x_sig.cc
[1038/1546] Compiling x_req.cc
[1039/1546] Compiling x_x509a.cc
[1040/1546] Compiling c-nioatomics.c
[1041/1546] Compiling x_pubkey.cc
[1042/1546] Compiling x_name.cc
[1043/1546] Compiling x_exten.cc
[1044/1546] Compiling x_attrib.cc
[1045/1546] Compiling x_crl.cc
[1046/1546] Compiling x_all.cc
[1047/1546] Compiling c-atomics.c
[1048/1546] Compiling x_algor.cc
[1049/1553] Compiling x509spki.cc
[1050/1553] Compiling x509rset.cc
[1051/1553] Compiling x509name.cc
[1052/1553] Compiling x509cset.cc
[1053/1553] Compiling x509_vpm.cc
[1054/1553] Compiling x509_vfy.cc
[1056/1553] Compiling NIOConcurrencyHelpers lock.swift
[1057/1553] Compiling NIOConcurrencyHelpers NIOAtomic.swift
[1058/1553] Emitting module NIOConcurrencyHelpers
[1059/1553] Compiling NIOConcurrencyHelpers NIOLockedValueBox.swift
[1060/1553] Compiling NIOConcurrencyHelpers atomics.swift
[1061/1553] Compiling NIOConcurrencyHelpers NIOLock.swift
[1062/1553] Compiling NIOConcurrencyHelpers NIOThreadPoolWorkAvailable.swift
[1063/1554] Compiling x509_v3.cc
[1064/1554] Wrapping AST for NIOConcurrencyHelpers for debugging
[1065/1554] Compiling x509_txt.cc
[1066/1554] Compiling x509_trs.cc
[1067/1554] Compiling x509_set.cc
[1068/1554] Compiling x509_req.cc
[1069/1554] Compiling x509_obj.cc
[1070/1554] Compiling x509_lu.cc
[1071/1554] Compiling x509_ext.cc
[1072/1554] Compiling x509_def.cc
[1073/1554] Compiling x509_d2.cc
[1074/1554] Compiling x509_cmp.cc
[1075/1554] Compiling x509_att.cc
[1076/1554] Compiling x509.cc
[1077/1554] Compiling v3_utl.cc
[1078/1554] Compiling v3_skey.cc
[1079/1554] Compiling v3_purp.cc
[1080/1554] Compiling v3_prn.cc
[1081/1554] Compiling v3_pmaps.cc
[1082/1554] Compiling v3_pcons.cc
[1083/1554] Compiling v3_lib.cc
[1084/1554] Compiling v3_ocsp.cc
[1085/1554] Compiling v3_ncons.cc
[1086/1554] Compiling v3_int.cc
[1087/1554] Compiling v3_info.cc
[1088/1554] Compiling v3_ia5.cc
[1089/1554] Compiling v3_extku.cc
[1090/1554] Compiling v3_enum.cc
[1091/1554] Compiling v3_genn.cc
[1092/1554] Compiling v3_crld.cc
[1093/1554] Compiling v3_cpols.cc
[1094/1554] Compiling v3_conf.cc
[1095/1554] Compiling v3_bitst.cc
[1096/1554] Compiling v3_alt.cc
[1097/1554] Compiling v3_akeya.cc
[1098/1554] Compiling v3_bcons.cc
[1099/1554] Compiling v3_akey.cc
[1100/1554] Compiling t_x509a.cc
[1101/1554] Compiling t_x509.cc
[1102/1554] Compiling t_req.cc
[1103/1554] Compiling i2d_pr.cc
[1104/1554] Compiling t_crl.cc
[1105/1554] Compiling name_print.cc
[1106/1554] Compiling rsa_pss.cc
[1107/1554] Compiling policy.cc
[1108/1554] Compiling by_file.cc
[1109/1554] Compiling by_dir.cc
[1110/1554] Compiling algorithm.cc
[1110/1554] Compiling asn1_gen.cc
[1112/1554] Compiling a_verify.cc
[1113/1554] Compiling a_digest.cc
[1114/1554] Compiling a_sign.cc
[1115/1554] Compiling thread_win.cc
[1116/1554] Compiling thread_pthread.cc
[1117/1554] Compiling voprf.cc
[1118/1554] Compiling trust_token.cc
[1119/1554] Compiling pmbtoken.cc
[1120/1554] Compiling thread_none.cc
[1121/1554] Compiling thread.cc
[1122/1554] Compiling stack.cc
[1123/1554] Compiling sha256.cc
[1124/1554] Compiling siphash.cc
[1125/1554] Compiling sha512.cc
[1126/1554] Compiling sha1.cc
[1127/1554] Compiling slhdsa.cc
[1128/1554] Compiling spake2plus.cc
[1129/1554] Compiling rsa_print.cc
[1130/1554] Compiling rsa_extra.cc
[1131/1554] Compiling rsa_crypt.cc
[1132/1554] Compiling refcount.cc
[1133/1554] Compiling rc4.cc
[1134/1554] Compiling windows.cc
[1135/1554] Compiling urandom.cc
[1136/1554] Compiling trusty.cc
[1137/1554] Compiling rand.cc
[1138/1554] Compiling rsa_asn1.cc
[1139/1554] Compiling passive.cc
[1140/1554] Compiling poly1305_arm_asm.S
[1141/1554] Compiling ios.cc
[1142/1554] Compiling getentropy.cc
[1143/1554] Compiling deterministic.cc
[1144/1554] Compiling forkunsafe.cc
[1145/1554] Compiling fork_detect.cc
[1146/1554] Compiling poly1305_vec.cc
[1147/1554] Compiling pool.cc
[1148/1554] Compiling poly1305_arm.cc
[1149/1554] Compiling poly1305.cc
[1150/1554] Compiling pkcs8.cc
[1151/1554] Compiling pkcs7.cc
[1152/1554] Compiling pem_xaux.cc
[1153/1554] Compiling pkcs8_x509.cc
[1154/1554] Compiling p5_pbev2.cc
[1155/1554] Compiling pem_pkey.cc
[1156/1554] Compiling pkcs7_x509.cc
[1157/1554] Compiling pem_x509.cc
[1158/1554] Compiling mlkem.cc
[1159/1554] Compiling pem_oth.cc
[1160/1554] Compiling obj_xref.cc
[1161/1554] Compiling pem_lib.cc
[1162/1554] Compiling pem_info.cc
[1163/1554] Compiling pem_pk8.cc
[1164/1554] Compiling pem_all.cc
[1165/1554] Compiling obj.cc
[1166/1554] Compiling poly_rq_mul.S
[1167/1554] Compiling mldsa.cc
[1168/1554] Compiling mem.cc
[1169/1554] Compiling fips_shared_support.cc
[1170/1554] Compiling lhash.cc
[1171/1554] Compiling md5.cc
[1172/1554] Compiling kyber.cc
[1173/1554] Compiling fuzzer_mode.cc
[1174/1554] Compiling md4.cc
[1175/1554] Compiling hpke.cc
[1176/1554] Compiling hrss.cc
[1177/1554] Compiling ex_data.cc
[1178/1554] Compiling scrypt.cc
[1179/1554] Compiling print.cc
[1180/1554] Compiling pbkdf.cc
[1181/1554] Compiling sign.cc
[1182/1554] Compiling p_x25519.cc
[1183/1554] Compiling p_x25519_asn1.cc
[1184/1554] Compiling p_rsa_asn1.cc
[1185/1554] Compiling p_hkdf.cc
[1186/1554] Compiling p_rsa.cc
[1187/1554] Compiling p_ed25519_asn1.cc
[1188/1554] Compiling p_ed25519.cc
[1189/1554] Compiling p_ec.cc
[1190/1554] Compiling p_ec_asn1.cc
[1191/1554] Compiling p_dsa_asn1.cc
[1192/1554] Compiling p_dh.cc
[1193/1554] Compiling p_dh_asn1.cc
[1194/1554] Compiling evp_ctx.cc
[1195/1554] Compiling err.cc
[1196/1554] Compiling evp_asn1.cc
[1197/1554] Compiling evp.cc
[1198/1554] Compiling engine.cc
[1199/1554] Compiling ecdh.cc
[1200/1554] Compiling ecdsa_p1363.cc
[1201/1554] Compiling ec_derive.cc
[1202/1554] Compiling ecdsa_asn1.cc
[1203/1554] Compiling hash_to_curve.cc
[1204/1554] Compiling dsa.cc
[1205/1554] Compiling dsa_asn1.cc
[1206/1554] Compiling ec_asn1.cc
[1207/1554] Compiling digest_extra.cc
[1208/1554] Compiling x25519-asm-arm.S
[1209/1554] Compiling des.cc
[1210/1554] Compiling params.cc
[1211/1554] Compiling curve25519_64_adx.cc
[1212/1554] Compiling dh_asn1.cc
[1213/1554] Compiling spake25519.cc
[1214/1554] Compiling crypto.cc
[1215/1554] Compiling cpu_intel.cc
[1216/1554] Compiling cpu_arm_linux.cc
[1217/1554] Compiling curve25519.cc
[1218/1554] Compiling cpu_aarch64_win.cc
[1219/1554] Compiling cpu_aarch64_sysreg.cc
[1220/1554] Compiling cpu_arm_freebsd.cc
[1221/1554] Compiling cpu_aarch64_openbsd.cc
[1222/1554] Compiling cpu_aarch64_fuchsia.cc
[1223/1554] Compiling cpu_aarch64_linux.cc
[1224/1554] Compiling cpu_aarch64_apple.cc
[1225/1554] Compiling tls_cbc.cc
[1226/1554] Compiling conf.cc
[1227/1554] Compiling cms.cc
[1228/1554] Compiling get_cipher.cc
[1229/1554] Compiling e_rc2.cc
[1230/1554] Compiling e_rc4.cc
[1231/1554] Compiling e_tls.cc
[1232/1554] Compiling e_null.cc
[1233/1554] Compiling e_des.cc
[1234/1554] Compiling e_aesgcmsiv.cc
[1235/1554] Compiling e_chacha20poly1305.cc
[1236/1554] Compiling e_aeseax.cc
[1237/1554] Compiling derive_key.cc
[1238/1554] Compiling e_aesctrhmac.cc
[1239/1554] Compiling chacha.cc
[1240/1554] Compiling unicode.cc
[1241/1554] Compiling buf.cc
[1242/1554] Compiling sqrt.cc
[1243/1554] Compiling asn1_compat.cc
[1244/1554] Compiling cbs.cc
[1245/1554] Compiling cbb.cc
[1246/1554] Compiling ber.cc
[1247/1554] Compiling exponentiation.cc
[1248/1554] Compiling div.cc
[1249/1554] Compiling printf.cc
[1250/1554] Compiling blake2.cc
[1251/1554] Compiling pair.cc
[1252/1554] Compiling convert.cc
[1253/1554] Compiling bn_asn1.cc
[1254/1554] Compiling hexdump.cc
[1255/1554] Compiling file.cc
[1256/1554] Compiling fd.cc
[1257/1554] Compiling errno.cc
[1258/1554] Compiling bio_mem.cc
[1259/1554] Compiling bio.cc
[1260/1554] Compiling base64.cc
[1261/1554] Compiling tasn_typ.cc
[1262/1554] Compiling tasn_fre.cc
[1263/1554] Compiling tasn_utl.cc
[1264/1554] Compiling tasn_enc.cc
[1265/1554] Compiling posix_time.cc
[1266/1554] Compiling tasn_new.cc
[1267/1554] Compiling f_string.cc
[1268/1554] Compiling bcm.cc
[1269/1554] Compiling f_int.cc
[1270/1554] Compiling asn_pack.cc
[1271/1554] Compiling tasn_dec.cc
[1272/1554] Compiling asn1_par.cc
[1273/1554] Compiling a_utctm.cc
[1274/1554] Compiling asn1_lib.cc
[1275/1554] Compiling a_octet.cc
[1276/1554] Compiling a_type.cc
[1277/1554] Compiling a_time.cc
[1278/1554] Compiling CAsyncHTTPClient CAsyncHTTPClient.c
[1278/1554] Write sources
[1282/1554] Compiling a_d2i_fp.cc
[1283/1554] Compiling a_strnid.cc
[1284/1597] Compiling a_strex.cc
[1285/1597] Compiling a_object.cc
[1287/1597] Compiling Algorithms Permutations.swift
[1288/1597] Compiling Algorithms Product.swift
[1289/1599] Compiling Algorithms RandomSample.swift
[1290/1599] Compiling Algorithms Reductions.swift
[1291/1599] Compiling Algorithms Indexed.swift
[1292/1599] Compiling Algorithms Intersperse.swift
[1293/1599] Compiling Algorithms FlattenCollection.swift
[1294/1599] Compiling Algorithms Grouped.swift
[1294/1599] Compiling a_bool.cc
[1295/1599] Compiling aes.cc
[1297/1599] Compiling Atomics IntegerOperations.swift
[1298/1599] Compiling Atomics Unmanaged extensions.swift
[1299/1599] Compiling Algorithms Compacted.swift
[1300/1599] Compiling Algorithms Cycle.swift
[1301/1599] Compiling Algorithms EitherSequence.swift
[1302/1599] Compiling Algorithms FirstNonNil.swift
[1303/1599] Compiling Algorithms AdjacentPairs.swift
[1304/1599] Compiling Algorithms Chain.swift
[1304/1599] Compiling a_bitstr.cc
[1310/1610] Compiling Algorithms Stride.swift
[1311/1610] Compiling Algorithms Suffix.swift
[1312/1610] Compiling Algorithms Joined.swift
[1313/1610] Compiling Algorithms Keyed.swift
[1314/1610] Compiling Algorithms MinMax.swift
[1315/1610] Compiling Algorithms Partition.swift
[1318/1610] Compiling CryptoBoringWrapper RandomBytes.swift
[1319/1610] Compiling Algorithms Trim.swift
[1320/1610] Compiling Algorithms Unique.swift
[1321/1610] Compiling Algorithms Windows.swift
[1330/1610] Compiling CryptoBoringWrapper CryptoKitErrors_boring.swift
[1331/1610] Compiling CryptoBoringWrapper EllipticCurve.swift
[1332/1610] Compiling CryptoBoringWrapper FiniteFieldArithmeticContext.swift
[1335/1610] Compiling Algorithms Chunked.swift
[1336/1610] Compiling Algorithms Combinations.swift
[1337/1610] Emitting module CryptoBoringWrapper
[1338/1610] Compiling CryptoBoringWrapper ArbitraryPrecisionInteger.swift
[1339/1610] Compiling CryptoBoringWrapper EllipticCurvePoint.swift
[1340/1610] Compiling CryptoBoringWrapper BoringSSLAEAD.swift
[1341/1611] Wrapping AST for CryptoBoringWrapper for debugging
[1343/1695] Compiling Crypto ASN1.swift
[1344/1695] Compiling Crypto ASN1Any.swift
[1345/1695] Compiling Crypto ASN1BitString.swift
[1346/1695] Emitting module Atomics
[1347/1696] Wrapping AST for Atomics for debugging
[1349/1760] Emitting module Algorithms
[1350/1761] Wrapping AST for Algorithms for debugging
[1352/1761] Compiling NIOCore NIOCoreSendableMetatype.swift
[1353/1761] Compiling NIOCore NIODecodedAsyncSequence.swift
[1354/1761] Compiling NIOCore NIOLoopBound.swift
[1355/1761] Compiling NIOCore NIOPooledRecvBufferAllocator.swift
[1356/1761] Compiling NIOCore NIOScheduledCallback.swift
[1357/1761] Compiling NIOCore NIOSendable.swift
[1358/1761] Compiling NIOCore NIOSplitLinesMessageDecoder.swift
[1359/1761] Compiling NIOCore NIOTransportAccessibleChannelCore.swift
[1360/1761] Compiling NIOCore RecvByteBufferAllocator.swift
[1367/1769] Compiling NIOCore IPProtocol.swift
[1368/1769] Compiling NIOCore IntegerBitPacking.swift
[1369/1769] Compiling NIOCore IntegerTypes.swift
[1370/1769] Compiling NIOCore Interfaces.swift
[1371/1769] Compiling NIOCore Linux.swift
[1372/1769] Compiling NIOCore MarkedCircularBuffer.swift
[1373/1769] Compiling NIOCore MulticastChannel.swift
[1374/1769] Compiling NIOCore NIOAny.swift
[1375/1769] Compiling NIOCore NIOCloseOnErrorHandler.swift
[1376/1769] Compiling NIOCore SingleStepByteToMessageDecoder.swift
[1377/1769] Compiling NIOCore SocketAddresses.swift
[1378/1769] Compiling NIOCore SocketOptionProvider.swift
[1379/1769] Compiling NIOCore SystemCallHelpers.swift
[1380/1769] Compiling NIOCore TimeAmount+Duration.swift
[1381/1769] Compiling NIOCore TypeAssistedChannelHandler.swift
[1382/1769] Compiling NIOCore UniversalBootstrapSupport.swift
[1383/1769] Compiling NIOCore Utilities.swift
[1393/1780] Compiling NIOCore EventLoopFuture+Deprecated.swift
[1394/1780] Compiling NIOCore EventLoopFuture+WithEventLoop.swift
[1395/1780] Compiling NIOCore EventLoopFuture.swift
[1396/1780] Compiling NIOCore FileDescriptor.swift
[1397/1780] Compiling NIOCore FileHandle.swift
[1398/1780] Compiling NIOCore FileRegion.swift
[1399/1780] Compiling NIOCore GlobalSingletons.swift
[1400/1780] Compiling NIOCore IO.swift
[1401/1780] Compiling NIOCore IOData.swift
[1402/1780] Emitting module Crypto
[1415/1780] Compiling NIOCore AddressedEnvelope.swift
[1416/1780] Compiling NIOCore AsyncAwaitSupport.swift
[1417/1780] Compiling NIOCore AsyncChannel.swift
[1418/1780] Compiling NIOCore AsyncChannelHandler.swift
[1419/1780] Compiling NIOCore AsyncChannelInboundStream.swift
[1420/1780] Compiling NIOCore AsyncChannelOutboundWriter.swift
[1421/1780] Compiling NIOCore NIOAsyncSequenceProducer.swift
[1422/1780] Compiling NIOCore NIOAsyncSequenceProducerStrategies.swift
[1423/1780] Compiling NIOCore NIOAsyncWriter.swift
[1424/1780] Compiling NIOCore ByteBuffer-multi-int.swift
[1425/1780] Compiling NIOCore ByteBuffer-quicBinaryEncodingStrategy.swift
[1426/1780] Compiling NIOCore ByteBuffer-views.swift
[1427/1780] Compiling NIOCore EventLoop+SerialExecutor.swift
[1428/1780] Compiling NIOCore EventLoop.swift
[1429/1780] Compiling NIOCore EventLoopFuture+AssumeIsolated.swift
[1430/1780] Compiling NIOCore NIOThrowingAsyncSequenceProducer.swift
[1431/1780] Compiling NIOCore BSDSocketAPI.swift
[1432/1780] Compiling NIOCore ByteBuffer-aux.swift
[1433/1780] Compiling NIOCore ByteBuffer-binaryEncodedLengthPrefix.swift
[1434/1780] Compiling NIOCore ByteBuffer-conversions.swift
[1435/1780] Compiling NIOCore ByteBuffer-core.swift
[1436/1780] Compiling NIOCore ByteBuffer-hex.swift
[1437/1780] Compiling NIOCore ByteBuffer-int.swift
[1438/1780] Compiling NIOCore ByteBuffer-lengthPrefix.swift
[1439/1780] Compiling NIOCore Channel.swift
[1440/1780] Compiling NIOCore ChannelHandler.swift
[1441/1780] Compiling NIOCore ChannelHandlers.swift
[1442/1780] Compiling NIOCore ChannelInvoker.swift
[1443/1780] Compiling NIOCore ChannelOption.swift
[1444/1780] Compiling NIOCore ChannelPipeline.swift
[1445/1780] Compiling NIOCore CircularBuffer.swift
[1446/1780] Compiling NIOCore Codec.swift
[1447/1780] Compiling NIOCore ConvenienceOptionSupport.swift
[1448/1780] Compiling NIOCore DeadChannel.swift
[1449/1780] Compiling NIOCore DispatchQueue+WithFuture.swift
[1450/1780] Compiling NIOCore EventLoop+Deprecated.swift
[1451/1780] Compiling Crypto ASN1Null.swift
[1452/1780] Compiling Crypto ASN1OctetString.swift
[1453/1780] Compiling Crypto ASN1Strings.swift
[1454/1780] Compiling Crypto ArraySliceBigint.swift
[1455/1780] Compiling Crypto GeneralizedTime.swift
[1456/1780] Compiling Crypto ObjectIdentifier.swift
[1457/1780] Compiling Crypto ECDSASignature.swift
[1458/1780] Compiling Crypto PEMDocument.swift
[1459/1780] Compiling Crypto PKCS8PrivateKey.swift
[1460/1780] Compiling Crypto SEC1PrivateKey.swift
[1461/1780] Compiling Crypto SubjectPublicKeyInfo.swift
[1462/1780] Compiling Crypto CryptoError_boring.swift
[1480/1780] Compiling Crypto Signature.swift
[1481/1780] Compiling Crypto CryptoKitErrors_boring.swift
[1482/1780] Compiling Crypto Optional+withUnsafeBytes_boring.swift
[1483/1780] Compiling Crypto RNG_boring.swift
[1484/1780] Compiling Crypto SafeCompare_boring.swift
[1485/1780] Compiling Crypto Zeroization_boring.swift
[1486/1780] Compiling Crypto _CryptoModuleAnchor.swift
[1487/1780] Compiling Crypto PrettyBytes.swift
[1488/1780] Compiling Crypto SafeCompare.swift
[1489/1780] Compiling Crypto SecureBytes.swift
[1490/1780] Compiling Crypto Zeroization.swift
[1491/1781] Wrapping AST for Crypto for debugging
[1493/1843] Compiling CryptoExtras Data+Extensions.swift
[1494/1843] Compiling CryptoExtras DigestType.swift
[1495/1843] Compiling CryptoExtras Error.swift
[1496/1843] Compiling CryptoExtras I2OSP.swift
[1497/1843] Compiling CryptoExtras IntegerEncoding.swift
[1498/1843] Compiling CryptoExtras PEMDocument.swift
[1499/1843] Compiling CryptoExtras PrettyBytes.swift
[1500/1843] Compiling CryptoExtras SubjectPublicKeyInfo.swift
[1501/1851] Emitting module CryptoExtras
[1502/1851] Compiling CryptoExtras ARCServer.swift
[1503/1851] Compiling CryptoExtras ChaCha20CTR_boring.swift
[1504/1851] Compiling CryptoExtras ChaCha20CTR.swift
[1505/1851] Compiling CryptoExtras BoringSSLSHA512256Context.swift
[1506/1851] Compiling CryptoExtras BoringSSLSHA512256HashFunction.swift
[1507/1851] Compiling CryptoExtras SHA512256.swift
[1508/1851] Compiling CryptoExtras SHA512256Digest.swift
[1509/1851] Compiling CryptoExtras Curve25519+PEM.swift
[1510/1851] Compiling CryptoExtras ObjectIdentifier.swift
[1511/1851] Compiling CryptoExtras PKCS8DERRepresentation.swift
[1512/1851] Compiling CryptoExtras PKCS8PrivateKey.swift
[1513/1851] Compiling CryptoExtras RFC8410AlgorithmIdentifier.swift
[1514/1851] Compiling CryptoExtras ECToolbox_boring.swift
[1515/1851] Compiling CryptoExtras ECToolbox.swift
[1516/1851] Compiling CryptoExtras HashToField.swift
[1517/1851] Compiling CryptoExtras KDF.swift
[1518/1851] Compiling CryptoExtras PBKDF2_boring.swift
[1519/1851] Compiling CryptoExtras PBKDF2_commoncrypto.swift
[1520/1851] Compiling CryptoExtras BoringSSLPassphraseCallbackManager.swift
[1521/1851] Compiling CryptoExtras RSA+BlindSigning.swift
[1522/1851] Compiling CryptoExtras RSA.swift
[1523/1851] Compiling CryptoExtras RSA_boring.swift
[1524/1851] Compiling CryptoExtras Reexport.swift
[1525/1851] Compiling CryptoExtras Zeroization_boring.swift
[1526/1851] Compiling CryptoExtras BoringSSLHelpers.swift
[1527/1851] Compiling CryptoExtras CryptoKitErrors_boring.swift
[1528/1851] Compiling CryptoExtras PBKDF2.swift
[1529/1851] Compiling CryptoExtras Scrypt_boring.swift
[1530/1851] Compiling CryptoExtras Scrypt.swift
[1531/1851] Compiling CryptoExtras OPRF.swift
[1532/1851] Compiling CryptoExtras OPRFClient.swift
[1533/1851] Compiling CryptoExtras OPRFServer.swift
[1534/1851] Compiling CryptoExtras VOPRF+API.swift
[1535/1851] Compiling CryptoExtras VOPRFClient.swift
[1536/1851] Compiling CryptoExtras VOPRFServer.swift
[1537/1851] Compiling CryptoExtras ThreadOps.swift
[1538/1851] Compiling CryptoExtras ThreadPosix.swift
[1539/1851] Compiling CryptoExtras ThreadSpecific.swift
[1540/1851] Compiling CryptoExtras ThreadWindows.swift
[1541/1851] Compiling CryptoExtras DLEQ.swift
[1542/1851] Compiling CryptoExtras Prover.swift
[1543/1851] Compiling CryptoExtras Verifier.swift
[1544/1851] Compiling CryptoExtras ZKPToolbox.swift
[1545/1851] Compiling CryptoExtras AES_CBC.swift
[1546/1851] Compiling CryptoExtras AES_CFB.swift
[1547/1851] Compiling CryptoExtras AES_CTR.swift
[1548/1851] Compiling CryptoExtras AES_GCM_SIV.swift
[1549/1851] Compiling CryptoExtras Block Function.swift
[1550/1851] Compiling CryptoExtras AES_CBC_boring.swift
[1551/1851] Compiling CryptoExtras AES_CFB_boring.swift
[1552/1851] Compiling CryptoExtras AES_CTR_boring.swift
[1553/1851] Compiling CryptoExtras AES_GCM_SIV_boring.swift
[1554/1851] Compiling CryptoExtras CMAC.swift
[1555/1851] Compiling CryptoExtras ARC+API.swift
[1556/1851] Compiling CryptoExtras ARC.swift
[1557/1851] Compiling CryptoExtras ARCCredential.swift
[1558/1851] Compiling CryptoExtras ARCEncoding.swift
[1559/1851] Compiling CryptoExtras ARCPrecredential.swift
[1560/1851] Compiling CryptoExtras ARCPresentation.swift
[1561/1851] Compiling CryptoExtras ARCRequest.swift
[1562/1851] Compiling CryptoExtras ARCResponse.swift
[1590/1852] Wrapping AST for CryptoExtras for debugging
[1592/1854] Compiling _CryptoExtras Exports.swift
[1593/1854] Emitting module _CryptoExtras
[1594/1855] Wrapping AST for _CryptoExtras for debugging
[1596/1950] Emitting module NIOCore
[1597/1955] Wrapping AST for NIOCore for debugging
[1599/2008] Compiling NIOFoundationEssentialsCompat Codable+ByteBuffer.swift
[1600/2008] Compiling NIOEmbedded AsyncTestingChannel.swift
[1601/2008] Emitting module NIOFoundationEssentialsCompat
[1602/2008] Compiling NIOFoundationEssentialsCompat ByteBuffer-foundation.swift
[1603/2009] Compiling NIOEmbedded AsyncTestingEventLoop.swift
[1604/2009] Wrapping AST for NIOFoundationEssentialsCompat for debugging
[1606/2009] Compiling NIOEmbedded Embedded.swift
[1607/2009] Emitting module NIOEmbedded
[1608/2010] Wrapping AST for NIOEmbedded for debugging
[1610/2010] Compiling X509 OneOfPolicies.swift
[1611/2010] Compiling X509 PolicyBuilder.swift
[1612/2010] Compiling X509 BasicConstraintsPolicy.swift
[1613/2010] Compiling X509 DNSNames.swift
[1614/2010] Compiling X509 ExpiryPolicy.swift
[1615/2010] Compiling X509 IPConstraints.swift
[1616/2010] Compiling X509 NameConstraintsPolicy.swift
[1617/2010] Compiling X509 RFC5280Policy.swift
[1618/2010] Compiling X509 URIConstraints.swift
[1619/2010] Compiling X509 VersionPolicy.swift
[1620/2010] Compiling X509 ServerIdentityPolicy.swift
[1621/2010] Compiling X509 TrustRootLoading.swift
[1622/2010] Compiling X509 UnverifiedChain.swift
[1623/2023] Compiling X509 PKCS8PrivateKey.swift
[1624/2023] Compiling X509 PromiseAndFuture.swift
[1625/2023] Compiling X509 RDNAttribute.swift
[1626/2023] Compiling X509 RandomNumberGenerator+bytes.swift
[1627/2023] Compiling X509 RelativeDistinguishedName.swift
[1628/2023] Compiling X509 SEC1PrivateKey.swift
[1629/2023] Compiling X509 SecKeyWrapper.swift
[1630/2023] Compiling X509 Signature.swift
[1631/2023] Compiling X509 SignatureAlgorithm.swift
[1632/2023] Compiling X509 AllOfPolicies.swift
[1633/2023] Compiling X509 AnyPolicy.swift
[1634/2023] Compiling X509 CertificateStore.swift
[1635/2023] Compiling X509 CustomCertificateStore.swift
[1636/2023] Compiling NIOPosix BSDSocketAPICommon.swift
[1637/2023] Compiling NIOPosix BSDSocketAPIPosix.swift
[1638/2023] Compiling NIOPosix BSDSocketAPIWindows.swift
[1639/2023] Compiling NIOPosix BaseSocket.swift
[1640/2023] Compiling NIOPosix BaseSocketChannel+AccessibleTransport.swift
[1641/2023] Compiling NIOPosix BaseSocketChannel+SocketOptionProvider.swift
[1642/2023] Compiling NIOPosix BaseSocketChannel.swift
[1643/2023] Compiling NIOPosix BaseStreamSocketChannel.swift
[1644/2023] Compiling NIOPosix Bootstrap.swift
[1645/2023] Compiling NIOPosix ControlMessage.swift
[1646/2023] Compiling NIOPosix DatagramVectorReadManager.swift
[1647/2023] Compiling NIOPosix Errors+Any.swift
[1648/2023] Compiling NIOPosix FileDescriptor.swift
[1649/2023] Compiling NIOPosix GetaddrinfoResolver.swift
[1657/2030] Compiling NIOPosix MultiThreadedEventLoopGroup.swift
[1658/2030] Compiling NIOPosix NIOPosixSendableMetatype.swift
[1659/2030] Compiling NIOPosix NIORandomizedDNSResolver.swift
[1660/2030] Compiling NIOPosix NIOThreadPool.swift
[1661/2030] Compiling NIOPosix NonBlockingFileIO.swift
[1662/2030] Compiling NIOPosix PendingDatagramWritesManager.swift
[1663/2030] Compiling NIOPosix PendingWritesManager.swift
[1664/2030] Compiling NIOPosix HappyEyeballs.swift
[1665/2030] Compiling NIOPosix IO.swift
[1666/2030] Compiling NIOPosix IntegerBitPacking.swift
[1667/2030] Compiling NIOPosix IntegerTypes.swift
[1668/2030] Compiling NIOPosix Linux.swift
[1669/2030] Compiling NIOPosix LinuxCPUSet.swift
[1670/2030] Compiling NIOPosix LinuxUring.swift
[1671/2030] Compiling NIOPosix PipeChannel.swift
[1672/2030] Compiling NIOPosix PipePair.swift
[1673/2030] Compiling NIOPosix Pool.swift
[1674/2030] Compiling NIOPosix PosixSingletons+ConcurrencyTakeOver.swift
[1675/2030] Compiling NIOPosix PosixSingletons.swift
[1676/2030] Compiling NIOPosix RawSocketBootstrap.swift
[1677/2030] Compiling NIOPosix Resolver.swift
[1678/2030] Compiling NIOPosix Selectable.swift
[1679/2030] Compiling NIOPosix SelectableChannel.swift
[1680/2030] Compiling NIOPosix SelectableEventLoop.swift
[1681/2030] Compiling NIOPosix SelectorEpoll.swift
[1682/2030] Compiling NIOPosix SelectorGeneric.swift
[1683/2030] Compiling NIOPosix SelectorKqueue.swift
[1684/2030] Compiling X509 OCSPExtensionID.swift
[1685/2030] Compiling X509 OCSPNonce.swift
[1686/2030] Compiling X509 OCSPPolicy.swift
[1687/2030] Compiling X509 OCSPRequest.swift
[1688/2030] Compiling X509 OCSPResponse.swift
[1689/2030] Compiling X509 OCSPResponseBytes.swift
[1690/2030] Compiling X509 OCSPResponseData.swift
[1691/2030] Compiling X509 OCSPResponseStatus.swift
[1692/2030] Compiling X509 OCSPSignature.swift
[1693/2030] Compiling X509 OCSPSingleRequest.swift
[1694/2030] Compiling X509 OCSPSingleResponse.swift
[1695/2030] Compiling X509 OCSPTBSRequest.swift
[1696/2030] Compiling X509 OCSPVersion.swift
[1697/2030] Compiling NIOPosix SelectorUring.swift
[1698/2030] Compiling NIOPosix SelectorWSAPoll.swift
[1699/2030] Compiling NIOPosix ServerSocket.swift
[1700/2030] Compiling NIOPosix Socket.swift
[1701/2030] Compiling NIOPosix SocketChannel.swift
[1702/2030] Compiling NIOPosix SocketProtocols.swift
[1703/2030] Compiling NIOPosix StructuredConcurrencyHelpers.swift
[1704/2030] Compiling NIOPosix System.swift
[1705/2030] Compiling NIOPosix Thread.swift
[1706/2030] Compiling NIOPosix ThreadPosix.swift
[1707/2030] Compiling NIOPosix ThreadWindows.swift
[1708/2030] Compiling NIOPosix Utilities.swift
[1709/2030] Compiling NIOPosix VsockAddress.swift
[1710/2030] Compiling NIOPosix VsockChannelEvents.swift
[1732/2030] Emitting module NIOPosix
[1739/2030] Compiling NIOPosix Windows.swift
[1761/2031] Wrapping AST for NIOPosix for debugging
[1763/2031] Emitting module X509
[1764/2033] Compiling NIO Exports.swift
[1765/2033] Emitting module NIO
[1766/2034] Wrapping AST for NIO for debugging
[1768/2073] Compiling NIOFoundationCompat Exports.swift
[1769/2073] Compiling NIOSOCKS SelectedAuthenticationMethod.swift
[1770/2074] Emitting module NIOFoundationCompat
[1771/2074] Compiling NIOSOCKS SOCKSResponse.swift
[1772/2074] Compiling NIOTLS TLSEvents.swift
[1773/2074] Compiling NIOTLS ProtocolNegotiationHandlerStateMachine.swift
[1774/2074] Compiling NIOFoundationCompat WaitSpinningRunLoop.swift
[1775/2074] Compiling NIOFoundationCompat JSONSerialization+ByteBuffer.swift
[1777/2075] Compiling NIOSOCKS ClientStateMachine.swift
[1777/2075] Wrapping AST for NIOFoundationCompat for debugging
[1779/2075] Compiling NIOTLS NIOTypedApplicationProtocolNegotiationHandler.swift
[1780/2075] Compiling NIOTLS SNIHandler.swift
[1781/2075] Compiling NIOTLS ApplicationProtocolNegotiationHandler.swift
[1782/2075] Emitting module NIOTLS
[1783/2075] Compiling NIOSOCKS ServerStateMachine.swift
[1785/2076] Compiling NIOHTTP1 HTTPTypes.swift
[1786/2076] Compiling NIOHTTP1 NIOHTTPClientUpgradeHandler.swift
[1787/2076] Compiling NIOHTTP1 HTTPServerProtocolErrorHandler.swift
[1788/2076] Compiling NIOHTTP1 HTTPTypedPipelineSetup.swift
[1789/2076] Compiling NIOHTTP1 HTTPEncoder.swift
[1790/2076] Compiling NIOHTTP1 HTTPServerPipelineHandler.swift
[1791/2076] Emitting module NIOSOCKS
[1792/2076] Compiling NIOHTTP1 ByteCollectionUtils.swift
[1793/2076] Compiling NIOHTTP1 HTTPDecoder.swift
[1794/2077] Wrapping AST for NIOTLS for debugging
[1796/2105] Compiling X509 ValidatedCertificateChain.swift
[1797/2105] Compiling X509 VerificationDiagnostic.swift
[1798/2105] Compiling X509 Verifier.swift
[1799/2107] Compiling X509 VerifierPolicy.swift
[1800/2107] Compiling X509 AlgorithmIdentifier.swift
[1801/2107] Compiling X509 ECDSASignature.swift
[1802/2107] Compiling X509 RSAPKCS1PublicKey.swift
[1803/2107] Compiling X509 SubjectPublicKeyInfo.swift
[1804/2107] Compiling X509 TBSCertificate.swift
[1805/2107] Compiling X509 Time.swift
[1806/2107] Compiling X509 TimeCalculations.swift
[1807/2107] Compiling X509 Validity.swift
[1808/2107] Compiling X509 X509SendableMetatype.swift
[1808/2107] Wrapping AST for NIOSOCKS for debugging
[1810/2107] Compiling NIOSSL SSLCertificateExtensions.swift
[1811/2107] Compiling NIOSSL SSLCertificateName.swift
[1813/2110] Compiling NIOSSL FreeBSDCABundle.swift
[1814/2110] Compiling NIOSSL IdentityVerification.swift
[1814/2110] Wrapping AST for X509 for debugging
[1816/2177] Compiling JWTKit MLDSAError.swift
[1817/2177] Compiling JWTKit MLDSAKey.swift
[1818/2177] Compiling JWTKit AudienceClaim.swift
[1819/2177] Compiling JWTKit BoolClaim.swift
[1820/2177] Compiling JWTKit ExpirationClaim.swift
[1821/2177] Compiling JWTKit GoogleHostedDomainClaim.swift
[1822/2177] Compiling JWTKit IDClaim.swift
[1823/2177] Compiling JWTKit IssuedAtClaim.swift
[1824/2177] Compiling JWTKit IssuerClaim.swift
[1825/2177] Compiling JWTKit JWTClaim.swift
[1826/2177] Compiling JWTKit JWTMultiValueClaim.swift
[1827/2177] Compiling JWTKit JWTUnixEpochClaim.swift
[1828/2186] Compiling JWTKit ECDSASigningAlgorithm.swift
[1829/2186] Compiling JWTKit JWTKeyCollection+ECDSA.swift
[1830/2186] Compiling JWTKit P256+CurveType.swift
[1831/2186] Compiling JWTKit P384+CurveType.swift
[1832/2186] Compiling JWTKit P521+CurveType.swift
[1833/2186] Compiling JWTKit EdDSA.swift
[1834/2186] Compiling JWTKit EdDSACurve.swift
[1835/2186] Compiling JWTKit EdDSAError.swift
[1836/2186] Compiling JWTKit EdDSASigner.swift
[1837/2186] Compiling JWTKit JWTKeyCollection+EdDSA.swift
[1838/2186] Compiling JWTKit JWTSerializer.swift
[1839/2186] Compiling JWTKit JWTSigner.swift
[1840/2186] Compiling JWTKit JWTKeyCollection+MLDSA.swift
[1841/2186] Compiling JWTKit MLDSA.swift
[1842/2186] Compiling JWTKit MLDSA65+MLDSAKey.swift
[1843/2186] Compiling JWTKit MLDSA87+MLDSAKey.swift
[1846/2186] Compiling JWTKit MLDSASigner.swift
[1859/2186] Emitting module NIOHTTP1
[1860/2187] Wrapping AST for NIOHTTP1 for debugging
[1862/2187] Emitting module JWTKit
[1863/2204] Compiling JWTKit HMAC.swift
[1864/2204] Compiling JWTKit HMACError.swift
[1865/2204] Compiling JWTKit HMACSigner.swift
[1866/2204] Compiling JWTKit JWTKeyCollection+HMAC.swift
[1867/2204] Compiling JWTKit Insecure.swift
[1868/2204] Compiling JWTKit JWK.swift
[1869/2204] Compiling JWTKit JWKIdentifier.swift
[1870/2204] Compiling JWTKit JWKS.swift
[1871/2204] Compiling JWTKit JWKSigner.swift
[1872/2204] Compiling JWTKit JWTAlgorithm.swift
[1873/2204] Compiling JWTKit JWTError.swift
[1874/2204] Compiling JWTKit JWTHeader+CommonFields.swift
[1875/2204] Compiling JWTKit JWTHeader.swift
[1876/2204] Compiling JWTKit JWTHeaderField.swift
[1877/2204] Compiling JWTKit JWTKeyCollection.swift
[1878/2204] Compiling JWTKit JWTParser+MandatoryVerificationFields.swift
[1879/2204] Compiling JWTKit JWTParser.swift
[1880/2204] Compiling JWTKit JWTPayload.swift
[1881/2204] Compiling JWTKit MLDSAType.swift
[1882/2204] Compiling JWTKit JWTKeyCollection+UnsecuredNone.swift
[1883/2204] Compiling JWTKit UnsecuredNoneSigner.swift
[1884/2204] Compiling JWTKit JWTKeyCollection+RSA.swift
[1885/2204] Compiling JWTKit RSA.swift
[1886/2204] Compiling JWTKit RSAError.swift
[1887/2204] Compiling JWTKit RSASigner.swift
[1888/2204] Compiling JWTKit Base64URL.swift
[1889/2204] Compiling JWTKit CryptoSigner.swift
[1890/2204] Compiling JWTKit LocaleClaim.swift
[1891/2204] Compiling JWTKit NotBeforeClaim.swift
[1892/2204] Compiling JWTKit SubjectClaim.swift
[1893/2204] Compiling JWTKit TenantIDClaim.swift
[1894/2204] Compiling JWTKit ECDSA.swift
[1895/2204] Compiling JWTKit ECDSACurve.swift
[1896/2204] Compiling JWTKit ECDSACurveType.swift
[1897/2204] Compiling JWTKit ECDSAError.swift
[1898/2204] Compiling JWTKit ECDSAKeyTypes.swift
[1899/2204] Compiling JWTKit ECDSASigner.swift
[1908/2208] Compiling JWTKit CustomizedJSONCoders.swift
[1909/2208] Compiling JWTKit Utilities.swift
[1910/2208] Compiling JWTKit AppleIdentityToken.swift
[1911/2208] Compiling JWTKit FirebaseAuthIdentityToken.swift
[1912/2208] Compiling JWTKit GoogleIdentityToken.swift
[1913/2208] Compiling JWTKit MicrosoftIdentityToken.swift
[1914/2208] Compiling JWTKit EmptyPolicy.swift
[1915/2208] Compiling JWTKit ValidationTimePayload.swift
[1916/2208] Compiling JWTKit X5CVerifier.swift
[1921/2209] Compiling NIOHPACK IndexedHeaderTable.swift
[1922/2209] Compiling NIOHPACK IntegerCoding.swift
[1924/2210] Compiling NIOHPACK DynamicHeaderTable.swift
[1925/2210] Compiling NIOHPACK HPACKDecoder.swift
[1926/2210] Emitting module NIOHPACK
[1927/2210] Compiling NIOHPACK HPACKHeader.swift
[1928/2210] Compiling NIOHPACK HeaderTables.swift
[1942/2210] Compiling NIOHPACK HPACKEncoder.swift
[1943/2210] Compiling NIOHPACK HuffmanCoding.swift
[1944/2210] Compiling NIOHPACK HPACKErrors.swift
[1945/2210] Emitting module NIOSSL
[1946/2210] Compiling NIOHPACK HuffmanTables.swift
[1947/2210] Compiling NIOHTTPCompression HTTPCompression.swift
[1947/2210] Wrapping AST for JWTKit for debugging
[1949/2210] Compiling NIOHTTPCompression HTTPDecompression.swift
[1950/2210] Emitting module NIOHTTPCompression
[1951/2210] Compiling NIOHTTPCompression HTTPDecompressor.swift
[1952/2210] Compiling NIOHTTPCompression HTTPResponseCompressor.swift
[1953/2210] Compiling NIOHTTPCompression HTTPRequestCompressor.swift
[1955/2211] Compiling NIOHPACK StaticHeaderTable.swift
[1955/2211] Wrapping AST for NIOHTTPCompression for debugging
[1961/2212] Wrapping AST for NIOHPACK for debugging
[1963/2275] Compiling NIOHTTP2 SendingGoawayState.swift
[1964/2275] Compiling NIOHTTP2 SendingHeadersState.swift
[1965/2275] Compiling NIOHTTP2 SendingPushPromiseState.swift
[1966/2275] Compiling NIOHTTP2 SendingRstStreamState.swift
[1967/2276] Compiling NIOHTTP2 MaySendFrames.swift
[1968/2276] Compiling NIOHTTP2 SendingDataState.swift
[1973/2276] Compiling NIOHTTP2 SendingWindowUpdateState.swift
[1974/2276] Compiling NIOHTTP2 HTTP2SettingsState.swift
[1975/2276] Compiling NIOHTTP2 HasExtendedConnectSettings.swift
[1976/2284] Wrapping AST for NIOSSL for debugging
[1978/2284] Compiling NIOHTTP2 HasFlowControlWindows.swift
[1979/2284] Compiling NIOHTTP2 HasLocalSettings.swift
[1980/2284] Compiling NIOHTTP2 HasRemoteSettings.swift
[1981/2284] Compiling NIOHTTP2 LocallyQuiescingState.swift
[1982/2284] Compiling NIOHTTP2 QuiescingState.swift
[1983/2284] Compiling NIOHTTP2 RemotelyQuiescingState.swift
[1984/2284] Compiling NIOHTTP2 SendAndReceiveGoawayState.swift
[1985/2284] Compiling NIOHTTP2 StateMachineResult.swift
[1986/2284] Compiling NIOHTTP2 ContentLengthVerifier.swift
[1987/2284] Emitting module NIOHTTP2
[1988/2284] Compiling NIOHTTP2 NIOHTTP2ServerConnectionManagementHandler.swift
[1989/2284] Compiling NIOHTTP2 StreamChannelFlowController.swift
[1990/2284] Compiling NIOHTTP2 StreamChannelList.swift
[1991/2284] Compiling NIOHTTP2 StreamMap.swift
[1992/2284] Compiling NIOHTTP2 StreamStateMachine.swift
[1993/2284] Compiling NIOHTTP2 Timer.swift
[1994/2284] Compiling NIOHTTP2 UnsafeTransfer.swift
[1995/2284] Compiling NIOHTTP2 WatermarkedFlowController.swift
[1996/2284] Compiling NIOHTTP2 ConnectionStateMachine.swift
[1997/2284] Compiling NIOHTTP2 ConnectionStreamsState.swift
[1998/2284] Compiling NIOHTTP2 MayReceiveFrames.swift
[1999/2284] Compiling NIOHTTP2 ReceivingDataState.swift
[2000/2284] Compiling NIOHTTP2 ReceivingGoAwayState.swift
[2001/2284] Compiling NIOHTTP2 ReceivingHeadersState.swift
[2002/2284] Compiling NIOHTTP2 ReceivingPushPromiseState.swift
[2003/2284] Compiling NIOHTTP2 ReceivingRstStreamState.swift
[2004/2284] Compiling NIOHTTP2 ReceivingWindowUpdateState.swift
[2005/2284] Compiling NIOHTTP2 HTTP2StreamMultiplexer.swift
[2006/2284] Compiling NIOHTTP2 HTTP2ToHTTP1Codec.swift
[2007/2284] Compiling NIOHTTP2 HTTP2UserEvents.swift
[2008/2284] Compiling NIOHTTP2 InboundEventBuffer.swift
[2009/2284] Compiling NIOHTTP2 InboundWindowManager.swift
[2010/2284] Compiling NIOHTTP2 MultiplexerAbstractChannel.swift
[2011/2284] Compiling NIOHTTP2 NIOHTTP2FrameDelegate.swift
[2012/2284] Compiling NIOHTTP2 NIOHTTP2ServerConnectionManagementHandler+StateMachine.swift
[2013/2284] Compiling NIOHTTP2 HTTP2FrameParser.swift
[2014/2284] Compiling NIOHTTP2 HTTP2PingData.swift
[2015/2284] Compiling NIOHTTP2 HTTP2PipelineHelpers.swift
[2016/2284] Compiling NIOHTTP2 HTTP2Settings.swift
[2017/2284] Compiling NIOHTTP2 HTTP2Stream.swift
[2018/2284] Compiling NIOHTTP2 HTTP2StreamChannel+OutboundStreamMultiplexer.swift
[2019/2284] Compiling NIOHTTP2 HTTP2StreamChannel.swift
[2020/2284] Compiling NIOHTTP2 HTTP2StreamDelegate.swift
[2021/2284] Compiling NIOHTTP2 HTTP2StreamID.swift
[2022/2284] Compiling NIOHTTP2 DOSHeuristics.swift
[2023/2284] Compiling NIOHTTP2 Error+Any.swift
[2024/2284] Compiling NIOHTTP2 ConcurrentStreamBuffer.swift
[2025/2284] Compiling NIOHTTP2 ControlFrameBuffer.swift
[2026/2284] Compiling NIOHTTP2 OutboundFlowControlBuffer.swift
[2027/2284] Compiling NIOHTTP2 OutboundFrameBuffer.swift
[2028/2284] Compiling NIOHTTP2 GlitchesMonitor.swift
[2029/2284] Compiling NIOHTTP2 HPACKHeaders+Validation.swift
[2030/2284] Compiling NIOHTTP2 HTTP2ChannelHandler+InboundStreamMultiplexer.swift
[2031/2284] Compiling NIOHTTP2 HTTP2ChannelHandler+InlineStreamMultiplexer.swift
[2032/2284] Compiling NIOHTTP2 HTTP2ChannelHandler.swift
[2033/2284] Compiling NIOHTTP2 HTTP2CommonInboundStreamMultiplexer.swift
[2034/2284] Compiling NIOHTTP2 HTTP2ConnectionStateChange.swift
[2035/2284] Compiling NIOHTTP2 HTTP2Error.swift
[2036/2284] Compiling NIOHTTP2 HTTP2ErrorCode.swift
[2037/2284] Compiling NIOHTTP2 HTTP2FlowControlWindow.swift
[2038/2284] Compiling NIOHTTP2 HTTP2Frame.swift
[2039/2284] Compiling NIOHTTP2 HTTP2FrameEncoder.swift
[2040/2285] Wrapping AST for NIOHTTP2 for debugging
[2042/2349] Emitting module AsyncHTTPClient
[2043/2357] Compiling AsyncHTTPClient LRUCache.swift
[2044/2357] Compiling AsyncHTTPClient NIOLoopBound+Execute.swift
[2045/2357] Compiling AsyncHTTPClient NWErrorHandler.swift
[2046/2357] Compiling AsyncHTTPClient NWWaitingHandler.swift
[2047/2357] Compiling AsyncHTTPClient TLSConfiguration.swift
[2048/2357] Compiling AsyncHTTPClient RedirectState.swift
[2049/2357] Compiling AsyncHTTPClient RequestBag+StateMachine.swift
[2050/2357] Compiling AsyncHTTPClient RequestBag+Tracing.swift
[2051/2357] Compiling AsyncHTTPClient RequestBag.swift
[2052/2357] Compiling AsyncHTTPClient HTTP1ProxyConnectHandler.swift
[2053/2357] Compiling AsyncHTTPClient SOCKSEventsHandler.swift
[2054/2357] Compiling AsyncHTTPClient TLSEventsHandler.swift
[2055/2357] Compiling AsyncHTTPClient HTTP1ClientChannelHandler.swift
[2056/2357] Compiling AsyncHTTPClient HTTP1Connection.swift
[2057/2357] Compiling AsyncHTTPClient HTTP1ConnectionStateMachine.swift
[2058/2357] Compiling AsyncHTTPClient HTTP2ClientRequestHandler.swift
[2059/2357] Compiling AsyncHTTPClient HTTP2Connection.swift
[2060/2357] Compiling AsyncHTTPClient HTTP2IdleHandler.swift
[2061/2357] Compiling AsyncHTTPClient RequestValidation.swift
[2062/2357] Compiling AsyncHTTPClient SSLContextCache.swift
[2063/2357] Compiling AsyncHTTPClient Scheme.swift
[2064/2357] Compiling AsyncHTTPClient Singleton.swift
[2065/2357] Compiling AsyncHTTPClient StringConvertibleInstances.swift
[2066/2357] Compiling AsyncHTTPClient StructuredConcurrencyHelpers.swift
[2067/2357] Compiling AsyncHTTPClient TracingSupport.swift
[2068/2357] Compiling AsyncHTTPClient Utils.swift
[2069/2357] Compiling AsyncHTTPClient AnyAsyncSequence.swift
[2070/2357] Compiling AsyncHTTPClient AnyAsyncSequenceProucerDelete.swift
[2071/2357] Compiling AsyncHTTPClient AsyncLazySequence.swift
[2072/2357] Compiling AsyncHTTPClient HTTPClient+execute.swift
[2073/2357] Compiling AsyncHTTPClient HTTPClient+shutdown.swift
[2074/2357] Compiling AsyncHTTPClient HTTPClient+tracing.swift
[2075/2357] Compiling AsyncHTTPClient HTTPClientRequest+Prepared.swift
[2076/2357] Compiling AsyncHTTPClient HTTPClientRequest+auth.swift
[2077/2357] Compiling AsyncHTTPClient HTTPClientRequest.swift
[2078/2357] Compiling AsyncHTTPClient HTTPConnectionEvent.swift
[2079/2357] Compiling AsyncHTTPClient HTTPConnectionPool+Factory.swift
[2080/2357] Compiling AsyncHTTPClient HTTPConnectionPool+Manager.swift
[2081/2357] Compiling AsyncHTTPClient HTTPConnectionPool.swift
[2082/2357] Compiling AsyncHTTPClient HTTPExecutableRequest.swift
[2083/2357] Compiling AsyncHTTPClient HTTPRequestStateMachine+Demand.swift
[2084/2357] Compiling AsyncHTTPClient HTTPRequestStateMachine.swift
[2085/2357] Compiling AsyncHTTPClient RequestBodyLength.swift
[2086/2357] Compiling AsyncHTTPClient RequestFramingMetadata.swift
[2087/2357] Compiling AsyncHTTPClient DeconstructedURL.swift
[2088/2357] Compiling AsyncHTTPClient FileDownloadDelegate.swift
[2089/2357] Compiling AsyncHTTPClient FoundationExtensions.swift
[2090/2357] Compiling AsyncHTTPClient HTTPClient+HTTPCookie.swift
[2091/2357] Compiling AsyncHTTPClient HTTPClient+Proxy.swift
[2092/2357] Compiling AsyncHTTPClient HTTPClient+StructuredConcurrency.swift
[2093/2357] Compiling AsyncHTTPClient HTTPClient.swift
[2094/2357] Compiling AsyncHTTPClient HTTPClientConfiguration+SwiftConfiguration.swift
[2095/2357] Compiling AsyncHTTPClient HTTPHandler.swift
[2096/2357] Compiling AsyncHTTPClient HTTPClientResponse.swift
[2097/2357] Compiling AsyncHTTPClient SingleIteratorPrecondition.swift
[2098/2357] Compiling AsyncHTTPClient Transaction+StateMachine.swift
[2099/2357] Compiling AsyncHTTPClient Transaction.swift
[2100/2357] Compiling AsyncHTTPClient Base64.swift
[2101/2357] Compiling AsyncHTTPClient BasicAuth.swift
[2102/2357] Compiling AsyncHTTPClient BestEffortHashableTLSConfiguration.swift
[2103/2357] Compiling AsyncHTTPClient Configuration+BrowserLike.swift
[2104/2357] Compiling AsyncHTTPClient ConnectionPool.swift
[2105/2357] Compiling AsyncHTTPClient RequestOptions.swift
[2106/2357] Compiling AsyncHTTPClient HTTPConnectionPool+Backoff.swift
[2107/2357] Compiling AsyncHTTPClient HTTPConnectionPool+HTTP1Connections.swift
[2108/2357] Compiling AsyncHTTPClient HTTPConnectionPool+HTTP1StateMachine.swift
[2109/2357] Compiling AsyncHTTPClient HTTPConnectionPool+HTTP2Connections.swift
[2110/2357] Compiling AsyncHTTPClient HTTPConnectionPool+HTTP2StateMachine.swift
[2111/2357] Compiling AsyncHTTPClient HTTPConnectionPool+RequestQueue.swift
[2112/2357] Compiling AsyncHTTPClient HTTPConnectionPool+StateMachine.swift
[2113/2357] Compiling AsyncHTTPClient ConnectionTarget.swift
[2114/2358] Wrapping AST for AsyncHTTPClient for debugging
[2116/2381] Compiling GoogleAuth ADC.swift
[2117/2381] Compiling GoogleAuth ADCPath.swift
[2118/2381] Compiling GoogleAuth ADCResolver.swift
[2119/2381] Compiling GoogleAuth AuthHeaders.swift
[2120/2381] Emitting module GoogleAuth
[2121/2384] Compiling GoogleAuth ServiceAccountCredentials.swift
[2122/2384] Compiling GoogleAuth ServiceAccountData.swift
[2123/2384] Compiling GoogleAuth ServiceAccountTokenProvider.swift
[2124/2384] Compiling GoogleAuth AnonymousCredentials.swift
[2125/2384] Compiling GoogleAuth ApiKeyCredentials.swift
[2126/2384] Compiling GoogleAuth ExternalAccountCredentials.swift
[2127/2384] Compiling GoogleAuth SubjectTokenProvider.swift
[2128/2384] Compiling GoogleAuth MDSAccessTokenProvider.swift
[2129/2384] Compiling GoogleAuth MDSCredentials.swift
[2130/2384] Compiling GoogleAuth CredentialParserRegistry.swift
[2131/2384] Compiling GoogleAuth Credentials.swift
[2132/2384] Compiling GoogleAuth CredentialsError.swift
[2133/2384] Compiling GoogleAuth UserAccountData.swift
[2134/2384] Compiling GoogleAuth UserAccountTokenProvider.swift
[2135/2384] Compiling GoogleAuth UserCredentials.swift
[2136/2384] Compiling GoogleAuth AuthHTTPClient.swift
[2137/2384] Compiling GoogleAuth AuthHTTPError.swift
[2138/2384] Compiling GoogleAuth RetryEngine.swift
[2139/2384] Compiling GoogleAuth STSHandler.swift
[2140/2384] Compiling GoogleAuth TokenCache.swift
[2141/2384] Compiling GoogleAuth PackageVersion.swift
[2142/2385] Wrapping AST for GoogleAuth for debugging
[2144/2443] Compiling GoogleGax AIP194+PollingErrorPolicy.swift
[2145/2443] Compiling GoogleGax AIP194+RetryPolicy.swift
[2146/2443] Compiling GoogleGax AIP194.swift
[2147/2443] Compiling GoogleGax AdaptiveThrottler.swift
[2148/2443] Compiling GoogleGax AlwaysPoll.swift
[2149/2443] Compiling GoogleGax AlwaysRetry.swift
[2150/2443] Compiling GoogleGax ApiClientHeader.swift
[2151/2443] Compiling GoogleGax BackoffPolicy.swift
[2152/2443] Compiling GoogleGax BasePollingErrorPolicy.swift
[2153/2451] Emitting module GoogleGax
[2154/2451] Compiling GoogleGax LimitedAttemptCount+PollingErrorPolicy.swift
[2155/2451] Compiling GoogleGax LimitedAttemptCount+RetryPolicy.swift
[2156/2451] Compiling GoogleGax LimitedAttemptCount.swift
[2157/2451] Compiling GoogleGax LimitedElapsedTime+PollingErrorPolicy.swift
[2158/2451] Compiling GoogleGax LimitedElapsedTime+RetryPolicy.swift
[2159/2451] Compiling GoogleGax LimitedElapsedTime.swift
[2160/2451] Compiling GoogleGax LongRunningOperations.swift
[2161/2451] Compiling GoogleGax NeverRetry.swift
[2162/2451] Compiling GoogleGax Pagination.swift
/host/spi-builder-workspace/.build/checkouts/swift-google-gax/Sources/GoogleGax/Pagination.swift:44:22: error: cannot convert '@Sendable (String) async throws -> (response: ResponseType, items: [Item], nextToken: String)' to 'nonisolated(nonsending) @Sendable (String) async throws -> (response: ResponseType, items: [Item], nextToken: String)' because crossing of an isolation boundary requires parameter and result types to conform to 'Sendable' protocol
42 | ) where ResponseType: _PaginatedResponse<Item> {
43 | self.initialPageToken = initialPageToken ?? ""
44 | self.fetchPage = { token in
| |- error: cannot convert '@Sendable (String) async throws -> (response: ResponseType, items: [Item], nextToken: String)' to 'nonisolated(nonsending) @Sendable (String) async throws -> (response: ResponseType, items: [Item], nextToken: String)' because crossing of an isolation boundary requires parameter and result types to conform to 'Sendable' protocol
| `- note: type 'Item' does not conform to 'Sendable' protocol
45 | let response = try await listRpc(token)
46 | return (response, response._getPaginatedItems(), response._nextPageToken())
[2163/2451] Compiling GoogleGax PollingBackoffPolicy.swift
/host/spi-builder-workspace/.build/checkouts/swift-google-gax/Sources/GoogleGax/Pagination.swift:44:22: error: cannot convert '@Sendable (String) async throws -> (response: ResponseType, items: [Item], nextToken: String)' to 'nonisolated(nonsending) @Sendable (String) async throws -> (response: ResponseType, items: [Item], nextToken: String)' because crossing of an isolation boundary requires parameter and result types to conform to 'Sendable' protocol
42 | ) where ResponseType: _PaginatedResponse<Item> {
43 | self.initialPageToken = initialPageToken ?? ""
44 | self.fetchPage = { token in
| |- error: cannot convert '@Sendable (String) async throws -> (response: ResponseType, items: [Item], nextToken: String)' to 'nonisolated(nonsending) @Sendable (String) async throws -> (response: ResponseType, items: [Item], nextToken: String)' because crossing of an isolation boundary requires parameter and result types to conform to 'Sendable' protocol
| `- note: type 'Item' does not conform to 'Sendable' protocol
45 | let response = try await listRpc(token)
46 | return (response, response._getPaginatedItems(), response._nextPageToken())
[2164/2451] Compiling GoogleGax PollingErrorPolicy.swift
/host/spi-builder-workspace/.build/checkouts/swift-google-gax/Sources/GoogleGax/Pagination.swift:44:22: error: cannot convert '@Sendable (String) async throws -> (response: ResponseType, items: [Item], nextToken: String)' to 'nonisolated(nonsending) @Sendable (String) async throws -> (response: ResponseType, items: [Item], nextToken: String)' because crossing of an isolation boundary requires parameter and result types to conform to 'Sendable' protocol
42 | ) where ResponseType: _PaginatedResponse<Item> {
43 | self.initialPageToken = initialPageToken ?? ""
44 | self.fetchPage = { token in
| |- error: cannot convert '@Sendable (String) async throws -> (response: ResponseType, items: [Item], nextToken: String)' to 'nonisolated(nonsending) @Sendable (String) async throws -> (response: ResponseType, items: [Item], nextToken: String)' because crossing of an isolation boundary requires parameter and result types to conform to 'Sendable' protocol
| `- note: type 'Item' does not conform to 'Sendable' protocol
45 | let response = try await listRpc(token)
46 | return (response, response._getPaginatedItems(), response._nextPageToken())
[2165/2451] Compiling GoogleGax PollingResult.swift
/host/spi-builder-workspace/.build/checkouts/swift-google-gax/Sources/GoogleGax/Pagination.swift:44:22: error: cannot convert '@Sendable (String) async throws -> (response: ResponseType, items: [Item], nextToken: String)' to 'nonisolated(nonsending) @Sendable (String) async throws -> (response: ResponseType, items: [Item], nextToken: String)' because crossing of an isolation boundary requires parameter and result types to conform to 'Sendable' protocol
42 | ) where ResponseType: _PaginatedResponse<Item> {
43 | self.initialPageToken = initialPageToken ?? ""
44 | self.fetchPage = { token in
| |- error: cannot convert '@Sendable (String) async throws -> (response: ResponseType, items: [Item], nextToken: String)' to 'nonisolated(nonsending) @Sendable (String) async throws -> (response: ResponseType, items: [Item], nextToken: String)' because crossing of an isolation boundary requires parameter and result types to conform to 'Sendable' protocol
| `- note: type 'Item' does not conform to 'Sendable' protocol
45 | let response = try await listRpc(token)
46 | return (response, response._getPaginatedItems(), response._nextPageToken())
[2166/2451] Compiling GoogleGax PollingState.swift
/host/spi-builder-workspace/.build/checkouts/swift-google-gax/Sources/GoogleGax/Pagination.swift:44:22: error: cannot convert '@Sendable (String) async throws -> (response: ResponseType, items: [Item], nextToken: String)' to 'nonisolated(nonsending) @Sendable (String) async throws -> (response: ResponseType, items: [Item], nextToken: String)' because crossing of an isolation boundary requires parameter and result types to conform to 'Sendable' protocol
42 | ) where ResponseType: _PaginatedResponse<Item> {
43 | self.initialPageToken = initialPageToken ?? ""
44 | self.fetchPage = { token in
| |- error: cannot convert '@Sendable (String) async throws -> (response: ResponseType, items: [Item], nextToken: String)' to 'nonisolated(nonsending) @Sendable (String) async throws -> (response: ResponseType, items: [Item], nextToken: String)' because crossing of an isolation boundary requires parameter and result types to conform to 'Sendable' protocol
| `- note: type 'Item' does not conform to 'Sendable' protocol
45 | let response = try await listRpc(token)
46 | return (response, response._getPaginatedItems(), response._nextPageToken())
[2167/2451] Compiling GoogleGax ProtobufConversionError.swift
/host/spi-builder-workspace/.build/checkouts/swift-google-gax/Sources/GoogleGax/Pagination.swift:44:22: error: cannot convert '@Sendable (String) async throws -> (response: ResponseType, items: [Item], nextToken: String)' to 'nonisolated(nonsending) @Sendable (String) async throws -> (response: ResponseType, items: [Item], nextToken: String)' because crossing of an isolation boundary requires parameter and result types to conform to 'Sendable' protocol
42 | ) where ResponseType: _PaginatedResponse<Item> {
43 | self.initialPageToken = initialPageToken ?? ""
44 | self.fetchPage = { token in
| |- error: cannot convert '@Sendable (String) async throws -> (response: ResponseType, items: [Item], nextToken: String)' to 'nonisolated(nonsending) @Sendable (String) async throws -> (response: ResponseType, items: [Item], nextToken: String)' because crossing of an isolation boundary requires parameter and result types to conform to 'Sendable' protocol
| `- note: type 'Item' does not conform to 'Sendable' protocol
45 | let response = try await listRpc(token)
46 | return (response, response._getPaginatedItems(), response._nextPageToken())
[2168/2451] Compiling GoogleGax QueryParameter.swift
/host/spi-builder-workspace/.build/checkouts/swift-google-gax/Sources/GoogleGax/Pagination.swift:44:22: error: cannot convert '@Sendable (String) async throws -> (response: ResponseType, items: [Item], nextToken: String)' to 'nonisolated(nonsending) @Sendable (String) async throws -> (response: ResponseType, items: [Item], nextToken: String)' because crossing of an isolation boundary requires parameter and result types to conform to 'Sendable' protocol
42 | ) where ResponseType: _PaginatedResponse<Item> {
43 | self.initialPageToken = initialPageToken ?? ""
44 | self.fetchPage = { token in
| |- error: cannot convert '@Sendable (String) async throws -> (response: ResponseType, items: [Item], nextToken: String)' to 'nonisolated(nonsending) @Sendable (String) async throws -> (response: ResponseType, items: [Item], nextToken: String)' because crossing of an isolation boundary requires parameter and result types to conform to 'Sendable' protocol
| `- note: type 'Item' does not conform to 'Sendable' protocol
45 | let response = try await listRpc(token)
46 | return (response, response._getPaginatedItems(), response._nextPageToken())
[2169/2451] Compiling GoogleGax RequestError.swift
/host/spi-builder-workspace/.build/checkouts/swift-google-gax/Sources/GoogleGax/Pagination.swift:44:22: error: cannot convert '@Sendable (String) async throws -> (response: ResponseType, items: [Item], nextToken: String)' to 'nonisolated(nonsending) @Sendable (String) async throws -> (response: ResponseType, items: [Item], nextToken: String)' because crossing of an isolation boundary requires parameter and result types to conform to 'Sendable' protocol
42 | ) where ResponseType: _PaginatedResponse<Item> {
43 | self.initialPageToken = initialPageToken ?? ""
44 | self.fetchPage = { token in
| |- error: cannot convert '@Sendable (String) async throws -> (response: ResponseType, items: [Item], nextToken: String)' to 'nonisolated(nonsending) @Sendable (String) async throws -> (response: ResponseType, items: [Item], nextToken: String)' because crossing of an isolation boundary requires parameter and result types to conform to 'Sendable' protocol
| `- note: type 'Item' does not conform to 'Sendable' protocol
45 | let response = try await listRpc(token)
46 | return (response, response._getPaginatedItems(), response._nextPageToken())
[2170/2451] Compiling GoogleGax RequestOptions.swift
[2171/2451] Compiling GoogleGax RetryLoop.swift
[2172/2451] Compiling GoogleGax RetryPolicy.swift
[2173/2451] Compiling GoogleGax RetryResult.swift
[2174/2451] Compiling GoogleGax RetryState.swift
[2175/2451] Compiling GoogleGax RetryThrottler.swift
[2176/2451] Compiling GoogleGax RetryThrottlerError.swift
[2177/2451] Compiling GoogleGax RoutingMatcher.swift
[2178/2451] Compiling GoogleGax BaseRetryPolicy.swift
[2179/2451] Compiling GoogleGax BindingError.swift
[2180/2451] Compiling GoogleGax CRC32C.swift
[2181/2451] Compiling GoogleGax CircuitBreaker.swift
[2182/2451] Compiling GoogleGax ClientError.swift
[2183/2451] Compiling GoogleGax ClientOptions.swift
[2184/2451] Compiling GoogleGax ContinueOnIO+PollingErrorPolicy.swift
[2185/2451] Compiling GoogleGax ContinueOnIO+RetryPolicy.swift
[2186/2451] Compiling GoogleGax ContinueOnIO.swift
[2187/2451] Compiling GoogleGax CredentialsProtocol.swift
[2188/2451] Compiling GoogleGax ErrorWrapper.swift
[2189/2451] Compiling GoogleGax ExponentialBackoff+BackoffPolicy.swift
[2190/2451] Compiling GoogleGax ExponentialBackoff+PollingBackoffPolicy.swift
[2191/2451] Compiling GoogleGax ExponentialBackoff.swift
[2192/2451] Compiling GoogleGax HTTPClient.swift
[2193/2451] Compiling GoogleGax HTTPClientHolder.swift
[2194/2451] Compiling GoogleGax HTTPClientProtocol.swift
[2195/2451] Compiling GoogleGax HTTPClientRequest.swift
[2196/2451] Compiling GoogleGax HTTPClientResponse.swift
[2197/2451] Compiling GoogleGax HTTPHeaders.swift
[2198/2451] Compiling GoogleGax HTTPResponseBody.swift
[2199/2451] Compiling GoogleGax HeaderNames.swift
[2200/2451] Compiling GoogleGax Host.swift
[2201/2451] Compiling GoogleGax InProgressResult.swift
[2202/2451] Compiling GoogleGax ServiceError.swift
[2203/2451] Compiling GoogleGax StatusDetail.swift
[2204/2451] Compiling GoogleGax StrictIdempotency.swift
[2205/2451] Compiling GoogleGax ThrottleResult.swift
[2206/2451] Compiling GoogleGax TooManyRequests+PollingErrorPolicy.swift
[2207/2451] Compiling GoogleGax TooManyRequests+RetryPolicy.swift
[2208/2451] Compiling GoogleGax TooManyRequests.swift
[2209/2451] Compiling GoogleGax PackageVersion.swift
BUILD FAILURE 6.2 android