The Swift Package Index logo.Swift Package Index

Build Information

Failed to build OperationAwaiting, reference main (ab3495), with Swift 6.4 for Wasm on 18 Sep 2026 21:01:28 UTC.

Build Command

bash -c docker run --pull=always --rm -v "checkouts-54344847-0":/host -w "$PWD" -e JAVA_HOME="/root/.sdkman/candidates/java/current" -e SPI_BUILD="1" -e SPI_PROCESSING="1" registry.gitlab.com/saguaro1/spi-images:wasm-6.4-latest swift build --swift-sdk swift-6.4.x-DEVELOPMENT-SNAPSHOT-2026-09-04-a_wasm 2>&1

Build Log

========================================
RunAll
========================================
Builder version: 5.1.0
Interrupt handler set up.
========================================
Checkout
========================================
Clone URL: https://github.com/Frizlab/OperationAwaiting.git
Reference: main
Initialized empty Git repository in /host/spi-builder-workspace/.git/
hint: Using 'master' as the name for the initial branch. This default branch name
hint: is subject to change. To configure the initial branch name to use in all
hint: of your new repositories, which will suppress this warning, call:
hint:
hint: 	git config --global init.defaultBranch <name>
hint:
hint: Names commonly chosen instead of 'master' are 'main', 'trunk' and
hint: 'development'. The just-created branch can be renamed via this command:
hint:
hint: 	git branch -m <name>
From https://github.com/Frizlab/OperationAwaiting
 * branch            main       -> FETCH_HEAD
 * [new branch]      main       -> origin/main
HEAD is now at ab34956 Use HasResult v2
Cloned https://github.com/Frizlab/OperationAwaiting.git
Revision (git rev-parse @):
ab349561964c500a1794e8053c4edd76833d9c01
SUCCESS checkout https://github.com/Frizlab/OperationAwaiting.git at main
========================================
Build
========================================
Selected platform:         wasm
Swift version:             6.4
Building package at path:  $PWD
https://github.com/Frizlab/OperationAwaiting.git
Running build ...
bash -c docker run --pull=always --rm -v "checkouts-54344847-0":/host -w "$PWD" -e JAVA_HOME="/root/.sdkman/candidates/java/current" -e SPI_BUILD="1" -e SPI_PROCESSING="1" registry.gitlab.com/saguaro1/spi-images:wasm-6.4-latest swift build --swift-sdk swift-6.4.x-DEVELOPMENT-SNAPSHOT-2026-09-04-a_wasm 2>&1
wasm-6.4-latest: Pulling from saguaro1/spi-images
Digest: sha256:4328fdb43c680d205c1d6761b1e3267aa38277eefdda9ddfb17b6a0f1a77857a
Status: Image is up to date for registry.gitlab.com/saguaro1/spi-images:wasm-6.4-latest
Fetching https://github.com/Frizlab/HasResult.git
Fetching https://github.com/happn-app/RetryingOperation.git
[1/395] Fetching retryingoperation
[53/417] Fetching retryingoperation, hasresult
Fetched https://github.com/Frizlab/HasResult.git (0.47s)
Fetched https://github.com/happn-app/RetryingOperation.git (0.47s)
Computing version for https://github.com/Frizlab/HasResult.git
Computed https://github.com/Frizlab/HasResult.git at 2.0.0 (0.65s)
Computing version for https://github.com/happn-app/RetryingOperation.git
Computed https://github.com/happn-app/RetryingOperation.git at 1.1.8 (0.18s)
Fetching https://github.com/apple/swift-log.git
[1/8096] Fetching swift-log
Fetched https://github.com/apple/swift-log.git (0.53s)
Computing version for https://github.com/apple/swift-log.git
Computed https://github.com/apple/swift-log.git at 1.15.1 (0.75s)
Creating working copy for https://github.com/happn-app/RetryingOperation.git
Working copy of https://github.com/happn-app/RetryingOperation.git resolved at 1.1.8
Creating working copy for https://github.com/apple/swift-log.git
Working copy of https://github.com/apple/swift-log.git resolved at 1.15.1
Creating working copy for https://github.com/Frizlab/HasResult.git
Working copy of https://github.com/Frizlab/HasResult.git resolved at 2.0.0
Building for debugging...
[Pre-planning 1 / 96]
[23 / 38] HasResult
[25 / 40] HasResult
error: SwiftCompile normal wasm32 failed with a nonzero exit code. Command line:     cd /host

/host/spi-builder-workspace/Sources/OperationAwaiting/SendableOperation.swift:5:37: error: cannot find type 'Operation' in scope
3 |
4 |
5 | public protocol SendableOperation : Operation, Sendable {
  |                                     `- error: cannot find type 'Operation' in scope
6 | }
7 |
/host/spi-builder-workspace/Sources/OperationAwaiting/OperationQueue+Async.swift:7:18: error: cannot find type 'OperationQueue' in scope
 5 |
 6 |
 7 | public extension OperationQueue {
   |                  `- error: cannot find type 'OperationQueue' in scope
 8 |
 9 | 	/**
Failed frontend command:
/usr/bin/swift-frontend -frontend -emit-module -experimental-skip-non-inlinable-function-bodies-without-types /host/spi-builder-workspace/Sources/OperationAwaiting/Operation+Async.swift /host/spi-builder-workspace/Sources/OperationAwaiting/OperationQueue+Async.swift /host/spi-builder-workspace/Sources/OperationAwaiting/SendableOperation.swift -target wasm32-unknown-wasip1 -disable-objc-interop -sdk /root/.swiftpm/swift-sdks/swift-6.4.x-DEVELOPMENT-SNAPSHOT-2026-09-04-a_wasm.artifactbundle/swift-6.4.x-DEVELOPMENT-SNAPSHOT-2026-09-04-a_wasm/wasm32-unknown-wasip1/WASI.sdk -sysroot /root/.swiftpm/swift-sdks/swift-6.4.x-DEVELOPMENT-SNAPSHOT-2026-09-04-a_wasm.artifactbundle/swift-6.4.x-DEVELOPMENT-SNAPSHOT-2026-09-04-a_wasm/wasm32-unknown-wasip1/WASI.sdk -I /host/spi-builder-workspace/.build/out/Products/Debug-webassembly-wasm32 -module-cache-path /host/spi-builder-workspace/.build/out/ModuleCache.noindex -color-diagnostics -Xcc -fcolor-diagnostics -enable-testing -g -debug-info-format\=dwarf -dwarf-version\=4 -swift-version 5 -Onone -D SWIFT_PACKAGE -D DEBUG -D SWIFT_MODULE_RESOURCE_BUNDLE_UNAVAILABLE -D Xcode -serialize-debugging-options -enable-experimental-feature DebugDescriptionMacro -empty-abi-descriptor -external-plugin-path /usr/lib/swift/host/plugins/testing\#/usr/bin/swift-plugin-server -validate-clang-modules-once -clang-build-session-file /host/spi-builder-workspace/.build/out/ModuleCache.noindex/Session.modulevalidation -Xcc -working-directory -Xcc /host -resource-dir /root/.swiftpm/swift-sdks/swift-6.4.x-DEVELOPMENT-SNAPSHOT-2026-09-04-a_wasm.artifactbundle/swift-6.4.x-DEVELOPMENT-SNAPSHOT-2026-09-04-a_wasm/wasm32-unknown-wasip1/swift.xctoolchain/usr/lib/swift_static -use-static-resource-dir -enable-anonymous-context-mangled-names -file-compilation-dir /host -Xcc -resource-dir -Xcc /root/.swiftpm/swift-sdks/swift-6.4.x-DEVELOPMENT-SNAPSHOT-2026-09-04-a_wasm.artifactbundle/swift-6.4.x-DEVELOPMENT-SNAPSHOT-2026-09-04-a_wasm/wasm32-unknown-wasip1/swift.xctoolchain/usr/lib/swift_static/clang -Xcc -D_LIBCPP_HARDENING_MODE\=_LIBCPP_HARDENING_MODE_DEBUG -Xcc -fmodules-prune-interval\=86400 -Xcc -fmodules-prune-after\=345600 -Xcc -I/host/spi-builder-workspace/.build/out/Products/Debug-webassembly-wasm32/include -Xcc -I/host/spi-builder-workspace/.build/out/Intermediates.noindex/OperationAwaiting.build/Debug-webassembly-wasm32/OperationAwaiting-t.build/DerivedSources-normal/wasm32 -Xcc -I/host/spi-builder-workspace/.build/out/Intermediates.noindex/OperationAwaiting.build/Debug-webassembly-wasm32/OperationAwaiting-t.build/DerivedSources/wasm32 -Xcc -I/host/spi-builder-workspace/.build/out/Intermediates.noindex/OperationAwaiting.build/Debug-webassembly-wasm32/OperationAwaiting-t.build/DerivedSources -Xcc -DSWIFT_PACKAGE -Xcc -DDEBUG\=1 -no-auto-bridging-header-chaining -module-name OperationAwaiting -const-gather-protocols-file /host/spi-builder-workspace/.build/out/Intermediates.noindex/OperationAwaiting.build/Debug-webassembly-wasm32/OperationAwaiting-t.build/Objects-normal/wasm32/OperationAwaiting_const_extract_protocols.json -in-process-plugin-server-path /usr/lib/swift/host/libSwiftInProcPluginServer.so -plugin-path /usr/lib/swift/host/plugins -plugin-path /usr/local/lib/swift/host/plugins -emit-module-doc-path /host/spi-builder-workspace/.build/out/Intermediates.noindex/OperationAwaiting.build/Debug-webassembly-wasm32/OperationAwaiting-t.build/Objects-normal/wasm32/Modules/OperationAwaiting.swiftdoc -emit-module-source-info-path /host/spi-builder-workspace/.build/out/Intermediates.noindex/OperationAwaiting.build/Debug-webassembly-wasm32/OperationAwaiting-t.build/Objects-normal/wasm32/Modules/OperationAwaiting.swiftsourceinfo -emit-objc-header-path /host/spi-builder-workspace/.build/out/Intermediates.noindex/OperationAwaiting.build/Debug-webassembly-wasm32/OperationAwaiting-t.build/Objects-normal/wasm32/OperationAwaiting-Swift.h -serialize-diagnostics-path /host/spi-builder-workspace/.build/out/Intermediates.noindex/OperationAwaiting.build/Debug-webassembly-wasm32/OperationAwaiting-t.build/Objects-normal/wasm32/OperationAwaiting-primary-emit-module.dia -emit-dependencies-path /host/spi-builder-workspace/.build/out/Intermediates.noindex/OperationAwaiting.build/Debug-webassembly-wasm32/OperationAwaiting-t.build/Objects-normal/wasm32/OperationAwaiting-primary-emit-module.d -parse-as-library -o /host/spi-builder-workspace/.build/out/Intermediates.noindex/OperationAwaiting.build/Debug-webassembly-wasm32/OperationAwaiting-t.build/Objects-normal/wasm32/Modules/OperationAwaiting.swiftmodule
error: Build failed
BUILD FAILURE 6.4 wasm