Build Information
Failed to build pixivswift, reference v1.1.10 (72a109), with Swift 6.4 for tvOS using Xcode 27.0 on 21 Sep 2026 15:35:11 UTC.
Build Command
env DEVELOPER_DIR=/Applications/Xcode-27.0.0-Release.Candidate.app xcrun xcodebuild -IDEClonedSourcePackagesDirPathOverride=$PWD/.dependencies -skipMacroValidation -skipPackagePluginValidation -derivedDataPath $PWD/.derivedData build -scheme pixivswift-Package -destination generic/platform=tvOSBuild Log
========================================
RunAll
========================================
Builder version: 5.1.0
Interrupt handler set up.
========================================
Checkout
========================================
Clone URL: https://github.com/theBreadCompany/pixivswift.git
Reference: v1.1.10
Initialized empty Git repository in /Users/admin/builder/spi-builder-workspace/.git/
From https://github.com/theBreadCompany/pixivswift
* tag v1.1.10 -> FETCH_HEAD
HEAD is now at 72a1095 fix commits for ZIPFoundation and SwiftGD because neither pushed their bug fixes as patches yet
Cloned https://github.com/theBreadCompany/pixivswift.git
Revision (git rev-parse @):
72a109589344e6281c6327cf568cea0c123ee216
SUCCESS checkout https://github.com/theBreadCompany/pixivswift.git at v1.1.10
========================================
Build
========================================
Selected platform: tvOS
Swift version: 6.4
Building package at path: $PWD
https://github.com/theBreadCompany/pixivswift.git
Command line invocation:
/Applications/Xcode-27.0.0-Release.Candidate.app/Contents/Developer/usr/bin/xcodebuild -IDEClonedSourcePackagesDirPathOverride=/Users/admin/builder/spi-builder-workspace/.dependencies -resolvePackageDependencies
Resolve Package Graph
Fetching from https://github.com/weichsel/ZIPFoundation.git
Creating working copy of package ‘ZIPFoundation’
Checking out fac78dfe5a886ad98e355ba98475b30b3753213a of package ‘ZIPFoundation’
Resolve Package Graph
Resolved source packages:
pixivswift: /Users/admin/builder/spi-builder-workspace
ZIPFoundation: https://github.com/weichsel/ZIPFoundation.git @ fac78df
resolved source packages: pixivswift, ZIPFoundation
2026-09-21 11:34:20.248 xcodebuild[529:3038] [MT] IDERunDestination: Supported platforms for the buildables in the current scheme is empty.
{
"dependencies" : [
{
"identity" : "zipfoundation",
"requirement" : {
"revision" : [
"fac78dfe5a886ad98e355ba98475b30b3753213a"
]
},
"type" : "sourceControl",
"url" : "https://github.com/weichsel/ZIPFoundation.git"
}
],
"manifest_display_name" : "pixivswift",
"name" : "pixivswift",
"path" : "/Users/admin/builder/spi-builder-workspace",
"platforms" : [
{
"name" : "macos",
"version" : "10.11"
},
{
"name" : "ios",
"version" : "9.0"
}
],
"products" : [
{
"name" : "pixivswift",
"targets" : [
"pixivswift"
],
"type" : {
"library" : [
"automatic"
]
}
},
{
"name" : "pixivswiftWrapper",
"targets" : [
"pixivswiftWrapper",
"pixivswift"
],
"type" : {
"library" : [
"automatic"
]
}
},
{
"name" : "pixivauth",
"targets" : [
"pixivauth"
],
"type" : {
"executable" : null
}
}
],
"targets" : [
{
"c99name" : "pixivswiftWrapperTests",
"module_type" : "SwiftTarget",
"name" : "pixivswiftWrapperTests",
"path" : "Tests/pixivswiftWrapperTests",
"sources" : [
"TestErrors.swift",
"bookmarks.swift",
"core.swift",
"follow.swift",
"ugoira.swift"
],
"target_dependencies" : [
"pixivswiftWrapper"
],
"type" : "test"
},
{
"c99name" : "pixivswiftWrapper",
"module_type" : "SwiftTarget",
"name" : "pixivswiftWrapper",
"path" : "Sources/pixivswiftWrapper",
"product_dependencies" : [
"ZIPFoundation"
],
"product_memberships" : [
"pixivswiftWrapper"
],
"sources" : [
"File.swift",
"PixivDownloader+Metadata.swift",
"PixivDownloader.swift",
"utils.swift"
],
"target_dependencies" : [
"pixivswift"
],
"type" : "library"
},
{
"c99name" : "pixivswiftTests",
"module_type" : "SwiftTarget",
"name" : "pixivswiftTests",
"path" : "Tests/pixivswiftTests",
"sources" : [
"TestErrors.swift",
"bookmarks.swift",
"core.swift",
"related.swift"
],
"target_dependencies" : [
"pixivswift"
],
"type" : "test"
},
{
"c99name" : "pixivswift",
"module_type" : "SwiftTarget",
"name" : "pixivswift",
"path" : "Sources/pixivswift",
"product_memberships" : [
"pixivswift",
"pixivswiftWrapper",
"pixivauth"
],
"sources" : [
"PixivResults+Helper.swift",
"PixivResults+Operators.swift",
"PixivResults.swift",
"aapi+completionHandlers.swift",
"aapi+newNames.swift",
"aapi.swift",
"api.swift",
"headless_login.swift",
"utils.swift"
],
"type" : "library"
},
{
"c99name" : "pixivauth",
"module_type" : "SwiftTarget",
"name" : "pixivauth",
"path" : "Sources/pixivauth",
"product_memberships" : [
"pixivauth"
],
"sources" : [
"AppDelegate.swift",
"ViewController.swift",
"main.swift"
],
"target_dependencies" : [
"pixivswift"
],
"type" : "executable"
}
],
"tools_version" : "5.3"
}
{
"workspace" : {
"name" : "pixivswift",
"schemes" : [
"pixivauth",
"pixivswift",
"pixivswift-Package",
"pixivswiftWrapper"
]
}
}
2026-09-21 11:35:01.536 xcodebuild[683:4314] [MT] IDERunDestination: Supported platforms for the buildables in the current scheme is empty.
Running build ...
env DEVELOPER_DIR=/Applications/Xcode-27.0.0-Release.Candidate.app xcrun xcodebuild -IDEClonedSourcePackagesDirPathOverride=$PWD/.dependencies -skipMacroValidation -skipPackagePluginValidation -derivedDataPath $PWD/.derivedData build -scheme pixivswift-Package -destination generic/platform=tvOS
Command line invocation:
/Applications/Xcode-27.0.0-Release.Candidate.app/Contents/Developer/usr/bin/xcodebuild -IDEClonedSourcePackagesDirPathOverride=/Users/admin/builder/spi-builder-workspace/.dependencies -skipMacroValidation -skipPackagePluginValidation -derivedDataPath /Users/admin/builder/spi-builder-workspace/.derivedData build -scheme pixivswift-Package -destination generic/platform=tvOS
Resolve Package Graph
Resolve Package Graph
Resolved source packages:
pixivswift: /Users/admin/builder/spi-builder-workspace
ZIPFoundation: https://github.com/weichsel/ZIPFoundation.git @ fac78df
ComputePackagePrebuildTargetDependencyGraph
Prepare packages
CreateBuildRequest
SendProjectDescription
CreateBuildOperation
ComputeTargetDependencyGraph
note: Building targets in dependency order
note: Target dependency graph (8 targets)
Target 'pixivauth-product' in project 'pixivswift'
➜ Explicit dependency on target 'pixivswift' in project 'pixivswift'
Target 'pixivswiftWrapper-product' in project 'pixivswift'
➜ Explicit dependency on target 'pixivswiftWrapper' in project 'pixivswift'
➜ Explicit dependency on target 'pixivswift' in project 'pixivswift'
➜ Explicit dependency on target 'ZIPFoundation-product' in project 'ZIPFoundation'
Target 'pixivswiftWrapper' in project 'pixivswift'
➜ Explicit dependency on target 'pixivswift' in project 'pixivswift'
➜ Explicit dependency on target 'ZIPFoundation-product' in project 'ZIPFoundation'
Target 'ZIPFoundation-product' in project 'ZIPFoundation'
➜ Explicit dependency on target 'ZIPFoundation' in project 'ZIPFoundation'
➜ Explicit dependency on target 'ZIPFoundation_ZIPFoundation' in project 'ZIPFoundation'
Target 'ZIPFoundation' in project 'ZIPFoundation'
➜ Explicit dependency on target 'ZIPFoundation_ZIPFoundation' in project 'ZIPFoundation'
Target 'ZIPFoundation_ZIPFoundation' in project 'ZIPFoundation' (no dependencies)
Target 'pixivswift-product' in project 'pixivswift'
➜ Explicit dependency on target 'pixivswift' in project 'pixivswift'
Target 'pixivswift' in project 'pixivswift' (no dependencies)
GatherProvisioningInputs
CreateBuildDescription
ExecuteExternalTool /Applications/Xcode-27.0.0-Release.Candidate.app/Contents/Developer/Toolchains/XcodeDefault.xctoolchain/usr/bin/swiftc --version
ExecuteExternalTool /Applications/Xcode-27.0.0-Release.Candidate.app/Contents/Developer/Toolchains/XcodeDefault.xctoolchain/usr/bin/clang -v -E -dM -isysroot /Applications/Xcode-27.0.0-Release.Candidate.app/Contents/Developer/Platforms/AppleTVOS.platform/Developer/SDKs/AppleTVOS27.0.sdk -x c -c /dev/null
ExecuteExternalTool /Applications/Xcode-27.0.0-Release.Candidate.app/Contents/Developer/Toolchains/XcodeDefault.xctoolchain/usr/bin/ld -version_details
Build description signature: 0c6bd4b7c7ee64844ce6174320cb915d
Build description path: /Users/admin/builder/spi-builder-workspace/.derivedData/Build/Intermediates.noindex/XCBuildData/0c6bd4b7c7ee64844ce6174320cb915d.xcbuilddata
CreateBuildDirectory /Users/admin/builder/spi-builder-workspace/.derivedData/SDKExplicitPrecompiledModules
cd /Users/admin/builder/spi-builder-workspace/.swiftpm/xcode
builtin-create-build-directory /Users/admin/builder/spi-builder-workspace/.derivedData/SDKExplicitPrecompiledModules
CreateBuildDirectory /Users/admin/builder/spi-builder-workspace/.derivedData/CompilationCache.noindex
cd /Users/admin/builder/spi-builder-workspace/.swiftpm/xcode
builtin-create-build-directory /Users/admin/builder/spi-builder-workspace/.derivedData/CompilationCache.noindex
CreateBuildDirectory /Users/admin/builder/spi-builder-workspace/.derivedData/ModuleCache.noindex
cd /Users/admin/builder/spi-builder-workspace/.swiftpm/xcode
builtin-create-build-directory /Users/admin/builder/spi-builder-workspace/.derivedData/ModuleCache.noindex
ClangStatCache /Applications/Xcode-27.0.0-Release.Candidate.app/Contents/Developer/Toolchains/XcodeDefault.xctoolchain/usr/bin/clang-stat-cache /Applications/Xcode-27.0.0-Release.Candidate.app/Contents/Developer/Platforms/AppleTVOS.platform/Developer/SDKs/AppleTVOS27.0.sdk /Users/admin/builder/spi-builder-workspace/.derivedData/SDKStatCaches.noindex/appletvos27.0-24J360-e829b21a6f8c9b70876ba0858053c044b32bfd8d43560033f8d89884cdb90028.sdkstatcache
cd /Users/admin/builder/spi-builder-workspace/.swiftpm/xcode
/Applications/Xcode-27.0.0-Release.Candidate.app/Contents/Developer/Toolchains/XcodeDefault.xctoolchain/usr/bin/clang-stat-cache /Applications/Xcode-27.0.0-Release.Candidate.app/Contents/Developer/Platforms/AppleTVOS.platform/Developer/SDKs/AppleTVOS27.0.sdk -o /Users/admin/builder/spi-builder-workspace/.derivedData/SDKStatCaches.noindex/appletvos27.0-24J360-e829b21a6f8c9b70876ba0858053c044b32bfd8d43560033f8d89884cdb90028.sdkstatcache
CreateBuildDirectory /Users/admin/builder/spi-builder-workspace/.derivedData/Build/Products
cd /Users/admin/builder/spi-builder-workspace/.swiftpm/xcode
builtin-create-build-directory /Users/admin/builder/spi-builder-workspace/.derivedData/Build/Products
CreateBuildDirectory /Users/admin/builder/spi-builder-workspace/.derivedData/Build/Intermediates.noindex
cd /Users/admin/builder/spi-builder-workspace/.swiftpm/xcode
builtin-create-build-directory /Users/admin/builder/spi-builder-workspace/.derivedData/Build/Intermediates.noindex
CreateBuildDirectory /Users/admin/builder/spi-builder-workspace/.derivedData/Build/Intermediates.noindex/SwiftExplicitPrecompiledModules
cd /Users/admin/builder/spi-builder-workspace/.swiftpm/xcode
builtin-create-build-directory /Users/admin/builder/spi-builder-workspace/.derivedData/Build/Intermediates.noindex/SwiftExplicitPrecompiledModules
CreateBuildDirectory /Users/admin/builder/spi-builder-workspace/.derivedData/Build/Products/Debug-appletvos
cd /Users/admin/builder/spi-builder-workspace/.swiftpm/xcode
builtin-create-build-directory /Users/admin/builder/spi-builder-workspace/.derivedData/Build/Products/Debug-appletvos
CreateBuildDirectory /Users/admin/builder/spi-builder-workspace/.derivedData/Build/Intermediates.noindex/ExplicitPrecompiledModules
cd /Users/admin/builder/spi-builder-workspace/.swiftpm/xcode
builtin-create-build-directory /Users/admin/builder/spi-builder-workspace/.derivedData/Build/Intermediates.noindex/ExplicitPrecompiledModules
CreateBuildDirectory /Users/admin/builder/spi-builder-workspace/.derivedData/Build/Intermediates.noindex/PrecompiledHeaders
cd /Users/admin/builder/spi-builder-workspace/.swiftpm/xcode
builtin-create-build-directory /Users/admin/builder/spi-builder-workspace/.derivedData/Build/Intermediates.noindex/PrecompiledHeaders
CreateBuildDirectory /Users/admin/builder/spi-builder-workspace/.derivedData/Build/Intermediates.noindex/EagerLinkingTBDs/Debug-appletvos
cd /Users/admin/builder/spi-builder-workspace/.swiftpm/xcode
builtin-create-build-directory /Users/admin/builder/spi-builder-workspace/.derivedData/Build/Intermediates.noindex/EagerLinkingTBDs/Debug-appletvos
CreateBuildDirectory /Users/admin/builder/spi-builder-workspace/.derivedData/Build/Products/Debug-appletvos/PackageFrameworks
cd /Users/admin/builder/spi-builder-workspace/.swiftpm/xcode
builtin-create-build-directory /Users/admin/builder/spi-builder-workspace/.derivedData/Build/Products/Debug-appletvos/PackageFrameworks
WriteAuxiliaryFile /Users/admin/builder/spi-builder-workspace/.derivedData/Build/Intermediates.noindex/pixivswift.build/Debug-appletvos/pixivswiftWrapper-t.build/pixivswiftWrapper.modulemap (in target 'pixivswiftWrapper' from project 'pixivswift')
cd /Users/admin/builder/spi-builder-workspace
write-file /Users/admin/builder/spi-builder-workspace/.derivedData/Build/Intermediates.noindex/pixivswift.build/Debug-appletvos/pixivswiftWrapper-t.build/pixivswiftWrapper.modulemap
WriteAuxiliaryFile /Users/admin/builder/spi-builder-workspace/.derivedData/Build/Intermediates.noindex/pixivswift.build/Debug-appletvos/pixivswiftWrapper-t.build/pixivswiftWrapper.DependencyMetadataFileList (in target 'pixivswiftWrapper' from project 'pixivswift')
cd /Users/admin/builder/spi-builder-workspace
write-file /Users/admin/builder/spi-builder-workspace/.derivedData/Build/Intermediates.noindex/pixivswift.build/Debug-appletvos/pixivswiftWrapper-t.build/pixivswiftWrapper.DependencyMetadataFileList
WriteAuxiliaryFile /Users/admin/builder/spi-builder-workspace/.derivedData/Build/Intermediates.noindex/pixivswift.build/Debug-appletvos/pixivswiftWrapper-t.build/pixivswiftWrapper.DependencyStaticMetadataFileList (in target 'pixivswiftWrapper' from project 'pixivswift')
cd /Users/admin/builder/spi-builder-workspace
write-file /Users/admin/builder/spi-builder-workspace/.derivedData/Build/Intermediates.noindex/pixivswift.build/Debug-appletvos/pixivswiftWrapper-t.build/pixivswiftWrapper.DependencyStaticMetadataFileList
WriteAuxiliaryFile /Users/admin/builder/spi-builder-workspace/.derivedData/Build/Intermediates.noindex/pixivswift.build/Debug-appletvos/pixivswiftWrapper-t.build/Objects-normal/arm64/pixivswiftWrapper.SwiftConstValuesFileList (in target 'pixivswiftWrapper' from project 'pixivswift')
cd /Users/admin/builder/spi-builder-workspace
write-file /Users/admin/builder/spi-builder-workspace/.derivedData/Build/Intermediates.noindex/pixivswift.build/Debug-appletvos/pixivswiftWrapper-t.build/Objects-normal/arm64/pixivswiftWrapper.SwiftConstValuesFileList
WriteAuxiliaryFile /Users/admin/builder/spi-builder-workspace/.derivedData/Build/Intermediates.noindex/pixivswift.build/Debug-appletvos/pixivswiftWrapper-t.build/Objects-normal/arm64/pixivswiftWrapper.SwiftFileList (in target 'pixivswiftWrapper' from project 'pixivswift')
cd /Users/admin/builder/spi-builder-workspace
write-file /Users/admin/builder/spi-builder-workspace/.derivedData/Build/Intermediates.noindex/pixivswift.build/Debug-appletvos/pixivswiftWrapper-t.build/Objects-normal/arm64/pixivswiftWrapper.SwiftFileList
WriteAuxiliaryFile /Users/admin/builder/spi-builder-workspace/.derivedData/Build/Intermediates.noindex/pixivswift.build/Debug-appletvos/pixivswiftWrapper-t.build/Objects-normal/arm64/pixivswiftWrapper.LinkFileList (in target 'pixivswiftWrapper' from project 'pixivswift')
cd /Users/admin/builder/spi-builder-workspace
write-file /Users/admin/builder/spi-builder-workspace/.derivedData/Build/Intermediates.noindex/pixivswift.build/Debug-appletvos/pixivswiftWrapper-t.build/Objects-normal/arm64/pixivswiftWrapper.LinkFileList
WriteAuxiliaryFile /Users/admin/builder/spi-builder-workspace/.derivedData/Build/Intermediates.noindex/pixivswift.build/Debug-appletvos/pixivswiftWrapper-t.build/Objects-normal/arm64/pixivswiftWrapper_const_extract_protocols.json (in target 'pixivswiftWrapper' from project 'pixivswift')
cd /Users/admin/builder/spi-builder-workspace
write-file /Users/admin/builder/spi-builder-workspace/.derivedData/Build/Intermediates.noindex/pixivswift.build/Debug-appletvos/pixivswiftWrapper-t.build/Objects-normal/arm64/pixivswiftWrapper_const_extract_protocols.json
WriteAuxiliaryFile /Users/admin/builder/spi-builder-workspace/.derivedData/Build/Intermediates.noindex/pixivswift.build/Debug-appletvos/pixivswiftWrapper-t.build/Objects-normal/arm64/pixivswiftWrapper-OutputFileMap.json (in target 'pixivswiftWrapper' from project 'pixivswift')
cd /Users/admin/builder/spi-builder-workspace
write-file /Users/admin/builder/spi-builder-workspace/.derivedData/Build/Intermediates.noindex/pixivswift.build/Debug-appletvos/pixivswiftWrapper-t.build/Objects-normal/arm64/pixivswiftWrapper-OutputFileMap.json
WriteAuxiliaryFile /Users/admin/builder/spi-builder-workspace/.derivedData/Build/Intermediates.noindex/pixivswift.build/Debug-appletvos/pixivswift-t.build/pixivswift.modulemap (in target 'pixivswift' from project 'pixivswift')
cd /Users/admin/builder/spi-builder-workspace
write-file /Users/admin/builder/spi-builder-workspace/.derivedData/Build/Intermediates.noindex/pixivswift.build/Debug-appletvos/pixivswift-t.build/pixivswift.modulemap
WriteAuxiliaryFile /Users/admin/builder/spi-builder-workspace/.derivedData/Build/Intermediates.noindex/pixivswift.build/Debug-appletvos/pixivswift-t.build/pixivswift.DependencyStaticMetadataFileList (in target 'pixivswift' from project 'pixivswift')
cd /Users/admin/builder/spi-builder-workspace
write-file /Users/admin/builder/spi-builder-workspace/.derivedData/Build/Intermediates.noindex/pixivswift.build/Debug-appletvos/pixivswift-t.build/pixivswift.DependencyStaticMetadataFileList
WriteAuxiliaryFile /Users/admin/builder/spi-builder-workspace/.derivedData/Build/Intermediates.noindex/pixivswift.build/Debug-appletvos/pixivswift-t.build/pixivswift.DependencyMetadataFileList (in target 'pixivswift' from project 'pixivswift')
cd /Users/admin/builder/spi-builder-workspace
write-file /Users/admin/builder/spi-builder-workspace/.derivedData/Build/Intermediates.noindex/pixivswift.build/Debug-appletvos/pixivswift-t.build/pixivswift.DependencyMetadataFileList
WriteAuxiliaryFile /Users/admin/builder/spi-builder-workspace/.derivedData/Build/Intermediates.noindex/pixivswift.build/Debug-appletvos/pixivswift-t.build/Objects-normal/arm64/pixivswift_const_extract_protocols.json (in target 'pixivswift' from project 'pixivswift')
cd /Users/admin/builder/spi-builder-workspace
write-file /Users/admin/builder/spi-builder-workspace/.derivedData/Build/Intermediates.noindex/pixivswift.build/Debug-appletvos/pixivswift-t.build/Objects-normal/arm64/pixivswift_const_extract_protocols.json
Copy /Users/admin/builder/spi-builder-workspace/.derivedData/Build/Intermediates.noindex/GeneratedModuleMaps-appletvos/pixivswiftWrapper.modulemap /Users/admin/builder/spi-builder-workspace/.derivedData/Build/Intermediates.noindex/pixivswift.build/Debug-appletvos/pixivswiftWrapper-t.build/pixivswiftWrapper.modulemap (in target 'pixivswiftWrapper' from project 'pixivswift')
cd /Users/admin/builder/spi-builder-workspace
builtin-copy -exclude .DS_Store -exclude CVS -exclude .svn -exclude .git -exclude .hg -resolve-src-symlinks /Users/admin/builder/spi-builder-workspace/.derivedData/Build/Intermediates.noindex/pixivswift.build/Debug-appletvos/pixivswiftWrapper-t.build/pixivswiftWrapper.modulemap /Users/admin/builder/spi-builder-workspace/.derivedData/Build/Intermediates.noindex/GeneratedModuleMaps-appletvos
WriteAuxiliaryFile /Users/admin/builder/spi-builder-workspace/.derivedData/Build/Intermediates.noindex/pixivswift.build/Debug-appletvos/pixivswift-t.build/Objects-normal/arm64/pixivswift.SwiftFileList (in target 'pixivswift' from project 'pixivswift')
cd /Users/admin/builder/spi-builder-workspace
write-file /Users/admin/builder/spi-builder-workspace/.derivedData/Build/Intermediates.noindex/pixivswift.build/Debug-appletvos/pixivswift-t.build/Objects-normal/arm64/pixivswift.SwiftFileList
WriteAuxiliaryFile /Users/admin/builder/spi-builder-workspace/.derivedData/Build/Intermediates.noindex/pixivswift.build/Debug-appletvos/pixivswift-t.build/Objects-normal/arm64/pixivswift.SwiftConstValuesFileList (in target 'pixivswift' from project 'pixivswift')
cd /Users/admin/builder/spi-builder-workspace
write-file /Users/admin/builder/spi-builder-workspace/.derivedData/Build/Intermediates.noindex/pixivswift.build/Debug-appletvos/pixivswift-t.build/Objects-normal/arm64/pixivswift.SwiftConstValuesFileList
WriteAuxiliaryFile /Users/admin/builder/spi-builder-workspace/.derivedData/Build/Intermediates.noindex/pixivswift.build/Debug-appletvos/pixivswift-t.build/Objects-normal/arm64/pixivswift.LinkFileList (in target 'pixivswift' from project 'pixivswift')
cd /Users/admin/builder/spi-builder-workspace
write-file /Users/admin/builder/spi-builder-workspace/.derivedData/Build/Intermediates.noindex/pixivswift.build/Debug-appletvos/pixivswift-t.build/Objects-normal/arm64/pixivswift.LinkFileList
WriteAuxiliaryFile /Users/admin/builder/spi-builder-workspace/.derivedData/Build/Intermediates.noindex/pixivswift.build/Debug-appletvos/pixivswift-t.build/Objects-normal/arm64/pixivswift-OutputFileMap.json (in target 'pixivswift' from project 'pixivswift')
cd /Users/admin/builder/spi-builder-workspace
write-file /Users/admin/builder/spi-builder-workspace/.derivedData/Build/Intermediates.noindex/pixivswift.build/Debug-appletvos/pixivswift-t.build/Objects-normal/arm64/pixivswift-OutputFileMap.json
WriteAuxiliaryFile /Users/admin/builder/spi-builder-workspace/.derivedData/Build/Intermediates.noindex/pixivswift.build/Debug-appletvos/pixivauth-p.build/pixivauth.DependencyStaticMetadataFileList (in target 'pixivauth-product' from project 'pixivswift')
cd /Users/admin/builder/spi-builder-workspace
write-file /Users/admin/builder/spi-builder-workspace/.derivedData/Build/Intermediates.noindex/pixivswift.build/Debug-appletvos/pixivauth-p.build/pixivauth.DependencyStaticMetadataFileList
Copy /Users/admin/builder/spi-builder-workspace/.derivedData/Build/Intermediates.noindex/GeneratedModuleMaps-appletvos/pixivswift.modulemap /Users/admin/builder/spi-builder-workspace/.derivedData/Build/Intermediates.noindex/pixivswift.build/Debug-appletvos/pixivswift-t.build/pixivswift.modulemap (in target 'pixivswift' from project 'pixivswift')
cd /Users/admin/builder/spi-builder-workspace
builtin-copy -exclude .DS_Store -exclude CVS -exclude .svn -exclude .git -exclude .hg -resolve-src-symlinks /Users/admin/builder/spi-builder-workspace/.derivedData/Build/Intermediates.noindex/pixivswift.build/Debug-appletvos/pixivswift-t.build/pixivswift.modulemap /Users/admin/builder/spi-builder-workspace/.derivedData/Build/Intermediates.noindex/GeneratedModuleMaps-appletvos
WriteAuxiliaryFile /Users/admin/builder/spi-builder-workspace/.derivedData/Build/Intermediates.noindex/pixivswift.build/Debug-appletvos/pixivauth-p.build/pixivauth.DependencyMetadataFileList (in target 'pixivauth-product' from project 'pixivswift')
cd /Users/admin/builder/spi-builder-workspace
write-file /Users/admin/builder/spi-builder-workspace/.derivedData/Build/Intermediates.noindex/pixivswift.build/Debug-appletvos/pixivauth-p.build/pixivauth.DependencyMetadataFileList
WriteAuxiliaryFile /Users/admin/builder/spi-builder-workspace/.derivedData/Build/Intermediates.noindex/pixivswift.build/Debug-appletvos/pixivauth-p.build/Objects-normal/arm64/pixivauth_const_extract_protocols.json (in target 'pixivauth-product' from project 'pixivswift')
cd /Users/admin/builder/spi-builder-workspace
write-file /Users/admin/builder/spi-builder-workspace/.derivedData/Build/Intermediates.noindex/pixivswift.build/Debug-appletvos/pixivauth-p.build/Objects-normal/arm64/pixivauth_const_extract_protocols.json
WriteAuxiliaryFile /Users/admin/builder/spi-builder-workspace/.derivedData/Build/Intermediates.noindex/pixivswift.build/Debug-appletvos/pixivauth-p.build/Objects-normal/arm64/pixivauth.SwiftFileList (in target 'pixivauth-product' from project 'pixivswift')
cd /Users/admin/builder/spi-builder-workspace
write-file /Users/admin/builder/spi-builder-workspace/.derivedData/Build/Intermediates.noindex/pixivswift.build/Debug-appletvos/pixivauth-p.build/Objects-normal/arm64/pixivauth.SwiftFileList
WriteAuxiliaryFile /Users/admin/builder/spi-builder-workspace/.derivedData/Build/Intermediates.noindex/pixivswift.build/Debug-appletvos/pixivauth-p.build/Objects-normal/arm64/pixivauth.LinkFileList (in target 'pixivauth-product' from project 'pixivswift')
cd /Users/admin/builder/spi-builder-workspace
write-file /Users/admin/builder/spi-builder-workspace/.derivedData/Build/Intermediates.noindex/pixivswift.build/Debug-appletvos/pixivauth-p.build/Objects-normal/arm64/pixivauth.LinkFileList
WriteAuxiliaryFile /Users/admin/builder/spi-builder-workspace/.derivedData/Build/Intermediates.noindex/pixivswift.build/Debug-appletvos/pixivauth-p.build/Objects-normal/arm64/pixivauth-OutputFileMap.json (in target 'pixivauth-product' from project 'pixivswift')
cd /Users/admin/builder/spi-builder-workspace
write-file /Users/admin/builder/spi-builder-workspace/.derivedData/Build/Intermediates.noindex/pixivswift.build/Debug-appletvos/pixivauth-p.build/Objects-normal/arm64/pixivauth-OutputFileMap.json
WriteAuxiliaryFile /Users/admin/builder/spi-builder-workspace/.derivedData/Build/Intermediates.noindex/ZIPFoundation.build/Debug-appletvos/ZIPFoundation_ZIPFoundation-b.build/empty-ZIPFoundation_ZIPFoundation.plist (in target 'ZIPFoundation_ZIPFoundation' from project 'ZIPFoundation')
cd /Users/admin/builder/spi-builder-workspace/.dependencies/checkouts/ZIPFoundation
write-file /Users/admin/builder/spi-builder-workspace/.derivedData/Build/Intermediates.noindex/ZIPFoundation.build/Debug-appletvos/ZIPFoundation_ZIPFoundation-b.build/empty-ZIPFoundation_ZIPFoundation.plist
WriteAuxiliaryFile /Users/admin/builder/spi-builder-workspace/.derivedData/Build/Intermediates.noindex/ZIPFoundation.build/Debug-appletvos/ZIPFoundation_ZIPFoundation-b.build/ZIPFoundation_ZIPFoundation.DependencyStaticMetadataFileList (in target 'ZIPFoundation_ZIPFoundation' from project 'ZIPFoundation')
cd /Users/admin/builder/spi-builder-workspace/.dependencies/checkouts/ZIPFoundation
write-file /Users/admin/builder/spi-builder-workspace/.derivedData/Build/Intermediates.noindex/ZIPFoundation.build/Debug-appletvos/ZIPFoundation_ZIPFoundation-b.build/ZIPFoundation_ZIPFoundation.DependencyStaticMetadataFileList
WriteAuxiliaryFile /Users/admin/builder/spi-builder-workspace/.derivedData/Build/Intermediates.noindex/ZIPFoundation.build/Debug-appletvos/ZIPFoundation_ZIPFoundation-b.build/ZIPFoundation_ZIPFoundation.DependencyMetadataFileList (in target 'ZIPFoundation_ZIPFoundation' from project 'ZIPFoundation')
cd /Users/admin/builder/spi-builder-workspace/.dependencies/checkouts/ZIPFoundation
write-file /Users/admin/builder/spi-builder-workspace/.derivedData/Build/Intermediates.noindex/ZIPFoundation.build/Debug-appletvos/ZIPFoundation_ZIPFoundation-b.build/ZIPFoundation_ZIPFoundation.DependencyMetadataFileList
WriteAuxiliaryFile /Users/admin/builder/spi-builder-workspace/.derivedData/Build/Intermediates.noindex/ZIPFoundation.build/Debug-appletvos/ZIPFoundation-t.build/ZIPFoundation.modulemap (in target 'ZIPFoundation' from project 'ZIPFoundation')
cd /Users/admin/builder/spi-builder-workspace/.dependencies/checkouts/ZIPFoundation
write-file /Users/admin/builder/spi-builder-workspace/.derivedData/Build/Intermediates.noindex/ZIPFoundation.build/Debug-appletvos/ZIPFoundation-t.build/ZIPFoundation.modulemap
WriteAuxiliaryFile /Users/admin/builder/spi-builder-workspace/.derivedData/Build/Intermediates.noindex/ZIPFoundation.build/Debug-appletvos/ZIPFoundation-t.build/ZIPFoundation.DependencyStaticMetadataFileList (in target 'ZIPFoundation' from project 'ZIPFoundation')
cd /Users/admin/builder/spi-builder-workspace/.dependencies/checkouts/ZIPFoundation
write-file /Users/admin/builder/spi-builder-workspace/.derivedData/Build/Intermediates.noindex/ZIPFoundation.build/Debug-appletvos/ZIPFoundation-t.build/ZIPFoundation.DependencyStaticMetadataFileList
WriteAuxiliaryFile /Users/admin/builder/spi-builder-workspace/.derivedData/Build/Intermediates.noindex/ZIPFoundation.build/Debug-appletvos/ZIPFoundation-t.build/ZIPFoundation.DependencyMetadataFileList (in target 'ZIPFoundation' from project 'ZIPFoundation')
cd /Users/admin/builder/spi-builder-workspace/.dependencies/checkouts/ZIPFoundation
write-file /Users/admin/builder/spi-builder-workspace/.derivedData/Build/Intermediates.noindex/ZIPFoundation.build/Debug-appletvos/ZIPFoundation-t.build/ZIPFoundation.DependencyMetadataFileList
WriteAuxiliaryFile /Users/admin/builder/spi-builder-workspace/.derivedData/Build/Intermediates.noindex/ZIPFoundation.build/Debug-appletvos/ZIPFoundation-t.build/Objects-normal/arm64/ZIPFoundation_const_extract_protocols.json (in target 'ZIPFoundation' from project 'ZIPFoundation')
cd /Users/admin/builder/spi-builder-workspace/.dependencies/checkouts/ZIPFoundation
write-file /Users/admin/builder/spi-builder-workspace/.derivedData/Build/Intermediates.noindex/ZIPFoundation.build/Debug-appletvos/ZIPFoundation-t.build/Objects-normal/arm64/ZIPFoundation_const_extract_protocols.json
WriteAuxiliaryFile /Users/admin/builder/spi-builder-workspace/.derivedData/Build/Intermediates.noindex/ZIPFoundation.build/Debug-appletvos/ZIPFoundation-t.build/Objects-normal/arm64/ZIPFoundation.SwiftFileList (in target 'ZIPFoundation' from project 'ZIPFoundation')
cd /Users/admin/builder/spi-builder-workspace/.dependencies/checkouts/ZIPFoundation
write-file /Users/admin/builder/spi-builder-workspace/.derivedData/Build/Intermediates.noindex/ZIPFoundation.build/Debug-appletvos/ZIPFoundation-t.build/Objects-normal/arm64/ZIPFoundation.SwiftFileList
WriteAuxiliaryFile /Users/admin/builder/spi-builder-workspace/.derivedData/Build/Intermediates.noindex/ZIPFoundation.build/Debug-appletvos/ZIPFoundation-t.build/Objects-normal/arm64/ZIPFoundation.SwiftConstValuesFileList (in target 'ZIPFoundation' from project 'ZIPFoundation')
cd /Users/admin/builder/spi-builder-workspace/.dependencies/checkouts/ZIPFoundation
write-file /Users/admin/builder/spi-builder-workspace/.derivedData/Build/Intermediates.noindex/ZIPFoundation.build/Debug-appletvos/ZIPFoundation-t.build/Objects-normal/arm64/ZIPFoundation.SwiftConstValuesFileList
WriteAuxiliaryFile /Users/admin/builder/spi-builder-workspace/.derivedData/Build/Intermediates.noindex/ZIPFoundation.build/Debug-appletvos/ZIPFoundation-t.build/Objects-normal/arm64/ZIPFoundation.LinkFileList (in target 'ZIPFoundation' from project 'ZIPFoundation')
cd /Users/admin/builder/spi-builder-workspace/.dependencies/checkouts/ZIPFoundation
write-file /Users/admin/builder/spi-builder-workspace/.derivedData/Build/Intermediates.noindex/ZIPFoundation.build/Debug-appletvos/ZIPFoundation-t.build/Objects-normal/arm64/ZIPFoundation.LinkFileList
WriteAuxiliaryFile /Users/admin/builder/spi-builder-workspace/.derivedData/Build/Intermediates.noindex/ZIPFoundation.build/Debug-appletvos/ZIPFoundation-t.build/Objects-normal/arm64/ZIPFoundation-OutputFileMap.json (in target 'ZIPFoundation' from project 'ZIPFoundation')
cd /Users/admin/builder/spi-builder-workspace/.dependencies/checkouts/ZIPFoundation
write-file /Users/admin/builder/spi-builder-workspace/.derivedData/Build/Intermediates.noindex/ZIPFoundation.build/Debug-appletvos/ZIPFoundation-t.build/Objects-normal/arm64/ZIPFoundation-OutputFileMap.json
WriteAuxiliaryFile /Users/admin/builder/spi-builder-workspace/.derivedData/Build/Intermediates.noindex/ZIPFoundation.build/Debug-appletvos/ZIPFoundation-t.build/DerivedSources/resource_bundle_accessor.swift (in target 'ZIPFoundation' from project 'ZIPFoundation')
cd /Users/admin/builder/spi-builder-workspace/.dependencies/checkouts/ZIPFoundation
write-file /Users/admin/builder/spi-builder-workspace/.derivedData/Build/Intermediates.noindex/ZIPFoundation.build/Debug-appletvos/ZIPFoundation-t.build/DerivedSources/resource_bundle_accessor.swift
Copy /Users/admin/builder/spi-builder-workspace/.derivedData/Build/Intermediates.noindex/GeneratedModuleMaps-appletvos/ZIPFoundation.modulemap /Users/admin/builder/spi-builder-workspace/.derivedData/Build/Intermediates.noindex/ZIPFoundation.build/Debug-appletvos/ZIPFoundation-t.build/ZIPFoundation.modulemap (in target 'ZIPFoundation' from project 'ZIPFoundation')
cd /Users/admin/builder/spi-builder-workspace/.dependencies/checkouts/ZIPFoundation
builtin-copy -exclude .DS_Store -exclude CVS -exclude .svn -exclude .git -exclude .hg -resolve-src-symlinks /Users/admin/builder/spi-builder-workspace/.derivedData/Build/Intermediates.noindex/ZIPFoundation.build/Debug-appletvos/ZIPFoundation-t.build/ZIPFoundation.modulemap /Users/admin/builder/spi-builder-workspace/.derivedData/Build/Intermediates.noindex/GeneratedModuleMaps-appletvos
MkDir /Users/admin/builder/spi-builder-workspace/.derivedData/Build/Products/Debug-appletvos/ZIPFoundation_ZIPFoundation.bundle (in target 'ZIPFoundation_ZIPFoundation' from project 'ZIPFoundation')
cd /Users/admin/builder/spi-builder-workspace/.dependencies/checkouts/ZIPFoundation
/bin/mkdir -p /Users/admin/builder/spi-builder-workspace/.derivedData/Build/Products/Debug-appletvos/ZIPFoundation_ZIPFoundation.bundle
ProcessInfoPlistFile /Users/admin/builder/spi-builder-workspace/.derivedData/Build/Products/Debug-appletvos/ZIPFoundation_ZIPFoundation.bundle/Info.plist /Users/admin/builder/spi-builder-workspace/.derivedData/Build/Intermediates.noindex/ZIPFoundation.build/Debug-appletvos/ZIPFoundation_ZIPFoundation-b.build/empty-ZIPFoundation_ZIPFoundation.plist (in target 'ZIPFoundation_ZIPFoundation' from project 'ZIPFoundation')
cd /Users/admin/builder/spi-builder-workspace/.dependencies/checkouts/ZIPFoundation
builtin-infoPlistUtility /Users/admin/builder/spi-builder-workspace/.derivedData/Build/Intermediates.noindex/ZIPFoundation.build/Debug-appletvos/ZIPFoundation_ZIPFoundation-b.build/empty-ZIPFoundation_ZIPFoundation.plist -producttype com.apple.product-type.bundle -expandbuildsettings -format binary -platform appletvos -o /Users/admin/builder/spi-builder-workspace/.derivedData/Build/Products/Debug-appletvos/ZIPFoundation_ZIPFoundation.bundle/Info.plist
CpResource /Users/admin/builder/spi-builder-workspace/.derivedData/Build/Products/Debug-appletvos/ZIPFoundation_ZIPFoundation.bundle/PrivacyInfo.xcprivacy /Users/admin/builder/spi-builder-workspace/.dependencies/checkouts/ZIPFoundation/Sources/ZIPFoundation/Resources/PrivacyInfo.xcprivacy (in target 'ZIPFoundation_ZIPFoundation' from project 'ZIPFoundation')
cd /Users/admin/builder/spi-builder-workspace/.dependencies/checkouts/ZIPFoundation
builtin-copy -exclude .DS_Store -exclude CVS -exclude .svn -exclude .git -exclude .hg -resolve-src-symlinks /Users/admin/builder/spi-builder-workspace/.dependencies/checkouts/ZIPFoundation/Sources/ZIPFoundation/Resources/PrivacyInfo.xcprivacy /Users/admin/builder/spi-builder-workspace/.derivedData/Build/Products/Debug-appletvos/ZIPFoundation_ZIPFoundation.bundle
RegisterExecutionPolicyException /Users/admin/builder/spi-builder-workspace/.derivedData/Build/Products/Debug-appletvos/ZIPFoundation_ZIPFoundation.bundle (in target 'ZIPFoundation_ZIPFoundation' from project 'ZIPFoundation')
cd /Users/admin/builder/spi-builder-workspace/.dependencies/checkouts/ZIPFoundation
builtin-RegisterExecutionPolicyException /Users/admin/builder/spi-builder-workspace/.derivedData/Build/Products/Debug-appletvos/ZIPFoundation_ZIPFoundation.bundle
Touch /Users/admin/builder/spi-builder-workspace/.derivedData/Build/Products/Debug-appletvos/ZIPFoundation_ZIPFoundation.bundle (in target 'ZIPFoundation_ZIPFoundation' from project 'ZIPFoundation')
cd /Users/admin/builder/spi-builder-workspace/.dependencies/checkouts/ZIPFoundation
/usr/bin/touch -c /Users/admin/builder/spi-builder-workspace/.derivedData/Build/Products/Debug-appletvos/ZIPFoundation_ZIPFoundation.bundle
SwiftDriver ZIPFoundation normal arm64 com.apple.xcode.tools.swift.compiler (in target 'ZIPFoundation' from project 'ZIPFoundation')
cd /Users/admin/builder/spi-builder-workspace/.swiftpm/xcode
builtin-SwiftDriver -- /Applications/Xcode-27.0.0-Release.Candidate.app/Contents/Developer/Toolchains/XcodeDefault.xctoolchain/usr/bin/swiftc -parse-as-library -module-name ZIPFoundation -Onone @/Users/admin/builder/spi-builder-workspace/.derivedData/Build/Intermediates.noindex/ZIPFoundation.build/Debug-appletvos/ZIPFoundation-t.build/Objects-normal/arm64/ZIPFoundation.SwiftFileList -DSWIFT_PACKAGE -DDEBUG -DSWIFT_MODULE_RESOURCE_BUNDLE_AVAILABLE -DXcode -plugin-path /Applications/Xcode-27.0.0-Release.Candidate.app/Contents/Developer/Toolchains/XcodeDefault.xctoolchain/usr/lib/swift/host/plugins/testing -enable-experimental-feature DebugDescriptionMacro -sdk /Applications/Xcode-27.0.0-Release.Candidate.app/Contents/Developer/Platforms/AppleTVOS.platform/Developer/SDKs/AppleTVOS27.0.sdk -target arm64-apple-tvos15.0 -g -module-cache-path /Users/admin/builder/spi-builder-workspace/.derivedData/ModuleCache.noindex -Xfrontend -serialize-debugging-options -profile-coverage-mapping -profile-generate -enable-testing -suppress-warnings -index-store-path /Users/admin/builder/spi-builder-workspace/.derivedData/Index.noindex/DataStore -Xcc -D_LIBCPP_HARDENING_MODE\=_LIBCPP_HARDENING_MODE_DEBUG -swift-version 5 -I /Users/admin/builder/spi-builder-workspace/.derivedData/Build/Products/Debug-appletvos -Isystem /Applications/Xcode-27.0.0-Release.Candidate.app/Contents/Developer/Platforms/AppleTVOS.platform/Developer/usr/lib -F /Users/admin/builder/spi-builder-workspace/.derivedData/Build/Products/Debug-appletvos -F /Applications/Xcode-27.0.0-Release.Candidate.app/Contents/Developer/Platforms/AppleTVOS.platform/Developer/Library/Frameworks -F /Applications/Xcode-27.0.0-Release.Candidate.app/Contents/Developer/Platforms/AppleTVOS.platform/Developer/SDKs/AppleTVOS27.0.sdk/Developer/Library/Frameworks -c -j10 -enable-batch-mode -incremental -Xcc -ivfsstatcache -Xcc /Users/admin/builder/spi-builder-workspace/.derivedData/SDKStatCaches.noindex/appletvos27.0-24J360-e829b21a6f8c9b70876ba0858053c044b32bfd8d43560033f8d89884cdb90028.sdkstatcache -output-file-map /Users/admin/builder/spi-builder-workspace/.derivedData/Build/Intermediates.noindex/ZIPFoundation.build/Debug-appletvos/ZIPFoundation-t.build/Objects-normal/arm64/ZIPFoundation-OutputFileMap.json -save-temps -no-color-diagnostics -explicit-module-build -module-cache-path /Users/admin/builder/spi-builder-workspace/.derivedData/Build/Intermediates.noindex/SwiftExplicitPrecompiledModules -clang-scanner-module-cache-path /Users/admin/builder/spi-builder-workspace/.derivedData/ModuleCache.noindex -sdk-module-cache-path /Users/admin/builder/spi-builder-workspace/.derivedData/SDKExplicitPrecompiledModules -emit-dependencies -emit-module -emit-module-path /Users/admin/builder/spi-builder-workspace/.derivedData/Build/Intermediates.noindex/ZIPFoundation.build/Debug-appletvos/ZIPFoundation-t.build/Objects-normal/arm64/ZIPFoundation.swiftmodule -serialize-diagnostics -dependency-scan-serialize-diagnostics-path /Users/admin/builder/spi-builder-workspace/.derivedData/Build/Intermediates.noindex/ZIPFoundation.build/Debug-appletvos/ZIPFoundation-t.build/Objects-normal/arm64/ZIPFoundation-dependency-scan.dia -validate-clang-modules-once -clang-build-session-file /Users/admin/builder/spi-builder-workspace/.derivedData/ModuleCache.noindex/Session.modulevalidation -Xcc -fmodules-prune-interval\=86400 -Xcc -fmodules-prune-after\=345600 -package-name zipfoundation -emit-const-values -const-gather-protocols-list /Users/admin/builder/spi-builder-workspace/.derivedData/Build/Intermediates.noindex/ZIPFoundation.build/Debug-appletvos/ZIPFoundation-t.build/Objects-normal/arm64/ZIPFoundation_const_extract_protocols.json -Xcc -I/Users/admin/builder/spi-builder-workspace/.derivedData/Build/Products/Debug-appletvos/include -Xcc -I/Users/admin/builder/spi-builder-workspace/.derivedData/Build/Intermediates.noindex/ZIPFoundation.build/Debug-appletvos/ZIPFoundation-t.build/DerivedSources-normal/arm64 -Xcc -I/Users/admin/builder/spi-builder-workspace/.derivedData/Build/Intermediates.noindex/ZIPFoundation.build/Debug-appletvos/ZIPFoundation-t.build/DerivedSources/arm64 -Xcc -I/Users/admin/builder/spi-builder-workspace/.derivedData/Build/Intermediates.noindex/ZIPFoundation.build/Debug-appletvos/ZIPFoundation-t.build/DerivedSources -Xcc -DSWIFT_PACKAGE -Xcc -DDEBUG\=1 -emit-objc-header -emit-objc-header-path /Users/admin/builder/spi-builder-workspace/.derivedData/Build/Intermediates.noindex/ZIPFoundation.build/Debug-appletvos/ZIPFoundation-t.build/Objects-normal/arm64/ZIPFoundation-Swift.h -working-directory /Users/admin/builder/spi-builder-workspace/.swiftpm/xcode -experimental-emit-module-separately -disable-cmo
SwiftDriver pixivswift normal arm64 com.apple.xcode.tools.swift.compiler (in target 'pixivswift' from project 'pixivswift')
cd /Users/admin/builder/spi-builder-workspace/.swiftpm/xcode
builtin-SwiftDriver -- /Applications/Xcode-27.0.0-Release.Candidate.app/Contents/Developer/Toolchains/XcodeDefault.xctoolchain/usr/bin/swiftc -parse-as-library -module-name pixivswift -Onone @/Users/admin/builder/spi-builder-workspace/.derivedData/Build/Intermediates.noindex/pixivswift.build/Debug-appletvos/pixivswift-t.build/Objects-normal/arm64/pixivswift.SwiftFileList -DSWIFT_PACKAGE -DDEBUG -DSWIFT_MODULE_RESOURCE_BUNDLE_UNAVAILABLE -DXcode -plugin-path /Applications/Xcode-27.0.0-Release.Candidate.app/Contents/Developer/Toolchains/XcodeDefault.xctoolchain/usr/lib/swift/host/plugins/testing -enable-experimental-feature DebugDescriptionMacro -sdk /Applications/Xcode-27.0.0-Release.Candidate.app/Contents/Developer/Platforms/AppleTVOS.platform/Developer/SDKs/AppleTVOS27.0.sdk -target arm64-apple-tvos15.0 -g -module-cache-path /Users/admin/builder/spi-builder-workspace/.derivedData/ModuleCache.noindex -Xfrontend -serialize-debugging-options -profile-coverage-mapping -profile-generate -enable-testing -index-store-path /Users/admin/builder/spi-builder-workspace/.derivedData/Index.noindex/DataStore -Xcc -D_LIBCPP_HARDENING_MODE\=_LIBCPP_HARDENING_MODE_DEBUG -swift-version 5 -I /Users/admin/builder/spi-builder-workspace/.derivedData/Build/Products/Debug-appletvos -Isystem /Applications/Xcode-27.0.0-Release.Candidate.app/Contents/Developer/Platforms/AppleTVOS.platform/Developer/usr/lib -F /Users/admin/builder/spi-builder-workspace/.derivedData/Build/Products/Debug-appletvos -F /Applications/Xcode-27.0.0-Release.Candidate.app/Contents/Developer/Platforms/AppleTVOS.platform/Developer/Library/Frameworks -F /Applications/Xcode-27.0.0-Release.Candidate.app/Contents/Developer/Platforms/AppleTVOS.platform/Developer/SDKs/AppleTVOS27.0.sdk/Developer/Library/Frameworks -c -j10 -enable-batch-mode -incremental -Xcc -ivfsstatcache -Xcc /Users/admin/builder/spi-builder-workspace/.derivedData/SDKStatCaches.noindex/appletvos27.0-24J360-e829b21a6f8c9b70876ba0858053c044b32bfd8d43560033f8d89884cdb90028.sdkstatcache -output-file-map /Users/admin/builder/spi-builder-workspace/.derivedData/Build/Intermediates.noindex/pixivswift.build/Debug-appletvos/pixivswift-t.build/Objects-normal/arm64/pixivswift-OutputFileMap.json -save-temps -no-color-diagnostics -explicit-module-build -module-cache-path /Users/admin/builder/spi-builder-workspace/.derivedData/Build/Intermediates.noindex/SwiftExplicitPrecompiledModules -clang-scanner-module-cache-path /Users/admin/builder/spi-builder-workspace/.derivedData/ModuleCache.noindex -sdk-module-cache-path /Users/admin/builder/spi-builder-workspace/.derivedData/SDKExplicitPrecompiledModules -emit-dependencies -emit-module -emit-module-path /Users/admin/builder/spi-builder-workspace/.derivedData/Build/Intermediates.noindex/pixivswift.build/Debug-appletvos/pixivswift-t.build/Objects-normal/arm64/pixivswift.swiftmodule -serialize-diagnostics -dependency-scan-serialize-diagnostics-path /Users/admin/builder/spi-builder-workspace/.derivedData/Build/Intermediates.noindex/pixivswift.build/Debug-appletvos/pixivswift-t.build/Objects-normal/arm64/pixivswift-dependency-scan.dia -validate-clang-modules-once -clang-build-session-file /Users/admin/builder/spi-builder-workspace/.derivedData/ModuleCache.noindex/Session.modulevalidation -Xcc -fmodules-prune-interval\=86400 -Xcc -fmodules-prune-after\=345600 -emit-const-values -const-gather-protocols-list /Users/admin/builder/spi-builder-workspace/.derivedData/Build/Intermediates.noindex/pixivswift.build/Debug-appletvos/pixivswift-t.build/Objects-normal/arm64/pixivswift_const_extract_protocols.json -Xcc -I/Users/admin/builder/spi-builder-workspace/.derivedData/Build/Products/Debug-appletvos/include -Xcc -I/Users/admin/builder/spi-builder-workspace/.derivedData/Build/Intermediates.noindex/pixivswift.build/Debug-appletvos/pixivswift-t.build/DerivedSources-normal/arm64 -Xcc -I/Users/admin/builder/spi-builder-workspace/.derivedData/Build/Intermediates.noindex/pixivswift.build/Debug-appletvos/pixivswift-t.build/DerivedSources/arm64 -Xcc -I/Users/admin/builder/spi-builder-workspace/.derivedData/Build/Intermediates.noindex/pixivswift.build/Debug-appletvos/pixivswift-t.build/DerivedSources -Xcc -DSWIFT_PACKAGE -Xcc -DDEBUG\=1 -emit-objc-header -emit-objc-header-path /Users/admin/builder/spi-builder-workspace/.derivedData/Build/Intermediates.noindex/pixivswift.build/Debug-appletvos/pixivswift-t.build/Objects-normal/arm64/pixivswift-Swift.h -working-directory /Users/admin/builder/spi-builder-workspace/.swiftpm/xcode -experimental-emit-module-separately -disable-cmo
/Users/admin/builder/spi-builder-workspace/Sources/pixivswift/headless_login.swift:20:8: error: Unable to resolve module dependency: 'Crypto' (in target 'pixivswift' from project 'pixivswift')
note: A dependency of main module 'pixivswift'
/Users/admin/builder/spi-builder-workspace/Sources/pixivswift/headless_login.swift:20:8: note: A dependency of main module 'pixivswift'
import Crypto
^ (in target 'pixivswift' from project 'pixivswift')
PruneExplicitPrecompiledModules /Users/admin/builder/spi-builder-workspace/.derivedData/Build/Intermediates.noindex/SwiftExplicitPrecompiledModules
PruneExplicitPrecompiledModules /Users/admin/builder/spi-builder-workspace/.derivedData/SDKExplicitPrecompiledModules
PruneExplicitPrecompiledModules /Users/admin/builder/spi-builder-workspace/.derivedData/Build/Intermediates.noindex/ExplicitPrecompiledModules
2026-09-21 11:35:03.916 xcodebuild[684:4359] [MT] IDERunDestination: Supported platforms for the buildables in the current scheme is empty.
** BUILD FAILED **
The following build commands failed:
SwiftDriver pixivswift normal arm64 com.apple.xcode.tools.swift.compiler (in target 'pixivswift' from project 'pixivswift')
Building workspace pixivswift with scheme pixivswift-Package
(2 failures)
Command line invocation:
/Applications/Xcode-27.0.0-Release.Candidate.app/Contents/Developer/usr/bin/xcodebuild -IDEClonedSourcePackagesDirPathOverride=/Users/admin/builder/spi-builder-workspace/.dependencies -resolvePackageDependencies
Resolve Package Graph
Resolved source packages:
pixivswift: /Users/admin/builder/spi-builder-workspace
ZIPFoundation: https://github.com/weichsel/ZIPFoundation.git @ fac78df
resolved source packages: pixivswift, ZIPFoundation
2026-09-21 11:35:07.816 xcodebuild[708:4606] [MT] IDERunDestination: Supported platforms for the buildables in the current scheme is empty.
{
"dependencies" : [
{
"identity" : "zipfoundation",
"requirement" : {
"revision" : [
"fac78dfe5a886ad98e355ba98475b30b3753213a"
]
},
"type" : "sourceControl",
"url" : "https://github.com/weichsel/ZIPFoundation.git"
}
],
"manifest_display_name" : "pixivswift",
"name" : "pixivswift",
"path" : "/Users/admin/builder/spi-builder-workspace",
"platforms" : [
{
"name" : "macos",
"version" : "10.11"
},
{
"name" : "ios",
"version" : "9.0"
}
],
"products" : [
{
"name" : "pixivswift",
"targets" : [
"pixivswift"
],
"type" : {
"library" : [
"automatic"
]
}
},
{
"name" : "pixivswiftWrapper",
"targets" : [
"pixivswiftWrapper",
"pixivswift"
],
"type" : {
"library" : [
"automatic"
]
}
},
{
"name" : "pixivauth",
"targets" : [
"pixivauth"
],
"type" : {
"executable" : null
}
}
],
"targets" : [
{
"c99name" : "pixivswiftWrapperTests",
"module_type" : "SwiftTarget",
"name" : "pixivswiftWrapperTests",
"path" : "Tests/pixivswiftWrapperTests",
"sources" : [
"TestErrors.swift",
"bookmarks.swift",
"core.swift",
"follow.swift",
"ugoira.swift"
],
"target_dependencies" : [
"pixivswiftWrapper"
],
"type" : "test"
},
{
"c99name" : "pixivswiftWrapper",
"module_type" : "SwiftTarget",
"name" : "pixivswiftWrapper",
"path" : "Sources/pixivswiftWrapper",
"product_dependencies" : [
"ZIPFoundation"
],
"product_memberships" : [
"pixivswiftWrapper"
],
"sources" : [
"File.swift",
"PixivDownloader+Metadata.swift",
"PixivDownloader.swift",
"utils.swift"
],
"target_dependencies" : [
"pixivswift"
],
"type" : "library"
},
{
"c99name" : "pixivswiftTests",
"module_type" : "SwiftTarget",
"name" : "pixivswiftTests",
"path" : "Tests/pixivswiftTests",
"sources" : [
"TestErrors.swift",
"bookmarks.swift",
"core.swift",
"related.swift"
],
"target_dependencies" : [
"pixivswift"
],
"type" : "test"
},
{
"c99name" : "pixivswift",
"module_type" : "SwiftTarget",
"name" : "pixivswift",
"path" : "Sources/pixivswift",
"product_memberships" : [
"pixivswift",
"pixivswiftWrapper",
"pixivauth"
],
"sources" : [
"PixivResults+Helper.swift",
"PixivResults+Operators.swift",
"PixivResults.swift",
"aapi+completionHandlers.swift",
"aapi+newNames.swift",
"aapi.swift",
"api.swift",
"headless_login.swift",
"utils.swift"
],
"type" : "library"
},
{
"c99name" : "pixivauth",
"module_type" : "SwiftTarget",
"name" : "pixivauth",
"path" : "Sources/pixivauth",
"product_memberships" : [
"pixivauth"
],
"sources" : [
"AppDelegate.swift",
"ViewController.swift",
"main.swift"
],
"target_dependencies" : [
"pixivswift"
],
"type" : "executable"
}
],
"tools_version" : "5.3"
}
{
"workspace" : {
"name" : "pixivswift",
"schemes" : [
"pixivauth",
"pixivswift",
"pixivswift-Package",
"pixivswiftWrapper"
]
}
}
2026-09-21 11:35:09.169 xcodebuild[716:4674] [MT] IDERunDestination: Supported platforms for the buildables in the current scheme is empty.
Running build ...
env DEVELOPER_DIR=/Applications/Xcode-27.0.0-Release.Candidate.app xcrun xcodebuild -IDEClonedSourcePackagesDirPathOverride=$PWD/.dependencies -skipMacroValidation -skipPackagePluginValidation -derivedDataPath $PWD/.derivedData build -scheme pixivswift-Package -destination generic/platform=tvOS
Command line invocation:
/Applications/Xcode-27.0.0-Release.Candidate.app/Contents/Developer/usr/bin/xcodebuild -IDEClonedSourcePackagesDirPathOverride=/Users/admin/builder/spi-builder-workspace/.dependencies -skipMacroValidation -skipPackagePluginValidation -derivedDataPath /Users/admin/builder/spi-builder-workspace/.derivedData build -scheme pixivswift-Package -destination generic/platform=tvOS
Resolve Package Graph
Resolved source packages:
ZIPFoundation: https://github.com/weichsel/ZIPFoundation.git @ fac78df
pixivswift: /Users/admin/builder/spi-builder-workspace
ComputePackagePrebuildTargetDependencyGraph
Prepare packages
CreateBuildRequest
SendProjectDescription
CreateBuildOperation
ComputeTargetDependencyGraph
note: Building targets in dependency order
note: Target dependency graph (8 targets)
Target 'pixivauth-product' in project 'pixivswift'
➜ Explicit dependency on target 'pixivswift' in project 'pixivswift'
Target 'pixivswiftWrapper-product' in project 'pixivswift'
➜ Explicit dependency on target 'pixivswiftWrapper' in project 'pixivswift'
➜ Explicit dependency on target 'pixivswift' in project 'pixivswift'
➜ Explicit dependency on target 'ZIPFoundation-product' in project 'ZIPFoundation'
Target 'pixivswiftWrapper' in project 'pixivswift'
➜ Explicit dependency on target 'pixivswift' in project 'pixivswift'
➜ Explicit dependency on target 'ZIPFoundation-product' in project 'ZIPFoundation'
Target 'ZIPFoundation-product' in project 'ZIPFoundation'
➜ Explicit dependency on target 'ZIPFoundation' in project 'ZIPFoundation'
➜ Explicit dependency on target 'ZIPFoundation_ZIPFoundation' in project 'ZIPFoundation'
Target 'ZIPFoundation' in project 'ZIPFoundation'
➜ Explicit dependency on target 'ZIPFoundation_ZIPFoundation' in project 'ZIPFoundation'
Target 'ZIPFoundation_ZIPFoundation' in project 'ZIPFoundation' (no dependencies)
Target 'pixivswift-product' in project 'pixivswift'
➜ Explicit dependency on target 'pixivswift' in project 'pixivswift'
Target 'pixivswift' in project 'pixivswift' (no dependencies)
GatherProvisioningInputs
CreateBuildDescription
ClangStatCache /Applications/Xcode-27.0.0-Release.Candidate.app/Contents/Developer/Toolchains/XcodeDefault.xctoolchain/usr/bin/clang-stat-cache /Applications/Xcode-27.0.0-Release.Candidate.app/Contents/Developer/Platforms/AppleTVOS.platform/Developer/SDKs/AppleTVOS27.0.sdk /Users/admin/builder/spi-builder-workspace/.derivedData/SDKStatCaches.noindex/appletvos27.0-24J360-e829b21a6f8c9b70876ba0858053c044b32bfd8d43560033f8d89884cdb90028.sdkstatcache
cd /Users/admin/builder/spi-builder-workspace/.swiftpm/xcode
/Applications/Xcode-27.0.0-Release.Candidate.app/Contents/Developer/Toolchains/XcodeDefault.xctoolchain/usr/bin/clang-stat-cache /Applications/Xcode-27.0.0-Release.Candidate.app/Contents/Developer/Platforms/AppleTVOS.platform/Developer/SDKs/AppleTVOS27.0.sdk -o /Users/admin/builder/spi-builder-workspace/.derivedData/SDKStatCaches.noindex/appletvos27.0-24J360-e829b21a6f8c9b70876ba0858053c044b32bfd8d43560033f8d89884cdb90028.sdkstatcache
SwiftDriver pixivswift normal arm64 com.apple.xcode.tools.swift.compiler (in target 'pixivswift' from project 'pixivswift')
cd /Users/admin/builder/spi-builder-workspace/.swiftpm/xcode
builtin-SwiftDriver -- /Applications/Xcode-27.0.0-Release.Candidate.app/Contents/Developer/Toolchains/XcodeDefault.xctoolchain/usr/bin/swiftc -parse-as-library -module-name pixivswift -Onone @/Users/admin/builder/spi-builder-workspace/.derivedData/Build/Intermediates.noindex/pixivswift.build/Debug-appletvos/pixivswift-t.build/Objects-normal/arm64/pixivswift.SwiftFileList -DSWIFT_PACKAGE -DDEBUG -DSWIFT_MODULE_RESOURCE_BUNDLE_UNAVAILABLE -DXcode -plugin-path /Applications/Xcode-27.0.0-Release.Candidate.app/Contents/Developer/Toolchains/XcodeDefault.xctoolchain/usr/lib/swift/host/plugins/testing -enable-experimental-feature DebugDescriptionMacro -sdk /Applications/Xcode-27.0.0-Release.Candidate.app/Contents/Developer/Platforms/AppleTVOS.platform/Developer/SDKs/AppleTVOS27.0.sdk -target arm64-apple-tvos15.0 -g -module-cache-path /Users/admin/builder/spi-builder-workspace/.derivedData/ModuleCache.noindex -Xfrontend -serialize-debugging-options -profile-coverage-mapping -profile-generate -enable-testing -index-store-path /Users/admin/builder/spi-builder-workspace/.derivedData/Index.noindex/DataStore -Xcc -D_LIBCPP_HARDENING_MODE\=_LIBCPP_HARDENING_MODE_DEBUG -swift-version 5 -I /Users/admin/builder/spi-builder-workspace/.derivedData/Build/Products/Debug-appletvos -Isystem /Applications/Xcode-27.0.0-Release.Candidate.app/Contents/Developer/Platforms/AppleTVOS.platform/Developer/usr/lib -F /Users/admin/builder/spi-builder-workspace/.derivedData/Build/Products/Debug-appletvos -F /Applications/Xcode-27.0.0-Release.Candidate.app/Contents/Developer/Platforms/AppleTVOS.platform/Developer/Library/Frameworks -F /Applications/Xcode-27.0.0-Release.Candidate.app/Contents/Developer/Platforms/AppleTVOS.platform/Developer/SDKs/AppleTVOS27.0.sdk/Developer/Library/Frameworks -c -j10 -enable-batch-mode -incremental -Xcc -ivfsstatcache -Xcc /Users/admin/builder/spi-builder-workspace/.derivedData/SDKStatCaches.noindex/appletvos27.0-24J360-e829b21a6f8c9b70876ba0858053c044b32bfd8d43560033f8d89884cdb90028.sdkstatcache -output-file-map /Users/admin/builder/spi-builder-workspace/.derivedData/Build/Intermediates.noindex/pixivswift.build/Debug-appletvos/pixivswift-t.build/Objects-normal/arm64/pixivswift-OutputFileMap.json -save-temps -no-color-diagnostics -explicit-module-build -module-cache-path /Users/admin/builder/spi-builder-workspace/.derivedData/Build/Intermediates.noindex/SwiftExplicitPrecompiledModules -clang-scanner-module-cache-path /Users/admin/builder/spi-builder-workspace/.derivedData/ModuleCache.noindex -sdk-module-cache-path /Users/admin/builder/spi-builder-workspace/.derivedData/SDKExplicitPrecompiledModules -emit-dependencies -emit-module -emit-module-path /Users/admin/builder/spi-builder-workspace/.derivedData/Build/Intermediates.noindex/pixivswift.build/Debug-appletvos/pixivswift-t.build/Objects-normal/arm64/pixivswift.swiftmodule -serialize-diagnostics -dependency-scan-serialize-diagnostics-path /Users/admin/builder/spi-builder-workspace/.derivedData/Build/Intermediates.noindex/pixivswift.build/Debug-appletvos/pixivswift-t.build/Objects-normal/arm64/pixivswift-dependency-scan.dia -validate-clang-modules-once -clang-build-session-file /Users/admin/builder/spi-builder-workspace/.derivedData/ModuleCache.noindex/Session.modulevalidation -Xcc -fmodules-prune-interval\=86400 -Xcc -fmodules-prune-after\=345600 -emit-const-values -const-gather-protocols-list /Users/admin/builder/spi-builder-workspace/.derivedData/Build/Intermediates.noindex/pixivswift.build/Debug-appletvos/pixivswift-t.build/Objects-normal/arm64/pixivswift_const_extract_protocols.json -Xcc -I/Users/admin/builder/spi-builder-workspace/.derivedData/Build/Products/Debug-appletvos/include -Xcc -I/Users/admin/builder/spi-builder-workspace/.derivedData/Build/Intermediates.noindex/pixivswift.build/Debug-appletvos/pixivswift-t.build/DerivedSources-normal/arm64 -Xcc -I/Users/admin/builder/spi-builder-workspace/.derivedData/Build/Intermediates.noindex/pixivswift.build/Debug-appletvos/pixivswift-t.build/DerivedSources/arm64 -Xcc -I/Users/admin/builder/spi-builder-workspace/.derivedData/Build/Intermediates.noindex/pixivswift.build/Debug-appletvos/pixivswift-t.build/DerivedSources -Xcc -DSWIFT_PACKAGE -Xcc -DDEBUG\=1 -emit-objc-header -emit-objc-header-path /Users/admin/builder/spi-builder-workspace/.derivedData/Build/Intermediates.noindex/pixivswift.build/Debug-appletvos/pixivswift-t.build/Objects-normal/arm64/pixivswift-Swift.h -working-directory /Users/admin/builder/spi-builder-workspace/.swiftpm/xcode -experimental-emit-module-separately -disable-cmo
/Users/admin/builder/spi-builder-workspace/Sources/pixivswift/headless_login.swift:20:8: error: Unable to resolve module dependency: 'Crypto' (in target 'pixivswift' from project 'pixivswift')
note: A dependency of main module 'pixivswift'
/Users/admin/builder/spi-builder-workspace/Sources/pixivswift/headless_login.swift:20:8: note: A dependency of main module 'pixivswift'
import Crypto
^ (in target 'pixivswift' from project 'pixivswift')
SwiftDriver ZIPFoundation normal arm64 com.apple.xcode.tools.swift.compiler (in target 'ZIPFoundation' from project 'ZIPFoundation')
cd /Users/admin/builder/spi-builder-workspace/.swiftpm/xcode
builtin-SwiftDriver -- /Applications/Xcode-27.0.0-Release.Candidate.app/Contents/Developer/Toolchains/XcodeDefault.xctoolchain/usr/bin/swiftc -parse-as-library -module-name ZIPFoundation -Onone @/Users/admin/builder/spi-builder-workspace/.derivedData/Build/Intermediates.noindex/ZIPFoundation.build/Debug-appletvos/ZIPFoundation-t.build/Objects-normal/arm64/ZIPFoundation.SwiftFileList -DSWIFT_PACKAGE -DDEBUG -DSWIFT_MODULE_RESOURCE_BUNDLE_AVAILABLE -DXcode -plugin-path /Applications/Xcode-27.0.0-Release.Candidate.app/Contents/Developer/Toolchains/XcodeDefault.xctoolchain/usr/lib/swift/host/plugins/testing -enable-experimental-feature DebugDescriptionMacro -sdk /Applications/Xcode-27.0.0-Release.Candidate.app/Contents/Developer/Platforms/AppleTVOS.platform/Developer/SDKs/AppleTVOS27.0.sdk -target arm64-apple-tvos15.0 -g -module-cache-path /Users/admin/builder/spi-builder-workspace/.derivedData/ModuleCache.noindex -Xfrontend -serialize-debugging-options -profile-coverage-mapping -profile-generate -enable-testing -suppress-warnings -index-store-path /Users/admin/builder/spi-builder-workspace/.derivedData/Index.noindex/DataStore -Xcc -D_LIBCPP_HARDENING_MODE\=_LIBCPP_HARDENING_MODE_DEBUG -swift-version 5 -I /Users/admin/builder/spi-builder-workspace/.derivedData/Build/Products/Debug-appletvos -Isystem /Applications/Xcode-27.0.0-Release.Candidate.app/Contents/Developer/Platforms/AppleTVOS.platform/Developer/usr/lib -F /Users/admin/builder/spi-builder-workspace/.derivedData/Build/Products/Debug-appletvos -F /Applications/Xcode-27.0.0-Release.Candidate.app/Contents/Developer/Platforms/AppleTVOS.platform/Developer/Library/Frameworks -F /Applications/Xcode-27.0.0-Release.Candidate.app/Contents/Developer/Platforms/AppleTVOS.platform/Developer/SDKs/AppleTVOS27.0.sdk/Developer/Library/Frameworks -c -j10 -enable-batch-mode -incremental -Xcc -ivfsstatcache -Xcc /Users/admin/builder/spi-builder-workspace/.derivedData/SDKStatCaches.noindex/appletvos27.0-24J360-e829b21a6f8c9b70876ba0858053c044b32bfd8d43560033f8d89884cdb90028.sdkstatcache -output-file-map /Users/admin/builder/spi-builder-workspace/.derivedData/Build/Intermediates.noindex/ZIPFoundation.build/Debug-appletvos/ZIPFoundation-t.build/Objects-normal/arm64/ZIPFoundation-OutputFileMap.json -save-temps -no-color-diagnostics -explicit-module-build -module-cache-path /Users/admin/builder/spi-builder-workspace/.derivedData/Build/Intermediates.noindex/SwiftExplicitPrecompiledModules -clang-scanner-module-cache-path /Users/admin/builder/spi-builder-workspace/.derivedData/ModuleCache.noindex -sdk-module-cache-path /Users/admin/builder/spi-builder-workspace/.derivedData/SDKExplicitPrecompiledModules -emit-dependencies -emit-module -emit-module-path /Users/admin/builder/spi-builder-workspace/.derivedData/Build/Intermediates.noindex/ZIPFoundation.build/Debug-appletvos/ZIPFoundation-t.build/Objects-normal/arm64/ZIPFoundation.swiftmodule -serialize-diagnostics -dependency-scan-serialize-diagnostics-path /Users/admin/builder/spi-builder-workspace/.derivedData/Build/Intermediates.noindex/ZIPFoundation.build/Debug-appletvos/ZIPFoundation-t.build/Objects-normal/arm64/ZIPFoundation-dependency-scan.dia -validate-clang-modules-once -clang-build-session-file /Users/admin/builder/spi-builder-workspace/.derivedData/ModuleCache.noindex/Session.modulevalidation -Xcc -fmodules-prune-interval\=86400 -Xcc -fmodules-prune-after\=345600 -package-name zipfoundation -emit-const-values -const-gather-protocols-list /Users/admin/builder/spi-builder-workspace/.derivedData/Build/Intermediates.noindex/ZIPFoundation.build/Debug-appletvos/ZIPFoundation-t.build/Objects-normal/arm64/ZIPFoundation_const_extract_protocols.json -Xcc -I/Users/admin/builder/spi-builder-workspace/.derivedData/Build/Products/Debug-appletvos/include -Xcc -I/Users/admin/builder/spi-builder-workspace/.derivedData/Build/Intermediates.noindex/ZIPFoundation.build/Debug-appletvos/ZIPFoundation-t.build/DerivedSources-normal/arm64 -Xcc -I/Users/admin/builder/spi-builder-workspace/.derivedData/Build/Intermediates.noindex/ZIPFoundation.build/Debug-appletvos/ZIPFoundation-t.build/DerivedSources/arm64 -Xcc -I/Users/admin/builder/spi-builder-workspace/.derivedData/Build/Intermediates.noindex/ZIPFoundation.build/Debug-appletvos/ZIPFoundation-t.build/DerivedSources -Xcc -DSWIFT_PACKAGE -Xcc -DDEBUG\=1 -emit-objc-header -emit-objc-header-path /Users/admin/builder/spi-builder-workspace/.derivedData/Build/Intermediates.noindex/ZIPFoundation.build/Debug-appletvos/ZIPFoundation-t.build/Objects-normal/arm64/ZIPFoundation-Swift.h -working-directory /Users/admin/builder/spi-builder-workspace/.swiftpm/xcode -experimental-emit-module-separately -disable-cmo
PruneExplicitPrecompiledModules /Users/admin/builder/spi-builder-workspace/.derivedData/Build/Intermediates.noindex/ExplicitPrecompiledModules
PruneExplicitPrecompiledModules /Users/admin/builder/spi-builder-workspace/.derivedData/Build/Intermediates.noindex/SwiftExplicitPrecompiledModules
PruneExplicitPrecompiledModules /Users/admin/builder/spi-builder-workspace/.derivedData/SDKExplicitPrecompiledModules
2026-09-21 11:35:10.202 xcodebuild[717:4697] [MT] IDERunDestination: Supported platforms for the buildables in the current scheme is empty.
** BUILD FAILED **
The following build commands failed:
SwiftDriver pixivswift normal arm64 com.apple.xcode.tools.swift.compiler (in target 'pixivswift' from project 'pixivswift')
Building workspace pixivswift with scheme pixivswift-Package
(2 failures)
BUILD FAILURE 6.4 tvOS