Build Information
Failed to build UPCBarcodeLookup, reference main (b7c00f), with Swift 6.1 for Wasm on 28 Sep 2026 02:17:28 UTC.
Build Command
bash -c docker run --pull=always --rm -v "checkouts-53886770-1":/host -w "$PWD" -e JAVA_HOME="/root/.sdkman/candidates/java/current" -e SPI_BUILD="1" -e SPI_PROCESSING="1" registry.gitlab.com/saguaro1/spi-images:wasm-6.1-latest swift build --swift-sdk wasm32-unknown-wasi 2>&1Build Log
========================================
RunAll
========================================
Builder version: 5.1.0
Interrupt handler set up.
========================================
Checkout
========================================
Clone URL: https://github.com/eansearch/UPCBarcodeLookup.git
Reference: main
Initialized empty Git repository in /host/spi-builder-workspace/.git/
hint: Using 'master' as the name for the initial branch. This default branch name
hint: is subject to change. To configure the initial branch name to use in all
hint: of your new repositories, which will suppress this warning, call:
hint:
hint: git config --global init.defaultBranch <name>
hint:
hint: Names commonly chosen instead of 'master' are 'main', 'trunk' and
hint: 'development'. The just-created branch can be renamed via this command:
hint:
hint: git branch -m <name>
From https://github.com/eansearch/UPCBarcodeLookup
* branch main -> FETCH_HEAD
* [new branch] main -> origin/main
HEAD is now at b7c00fe add lookup for ASIN and LCCN numbers, bug fixes
Cloned https://github.com/eansearch/UPCBarcodeLookup.git
Revision (git rev-parse @):
b7c00fecd15b115d508d9866a58e2a0483f57ba5
SUCCESS checkout https://github.com/eansearch/UPCBarcodeLookup.git at main
========================================
Build
========================================
Selected platform: wasm
Swift version: 6.1
Building package at path: $PWD
https://github.com/eansearch/UPCBarcodeLookup.git
https://github.com/eansearch/UPCBarcodeLookup.git
WARNING: environment variable SUPPRESS_SWIFT_6_FLAGS is not set
Running build ...
bash -c docker run --pull=always --rm -v "checkouts-53886770-1":/host -w "$PWD" -e JAVA_HOME="/root/.sdkman/candidates/java/current" -e SPI_BUILD="1" -e SPI_PROCESSING="1" registry.gitlab.com/saguaro1/spi-images:wasm-6.1-latest swift build --swift-sdk wasm32-unknown-wasi -Xswiftc -Xfrontend -Xswiftc -stats-output-dir -Xswiftc -Xfrontend -Xswiftc .stats -Xswiftc -strict-concurrency=complete -Xswiftc -enable-upcoming-feature -Xswiftc StrictConcurrency -Xswiftc -enable-upcoming-feature -Xswiftc DisableOutwardActorInference -Xswiftc -enable-upcoming-feature -Xswiftc GlobalActorIsolatedTypesUsability -Xswiftc -enable-upcoming-feature -Xswiftc InferSendableFromCaptures 2>&1
wasm-6.1-latest: Pulling from saguaro1/spi-images
Digest: sha256:beceeede496da67681f4fa220a6b97cc098a0178841a413735f598dc6bbaf4c8
Status: Image is up to date for registry.gitlab.com/saguaro1/spi-images:wasm-6.1-latest
Building for debugging...
[0/2] Write sources
[1/2] Write swift-version-24593BA9C3E375BF.txt
[3/9] Emitting module UPCBarcodeLookup
[4/9] Compiling UPCBarcodeLookup Languages.swift
[5/9] Compiling UPCBarcodeLookup Responses.swift
[6/9] Compiling UPCBarcodeLookup Product.swift
[7/9] Compiling UPCBarcodeLookup UPCLookupError.swift
[8/9] Compiling UPCBarcodeLookup ExtProduct.swift
[9/9] Compiling UPCBarcodeLookup UPCBarcodeLookup.swift
/host/spi-builder-workspace/Sources/UPCBarcodeLookup/UPCBarcodeLookup.swift:240:23: error: cannot find 'URLRequest' in scope
238 | @available(iOS 13, macOS 12, tvOS 13, watchOS 6, *)
239 | private func apiCall(url: URL, tries: Int = 1) async throws -> Data {
240 | var request = URLRequest(url: url)
| `- error: cannot find 'URLRequest' in scope
241 | request.setValue("swift-eansearch/1.0", forHTTPHeaderField: "User-Agent")
242 | let (data, response) = try await URLSession.shared.data(for: request)
/host/spi-builder-workspace/Sources/UPCBarcodeLookup/UPCBarcodeLookup.swift:242:53: error: type 'URLSession' (aka 'AnyObject') has no member 'shared'
240 | var request = URLRequest(url: url)
241 | request.setValue("swift-eansearch/1.0", forHTTPHeaderField: "User-Agent")
242 | let (data, response) = try await URLSession.shared.data(for: request)
| `- error: type 'URLSession' (aka 'AnyObject') has no member 'shared'
243 | if let httpResponse = response as? HTTPURLResponse {
244 | if httpResponse.statusCode == 429 && tries < self.MAX_API_TRIES {
/host/spi-builder-workspace/Sources/UPCBarcodeLookup/UPCBarcodeLookup.swift:250:62: error: cannot infer contextual base in reference to member 'whitespaces'
248 | // value(forHTTPHeaderField:) is case-insensitive, and an invalid value must not crash us
249 | if let rem = httpResponse.value(forHTTPHeaderField: "X-Credits-Remaining"),
250 | let credits = Int(rem.trimmingCharacters(in: .whitespaces)) {
| `- error: cannot infer contextual base in reference to member 'whitespaces'
251 | remaining = credits
252 | }
Running build ...
bash -c docker run --pull=always --rm -v "checkouts-53886770-1":/host -w "$PWD" -e JAVA_HOME="/root/.sdkman/candidates/java/current" -e SPI_BUILD="1" -e SPI_PROCESSING="1" registry.gitlab.com/saguaro1/spi-images:wasm-6.1-latest swift build --swift-sdk wasm32-unknown-wasi 2>&1
wasm-6.1-latest: Pulling from saguaro1/spi-images
Digest: sha256:beceeede496da67681f4fa220a6b97cc098a0178841a413735f598dc6bbaf4c8
Status: Image is up to date for registry.gitlab.com/saguaro1/spi-images:wasm-6.1-latest
[0/1] Planning build
Building for debugging...
[0/1] Write swift-version-24593BA9C3E375BF.txt
[2/8] Compiling UPCBarcodeLookup UPCLookupError.swift
[3/8] Emitting module UPCBarcodeLookup
[4/8] Compiling UPCBarcodeLookup Languages.swift
[5/8] Compiling UPCBarcodeLookup Product.swift
[6/8] Compiling UPCBarcodeLookup UPCBarcodeLookup.swift
/host/spi-builder-workspace/Sources/UPCBarcodeLookup/UPCBarcodeLookup.swift:240:23: error: cannot find 'URLRequest' in scope
238 | @available(iOS 13, macOS 12, tvOS 13, watchOS 6, *)
239 | private func apiCall(url: URL, tries: Int = 1) async throws -> Data {
240 | var request = URLRequest(url: url)
| `- error: cannot find 'URLRequest' in scope
241 | request.setValue("swift-eansearch/1.0", forHTTPHeaderField: "User-Agent")
242 | let (data, response) = try await URLSession.shared.data(for: request)
/host/spi-builder-workspace/Sources/UPCBarcodeLookup/UPCBarcodeLookup.swift:242:53: error: type 'URLSession' (aka 'AnyObject') has no member 'shared'
240 | var request = URLRequest(url: url)
241 | request.setValue("swift-eansearch/1.0", forHTTPHeaderField: "User-Agent")
242 | let (data, response) = try await URLSession.shared.data(for: request)
| `- error: type 'URLSession' (aka 'AnyObject') has no member 'shared'
243 | if let httpResponse = response as? HTTPURLResponse {
244 | if httpResponse.statusCode == 429 && tries < self.MAX_API_TRIES {
/host/spi-builder-workspace/Sources/UPCBarcodeLookup/UPCBarcodeLookup.swift:250:62: error: cannot infer contextual base in reference to member 'whitespaces'
248 | // value(forHTTPHeaderField:) is case-insensitive, and an invalid value must not crash us
249 | if let rem = httpResponse.value(forHTTPHeaderField: "X-Credits-Remaining"),
250 | let credits = Int(rem.trimmingCharacters(in: .whitespaces)) {
| `- error: cannot infer contextual base in reference to member 'whitespaces'
251 | remaining = credits
252 | }
[7/8] Compiling UPCBarcodeLookup ExtProduct.swift
[8/8] Compiling UPCBarcodeLookup Responses.swift
BUILD FAILURE 6.1 wasm