The Swift Package Index logo.Swift Package Index

Build Information

Failed to build TableCellConfigurator, reference 1.0.1 (10a242), with Swift 6.3 for watchOS using Xcode 26.4 on 11 Aug 2026 18:42:33 UTC.

Build Command

env DEVELOPER_DIR=/Applications/Xcode-26.4.0.app xcrun xcodebuild -IDEClonedSourcePackagesDirPathOverride=$PWD/.dependencies -skipMacroValidation -skipPackagePluginValidation -derivedDataPath $PWD/.derivedData build -scheme TableCellConfigurator -destination generic/platform=watchOS

Build Log

========================================
RunAll
========================================
Builder version: undefined version: run 'make version' to update
Interrupt handler set up.
========================================
Checkout
========================================
Clone URL: https://github.com/moslienko/TableCellConfigurator.git
Reference: 1.0.1
Initialized empty Git repository in /Users/admin/builder/spi-builder-workspace/.git/
From https://github.com/moslienko/TableCellConfigurator
 * tag               1.0.1      -> FETCH_HEAD
HEAD is now at 10a2425 Merge pull request #2 from moslienko/develop
Cloned https://github.com/moslienko/TableCellConfigurator.git
Revision (git rev-parse @):
10a24255be54dab0ce6912ad1d38c55bbfe86c20
SUCCESS checkout https://github.com/moslienko/TableCellConfigurator.git at 1.0.1
========================================
Build
========================================
Selected platform:         watchOS
Swift version:             6.3
Building package at path:  $PWD
https://github.com/moslienko/TableCellConfigurator.git
Command line invocation:
    /Applications/Xcode-26.4.0.app/Contents/Developer/usr/bin/xcodebuild -IDEClonedSourcePackagesDirPathOverride=/Users/admin/builder/spi-builder-workspace/.dependencies -resolvePackageDependencies
Resolve Package Graph
Fetching from https://github.com/moslienko/AppViewUtilits.git
Creating working copy of package ‘AppViewUtilits’
Checking out 1.3.1 of package ‘AppViewUtilits’
Resolved source packages:
  AppViewUtilits: https://github.com/moslienko/AppViewUtilits.git @ 1.3.1
resolved source packages: AppViewUtilits
{
  "dependencies" : [
    {
      "identity" : "appviewutilits",
      "requirement" : {
        "range" : [
          {
            "lower_bound" : "1.2.5",
            "upper_bound" : "2.0.0"
          }
        ]
      },
      "type" : "sourceControl",
      "url" : "https://github.com/moslienko/AppViewUtilits.git"
    }
  ],
  "manifest_display_name" : "TableCellConfigurator",
  "name" : "TableCellConfigurator",
  "path" : "/Users/admin/builder/spi-builder-workspace",
  "platforms" : [
    {
      "name" : "ios",
      "version" : "14.0"
    }
  ],
  "products" : [
    {
      "name" : "TableCellConfigurator",
      "targets" : [
        "TableCellConfigurator"
      ],
      "type" : {
        "library" : [
          "automatic"
        ]
      }
    }
  ],
  "targets" : [
    {
      "c99name" : "TableCellConfiguratorTests",
      "module_type" : "SwiftTarget",
      "name" : "TableCellConfiguratorTests",
      "path" : "Tests",
      "sources" : [
        "LinuxMain.swift",
        "TableCellConfiguratorTests.swift"
      ],
      "target_dependencies" : [
        "TableCellConfigurator"
      ],
      "type" : "test"
    },
    {
      "c99name" : "TableCellConfigurator",
      "module_type" : "SwiftTarget",
      "name" : "TableCellConfigurator",
      "path" : "Sources",
      "product_dependencies" : [
        "AppViewUtilits"
      ],
      "product_memberships" : [
        "TableCellConfigurator"
      ],
      "sources" : [
        "TableCellConfigurator/CellActionButtonStyle.swift",
        "TableCellConfigurator/CellType.swift",
        "TableCellConfigurator/InputCell/InputCell.swift",
        "TableCellConfigurator/InputCell/InputCellModel.swift",
        "TableCellConfigurator/InputCell/InputCellOptions.swift",
        "TableCellConfigurator/RegularCell/RegularCell.swift",
        "TableCellConfigurator/RegularCell/RegularCellModel.swift",
        "TableCellConfigurator/RegularCell/RegularCellOptions.swift",
        "TableCellConfigurator/TableCellConfigurator.swift"
      ],
      "type" : "library"
    }
  ],
  "tools_version" : "5.3"
}
{
  "project" : {
    "configurations" : [
      "Debug",
      "Release"
    ],
    "name" : "TableCellConfigurator",
    "schemes" : [
      "Example",
      "TableCellConfigurator-iOS",
      "TableCellConfigurator-macOS",
      "TableCellConfigurator-tvOS",
      "TableCellConfigurator-watchOS"
    ],
    "targets" : [
      "TableCellConfigurator-iOS",
      "TableCellConfigurator-tvOS",
      "TableCellConfigurator-watchOS",
      "TableCellConfigurator-macOS",
      "TableCellConfigurator-iOSTests",
      "TableCellConfigurator-tvOSTests",
      "TableCellConfigurator-macOSTests",
      "Example"
    ]
  }
}
{
  "workspace" : {
    "name" : "spi-builder-workspace",
    "schemes" : [
      "TableCellConfigurator"
    ]
  }
}
2026-08-11 14:42:22.377 xcodebuild[757:4695] [MT] IDERunDestination: Supported platforms for the buildables in the current scheme is empty.
Running build ...
env DEVELOPER_DIR=/Applications/Xcode-26.4.0.app xcrun xcodebuild -IDEClonedSourcePackagesDirPathOverride=$PWD/.dependencies -skipMacroValidation -skipPackagePluginValidation -derivedDataPath $PWD/.derivedData build -scheme TableCellConfigurator -destination generic/platform=watchOS
Command line invocation:
    /Applications/Xcode-26.4.0.app/Contents/Developer/usr/bin/xcodebuild -IDEClonedSourcePackagesDirPathOverride=/Users/admin/builder/spi-builder-workspace/.dependencies -skipMacroValidation -skipPackagePluginValidation -derivedDataPath /Users/admin/builder/spi-builder-workspace/.derivedData build -scheme TableCellConfigurator -destination generic/platform=watchOS
Resolve Package Graph
Resolve Package Graph
Resolved source packages:
  TableCellConfigurator: /Users/admin/builder/spi-builder-workspace
  AppViewUtilits: https://github.com/moslienko/AppViewUtilits.git @ 1.3.1
ComputePackagePrebuildTargetDependencyGraph
Prepare packages
CreateBuildRequest
SendProjectDescription
CreateBuildOperation
ComputeTargetDependencyGraph
note: Building targets in dependency order
note: Target dependency graph (4 targets)
    Target 'TableCellConfigurator' in project 'TableCellConfigurator'
        ➜ Explicit dependency on target 'TableCellConfigurator' in project 'TableCellConfigurator'
        ➜ Explicit dependency on target 'AppViewUtilits' in project 'AppViewUtilits'
    Target 'TableCellConfigurator' in project 'TableCellConfigurator'
        ➜ Explicit dependency on target 'AppViewUtilits' in project 'AppViewUtilits'
    Target 'AppViewUtilits' in project 'AppViewUtilits'
        ➜ Explicit dependency on target 'AppViewUtilits' in project 'AppViewUtilits'
    Target 'AppViewUtilits' in project 'AppViewUtilits' (no dependencies)
GatherProvisioningInputs
CreateBuildDescription
ExecuteExternalTool /Applications/Xcode-26.4.0.app/Contents/Developer/Toolchains/XcodeDefault.xctoolchain/usr/bin/clang -v -E -dM -isysroot /Applications/Xcode-26.4.0.app/Contents/Developer/Platforms/WatchOS.platform/Developer/SDKs/WatchOS26.4.sdk -x c -c /dev/null
ExecuteExternalTool /Applications/Xcode-26.4.0.app/Contents/Developer/Toolchains/XcodeDefault.xctoolchain/usr/bin/swiftc --version
ExecuteExternalTool /Applications/Xcode-26.4.0.app/Contents/Developer/Toolchains/XcodeDefault.xctoolchain/usr/bin/ld -version_details
Build description signature: 760201a3cd537352c7a3dc7679780f78
Build description path: /Users/admin/builder/spi-builder-workspace/.derivedData/Build/Intermediates.noindex/XCBuildData/760201a3cd537352c7a3dc7679780f78.xcbuilddata
ClangStatCache /Applications/Xcode-26.4.0.app/Contents/Developer/Toolchains/XcodeDefault.xctoolchain/usr/bin/clang-stat-cache /Applications/Xcode-26.4.0.app/Contents/Developer/Platforms/WatchOS.platform/Developer/SDKs/WatchOS26.4.sdk /Users/admin/builder/spi-builder-workspace/.derivedData/SDKStatCaches.noindex/watchos26.4-23T238-688ef53f1462e2c8f657fdc38a81448f9e51884a582f42380855760c9d4cc599.sdkstatcache
    cd /Users/admin/builder/spi-builder-workspace/.swiftpm/xcode
    /Applications/Xcode-26.4.0.app/Contents/Developer/Toolchains/XcodeDefault.xctoolchain/usr/bin/clang-stat-cache /Applications/Xcode-26.4.0.app/Contents/Developer/Platforms/WatchOS.platform/Developer/SDKs/WatchOS26.4.sdk -o /Users/admin/builder/spi-builder-workspace/.derivedData/SDKStatCaches.noindex/watchos26.4-23T238-688ef53f1462e2c8f657fdc38a81448f9e51884a582f42380855760c9d4cc599.sdkstatcache
CreateBuildDirectory /Users/admin/builder/spi-builder-workspace/.derivedData/Build/Intermediates.noindex
    cd /Users/admin/builder/spi-builder-workspace/.swiftpm/xcode
    builtin-create-build-directory /Users/admin/builder/spi-builder-workspace/.derivedData/Build/Intermediates.noindex
CreateBuildDirectory /Users/admin/builder/spi-builder-workspace/.derivedData/Build/Products
    cd /Users/admin/builder/spi-builder-workspace/.swiftpm/xcode
    builtin-create-build-directory /Users/admin/builder/spi-builder-workspace/.derivedData/Build/Products
CreateBuildDirectory /Users/admin/builder/spi-builder-workspace/.derivedData/Build/Intermediates.noindex/SwiftExplicitPrecompiledModules
    cd /Users/admin/builder/spi-builder-workspace/.swiftpm/xcode
    builtin-create-build-directory /Users/admin/builder/spi-builder-workspace/.derivedData/Build/Intermediates.noindex/SwiftExplicitPrecompiledModules
CreateBuildDirectory /Users/admin/builder/spi-builder-workspace/.derivedData/Build/Intermediates.noindex/ExplicitPrecompiledModules
    cd /Users/admin/builder/spi-builder-workspace/.swiftpm/xcode
    builtin-create-build-directory /Users/admin/builder/spi-builder-workspace/.derivedData/Build/Intermediates.noindex/ExplicitPrecompiledModules
CreateBuildDirectory /Users/admin/builder/spi-builder-workspace/.derivedData/Build/Products/Debug-watchos
    cd /Users/admin/builder/spi-builder-workspace/.swiftpm/xcode
    builtin-create-build-directory /Users/admin/builder/spi-builder-workspace/.derivedData/Build/Products/Debug-watchos
CreateBuildDirectory /Users/admin/builder/spi-builder-workspace/.derivedData/Build/Intermediates.noindex/EagerLinkingTBDs/Debug-watchos
    cd /Users/admin/builder/spi-builder-workspace/.swiftpm/xcode
    builtin-create-build-directory /Users/admin/builder/spi-builder-workspace/.derivedData/Build/Intermediates.noindex/EagerLinkingTBDs/Debug-watchos
CreateBuildDirectory /Users/admin/builder/spi-builder-workspace/.derivedData/Build/Products/Debug-watchos/PackageFrameworks
    cd /Users/admin/builder/spi-builder-workspace/.swiftpm/xcode
    builtin-create-build-directory /Users/admin/builder/spi-builder-workspace/.derivedData/Build/Products/Debug-watchos/PackageFrameworks
WriteAuxiliaryFile /Users/admin/builder/spi-builder-workspace/.derivedData/Build/Intermediates.noindex/TableCellConfigurator.build/Debug-watchos/TableCellConfigurator.build/TableCellConfigurator.DependencyStaticMetadataFileList (in target 'TableCellConfigurator' from project 'TableCellConfigurator')
    cd /Users/admin/builder/spi-builder-workspace
    write-file /Users/admin/builder/spi-builder-workspace/.derivedData/Build/Intermediates.noindex/TableCellConfigurator.build/Debug-watchos/TableCellConfigurator.build/TableCellConfigurator.DependencyStaticMetadataFileList
WriteAuxiliaryFile /Users/admin/builder/spi-builder-workspace/.derivedData/Build/Intermediates.noindex/TableCellConfigurator.build/Debug-watchos/TableCellConfigurator.build/TableCellConfigurator.modulemap (in target 'TableCellConfigurator' from project 'TableCellConfigurator')
    cd /Users/admin/builder/spi-builder-workspace
    write-file /Users/admin/builder/spi-builder-workspace/.derivedData/Build/Intermediates.noindex/TableCellConfigurator.build/Debug-watchos/TableCellConfigurator.build/TableCellConfigurator.modulemap
WriteAuxiliaryFile /Users/admin/builder/spi-builder-workspace/.derivedData/Build/Intermediates.noindex/TableCellConfigurator.build/Debug-watchos/TableCellConfigurator.build/Objects-normal/armv7k/TableCellConfigurator.SwiftFileList (in target 'TableCellConfigurator' from project 'TableCellConfigurator')
    cd /Users/admin/builder/spi-builder-workspace
    write-file /Users/admin/builder/spi-builder-workspace/.derivedData/Build/Intermediates.noindex/TableCellConfigurator.build/Debug-watchos/TableCellConfigurator.build/Objects-normal/armv7k/TableCellConfigurator.SwiftFileList
WriteAuxiliaryFile /Users/admin/builder/spi-builder-workspace/.derivedData/Build/Intermediates.noindex/TableCellConfigurator.build/Debug-watchos/TableCellConfigurator.build/Objects-normal/armv7k/TableCellConfigurator_const_extract_protocols.json (in target 'TableCellConfigurator' from project 'TableCellConfigurator')
    cd /Users/admin/builder/spi-builder-workspace
    write-file /Users/admin/builder/spi-builder-workspace/.derivedData/Build/Intermediates.noindex/TableCellConfigurator.build/Debug-watchos/TableCellConfigurator.build/Objects-normal/armv7k/TableCellConfigurator_const_extract_protocols.json
WriteAuxiliaryFile /Users/admin/builder/spi-builder-workspace/.derivedData/Build/Intermediates.noindex/TableCellConfigurator.build/Debug-watchos/TableCellConfigurator.build/Objects-normal/armv7k/TableCellConfigurator-OutputFileMap.json (in target 'TableCellConfigurator' from project 'TableCellConfigurator')
    cd /Users/admin/builder/spi-builder-workspace
    write-file /Users/admin/builder/spi-builder-workspace/.derivedData/Build/Intermediates.noindex/TableCellConfigurator.build/Debug-watchos/TableCellConfigurator.build/Objects-normal/armv7k/TableCellConfigurator-OutputFileMap.json
WriteAuxiliaryFile /Users/admin/builder/spi-builder-workspace/.derivedData/Build/Intermediates.noindex/TableCellConfigurator.build/Debug-watchos/TableCellConfigurator.build/Objects-normal/armv7k/TableCellConfigurator.SwiftConstValuesFileList (in target 'TableCellConfigurator' from project 'TableCellConfigurator')
    cd /Users/admin/builder/spi-builder-workspace
    write-file /Users/admin/builder/spi-builder-workspace/.derivedData/Build/Intermediates.noindex/TableCellConfigurator.build/Debug-watchos/TableCellConfigurator.build/Objects-normal/armv7k/TableCellConfigurator.SwiftConstValuesFileList
WriteAuxiliaryFile /Users/admin/builder/spi-builder-workspace/.derivedData/Build/Intermediates.noindex/TableCellConfigurator.build/Debug-watchos/TableCellConfigurator.build/Objects-normal/arm64_32/TableCellConfigurator-OutputFileMap.json (in target 'TableCellConfigurator' from project 'TableCellConfigurator')
    cd /Users/admin/builder/spi-builder-workspace
    write-file /Users/admin/builder/spi-builder-workspace/.derivedData/Build/Intermediates.noindex/TableCellConfigurator.build/Debug-watchos/TableCellConfigurator.build/Objects-normal/arm64_32/TableCellConfigurator-OutputFileMap.json
WriteAuxiliaryFile /Users/admin/builder/spi-builder-workspace/.derivedData/Build/Intermediates.noindex/TableCellConfigurator.build/Debug-watchos/TableCellConfigurator.build/Objects-normal/arm64_32/TableCellConfigurator_const_extract_protocols.json (in target 'TableCellConfigurator' from project 'TableCellConfigurator')
    cd /Users/admin/builder/spi-builder-workspace
    write-file /Users/admin/builder/spi-builder-workspace/.derivedData/Build/Intermediates.noindex/TableCellConfigurator.build/Debug-watchos/TableCellConfigurator.build/Objects-normal/arm64_32/TableCellConfigurator_const_extract_protocols.json
WriteAuxiliaryFile /Users/admin/builder/spi-builder-workspace/.derivedData/Build/Intermediates.noindex/TableCellConfigurator.build/Debug-watchos/TableCellConfigurator.build/TableCellConfigurator.DependencyMetadataFileList (in target 'TableCellConfigurator' from project 'TableCellConfigurator')
    cd /Users/admin/builder/spi-builder-workspace
    write-file /Users/admin/builder/spi-builder-workspace/.derivedData/Build/Intermediates.noindex/TableCellConfigurator.build/Debug-watchos/TableCellConfigurator.build/TableCellConfigurator.DependencyMetadataFileList
WriteAuxiliaryFile /Users/admin/builder/spi-builder-workspace/.derivedData/Build/Intermediates.noindex/TableCellConfigurator.build/Debug-watchos/TableCellConfigurator.build/Objects-normal/armv7k/TableCellConfigurator.LinkFileList (in target 'TableCellConfigurator' from project 'TableCellConfigurator')
    cd /Users/admin/builder/spi-builder-workspace
    write-file /Users/admin/builder/spi-builder-workspace/.derivedData/Build/Intermediates.noindex/TableCellConfigurator.build/Debug-watchos/TableCellConfigurator.build/Objects-normal/armv7k/TableCellConfigurator.LinkFileList
WriteAuxiliaryFile /Users/admin/builder/spi-builder-workspace/.derivedData/Build/Intermediates.noindex/TableCellConfigurator.build/Debug-watchos/TableCellConfigurator.build/Objects-normal/arm64_32/TableCellConfigurator.SwiftFileList (in target 'TableCellConfigurator' from project 'TableCellConfigurator')
    cd /Users/admin/builder/spi-builder-workspace
    write-file /Users/admin/builder/spi-builder-workspace/.derivedData/Build/Intermediates.noindex/TableCellConfigurator.build/Debug-watchos/TableCellConfigurator.build/Objects-normal/arm64_32/TableCellConfigurator.SwiftFileList
WriteAuxiliaryFile /Users/admin/builder/spi-builder-workspace/.derivedData/Build/Intermediates.noindex/TableCellConfigurator.build/Debug-watchos/TableCellConfigurator.build/Objects-normal/arm64_32/TableCellConfigurator.SwiftConstValuesFileList (in target 'TableCellConfigurator' from project 'TableCellConfigurator')
    cd /Users/admin/builder/spi-builder-workspace
    write-file /Users/admin/builder/spi-builder-workspace/.derivedData/Build/Intermediates.noindex/TableCellConfigurator.build/Debug-watchos/TableCellConfigurator.build/Objects-normal/arm64_32/TableCellConfigurator.SwiftConstValuesFileList
WriteAuxiliaryFile /Users/admin/builder/spi-builder-workspace/.derivedData/Build/Intermediates.noindex/TableCellConfigurator.build/Debug-watchos/TableCellConfigurator.build/Objects-normal/arm64_32/TableCellConfigurator.LinkFileList (in target 'TableCellConfigurator' from project 'TableCellConfigurator')
    cd /Users/admin/builder/spi-builder-workspace
    write-file /Users/admin/builder/spi-builder-workspace/.derivedData/Build/Intermediates.noindex/TableCellConfigurator.build/Debug-watchos/TableCellConfigurator.build/Objects-normal/arm64_32/TableCellConfigurator.LinkFileList
WriteAuxiliaryFile /Users/admin/builder/spi-builder-workspace/.derivedData/Build/Intermediates.noindex/TableCellConfigurator.build/Debug-watchos/TableCellConfigurator.build/Objects-normal/arm64/TableCellConfigurator_const_extract_protocols.json (in target 'TableCellConfigurator' from project 'TableCellConfigurator')
    cd /Users/admin/builder/spi-builder-workspace
    write-file /Users/admin/builder/spi-builder-workspace/.derivedData/Build/Intermediates.noindex/TableCellConfigurator.build/Debug-watchos/TableCellConfigurator.build/Objects-normal/arm64/TableCellConfigurator_const_extract_protocols.json
WriteAuxiliaryFile /Users/admin/builder/spi-builder-workspace/.derivedData/Build/Intermediates.noindex/TableCellConfigurator.build/Debug-watchos/TableCellConfigurator.build/Objects-normal/arm64/TableCellConfigurator.SwiftFileList (in target 'TableCellConfigurator' from project 'TableCellConfigurator')
    cd /Users/admin/builder/spi-builder-workspace
    write-file /Users/admin/builder/spi-builder-workspace/.derivedData/Build/Intermediates.noindex/TableCellConfigurator.build/Debug-watchos/TableCellConfigurator.build/Objects-normal/arm64/TableCellConfigurator.SwiftFileList
WriteAuxiliaryFile /Users/admin/builder/spi-builder-workspace/.derivedData/Build/Intermediates.noindex/TableCellConfigurator.build/Debug-watchos/TableCellConfigurator.build/Objects-normal/arm64/TableCellConfigurator.SwiftConstValuesFileList (in target 'TableCellConfigurator' from project 'TableCellConfigurator')
    cd /Users/admin/builder/spi-builder-workspace
    write-file /Users/admin/builder/spi-builder-workspace/.derivedData/Build/Intermediates.noindex/TableCellConfigurator.build/Debug-watchos/TableCellConfigurator.build/Objects-normal/arm64/TableCellConfigurator.SwiftConstValuesFileList
WriteAuxiliaryFile /Users/admin/builder/spi-builder-workspace/.derivedData/Build/Intermediates.noindex/TableCellConfigurator.build/Debug-watchos/TableCellConfigurator.build/Objects-normal/arm64/TableCellConfigurator.LinkFileList (in target 'TableCellConfigurator' from project 'TableCellConfigurator')
    cd /Users/admin/builder/spi-builder-workspace
    write-file /Users/admin/builder/spi-builder-workspace/.derivedData/Build/Intermediates.noindex/TableCellConfigurator.build/Debug-watchos/TableCellConfigurator.build/Objects-normal/arm64/TableCellConfigurator.LinkFileList
WriteAuxiliaryFile /Users/admin/builder/spi-builder-workspace/.derivedData/Build/Intermediates.noindex/TableCellConfigurator.build/Debug-watchos/TableCellConfigurator.build/Objects-normal/arm64/TableCellConfigurator-OutputFileMap.json (in target 'TableCellConfigurator' from project 'TableCellConfigurator')
    cd /Users/admin/builder/spi-builder-workspace
    write-file /Users/admin/builder/spi-builder-workspace/.derivedData/Build/Intermediates.noindex/TableCellConfigurator.build/Debug-watchos/TableCellConfigurator.build/Objects-normal/arm64/TableCellConfigurator-OutputFileMap.json
Copy /Users/admin/builder/spi-builder-workspace/.derivedData/Build/Intermediates.noindex/GeneratedModuleMaps-watchos/TableCellConfigurator.modulemap /Users/admin/builder/spi-builder-workspace/.derivedData/Build/Intermediates.noindex/TableCellConfigurator.build/Debug-watchos/TableCellConfigurator.build/TableCellConfigurator.modulemap (in target 'TableCellConfigurator' from project 'TableCellConfigurator')
    cd /Users/admin/builder/spi-builder-workspace
    builtin-copy -exclude .DS_Store -exclude CVS -exclude .svn -exclude .git -exclude .hg -resolve-src-symlinks /Users/admin/builder/spi-builder-workspace/.derivedData/Build/Intermediates.noindex/TableCellConfigurator.build/Debug-watchos/TableCellConfigurator.build/TableCellConfigurator.modulemap /Users/admin/builder/spi-builder-workspace/.derivedData/Build/Intermediates.noindex/GeneratedModuleMaps-watchos
WriteAuxiliaryFile /Users/admin/builder/spi-builder-workspace/.derivedData/Build/Intermediates.noindex/AppViewUtilits.build/Debug-watchos/AppViewUtilits.build/Objects-normal/armv7k/AppViewUtilits.LinkFileList (in target 'AppViewUtilits' from project 'AppViewUtilits')
    cd /Users/admin/builder/spi-builder-workspace/.dependencies/checkouts/AppViewUtilits
    write-file /Users/admin/builder/spi-builder-workspace/.derivedData/Build/Intermediates.noindex/AppViewUtilits.build/Debug-watchos/AppViewUtilits.build/Objects-normal/armv7k/AppViewUtilits.LinkFileList
WriteAuxiliaryFile /Users/admin/builder/spi-builder-workspace/.derivedData/Build/Intermediates.noindex/AppViewUtilits.build/Debug-watchos/AppViewUtilits.build/Objects-normal/armv7k/AppViewUtilits_const_extract_protocols.json (in target 'AppViewUtilits' from project 'AppViewUtilits')
    cd /Users/admin/builder/spi-builder-workspace/.dependencies/checkouts/AppViewUtilits
    write-file /Users/admin/builder/spi-builder-workspace/.derivedData/Build/Intermediates.noindex/AppViewUtilits.build/Debug-watchos/AppViewUtilits.build/Objects-normal/armv7k/AppViewUtilits_const_extract_protocols.json
WriteAuxiliaryFile /Users/admin/builder/spi-builder-workspace/.derivedData/Build/Intermediates.noindex/AppViewUtilits.build/Debug-watchos/AppViewUtilits.build/Objects-normal/armv7k/AppViewUtilits.SwiftConstValuesFileList (in target 'AppViewUtilits' from project 'AppViewUtilits')
    cd /Users/admin/builder/spi-builder-workspace/.dependencies/checkouts/AppViewUtilits
    write-file /Users/admin/builder/spi-builder-workspace/.derivedData/Build/Intermediates.noindex/AppViewUtilits.build/Debug-watchos/AppViewUtilits.build/Objects-normal/armv7k/AppViewUtilits.SwiftConstValuesFileList
WriteAuxiliaryFile /Users/admin/builder/spi-builder-workspace/.derivedData/Build/Intermediates.noindex/AppViewUtilits.build/Debug-watchos/AppViewUtilits.build/Objects-normal/armv7k/AppViewUtilits.SwiftFileList (in target 'AppViewUtilits' from project 'AppViewUtilits')
    cd /Users/admin/builder/spi-builder-workspace/.dependencies/checkouts/AppViewUtilits
    write-file /Users/admin/builder/spi-builder-workspace/.derivedData/Build/Intermediates.noindex/AppViewUtilits.build/Debug-watchos/AppViewUtilits.build/Objects-normal/armv7k/AppViewUtilits.SwiftFileList
WriteAuxiliaryFile /Users/admin/builder/spi-builder-workspace/.derivedData/Build/Intermediates.noindex/AppViewUtilits.build/Debug-watchos/AppViewUtilits.build/Objects-normal/armv7k/AppViewUtilits-OutputFileMap.json (in target 'AppViewUtilits' from project 'AppViewUtilits')
    cd /Users/admin/builder/spi-builder-workspace/.dependencies/checkouts/AppViewUtilits
    write-file /Users/admin/builder/spi-builder-workspace/.derivedData/Build/Intermediates.noindex/AppViewUtilits.build/Debug-watchos/AppViewUtilits.build/Objects-normal/armv7k/AppViewUtilits-OutputFileMap.json
WriteAuxiliaryFile /Users/admin/builder/spi-builder-workspace/.derivedData/Build/Intermediates.noindex/AppViewUtilits.build/Debug-watchos/AppViewUtilits.build/Objects-normal/arm64_32/AppViewUtilits.SwiftFileList (in target 'AppViewUtilits' from project 'AppViewUtilits')
    cd /Users/admin/builder/spi-builder-workspace/.dependencies/checkouts/AppViewUtilits
    write-file /Users/admin/builder/spi-builder-workspace/.derivedData/Build/Intermediates.noindex/AppViewUtilits.build/Debug-watchos/AppViewUtilits.build/Objects-normal/arm64_32/AppViewUtilits.SwiftFileList
WriteAuxiliaryFile /Users/admin/builder/spi-builder-workspace/.derivedData/Build/Intermediates.noindex/AppViewUtilits.build/Debug-watchos/AppViewUtilits.build/Objects-normal/arm64_32/AppViewUtilits_const_extract_protocols.json (in target 'AppViewUtilits' from project 'AppViewUtilits')
    cd /Users/admin/builder/spi-builder-workspace/.dependencies/checkouts/AppViewUtilits
    write-file /Users/admin/builder/spi-builder-workspace/.derivedData/Build/Intermediates.noindex/AppViewUtilits.build/Debug-watchos/AppViewUtilits.build/Objects-normal/arm64_32/AppViewUtilits_const_extract_protocols.json
WriteAuxiliaryFile /Users/admin/builder/spi-builder-workspace/.derivedData/Build/Intermediates.noindex/AppViewUtilits.build/Debug-watchos/AppViewUtilits.build/Objects-normal/arm64_32/AppViewUtilits.SwiftConstValuesFileList (in target 'AppViewUtilits' from project 'AppViewUtilits')
    cd /Users/admin/builder/spi-builder-workspace/.dependencies/checkouts/AppViewUtilits
    write-file /Users/admin/builder/spi-builder-workspace/.derivedData/Build/Intermediates.noindex/AppViewUtilits.build/Debug-watchos/AppViewUtilits.build/Objects-normal/arm64_32/AppViewUtilits.SwiftConstValuesFileList
WriteAuxiliaryFile /Users/admin/builder/spi-builder-workspace/.derivedData/Build/Intermediates.noindex/AppViewUtilits.build/Debug-watchos/AppViewUtilits.build/Objects-normal/arm64_32/AppViewUtilits.LinkFileList (in target 'AppViewUtilits' from project 'AppViewUtilits')
    cd /Users/admin/builder/spi-builder-workspace/.dependencies/checkouts/AppViewUtilits
    write-file /Users/admin/builder/spi-builder-workspace/.derivedData/Build/Intermediates.noindex/AppViewUtilits.build/Debug-watchos/AppViewUtilits.build/Objects-normal/arm64_32/AppViewUtilits.LinkFileList
WriteAuxiliaryFile /Users/admin/builder/spi-builder-workspace/.derivedData/Build/Intermediates.noindex/AppViewUtilits.build/Debug-watchos/AppViewUtilits.build/Objects-normal/arm64_32/AppViewUtilits-OutputFileMap.json (in target 'AppViewUtilits' from project 'AppViewUtilits')
    cd /Users/admin/builder/spi-builder-workspace/.dependencies/checkouts/AppViewUtilits
    write-file /Users/admin/builder/spi-builder-workspace/.derivedData/Build/Intermediates.noindex/AppViewUtilits.build/Debug-watchos/AppViewUtilits.build/Objects-normal/arm64_32/AppViewUtilits-OutputFileMap.json
WriteAuxiliaryFile /Users/admin/builder/spi-builder-workspace/.derivedData/Build/Intermediates.noindex/AppViewUtilits.build/Debug-watchos/AppViewUtilits.build/Objects-normal/arm64/AppViewUtilits.SwiftConstValuesFileList (in target 'AppViewUtilits' from project 'AppViewUtilits')
    cd /Users/admin/builder/spi-builder-workspace/.dependencies/checkouts/AppViewUtilits
    write-file /Users/admin/builder/spi-builder-workspace/.derivedData/Build/Intermediates.noindex/AppViewUtilits.build/Debug-watchos/AppViewUtilits.build/Objects-normal/arm64/AppViewUtilits.SwiftConstValuesFileList
WriteAuxiliaryFile /Users/admin/builder/spi-builder-workspace/.derivedData/Build/Intermediates.noindex/AppViewUtilits.build/Debug-watchos/AppViewUtilits.build/Objects-normal/arm64/AppViewUtilits.SwiftFileList (in target 'AppViewUtilits' from project 'AppViewUtilits')
    cd /Users/admin/builder/spi-builder-workspace/.dependencies/checkouts/AppViewUtilits
    write-file /Users/admin/builder/spi-builder-workspace/.derivedData/Build/Intermediates.noindex/AppViewUtilits.build/Debug-watchos/AppViewUtilits.build/Objects-normal/arm64/AppViewUtilits.SwiftFileList
WriteAuxiliaryFile /Users/admin/builder/spi-builder-workspace/.derivedData/Build/Intermediates.noindex/AppViewUtilits.build/Debug-watchos/AppViewUtilits.build/Objects-normal/arm64/AppViewUtilits_const_extract_protocols.json (in target 'AppViewUtilits' from project 'AppViewUtilits')
    cd /Users/admin/builder/spi-builder-workspace/.dependencies/checkouts/AppViewUtilits
    write-file /Users/admin/builder/spi-builder-workspace/.derivedData/Build/Intermediates.noindex/AppViewUtilits.build/Debug-watchos/AppViewUtilits.build/Objects-normal/arm64/AppViewUtilits_const_extract_protocols.json
WriteAuxiliaryFile /Users/admin/builder/spi-builder-workspace/.derivedData/Build/Intermediates.noindex/AppViewUtilits.build/Debug-watchos/AppViewUtilits.build/Objects-normal/arm64/AppViewUtilits.LinkFileList (in target 'AppViewUtilits' from project 'AppViewUtilits')
    cd /Users/admin/builder/spi-builder-workspace/.dependencies/checkouts/AppViewUtilits
    write-file /Users/admin/builder/spi-builder-workspace/.derivedData/Build/Intermediates.noindex/AppViewUtilits.build/Debug-watchos/AppViewUtilits.build/Objects-normal/arm64/AppViewUtilits.LinkFileList
WriteAuxiliaryFile /Users/admin/builder/spi-builder-workspace/.derivedData/Build/Intermediates.noindex/AppViewUtilits.build/Debug-watchos/AppViewUtilits.build/Objects-normal/arm64/AppViewUtilits-OutputFileMap.json (in target 'AppViewUtilits' from project 'AppViewUtilits')
    cd /Users/admin/builder/spi-builder-workspace/.dependencies/checkouts/AppViewUtilits
    write-file /Users/admin/builder/spi-builder-workspace/.derivedData/Build/Intermediates.noindex/AppViewUtilits.build/Debug-watchos/AppViewUtilits.build/Objects-normal/arm64/AppViewUtilits-OutputFileMap.json
WriteAuxiliaryFile /Users/admin/builder/spi-builder-workspace/.derivedData/Build/Intermediates.noindex/AppViewUtilits.build/Debug-watchos/AppViewUtilits.build/AppViewUtilits.modulemap (in target 'AppViewUtilits' from project 'AppViewUtilits')
    cd /Users/admin/builder/spi-builder-workspace/.dependencies/checkouts/AppViewUtilits
    write-file /Users/admin/builder/spi-builder-workspace/.derivedData/Build/Intermediates.noindex/AppViewUtilits.build/Debug-watchos/AppViewUtilits.build/AppViewUtilits.modulemap
WriteAuxiliaryFile /Users/admin/builder/spi-builder-workspace/.derivedData/Build/Intermediates.noindex/AppViewUtilits.build/Debug-watchos/AppViewUtilits.build/AppViewUtilits.DependencyStaticMetadataFileList (in target 'AppViewUtilits' from project 'AppViewUtilits')
    cd /Users/admin/builder/spi-builder-workspace/.dependencies/checkouts/AppViewUtilits
    write-file /Users/admin/builder/spi-builder-workspace/.derivedData/Build/Intermediates.noindex/AppViewUtilits.build/Debug-watchos/AppViewUtilits.build/AppViewUtilits.DependencyStaticMetadataFileList
WriteAuxiliaryFile /Users/admin/builder/spi-builder-workspace/.derivedData/Build/Intermediates.noindex/AppViewUtilits.build/Debug-watchos/AppViewUtilits.build/AppViewUtilits.DependencyMetadataFileList (in target 'AppViewUtilits' from project 'AppViewUtilits')
    cd /Users/admin/builder/spi-builder-workspace/.dependencies/checkouts/AppViewUtilits
    write-file /Users/admin/builder/spi-builder-workspace/.derivedData/Build/Intermediates.noindex/AppViewUtilits.build/Debug-watchos/AppViewUtilits.build/AppViewUtilits.DependencyMetadataFileList
Copy /Users/admin/builder/spi-builder-workspace/.derivedData/Build/Intermediates.noindex/GeneratedModuleMaps-watchos/AppViewUtilits.modulemap /Users/admin/builder/spi-builder-workspace/.derivedData/Build/Intermediates.noindex/AppViewUtilits.build/Debug-watchos/AppViewUtilits.build/AppViewUtilits.modulemap (in target 'AppViewUtilits' from project 'AppViewUtilits')
    cd /Users/admin/builder/spi-builder-workspace/.dependencies/checkouts/AppViewUtilits
    builtin-copy -exclude .DS_Store -exclude CVS -exclude .svn -exclude .git -exclude .hg -resolve-src-symlinks /Users/admin/builder/spi-builder-workspace/.derivedData/Build/Intermediates.noindex/AppViewUtilits.build/Debug-watchos/AppViewUtilits.build/AppViewUtilits.modulemap /Users/admin/builder/spi-builder-workspace/.derivedData/Build/Intermediates.noindex/GeneratedModuleMaps-watchos
SwiftDriver AppViewUtilits normal armv7k com.apple.xcode.tools.swift.compiler (in target 'AppViewUtilits' from project 'AppViewUtilits')
    cd /Users/admin/builder/spi-builder-workspace/.swiftpm/xcode
    builtin-SwiftDriver -- /Applications/Xcode-26.4.0.app/Contents/Developer/Toolchains/XcodeDefault.xctoolchain/usr/bin/swiftc -module-name AppViewUtilits -Onone @/Users/admin/builder/spi-builder-workspace/.derivedData/Build/Intermediates.noindex/AppViewUtilits.build/Debug-watchos/AppViewUtilits.build/Objects-normal/armv7k/AppViewUtilits.SwiftFileList -DSWIFT_PACKAGE -DDEBUG -DSWIFT_MODULE_RESOURCE_BUNDLE_UNAVAILABLE -DXcode -plugin-path /Applications/Xcode-26.4.0.app/Contents/Developer/Toolchains/XcodeDefault.xctoolchain/usr/lib/swift/host/plugins/testing -enable-experimental-feature DebugDescriptionMacro -sdk /Applications/Xcode-26.4.0.app/Contents/Developer/Platforms/WatchOS.platform/Developer/SDKs/WatchOS26.4.sdk -target armv7k-apple-watchos5.0 -g -module-cache-path /Users/admin/builder/spi-builder-workspace/.derivedData/ModuleCache.noindex -Xfrontend -serialize-debugging-options -profile-coverage-mapping -profile-generate -enable-testing -suppress-warnings -index-store-path /Users/admin/builder/spi-builder-workspace/.derivedData/Index.noindex/DataStore -Xcc -D_LIBCPP_HARDENING_MODE\=_LIBCPP_HARDENING_MODE_DEBUG -swift-version 5 -I /Users/admin/builder/spi-builder-workspace/.derivedData/Build/Products/Debug-watchos -Isystem /Applications/Xcode-26.4.0.app/Contents/Developer/Platforms/WatchOS.platform/Developer/usr/lib -F /Users/admin/builder/spi-builder-workspace/.derivedData/Build/Products/Debug-watchos -F /Applications/Xcode-26.4.0.app/Contents/Developer/Platforms/WatchOS.platform/Developer/Library/Frameworks -F /Applications/Xcode-26.4.0.app/Contents/Developer/Platforms/WatchOS.platform/Developer/SDKs/WatchOS26.4.sdk/Developer/Library/Frameworks -c -j10 -enable-batch-mode -incremental -Xcc -ivfsstatcache -Xcc /Users/admin/builder/spi-builder-workspace/.derivedData/SDKStatCaches.noindex/watchos26.4-23T238-688ef53f1462e2c8f657fdc38a81448f9e51884a582f42380855760c9d4cc599.sdkstatcache -output-file-map /Users/admin/builder/spi-builder-workspace/.derivedData/Build/Intermediates.noindex/AppViewUtilits.build/Debug-watchos/AppViewUtilits.build/Objects-normal/armv7k/AppViewUtilits-OutputFileMap.json -use-frontend-parseable-output -save-temps -no-color-diagnostics -explicit-module-build -module-cache-path /Users/admin/builder/spi-builder-workspace/.derivedData/Build/Intermediates.noindex/SwiftExplicitPrecompiledModules -clang-scanner-module-cache-path /Users/admin/builder/spi-builder-workspace/.derivedData/ModuleCache.noindex -sdk-module-cache-path /Users/admin/builder/spi-builder-workspace/.derivedData/ModuleCache.noindex -serialize-diagnostics -emit-dependencies -emit-module -emit-module-path /Users/admin/builder/spi-builder-workspace/.derivedData/Build/Intermediates.noindex/AppViewUtilits.build/Debug-watchos/AppViewUtilits.build/Objects-normal/armv7k/AppViewUtilits.swiftmodule -validate-clang-modules-once -clang-build-session-file /Users/admin/builder/spi-builder-workspace/.derivedData/ModuleCache.noindex/Session.modulevalidation -Xcc -I/Users/admin/builder/spi-builder-workspace/.derivedData/Build/Intermediates.noindex/AppViewUtilits.build/Debug-watchos/AppViewUtilits.build/swift-overrides.hmap -emit-const-values -Xfrontend -const-gather-protocols-file -Xfrontend /Users/admin/builder/spi-builder-workspace/.derivedData/Build/Intermediates.noindex/AppViewUtilits.build/Debug-watchos/AppViewUtilits.build/Objects-normal/armv7k/AppViewUtilits_const_extract_protocols.json -Xcc -I/Users/admin/builder/spi-builder-workspace/.derivedData/Build/Products/Debug-watchos/include -Xcc -I/Users/admin/builder/spi-builder-workspace/.derivedData/Build/Intermediates.noindex/AppViewUtilits.build/Debug-watchos/AppViewUtilits.build/DerivedSources-normal/armv7k -Xcc -I/Users/admin/builder/spi-builder-workspace/.derivedData/Build/Intermediates.noindex/AppViewUtilits.build/Debug-watchos/AppViewUtilits.build/DerivedSources/armv7k -Xcc -I/Users/admin/builder/spi-builder-workspace/.derivedData/Build/Intermediates.noindex/AppViewUtilits.build/Debug-watchos/AppViewUtilits.build/DerivedSources -Xcc -DSWIFT_PACKAGE -Xcc -DDEBUG\=1 -emit-objc-header -emit-objc-header-path /Users/admin/builder/spi-builder-workspace/.derivedData/Build/Intermediates.noindex/AppViewUtilits.build/Debug-watchos/AppViewUtilits.build/Objects-normal/armv7k/AppViewUtilits-Swift.h -working-directory /Users/admin/builder/spi-builder-workspace/.swiftpm/xcode -experimental-emit-module-separately -disable-cmo
/Users/admin/builder/spi-builder-workspace/.dependencies/checkouts/AppViewUtilits/Sources/AppViewUtilits/Helpers/Reachability.swift:8:8: error: Unable to resolve module dependency: 'SystemConfiguration'
import SystemConfiguration
       ^ (in target 'AppViewUtilits' from project 'AppViewUtilits')
/Users/admin/builder/spi-builder-workspace/.dependencies/checkouts/AppViewUtilits/Sources/AppViewUtilits/Helpers/Reachability.swift:8:8: note: A dependency of main module 'AppViewUtilits'
import SystemConfiguration
       ^ (in target 'AppViewUtilits' from project 'AppViewUtilits')
SwiftDriver AppViewUtilits normal arm64_32 com.apple.xcode.tools.swift.compiler (in target 'AppViewUtilits' from project 'AppViewUtilits')
    cd /Users/admin/builder/spi-builder-workspace/.swiftpm/xcode
    builtin-SwiftDriver -- /Applications/Xcode-26.4.0.app/Contents/Developer/Toolchains/XcodeDefault.xctoolchain/usr/bin/swiftc -module-name AppViewUtilits -Onone @/Users/admin/builder/spi-builder-workspace/.derivedData/Build/Intermediates.noindex/AppViewUtilits.build/Debug-watchos/AppViewUtilits.build/Objects-normal/arm64_32/AppViewUtilits.SwiftFileList -DSWIFT_PACKAGE -DDEBUG -DSWIFT_MODULE_RESOURCE_BUNDLE_UNAVAILABLE -DXcode -plugin-path /Applications/Xcode-26.4.0.app/Contents/Developer/Toolchains/XcodeDefault.xctoolchain/usr/lib/swift/host/plugins/testing -enable-experimental-feature DebugDescriptionMacro -sdk /Applications/Xcode-26.4.0.app/Contents/Developer/Platforms/WatchOS.platform/Developer/SDKs/WatchOS26.4.sdk -target arm64_32-apple-watchos5.0 -g -module-cache-path /Users/admin/builder/spi-builder-workspace/.derivedData/ModuleCache.noindex -Xfrontend -serialize-debugging-options -profile-coverage-mapping -profile-generate -enable-testing -suppress-warnings -index-store-path /Users/admin/builder/spi-builder-workspace/.derivedData/Index.noindex/DataStore -Xcc -D_LIBCPP_HARDENING_MODE\=_LIBCPP_HARDENING_MODE_DEBUG -swift-version 5 -I /Users/admin/builder/spi-builder-workspace/.derivedData/Build/Products/Debug-watchos -Isystem /Applications/Xcode-26.4.0.app/Contents/Developer/Platforms/WatchOS.platform/Developer/usr/lib -F /Users/admin/builder/spi-builder-workspace/.derivedData/Build/Products/Debug-watchos -F /Applications/Xcode-26.4.0.app/Contents/Developer/Platforms/WatchOS.platform/Developer/Library/Frameworks -F /Applications/Xcode-26.4.0.app/Contents/Developer/Platforms/WatchOS.platform/Developer/SDKs/WatchOS26.4.sdk/Developer/Library/Frameworks -c -j10 -enable-batch-mode -incremental -Xcc -ivfsstatcache -Xcc /Users/admin/builder/spi-builder-workspace/.derivedData/SDKStatCaches.noindex/watchos26.4-23T238-688ef53f1462e2c8f657fdc38a81448f9e51884a582f42380855760c9d4cc599.sdkstatcache -output-file-map /Users/admin/builder/spi-builder-workspace/.derivedData/Build/Intermediates.noindex/AppViewUtilits.build/Debug-watchos/AppViewUtilits.build/Objects-normal/arm64_32/AppViewUtilits-OutputFileMap.json -use-frontend-parseable-output -save-temps -no-color-diagnostics -explicit-module-build -module-cache-path /Users/admin/builder/spi-builder-workspace/.derivedData/Build/Intermediates.noindex/SwiftExplicitPrecompiledModules -clang-scanner-module-cache-path /Users/admin/builder/spi-builder-workspace/.derivedData/ModuleCache.noindex -sdk-module-cache-path /Users/admin/builder/spi-builder-workspace/.derivedData/ModuleCache.noindex -serialize-diagnostics -emit-dependencies -emit-module -emit-module-path /Users/admin/builder/spi-builder-workspace/.derivedData/Build/Intermediates.noindex/AppViewUtilits.build/Debug-watchos/AppViewUtilits.build/Objects-normal/arm64_32/AppViewUtilits.swiftmodule -validate-clang-modules-once -clang-build-session-file /Users/admin/builder/spi-builder-workspace/.derivedData/ModuleCache.noindex/Session.modulevalidation -Xcc -I/Users/admin/builder/spi-builder-workspace/.derivedData/Build/Intermediates.noindex/AppViewUtilits.build/Debug-watchos/AppViewUtilits.build/swift-overrides.hmap -emit-const-values -Xfrontend -const-gather-protocols-file -Xfrontend /Users/admin/builder/spi-builder-workspace/.derivedData/Build/Intermediates.noindex/AppViewUtilits.build/Debug-watchos/AppViewUtilits.build/Objects-normal/arm64_32/AppViewUtilits_const_extract_protocols.json -Xcc -I/Users/admin/builder/spi-builder-workspace/.derivedData/Build/Products/Debug-watchos/include -Xcc -I/Users/admin/builder/spi-builder-workspace/.derivedData/Build/Intermediates.noindex/AppViewUtilits.build/Debug-watchos/AppViewUtilits.build/DerivedSources-normal/arm64_32 -Xcc -I/Users/admin/builder/spi-builder-workspace/.derivedData/Build/Intermediates.noindex/AppViewUtilits.build/Debug-watchos/AppViewUtilits.build/DerivedSources/arm64_32 -Xcc -I/Users/admin/builder/spi-builder-workspace/.derivedData/Build/Intermediates.noindex/AppViewUtilits.build/Debug-watchos/AppViewUtilits.build/DerivedSources -Xcc -DSWIFT_PACKAGE -Xcc -DDEBUG\=1 -emit-objc-header -emit-objc-header-path /Users/admin/builder/spi-builder-workspace/.derivedData/Build/Intermediates.noindex/AppViewUtilits.build/Debug-watchos/AppViewUtilits.build/Objects-normal/arm64_32/AppViewUtilits-Swift.h -working-directory /Users/admin/builder/spi-builder-workspace/.swiftpm/xcode -experimental-emit-module-separately -disable-cmo
/Users/admin/builder/spi-builder-workspace/.dependencies/checkouts/AppViewUtilits/Sources/AppViewUtilits/Helpers/Reachability.swift:8:8: error: Unable to resolve module dependency: 'SystemConfiguration'
import SystemConfiguration
       ^ (in target 'AppViewUtilits' from project 'AppViewUtilits')
/Users/admin/builder/spi-builder-workspace/.dependencies/checkouts/AppViewUtilits/Sources/AppViewUtilits/Helpers/Reachability.swift:8:8: note: A dependency of main module 'AppViewUtilits'
import SystemConfiguration
       ^ (in target 'AppViewUtilits' from project 'AppViewUtilits')
SwiftDriver AppViewUtilits normal arm64 com.apple.xcode.tools.swift.compiler (in target 'AppViewUtilits' from project 'AppViewUtilits')
    cd /Users/admin/builder/spi-builder-workspace/.swiftpm/xcode
    builtin-SwiftDriver -- /Applications/Xcode-26.4.0.app/Contents/Developer/Toolchains/XcodeDefault.xctoolchain/usr/bin/swiftc -module-name AppViewUtilits -Onone @/Users/admin/builder/spi-builder-workspace/.derivedData/Build/Intermediates.noindex/AppViewUtilits.build/Debug-watchos/AppViewUtilits.build/Objects-normal/arm64/AppViewUtilits.SwiftFileList -DSWIFT_PACKAGE -DDEBUG -DSWIFT_MODULE_RESOURCE_BUNDLE_UNAVAILABLE -DXcode -plugin-path /Applications/Xcode-26.4.0.app/Contents/Developer/Toolchains/XcodeDefault.xctoolchain/usr/lib/swift/host/plugins/testing -enable-experimental-feature DebugDescriptionMacro -sdk /Applications/Xcode-26.4.0.app/Contents/Developer/Platforms/WatchOS.platform/Developer/SDKs/WatchOS26.4.sdk -target arm64-apple-watchos5.0 -g -module-cache-path /Users/admin/builder/spi-builder-workspace/.derivedData/ModuleCache.noindex -Xfrontend -serialize-debugging-options -profile-coverage-mapping -profile-generate -enable-testing -suppress-warnings -index-store-path /Users/admin/builder/spi-builder-workspace/.derivedData/Index.noindex/DataStore -Xcc -D_LIBCPP_HARDENING_MODE\=_LIBCPP_HARDENING_MODE_DEBUG -swift-version 5 -I /Users/admin/builder/spi-builder-workspace/.derivedData/Build/Products/Debug-watchos -Isystem /Applications/Xcode-26.4.0.app/Contents/Developer/Platforms/WatchOS.platform/Developer/usr/lib -F /Users/admin/builder/spi-builder-workspace/.derivedData/Build/Products/Debug-watchos -F /Applications/Xcode-26.4.0.app/Contents/Developer/Platforms/WatchOS.platform/Developer/Library/Frameworks -F /Applications/Xcode-26.4.0.app/Contents/Developer/Platforms/WatchOS.platform/Developer/SDKs/WatchOS26.4.sdk/Developer/Library/Frameworks -c -j10 -enable-batch-mode -incremental -Xcc -ivfsstatcache -Xcc /Users/admin/builder/spi-builder-workspace/.derivedData/SDKStatCaches.noindex/watchos26.4-23T238-688ef53f1462e2c8f657fdc38a81448f9e51884a582f42380855760c9d4cc599.sdkstatcache -output-file-map /Users/admin/builder/spi-builder-workspace/.derivedData/Build/Intermediates.noindex/AppViewUtilits.build/Debug-watchos/AppViewUtilits.build/Objects-normal/arm64/AppViewUtilits-OutputFileMap.json -use-frontend-parseable-output -save-temps -no-color-diagnostics -explicit-module-build -module-cache-path /Users/admin/builder/spi-builder-workspace/.derivedData/Build/Intermediates.noindex/SwiftExplicitPrecompiledModules -clang-scanner-module-cache-path /Users/admin/builder/spi-builder-workspace/.derivedData/ModuleCache.noindex -sdk-module-cache-path /Users/admin/builder/spi-builder-workspace/.derivedData/ModuleCache.noindex -serialize-diagnostics -emit-dependencies -emit-module -emit-module-path /Users/admin/builder/spi-builder-workspace/.derivedData/Build/Intermediates.noindex/AppViewUtilits.build/Debug-watchos/AppViewUtilits.build/Objects-normal/arm64/AppViewUtilits.swiftmodule -validate-clang-modules-once -clang-build-session-file /Users/admin/builder/spi-builder-workspace/.derivedData/ModuleCache.noindex/Session.modulevalidation -Xcc -I/Users/admin/builder/spi-builder-workspace/.derivedData/Build/Intermediates.noindex/AppViewUtilits.build/Debug-watchos/AppViewUtilits.build/swift-overrides.hmap -emit-const-values -Xfrontend -const-gather-protocols-file -Xfrontend /Users/admin/builder/spi-builder-workspace/.derivedData/Build/Intermediates.noindex/AppViewUtilits.build/Debug-watchos/AppViewUtilits.build/Objects-normal/arm64/AppViewUtilits_const_extract_protocols.json -Xcc -I/Users/admin/builder/spi-builder-workspace/.derivedData/Build/Products/Debug-watchos/include -Xcc -I/Users/admin/builder/spi-builder-workspace/.derivedData/Build/Intermediates.noindex/AppViewUtilits.build/Debug-watchos/AppViewUtilits.build/DerivedSources-normal/arm64 -Xcc -I/Users/admin/builder/spi-builder-workspace/.derivedData/Build/Intermediates.noindex/AppViewUtilits.build/Debug-watchos/AppViewUtilits.build/DerivedSources/arm64 -Xcc -I/Users/admin/builder/spi-builder-workspace/.derivedData/Build/Intermediates.noindex/AppViewUtilits.build/Debug-watchos/AppViewUtilits.build/DerivedSources -Xcc -DSWIFT_PACKAGE -Xcc -DDEBUG\=1 -emit-objc-header -emit-objc-header-path /Users/admin/builder/spi-builder-workspace/.derivedData/Build/Intermediates.noindex/AppViewUtilits.build/Debug-watchos/AppViewUtilits.build/Objects-normal/arm64/AppViewUtilits-Swift.h -working-directory /Users/admin/builder/spi-builder-workspace/.swiftpm/xcode -experimental-emit-module-separately -disable-cmo
/Users/admin/builder/spi-builder-workspace/.dependencies/checkouts/AppViewUtilits/Sources/AppViewUtilits/Helpers/Reachability.swift:8:8: error: Unable to resolve module dependency: 'SystemConfiguration'
import SystemConfiguration
       ^ (in target 'AppViewUtilits' from project 'AppViewUtilits')
/Users/admin/builder/spi-builder-workspace/.dependencies/checkouts/AppViewUtilits/Sources/AppViewUtilits/Helpers/Reachability.swift:8:8: note: A dependency of main module 'AppViewUtilits'
import SystemConfiguration
       ^ (in target 'AppViewUtilits' from project 'AppViewUtilits')
2026-08-11 14:42:24.595 xcodebuild[768:4772] [MT] IDERunDestination: Supported platforms for the buildables in the current scheme is empty.
/Users/admin/builder/spi-builder-workspace/.dependencies/checkouts/AppViewUtilits/Sources/AppViewUtilits/Helpers/Reachability.swift:8:8: error: unable to resolve module dependency: 'SystemConfiguration'
import SystemConfiguration
       ^
/Users/admin/builder/spi-builder-workspace/.dependencies/checkouts/AppViewUtilits/Sources/AppViewUtilits/Helpers/Reachability.swift:8:8: note: a dependency of main module 'AppViewUtilits'
import SystemConfiguration
       ^
/Users/admin/builder/spi-builder-workspace/.dependencies/checkouts/AppViewUtilits/Sources/AppViewUtilits/Helpers/Reachability.swift:8:8: error: unable to resolve module dependency: 'SystemConfiguration'
import SystemConfiguration
       ^
/Users/admin/builder/spi-builder-workspace/.dependencies/checkouts/AppViewUtilits/Sources/AppViewUtilits/Helpers/Reachability.swift:8:8: note: a dependency of main module 'AppViewUtilits'
import SystemConfiguration
       ^
/Users/admin/builder/spi-builder-workspace/.dependencies/checkouts/AppViewUtilits/Sources/AppViewUtilits/Helpers/Reachability.swift:8:8: error: unable to resolve module dependency: 'SystemConfiguration'
import SystemConfiguration
       ^
/Users/admin/builder/spi-builder-workspace/.dependencies/checkouts/AppViewUtilits/Sources/AppViewUtilits/Helpers/Reachability.swift:8:8: note: a dependency of main module 'AppViewUtilits'
import SystemConfiguration
       ^
** BUILD FAILED **
The following build commands failed:
	SwiftDriver AppViewUtilits normal armv7k com.apple.xcode.tools.swift.compiler (in target 'AppViewUtilits' from project 'AppViewUtilits')
	SwiftDriver AppViewUtilits normal arm64_32 com.apple.xcode.tools.swift.compiler (in target 'AppViewUtilits' from project 'AppViewUtilits')
	SwiftDriver AppViewUtilits normal arm64 com.apple.xcode.tools.swift.compiler (in target 'AppViewUtilits' from project 'AppViewUtilits')
	Building workspace spi-builder-workspace with scheme TableCellConfigurator
(4 failures)
Command line invocation:
    /Applications/Xcode-26.4.0.app/Contents/Developer/usr/bin/xcodebuild -IDEClonedSourcePackagesDirPathOverride=/Users/admin/builder/spi-builder-workspace/.dependencies -resolvePackageDependencies
Resolve Package Graph
Resolved source packages:
  TableCellConfigurator: /Users/admin/builder/spi-builder-workspace
  AppViewUtilits: https://github.com/moslienko/AppViewUtilits.git @ 1.3.1
resolved source packages: TableCellConfigurator, AppViewUtilits
2026-08-11 14:42:29.905 xcodebuild[793:5163] [MT] IDERunDestination: Supported platforms for the buildables in the current scheme is empty.
{
  "dependencies" : [
    {
      "identity" : "appviewutilits",
      "requirement" : {
        "range" : [
          {
            "lower_bound" : "1.2.5",
            "upper_bound" : "2.0.0"
          }
        ]
      },
      "type" : "sourceControl",
      "url" : "https://github.com/moslienko/AppViewUtilits.git"
    }
  ],
  "manifest_display_name" : "TableCellConfigurator",
  "name" : "TableCellConfigurator",
  "path" : "/Users/admin/builder/spi-builder-workspace",
  "platforms" : [
    {
      "name" : "ios",
      "version" : "14.0"
    }
  ],
  "products" : [
    {
      "name" : "TableCellConfigurator",
      "targets" : [
        "TableCellConfigurator"
      ],
      "type" : {
        "library" : [
          "automatic"
        ]
      }
    }
  ],
  "targets" : [
    {
      "c99name" : "TableCellConfiguratorTests",
      "module_type" : "SwiftTarget",
      "name" : "TableCellConfiguratorTests",
      "path" : "Tests",
      "sources" : [
        "LinuxMain.swift",
        "TableCellConfiguratorTests.swift"
      ],
      "target_dependencies" : [
        "TableCellConfigurator"
      ],
      "type" : "test"
    },
    {
      "c99name" : "TableCellConfigurator",
      "module_type" : "SwiftTarget",
      "name" : "TableCellConfigurator",
      "path" : "Sources",
      "product_dependencies" : [
        "AppViewUtilits"
      ],
      "product_memberships" : [
        "TableCellConfigurator"
      ],
      "sources" : [
        "TableCellConfigurator/CellActionButtonStyle.swift",
        "TableCellConfigurator/CellType.swift",
        "TableCellConfigurator/InputCell/InputCell.swift",
        "TableCellConfigurator/InputCell/InputCellModel.swift",
        "TableCellConfigurator/InputCell/InputCellOptions.swift",
        "TableCellConfigurator/RegularCell/RegularCell.swift",
        "TableCellConfigurator/RegularCell/RegularCellModel.swift",
        "TableCellConfigurator/RegularCell/RegularCellOptions.swift",
        "TableCellConfigurator/TableCellConfigurator.swift"
      ],
      "type" : "library"
    }
  ],
  "tools_version" : "5.3"
}
{
  "workspace" : {
    "name" : "spi-builder-workspace",
    "schemes" : [
      "TableCellConfigurator"
    ]
  }
}
2026-08-11 14:42:31.021 xcodebuild[803:5238] [MT] IDERunDestination: Supported platforms for the buildables in the current scheme is empty.
Running build ...
env DEVELOPER_DIR=/Applications/Xcode-26.4.0.app xcrun xcodebuild -IDEClonedSourcePackagesDirPathOverride=$PWD/.dependencies -skipMacroValidation -skipPackagePluginValidation -derivedDataPath $PWD/.derivedData build -scheme TableCellConfigurator -destination generic/platform=watchOS
Command line invocation:
    /Applications/Xcode-26.4.0.app/Contents/Developer/usr/bin/xcodebuild -IDEClonedSourcePackagesDirPathOverride=/Users/admin/builder/spi-builder-workspace/.dependencies -skipMacroValidation -skipPackagePluginValidation -derivedDataPath /Users/admin/builder/spi-builder-workspace/.derivedData build -scheme TableCellConfigurator -destination generic/platform=watchOS
Resolve Package Graph
Resolved source packages:
  AppViewUtilits: https://github.com/moslienko/AppViewUtilits.git @ 1.3.1
  TableCellConfigurator: /Users/admin/builder/spi-builder-workspace
ComputePackagePrebuildTargetDependencyGraph
Prepare packages
CreateBuildRequest
SendProjectDescription
CreateBuildOperation
ComputeTargetDependencyGraph
note: Building targets in dependency order
note: Target dependency graph (4 targets)
    Target 'TableCellConfigurator' in project 'TableCellConfigurator'
        ➜ Explicit dependency on target 'TableCellConfigurator' in project 'TableCellConfigurator'
        ➜ Explicit dependency on target 'AppViewUtilits' in project 'AppViewUtilits'
    Target 'TableCellConfigurator' in project 'TableCellConfigurator'
        ➜ Explicit dependency on target 'AppViewUtilits' in project 'AppViewUtilits'
    Target 'AppViewUtilits' in project 'AppViewUtilits'
        ➜ Explicit dependency on target 'AppViewUtilits' in project 'AppViewUtilits'
    Target 'AppViewUtilits' in project 'AppViewUtilits' (no dependencies)
GatherProvisioningInputs
CreateBuildDescription
ClangStatCache /Applications/Xcode-26.4.0.app/Contents/Developer/Toolchains/XcodeDefault.xctoolchain/usr/bin/clang-stat-cache /Applications/Xcode-26.4.0.app/Contents/Developer/Platforms/WatchOS.platform/Developer/SDKs/WatchOS26.4.sdk /Users/admin/builder/spi-builder-workspace/.derivedData/SDKStatCaches.noindex/watchos26.4-23T238-688ef53f1462e2c8f657fdc38a81448f9e51884a582f42380855760c9d4cc599.sdkstatcache
    cd /Users/admin/builder/spi-builder-workspace/.swiftpm/xcode
    /Applications/Xcode-26.4.0.app/Contents/Developer/Toolchains/XcodeDefault.xctoolchain/usr/bin/clang-stat-cache /Applications/Xcode-26.4.0.app/Contents/Developer/Platforms/WatchOS.platform/Developer/SDKs/WatchOS26.4.sdk -o /Users/admin/builder/spi-builder-workspace/.derivedData/SDKStatCaches.noindex/watchos26.4-23T238-688ef53f1462e2c8f657fdc38a81448f9e51884a582f42380855760c9d4cc599.sdkstatcache
SwiftDriver AppViewUtilits normal armv7k com.apple.xcode.tools.swift.compiler (in target 'AppViewUtilits' from project 'AppViewUtilits')
    cd /Users/admin/builder/spi-builder-workspace/.swiftpm/xcode
    builtin-SwiftDriver -- /Applications/Xcode-26.4.0.app/Contents/Developer/Toolchains/XcodeDefault.xctoolchain/usr/bin/swiftc -module-name AppViewUtilits -Onone @/Users/admin/builder/spi-builder-workspace/.derivedData/Build/Intermediates.noindex/AppViewUtilits.build/Debug-watchos/AppViewUtilits.build/Objects-normal/armv7k/AppViewUtilits.SwiftFileList -DSWIFT_PACKAGE -DDEBUG -DSWIFT_MODULE_RESOURCE_BUNDLE_UNAVAILABLE -DXcode -plugin-path /Applications/Xcode-26.4.0.app/Contents/Developer/Toolchains/XcodeDefault.xctoolchain/usr/lib/swift/host/plugins/testing -enable-experimental-feature DebugDescriptionMacro -sdk /Applications/Xcode-26.4.0.app/Contents/Developer/Platforms/WatchOS.platform/Developer/SDKs/WatchOS26.4.sdk -target armv7k-apple-watchos5.0 -g -module-cache-path /Users/admin/builder/spi-builder-workspace/.derivedData/ModuleCache.noindex -Xfrontend -serialize-debugging-options -profile-coverage-mapping -profile-generate -enable-testing -suppress-warnings -index-store-path /Users/admin/builder/spi-builder-workspace/.derivedData/Index.noindex/DataStore -Xcc -D_LIBCPP_HARDENING_MODE\=_LIBCPP_HARDENING_MODE_DEBUG -swift-version 5 -I /Users/admin/builder/spi-builder-workspace/.derivedData/Build/Products/Debug-watchos -Isystem /Applications/Xcode-26.4.0.app/Contents/Developer/Platforms/WatchOS.platform/Developer/usr/lib -F /Users/admin/builder/spi-builder-workspace/.derivedData/Build/Products/Debug-watchos -F /Applications/Xcode-26.4.0.app/Contents/Developer/Platforms/WatchOS.platform/Developer/Library/Frameworks -F /Applications/Xcode-26.4.0.app/Contents/Developer/Platforms/WatchOS.platform/Developer/SDKs/WatchOS26.4.sdk/Developer/Library/Frameworks -c -j10 -enable-batch-mode -incremental -Xcc -ivfsstatcache -Xcc /Users/admin/builder/spi-builder-workspace/.derivedData/SDKStatCaches.noindex/watchos26.4-23T238-688ef53f1462e2c8f657fdc38a81448f9e51884a582f42380855760c9d4cc599.sdkstatcache -output-file-map /Users/admin/builder/spi-builder-workspace/.derivedData/Build/Intermediates.noindex/AppViewUtilits.build/Debug-watchos/AppViewUtilits.build/Objects-normal/armv7k/AppViewUtilits-OutputFileMap.json -use-frontend-parseable-output -save-temps -no-color-diagnostics -explicit-module-build -module-cache-path /Users/admin/builder/spi-builder-workspace/.derivedData/Build/Intermediates.noindex/SwiftExplicitPrecompiledModules -clang-scanner-module-cache-path /Users/admin/builder/spi-builder-workspace/.derivedData/ModuleCache.noindex -sdk-module-cache-path /Users/admin/builder/spi-builder-workspace/.derivedData/ModuleCache.noindex -serialize-diagnostics -emit-dependencies -emit-module -emit-module-path /Users/admin/builder/spi-builder-workspace/.derivedData/Build/Intermediates.noindex/AppViewUtilits.build/Debug-watchos/AppViewUtilits.build/Objects-normal/armv7k/AppViewUtilits.swiftmodule -validate-clang-modules-once -clang-build-session-file /Users/admin/builder/spi-builder-workspace/.derivedData/ModuleCache.noindex/Session.modulevalidation -Xcc -I/Users/admin/builder/spi-builder-workspace/.derivedData/Build/Intermediates.noindex/AppViewUtilits.build/Debug-watchos/AppViewUtilits.build/swift-overrides.hmap -emit-const-values -Xfrontend -const-gather-protocols-file -Xfrontend /Users/admin/builder/spi-builder-workspace/.derivedData/Build/Intermediates.noindex/AppViewUtilits.build/Debug-watchos/AppViewUtilits.build/Objects-normal/armv7k/AppViewUtilits_const_extract_protocols.json -Xcc -I/Users/admin/builder/spi-builder-workspace/.derivedData/Build/Products/Debug-watchos/include -Xcc -I/Users/admin/builder/spi-builder-workspace/.derivedData/Build/Intermediates.noindex/AppViewUtilits.build/Debug-watchos/AppViewUtilits.build/DerivedSources-normal/armv7k -Xcc -I/Users/admin/builder/spi-builder-workspace/.derivedData/Build/Intermediates.noindex/AppViewUtilits.build/Debug-watchos/AppViewUtilits.build/DerivedSources/armv7k -Xcc -I/Users/admin/builder/spi-builder-workspace/.derivedData/Build/Intermediates.noindex/AppViewUtilits.build/Debug-watchos/AppViewUtilits.build/DerivedSources -Xcc -DSWIFT_PACKAGE -Xcc -DDEBUG\=1 -emit-objc-header -emit-objc-header-path /Users/admin/builder/spi-builder-workspace/.derivedData/Build/Intermediates.noindex/AppViewUtilits.build/Debug-watchos/AppViewUtilits.build/Objects-normal/armv7k/AppViewUtilits-Swift.h -working-directory /Users/admin/builder/spi-builder-workspace/.swiftpm/xcode -experimental-emit-module-separately -disable-cmo
/Users/admin/builder/spi-builder-workspace/.dependencies/checkouts/AppViewUtilits/Sources/AppViewUtilits/Helpers/Reachability.swift:8:8: error: Unable to resolve module dependency: 'SystemConfiguration'
import SystemConfiguration
       ^ (in target 'AppViewUtilits' from project 'AppViewUtilits')
/Users/admin/builder/spi-builder-workspace/.dependencies/checkouts/AppViewUtilits/Sources/AppViewUtilits/Helpers/Reachability.swift:8:8: note: A dependency of main module 'AppViewUtilits'
import SystemConfiguration
       ^ (in target 'AppViewUtilits' from project 'AppViewUtilits')
SwiftDriver AppViewUtilits normal arm64_32 com.apple.xcode.tools.swift.compiler (in target 'AppViewUtilits' from project 'AppViewUtilits')
    cd /Users/admin/builder/spi-builder-workspace/.swiftpm/xcode
    builtin-SwiftDriver -- /Applications/Xcode-26.4.0.app/Contents/Developer/Toolchains/XcodeDefault.xctoolchain/usr/bin/swiftc -module-name AppViewUtilits -Onone @/Users/admin/builder/spi-builder-workspace/.derivedData/Build/Intermediates.noindex/AppViewUtilits.build/Debug-watchos/AppViewUtilits.build/Objects-normal/arm64_32/AppViewUtilits.SwiftFileList -DSWIFT_PACKAGE -DDEBUG -DSWIFT_MODULE_RESOURCE_BUNDLE_UNAVAILABLE -DXcode -plugin-path /Applications/Xcode-26.4.0.app/Contents/Developer/Toolchains/XcodeDefault.xctoolchain/usr/lib/swift/host/plugins/testing -enable-experimental-feature DebugDescriptionMacro -sdk /Applications/Xcode-26.4.0.app/Contents/Developer/Platforms/WatchOS.platform/Developer/SDKs/WatchOS26.4.sdk -target arm64_32-apple-watchos5.0 -g -module-cache-path /Users/admin/builder/spi-builder-workspace/.derivedData/ModuleCache.noindex -Xfrontend -serialize-debugging-options -profile-coverage-mapping -profile-generate -enable-testing -suppress-warnings -index-store-path /Users/admin/builder/spi-builder-workspace/.derivedData/Index.noindex/DataStore -Xcc -D_LIBCPP_HARDENING_MODE\=_LIBCPP_HARDENING_MODE_DEBUG -swift-version 5 -I /Users/admin/builder/spi-builder-workspace/.derivedData/Build/Products/Debug-watchos -Isystem /Applications/Xcode-26.4.0.app/Contents/Developer/Platforms/WatchOS.platform/Developer/usr/lib -F /Users/admin/builder/spi-builder-workspace/.derivedData/Build/Products/Debug-watchos -F /Applications/Xcode-26.4.0.app/Contents/Developer/Platforms/WatchOS.platform/Developer/Library/Frameworks -F /Applications/Xcode-26.4.0.app/Contents/Developer/Platforms/WatchOS.platform/Developer/SDKs/WatchOS26.4.sdk/Developer/Library/Frameworks -c -j10 -enable-batch-mode -incremental -Xcc -ivfsstatcache -Xcc /Users/admin/builder/spi-builder-workspace/.derivedData/SDKStatCaches.noindex/watchos26.4-23T238-688ef53f1462e2c8f657fdc38a81448f9e51884a582f42380855760c9d4cc599.sdkstatcache -output-file-map /Users/admin/builder/spi-builder-workspace/.derivedData/Build/Intermediates.noindex/AppViewUtilits.build/Debug-watchos/AppViewUtilits.build/Objects-normal/arm64_32/AppViewUtilits-OutputFileMap.json -use-frontend-parseable-output -save-temps -no-color-diagnostics -explicit-module-build -module-cache-path /Users/admin/builder/spi-builder-workspace/.derivedData/Build/Intermediates.noindex/SwiftExplicitPrecompiledModules -clang-scanner-module-cache-path /Users/admin/builder/spi-builder-workspace/.derivedData/ModuleCache.noindex -sdk-module-cache-path /Users/admin/builder/spi-builder-workspace/.derivedData/ModuleCache.noindex -serialize-diagnostics -emit-dependencies -emit-module -emit-module-path /Users/admin/builder/spi-builder-workspace/.derivedData/Build/Intermediates.noindex/AppViewUtilits.build/Debug-watchos/AppViewUtilits.build/Objects-normal/arm64_32/AppViewUtilits.swiftmodule -validate-clang-modules-once -clang-build-session-file /Users/admin/builder/spi-builder-workspace/.derivedData/ModuleCache.noindex/Session.modulevalidation -Xcc -I/Users/admin/builder/spi-builder-workspace/.derivedData/Build/Intermediates.noindex/AppViewUtilits.build/Debug-watchos/AppViewUtilits.build/swift-overrides.hmap -emit-const-values -Xfrontend -const-gather-protocols-file -Xfrontend /Users/admin/builder/spi-builder-workspace/.derivedData/Build/Intermediates.noindex/AppViewUtilits.build/Debug-watchos/AppViewUtilits.build/Objects-normal/arm64_32/AppViewUtilits_const_extract_protocols.json -Xcc -I/Users/admin/builder/spi-builder-workspace/.derivedData/Build/Products/Debug-watchos/include -Xcc -I/Users/admin/builder/spi-builder-workspace/.derivedData/Build/Intermediates.noindex/AppViewUtilits.build/Debug-watchos/AppViewUtilits.build/DerivedSources-normal/arm64_32 -Xcc -I/Users/admin/builder/spi-builder-workspace/.derivedData/Build/Intermediates.noindex/AppViewUtilits.build/Debug-watchos/AppViewUtilits.build/DerivedSources/arm64_32 -Xcc -I/Users/admin/builder/spi-builder-workspace/.derivedData/Build/Intermediates.noindex/AppViewUtilits.build/Debug-watchos/AppViewUtilits.build/DerivedSources -Xcc -DSWIFT_PACKAGE -Xcc -DDEBUG\=1 -emit-objc-header -emit-objc-header-path /Users/admin/builder/spi-builder-workspace/.derivedData/Build/Intermediates.noindex/AppViewUtilits.build/Debug-watchos/AppViewUtilits.build/Objects-normal/arm64_32/AppViewUtilits-Swift.h -working-directory /Users/admin/builder/spi-builder-workspace/.swiftpm/xcode -experimental-emit-module-separately -disable-cmo
/Users/admin/builder/spi-builder-workspace/.dependencies/checkouts/AppViewUtilits/Sources/AppViewUtilits/Helpers/Reachability.swift:8:8: error: Unable to resolve module dependency: 'SystemConfiguration'
import SystemConfiguration
       ^ (in target 'AppViewUtilits' from project 'AppViewUtilits')
/Users/admin/builder/spi-builder-workspace/.dependencies/checkouts/AppViewUtilits/Sources/AppViewUtilits/Helpers/Reachability.swift:8:8: note: A dependency of main module 'AppViewUtilits'
import SystemConfiguration
       ^ (in target 'AppViewUtilits' from project 'AppViewUtilits')
SwiftDriver AppViewUtilits normal arm64 com.apple.xcode.tools.swift.compiler (in target 'AppViewUtilits' from project 'AppViewUtilits')
    cd /Users/admin/builder/spi-builder-workspace/.swiftpm/xcode
    builtin-SwiftDriver -- /Applications/Xcode-26.4.0.app/Contents/Developer/Toolchains/XcodeDefault.xctoolchain/usr/bin/swiftc -module-name AppViewUtilits -Onone @/Users/admin/builder/spi-builder-workspace/.derivedData/Build/Intermediates.noindex/AppViewUtilits.build/Debug-watchos/AppViewUtilits.build/Objects-normal/arm64/AppViewUtilits.SwiftFileList -DSWIFT_PACKAGE -DDEBUG -DSWIFT_MODULE_RESOURCE_BUNDLE_UNAVAILABLE -DXcode -plugin-path /Applications/Xcode-26.4.0.app/Contents/Developer/Toolchains/XcodeDefault.xctoolchain/usr/lib/swift/host/plugins/testing -enable-experimental-feature DebugDescriptionMacro -sdk /Applications/Xcode-26.4.0.app/Contents/Developer/Platforms/WatchOS.platform/Developer/SDKs/WatchOS26.4.sdk -target arm64-apple-watchos5.0 -g -module-cache-path /Users/admin/builder/spi-builder-workspace/.derivedData/ModuleCache.noindex -Xfrontend -serialize-debugging-options -profile-coverage-mapping -profile-generate -enable-testing -suppress-warnings -index-store-path /Users/admin/builder/spi-builder-workspace/.derivedData/Index.noindex/DataStore -Xcc -D_LIBCPP_HARDENING_MODE\=_LIBCPP_HARDENING_MODE_DEBUG -swift-version 5 -I /Users/admin/builder/spi-builder-workspace/.derivedData/Build/Products/Debug-watchos -Isystem /Applications/Xcode-26.4.0.app/Contents/Developer/Platforms/WatchOS.platform/Developer/usr/lib -F /Users/admin/builder/spi-builder-workspace/.derivedData/Build/Products/Debug-watchos -F /Applications/Xcode-26.4.0.app/Contents/Developer/Platforms/WatchOS.platform/Developer/Library/Frameworks -F /Applications/Xcode-26.4.0.app/Contents/Developer/Platforms/WatchOS.platform/Developer/SDKs/WatchOS26.4.sdk/Developer/Library/Frameworks -c -j10 -enable-batch-mode -incremental -Xcc -ivfsstatcache -Xcc /Users/admin/builder/spi-builder-workspace/.derivedData/SDKStatCaches.noindex/watchos26.4-23T238-688ef53f1462e2c8f657fdc38a81448f9e51884a582f42380855760c9d4cc599.sdkstatcache -output-file-map /Users/admin/builder/spi-builder-workspace/.derivedData/Build/Intermediates.noindex/AppViewUtilits.build/Debug-watchos/AppViewUtilits.build/Objects-normal/arm64/AppViewUtilits-OutputFileMap.json -use-frontend-parseable-output -save-temps -no-color-diagnostics -explicit-module-build -module-cache-path /Users/admin/builder/spi-builder-workspace/.derivedData/Build/Intermediates.noindex/SwiftExplicitPrecompiledModules -clang-scanner-module-cache-path /Users/admin/builder/spi-builder-workspace/.derivedData/ModuleCache.noindex -sdk-module-cache-path /Users/admin/builder/spi-builder-workspace/.derivedData/ModuleCache.noindex -serialize-diagnostics -emit-dependencies -emit-module -emit-module-path /Users/admin/builder/spi-builder-workspace/.derivedData/Build/Intermediates.noindex/AppViewUtilits.build/Debug-watchos/AppViewUtilits.build/Objects-normal/arm64/AppViewUtilits.swiftmodule -validate-clang-modules-once -clang-build-session-file /Users/admin/builder/spi-builder-workspace/.derivedData/ModuleCache.noindex/Session.modulevalidation -Xcc -I/Users/admin/builder/spi-builder-workspace/.derivedData/Build/Intermediates.noindex/AppViewUtilits.build/Debug-watchos/AppViewUtilits.build/swift-overrides.hmap -emit-const-values -Xfrontend -const-gather-protocols-file -Xfrontend /Users/admin/builder/spi-builder-workspace/.derivedData/Build/Intermediates.noindex/AppViewUtilits.build/Debug-watchos/AppViewUtilits.build/Objects-normal/arm64/AppViewUtilits_const_extract_protocols.json -Xcc -I/Users/admin/builder/spi-builder-workspace/.derivedData/Build/Products/Debug-watchos/include -Xcc -I/Users/admin/builder/spi-builder-workspace/.derivedData/Build/Intermediates.noindex/AppViewUtilits.build/Debug-watchos/AppViewUtilits.build/DerivedSources-normal/arm64 -Xcc -I/Users/admin/builder/spi-builder-workspace/.derivedData/Build/Intermediates.noindex/AppViewUtilits.build/Debug-watchos/AppViewUtilits.build/DerivedSources/arm64 -Xcc -I/Users/admin/builder/spi-builder-workspace/.derivedData/Build/Intermediates.noindex/AppViewUtilits.build/Debug-watchos/AppViewUtilits.build/DerivedSources -Xcc -DSWIFT_PACKAGE -Xcc -DDEBUG\=1 -emit-objc-header -emit-objc-header-path /Users/admin/builder/spi-builder-workspace/.derivedData/Build/Intermediates.noindex/AppViewUtilits.build/Debug-watchos/AppViewUtilits.build/Objects-normal/arm64/AppViewUtilits-Swift.h -working-directory /Users/admin/builder/spi-builder-workspace/.swiftpm/xcode -experimental-emit-module-separately -disable-cmo
/Users/admin/builder/spi-builder-workspace/.dependencies/checkouts/AppViewUtilits/Sources/AppViewUtilits/Helpers/Reachability.swift:8:8: error: Unable to resolve module dependency: 'SystemConfiguration'
import SystemConfiguration
       ^ (in target 'AppViewUtilits' from project 'AppViewUtilits')
/Users/admin/builder/spi-builder-workspace/.dependencies/checkouts/AppViewUtilits/Sources/AppViewUtilits/Helpers/Reachability.swift:8:8: note: A dependency of main module 'AppViewUtilits'
import SystemConfiguration
       ^ (in target 'AppViewUtilits' from project 'AppViewUtilits')
2026-08-11 14:42:31.872 xcodebuild[806:5273] [MT] IDERunDestination: Supported platforms for the buildables in the current scheme is empty.
/Users/admin/builder/spi-builder-workspace/.dependencies/checkouts/AppViewUtilits/Sources/AppViewUtilits/Helpers/Reachability.swift:8:8: error: unable to resolve module dependency: 'SystemConfiguration'
import SystemConfiguration
       ^
/Users/admin/builder/spi-builder-workspace/.dependencies/checkouts/AppViewUtilits/Sources/AppViewUtilits/Helpers/Reachability.swift:8:8: note: a dependency of main module 'AppViewUtilits'
import SystemConfiguration
       ^
/Users/admin/builder/spi-builder-workspace/.dependencies/checkouts/AppViewUtilits/Sources/AppViewUtilits/Helpers/Reachability.swift:8:8: error: unable to resolve module dependency: 'SystemConfiguration'
import SystemConfiguration
       ^
/Users/admin/builder/spi-builder-workspace/.dependencies/checkouts/AppViewUtilits/Sources/AppViewUtilits/Helpers/Reachability.swift:8:8: note: a dependency of main module 'AppViewUtilits'
import SystemConfiguration
       ^
/Users/admin/builder/spi-builder-workspace/.dependencies/checkouts/AppViewUtilits/Sources/AppViewUtilits/Helpers/Reachability.swift:8:8: error: unable to resolve module dependency: 'SystemConfiguration'
import SystemConfiguration
       ^
/Users/admin/builder/spi-builder-workspace/.dependencies/checkouts/AppViewUtilits/Sources/AppViewUtilits/Helpers/Reachability.swift:8:8: note: a dependency of main module 'AppViewUtilits'
import SystemConfiguration
       ^
** BUILD FAILED **
The following build commands failed:
	SwiftDriver AppViewUtilits normal armv7k com.apple.xcode.tools.swift.compiler (in target 'AppViewUtilits' from project 'AppViewUtilits')
	SwiftDriver AppViewUtilits normal arm64_32 com.apple.xcode.tools.swift.compiler (in target 'AppViewUtilits' from project 'AppViewUtilits')
	SwiftDriver AppViewUtilits normal arm64 com.apple.xcode.tools.swift.compiler (in target 'AppViewUtilits' from project 'AppViewUtilits')
	Building workspace spi-builder-workspace with scheme TableCellConfigurator
(4 failures)
BUILD FAILURE 6.3 watchOS