The Swift Package Index logo.Swift Package Index

Build Information

Failed to build PaletteKit, reference main (228666), with Swift 6.4 for tvOS using Xcode 27.0 on 27 Sep 2026 08:09:39 UTC.

Build Command

env DEVELOPER_DIR=/Applications/Xcode-27.0.0-Release.Candidate.app xcrun xcodebuild -IDEClonedSourcePackagesDirPathOverride=$PWD/.dependencies -skipMacroValidation -skipPackagePluginValidation -derivedDataPath $PWD/.derivedData build -scheme PaletteKit-Package -destination generic/platform=tvOS

Build Log

========================================
RunAll
========================================
Builder version: 5.1.0
Interrupt handler set up.
========================================
Checkout
========================================
Clone URL: https://github.com/2dubu/PaletteKit.git
Reference: main
Initialized empty Git repository in /Users/admin/builder/spi-builder-workspace/.git/
From https://github.com/2dubu/PaletteKit
 * branch            main       -> FETCH_HEAD
 * [new branch]      main       -> origin/main
HEAD is now at 2286664 Merge pull request #21 from 2dubu/release/2.1.1
Cloned https://github.com/2dubu/PaletteKit.git
Revision (git rev-parse @):
2286664aeb24d1522debc90de265d6e4987209cd
SPI manifest file found: $PWD/.spi.yml
SUCCESS checkout https://github.com/2dubu/PaletteKit.git at main
========================================
Build
========================================
Selected platform:         tvOS
Swift version:             6.4
Building package at path:  $PWD
https://github.com/2dubu/PaletteKit.git
Command line invocation:
    /Applications/Xcode-27.0.0-Release.Candidate.app/Contents/Developer/usr/bin/xcodebuild -IDEClonedSourcePackagesDirPathOverride=/Users/admin/builder/spi-builder-workspace/.dependencies -resolvePackageDependencies
Resolve Package Graph
Resolve Package Graph
Resolved source packages:
  PaletteKit: /Users/admin/builder/spi-builder-workspace
resolved source packages: PaletteKit
2026-09-27 04:08:57.767 xcodebuild[529:3049] [MT] IDERunDestination: Supported platforms for the buildables in the current scheme is empty.
{
  "dependencies" : [
  ],
  "manifest_display_name" : "PaletteKit",
  "name" : "PaletteKit",
  "path" : "/Users/admin/builder/spi-builder-workspace",
  "platforms" : [
    {
      "name" : "ios",
      "version" : "17.0"
    },
    {
      "name" : "macos",
      "version" : "14.0"
    }
  ],
  "products" : [
    {
      "name" : "PaletteKit",
      "targets" : [
        "PaletteKit"
      ],
      "type" : {
        "library" : [
          "automatic"
        ]
      }
    },
    {
      "name" : "PaletteKitInsights",
      "targets" : [
        "PaletteKitInsights"
      ],
      "type" : {
        "library" : [
          "automatic"
        ]
      }
    }
  ],
  "targets" : [
    {
      "c99name" : "PaletteKitTests",
      "module_type" : "SwiftTarget",
      "name" : "PaletteKitTests",
      "path" : "Tests/PaletteKitTests",
      "sources" : [
        "AnimatedPaletteGraphicConfigurationTests.swift",
        "AsyncPaletteGraphicLoaderTests.swift",
        "AsyncPaletteGraphicTransitionTests.swift",
        "AsyncPaletteGraphicViewTests.swift",
        "AsyncTestSupport.swift",
        "AsyncTestSupportTests.swift",
        "FlowMotionTests.swift",
        "GoldenPaletteTests.swift",
        "LABConversionTests.swift",
        "MetalQuantizerTests.swift",
        "MmcqQuantizerTests.swift",
        "PaletteCacheTests.swift",
        "PaletteColorShapeStyleTests.swift",
        "PaletteColorUIKitTests.swift",
        "PaletteExtractorTests.swift",
        "PaletteGraphicConfigurationTests.swift",
        "PaletteGraphicRendererTests.swift",
        "PaletteKitTests.swift",
        "PaletteMeshGraphicConfigurationTests.swift",
        "PaletteMeshGraphicResolverTests.swift",
        "PaletteMeshGraphicTests.swift",
        "RealFileGoldenTests.swift",
        "SwatchClassifierTests.swift",
        "SwatchMapLookupTests.swift"
      ],
      "target_dependencies" : [
        "PaletteKit"
      ],
      "type" : "test"
    },
    {
      "c99name" : "PaletteKitInsightsTests",
      "module_type" : "SwiftTarget",
      "name" : "PaletteKitInsightsTests",
      "path" : "Tests/PaletteKitInsightsTests",
      "sources" : [
        "InsightsPromptTests.swift",
        "LiveGenerationTests.swift",
        "PaletteInsightsGeneratorTests.swift",
        "PaletteInsightsTests.swift",
        "SmokeTests.swift"
      ],
      "target_dependencies" : [
        "PaletteKitInsights"
      ],
      "type" : "test"
    },
    {
      "c99name" : "PaletteKitInsights",
      "module_type" : "SwiftTarget",
      "name" : "PaletteKitInsights",
      "path" : "Sources/PaletteKitInsights",
      "product_memberships" : [
        "PaletteKitInsights"
      ],
      "sources" : [
        "GeneratedInsights.swift",
        "InsightsPrompt.swift",
        "PaletteInsights.swift",
        "PaletteInsightsError.swift",
        "PaletteInsightsGenerator.swift",
        "PaletteKitInsights.swift"
      ],
      "target_dependencies" : [
        "PaletteKit"
      ],
      "type" : "library"
    },
    {
      "c99name" : "PaletteKitBenchmarks",
      "module_type" : "SwiftTarget",
      "name" : "PaletteKitBenchmarks",
      "path" : "Tests/PaletteKitBenchmarks",
      "sources" : [
        "PaletteExtractorBenchmarks.swift",
        "PaletteMeshGraphicBenchmarks.swift"
      ],
      "target_dependencies" : [
        "PaletteKit"
      ],
      "type" : "test"
    },
    {
      "c99name" : "PaletteKit",
      "module_type" : "SwiftTarget",
      "name" : "PaletteKit",
      "path" : "Sources/PaletteKit",
      "product_memberships" : [
        "PaletteKit",
        "PaletteKitInsights"
      ],
      "sources" : [
        "API/PaletteExtractor.swift",
        "ColorSpace/BatchConversion.swift",
        "ColorSpace/LABConversion.swift",
        "ColorSpace/OKLCHConversion.swift",
        "Graphic/Animated/AnimatedPaletteFlowRenderer.swift",
        "Graphic/Animated/AnimatedPaletteFlowShader.swift",
        "Graphic/Animated/AnimatedPaletteGraphic+View.swift",
        "Graphic/Animated/AnimatedPaletteGraphic.swift",
        "Graphic/Animated/AnimatedPaletteGraphicView.swift",
        "Graphic/Animated/FlowMotion.swift",
        "Graphic/Animated/FlowSpeed.swift",
        "Graphic/Async/AsyncPaletteGraphic.swift",
        "Graphic/Async/AsyncPaletteGraphicLoader.swift",
        "Graphic/Async/AsyncPaletteGraphicPhase.swift",
        "Graphic/Async/AsyncPaletteGraphicTransition.swift",
        "Graphic/Async/AsyncPaletteGraphicView.swift",
        "Graphic/Async/PaletteCache.swift",
        "Graphic/ColorCount.swift",
        "Graphic/Mesh/PaletteMeshGraphic.swift",
        "Graphic/Mesh/PaletteMeshGraphicResolver.swift",
        "Graphic/PaletteGraphic.swift",
        "Graphic/PaletteGraphicRenderer.swift",
        "Graphic/PaletteGraphicView.swift",
        "Graphic/SwatchStrategy.swift",
        "Loaders/ImageSource.swift",
        "Loaders/PixelLoader.swift",
        "Logging/Logging.swift",
        "Metal/MetalContext.swift",
        "Model/Options.swift",
        "Model/Palette.swift",
        "Model/PaletteColor+ShapeStyle.swift",
        "Model/PaletteColor+UIKit.swift",
        "Model/PaletteColor.swift",
        "Model/PaletteError.swift",
        "Model/RGB.swift",
        "PaletteKit.swift",
        "Pipeline/PaletteBuilder.swift",
        "Pipeline/PixelSampler.swift",
        "Quantizers/MetalMmcqQuantizer.swift",
        "Quantizers/MmcqQuantizer.swift",
        "Quantizers/Quantizer.swift",
        "Swatches/Swatch.swift",
        "Swatches/SwatchClassifier.swift",
        "Swatches/SwatchMap+Lookup.swift"
      ],
      "type" : "library"
    }
  ],
  "tools_version" : "6.0"
}
{
  "workspace" : {
    "name" : "PaletteKit",
    "schemes" : [
      "PaletteKit",
      "PaletteKit-Package",
      "PaletteKitInsights"
    ]
  }
}
2026-09-27 04:09:25.723 xcodebuild[626:3898] [MT] IDERunDestination: Supported platforms for the buildables in the current scheme is empty.
Running build ...
env DEVELOPER_DIR=/Applications/Xcode-27.0.0-Release.Candidate.app xcrun xcodebuild -IDEClonedSourcePackagesDirPathOverride=$PWD/.dependencies -skipMacroValidation -skipPackagePluginValidation -derivedDataPath $PWD/.derivedData build -scheme PaletteKit-Package -destination generic/platform=tvOS
Command line invocation:
    /Applications/Xcode-27.0.0-Release.Candidate.app/Contents/Developer/usr/bin/xcodebuild -IDEClonedSourcePackagesDirPathOverride=/Users/admin/builder/spi-builder-workspace/.dependencies -skipMacroValidation -skipPackagePluginValidation -derivedDataPath /Users/admin/builder/spi-builder-workspace/.derivedData build -scheme PaletteKit-Package -destination generic/platform=tvOS
Resolve Package Graph
Resolved source packages:
  PaletteKit: /Users/admin/builder/spi-builder-workspace
ComputePackagePrebuildTargetDependencyGraph
Prepare packages
CreateBuildRequest
SendProjectDescription
CreateBuildOperation
ComputeTargetDependencyGraph
note: Building targets in dependency order
note: Target dependency graph (4 targets)
    Target 'PaletteKitInsights-product' in project 'PaletteKit'
        ➜ Explicit dependency on target 'PaletteKitInsights' in project 'PaletteKit'
        ➜ Explicit dependency on target 'PaletteKit' in project 'PaletteKit'
    Target 'PaletteKitInsights' in project 'PaletteKit'
        ➜ Explicit dependency on target 'PaletteKit' in project 'PaletteKit'
    Target 'PaletteKit-product' in project 'PaletteKit'
        ➜ Explicit dependency on target 'PaletteKit' in project 'PaletteKit'
    Target 'PaletteKit' in project 'PaletteKit' (no dependencies)
GatherProvisioningInputs
CreateBuildDescription
ExecuteExternalTool /Applications/Xcode-27.0.0-Release.Candidate.app/Contents/Developer/Toolchains/XcodeDefault.xctoolchain/usr/bin/clang -v -E -dM -isysroot /Applications/Xcode-27.0.0-Release.Candidate.app/Contents/Developer/Platforms/AppleTVOS.platform/Developer/SDKs/AppleTVOS27.0.sdk -x c -c /dev/null
ExecuteExternalTool /Applications/Xcode-27.0.0-Release.Candidate.app/Contents/Developer/Toolchains/XcodeDefault.xctoolchain/usr/bin/swiftc --version
ExecuteExternalTool /Applications/Xcode-27.0.0-Release.Candidate.app/Contents/Developer/Toolchains/XcodeDefault.xctoolchain/usr/bin/ld -version_details
Build description signature: 7eb6df1f7508637bebdf2d73333cec09
Build description path: /Users/admin/builder/spi-builder-workspace/.derivedData/Build/Intermediates.noindex/XCBuildData/7eb6df1f7508637bebdf2d73333cec09.xcbuilddata
CreateBuildDirectory /Users/admin/builder/spi-builder-workspace/.derivedData/SDKExplicitPrecompiledModules
    cd /Users/admin/builder/spi-builder-workspace/.swiftpm/xcode
    builtin-create-build-directory /Users/admin/builder/spi-builder-workspace/.derivedData/SDKExplicitPrecompiledModules
CreateBuildDirectory /Users/admin/builder/spi-builder-workspace/.derivedData/ModuleCache.noindex
    cd /Users/admin/builder/spi-builder-workspace/.swiftpm/xcode
    builtin-create-build-directory /Users/admin/builder/spi-builder-workspace/.derivedData/ModuleCache.noindex
CreateBuildDirectory /Users/admin/builder/spi-builder-workspace/.derivedData/CompilationCache.noindex
    cd /Users/admin/builder/spi-builder-workspace/.swiftpm/xcode
    builtin-create-build-directory /Users/admin/builder/spi-builder-workspace/.derivedData/CompilationCache.noindex
ClangStatCache /Applications/Xcode-27.0.0-Release.Candidate.app/Contents/Developer/Toolchains/XcodeDefault.xctoolchain/usr/bin/clang-stat-cache /Applications/Xcode-27.0.0-Release.Candidate.app/Contents/Developer/Platforms/AppleTVOS.platform/Developer/SDKs/AppleTVOS27.0.sdk /Users/admin/builder/spi-builder-workspace/.derivedData/SDKStatCaches.noindex/appletvos27.0-24J360-e829b21a6f8c9b70876ba0858053c044b32bfd8d43560033f8d89884cdb90028.sdkstatcache
    cd /Users/admin/builder/spi-builder-workspace/.swiftpm/xcode
    /Applications/Xcode-27.0.0-Release.Candidate.app/Contents/Developer/Toolchains/XcodeDefault.xctoolchain/usr/bin/clang-stat-cache /Applications/Xcode-27.0.0-Release.Candidate.app/Contents/Developer/Platforms/AppleTVOS.platform/Developer/SDKs/AppleTVOS27.0.sdk -o /Users/admin/builder/spi-builder-workspace/.derivedData/SDKStatCaches.noindex/appletvos27.0-24J360-e829b21a6f8c9b70876ba0858053c044b32bfd8d43560033f8d89884cdb90028.sdkstatcache
CreateBuildDirectory /Users/admin/builder/spi-builder-workspace/.derivedData/Build/Products
    cd /Users/admin/builder/spi-builder-workspace/.swiftpm/xcode
    builtin-create-build-directory /Users/admin/builder/spi-builder-workspace/.derivedData/Build/Products
CreateBuildDirectory /Users/admin/builder/spi-builder-workspace/.derivedData/Build/Intermediates.noindex
    cd /Users/admin/builder/spi-builder-workspace/.swiftpm/xcode
    builtin-create-build-directory /Users/admin/builder/spi-builder-workspace/.derivedData/Build/Intermediates.noindex
CreateBuildDirectory /Users/admin/builder/spi-builder-workspace/.derivedData/Build/Intermediates.noindex/SwiftExplicitPrecompiledModules
    cd /Users/admin/builder/spi-builder-workspace/.swiftpm/xcode
    builtin-create-build-directory /Users/admin/builder/spi-builder-workspace/.derivedData/Build/Intermediates.noindex/SwiftExplicitPrecompiledModules
CreateBuildDirectory /Users/admin/builder/spi-builder-workspace/.derivedData/Build/Intermediates.noindex/PrecompiledHeaders
    cd /Users/admin/builder/spi-builder-workspace/.swiftpm/xcode
    builtin-create-build-directory /Users/admin/builder/spi-builder-workspace/.derivedData/Build/Intermediates.noindex/PrecompiledHeaders
CreateBuildDirectory /Users/admin/builder/spi-builder-workspace/.derivedData/Build/Products/Debug-appletvos
    cd /Users/admin/builder/spi-builder-workspace/.swiftpm/xcode
    builtin-create-build-directory /Users/admin/builder/spi-builder-workspace/.derivedData/Build/Products/Debug-appletvos
CreateBuildDirectory /Users/admin/builder/spi-builder-workspace/.derivedData/Build/Intermediates.noindex/ExplicitPrecompiledModules
    cd /Users/admin/builder/spi-builder-workspace/.swiftpm/xcode
    builtin-create-build-directory /Users/admin/builder/spi-builder-workspace/.derivedData/Build/Intermediates.noindex/ExplicitPrecompiledModules
CreateBuildDirectory /Users/admin/builder/spi-builder-workspace/.derivedData/Build/Intermediates.noindex/EagerLinkingTBDs/Debug-appletvos
    cd /Users/admin/builder/spi-builder-workspace/.swiftpm/xcode
    builtin-create-build-directory /Users/admin/builder/spi-builder-workspace/.derivedData/Build/Intermediates.noindex/EagerLinkingTBDs/Debug-appletvos
CreateBuildDirectory /Users/admin/builder/spi-builder-workspace/.derivedData/Build/Products/Debug-appletvos/PackageFrameworks
    cd /Users/admin/builder/spi-builder-workspace/.swiftpm/xcode
    builtin-create-build-directory /Users/admin/builder/spi-builder-workspace/.derivedData/Build/Products/Debug-appletvos/PackageFrameworks
WriteAuxiliaryFile /Users/admin/builder/spi-builder-workspace/.derivedData/Build/Intermediates.noindex/PaletteKit.build/Debug-appletvos/PaletteKitInsights-t.build/PaletteKitInsights.modulemap (in target 'PaletteKitInsights' from project 'PaletteKit')
    cd /Users/admin/builder/spi-builder-workspace
    write-file /Users/admin/builder/spi-builder-workspace/.derivedData/Build/Intermediates.noindex/PaletteKit.build/Debug-appletvos/PaletteKitInsights-t.build/PaletteKitInsights.modulemap
WriteAuxiliaryFile /Users/admin/builder/spi-builder-workspace/.derivedData/Build/Intermediates.noindex/PaletteKit.build/Debug-appletvos/PaletteKitInsights-t.build/PaletteKitInsights.DependencyMetadataFileList (in target 'PaletteKitInsights' from project 'PaletteKit')
    cd /Users/admin/builder/spi-builder-workspace
    write-file /Users/admin/builder/spi-builder-workspace/.derivedData/Build/Intermediates.noindex/PaletteKit.build/Debug-appletvos/PaletteKitInsights-t.build/PaletteKitInsights.DependencyMetadataFileList
WriteAuxiliaryFile /Users/admin/builder/spi-builder-workspace/.derivedData/Build/Intermediates.noindex/PaletteKit.build/Debug-appletvos/PaletteKitInsights-t.build/PaletteKitInsights.DependencyStaticMetadataFileList (in target 'PaletteKitInsights' from project 'PaletteKit')
    cd /Users/admin/builder/spi-builder-workspace
    write-file /Users/admin/builder/spi-builder-workspace/.derivedData/Build/Intermediates.noindex/PaletteKit.build/Debug-appletvos/PaletteKitInsights-t.build/PaletteKitInsights.DependencyStaticMetadataFileList
WriteAuxiliaryFile /Users/admin/builder/spi-builder-workspace/.derivedData/Build/Intermediates.noindex/PaletteKit.build/Debug-appletvos/PaletteKit-t.build/PaletteKit.modulemap (in target 'PaletteKit' from project 'PaletteKit')
    cd /Users/admin/builder/spi-builder-workspace
    write-file /Users/admin/builder/spi-builder-workspace/.derivedData/Build/Intermediates.noindex/PaletteKit.build/Debug-appletvos/PaletteKit-t.build/PaletteKit.modulemap
WriteAuxiliaryFile /Users/admin/builder/spi-builder-workspace/.derivedData/Build/Intermediates.noindex/PaletteKit.build/Debug-appletvos/PaletteKitInsights-t.build/Objects-normal/arm64/PaletteKitInsights_const_extract_protocols.json (in target 'PaletteKitInsights' from project 'PaletteKit')
    cd /Users/admin/builder/spi-builder-workspace
    write-file /Users/admin/builder/spi-builder-workspace/.derivedData/Build/Intermediates.noindex/PaletteKit.build/Debug-appletvos/PaletteKitInsights-t.build/Objects-normal/arm64/PaletteKitInsights_const_extract_protocols.json
WriteAuxiliaryFile /Users/admin/builder/spi-builder-workspace/.derivedData/Build/Intermediates.noindex/PaletteKit.build/Debug-appletvos/PaletteKitInsights-t.build/Objects-normal/arm64/PaletteKitInsights.LinkFileList (in target 'PaletteKitInsights' from project 'PaletteKit')
    cd /Users/admin/builder/spi-builder-workspace
    write-file /Users/admin/builder/spi-builder-workspace/.derivedData/Build/Intermediates.noindex/PaletteKit.build/Debug-appletvos/PaletteKitInsights-t.build/Objects-normal/arm64/PaletteKitInsights.LinkFileList
WriteAuxiliaryFile /Users/admin/builder/spi-builder-workspace/.derivedData/Build/Intermediates.noindex/PaletteKit.build/Debug-appletvos/PaletteKitInsights-t.build/Objects-normal/arm64/PaletteKitInsights.SwiftFileList (in target 'PaletteKitInsights' from project 'PaletteKit')
    cd /Users/admin/builder/spi-builder-workspace
    write-file /Users/admin/builder/spi-builder-workspace/.derivedData/Build/Intermediates.noindex/PaletteKit.build/Debug-appletvos/PaletteKitInsights-t.build/Objects-normal/arm64/PaletteKitInsights.SwiftFileList
WriteAuxiliaryFile /Users/admin/builder/spi-builder-workspace/.derivedData/Build/Intermediates.noindex/PaletteKit.build/Debug-appletvos/PaletteKitInsights-t.build/Objects-normal/arm64/PaletteKitInsights-OutputFileMap.json (in target 'PaletteKitInsights' from project 'PaletteKit')
    cd /Users/admin/builder/spi-builder-workspace
    write-file /Users/admin/builder/spi-builder-workspace/.derivedData/Build/Intermediates.noindex/PaletteKit.build/Debug-appletvos/PaletteKitInsights-t.build/Objects-normal/arm64/PaletteKitInsights-OutputFileMap.json
WriteAuxiliaryFile /Users/admin/builder/spi-builder-workspace/.derivedData/Build/Intermediates.noindex/PaletteKit.build/Debug-appletvos/PaletteKitInsights-t.build/Objects-normal/arm64/PaletteKitInsights.SwiftConstValuesFileList (in target 'PaletteKitInsights' from project 'PaletteKit')
    cd /Users/admin/builder/spi-builder-workspace
    write-file /Users/admin/builder/spi-builder-workspace/.derivedData/Build/Intermediates.noindex/PaletteKit.build/Debug-appletvos/PaletteKitInsights-t.build/Objects-normal/arm64/PaletteKitInsights.SwiftConstValuesFileList
WriteAuxiliaryFile /Users/admin/builder/spi-builder-workspace/.derivedData/Build/Intermediates.noindex/PaletteKit.build/Debug-appletvos/PaletteKit-t.build/PaletteKit.DependencyMetadataFileList (in target 'PaletteKit' from project 'PaletteKit')
    cd /Users/admin/builder/spi-builder-workspace
    write-file /Users/admin/builder/spi-builder-workspace/.derivedData/Build/Intermediates.noindex/PaletteKit.build/Debug-appletvos/PaletteKit-t.build/PaletteKit.DependencyMetadataFileList
WriteAuxiliaryFile /Users/admin/builder/spi-builder-workspace/.derivedData/Build/Intermediates.noindex/PaletteKit.build/Debug-appletvos/PaletteKit-t.build/PaletteKit.DependencyStaticMetadataFileList (in target 'PaletteKit' from project 'PaletteKit')
    cd /Users/admin/builder/spi-builder-workspace
    write-file /Users/admin/builder/spi-builder-workspace/.derivedData/Build/Intermediates.noindex/PaletteKit.build/Debug-appletvos/PaletteKit-t.build/PaletteKit.DependencyStaticMetadataFileList
WriteAuxiliaryFile /Users/admin/builder/spi-builder-workspace/.derivedData/Build/Intermediates.noindex/PaletteKit.build/Debug-appletvos/PaletteKit-t.build/Objects-normal/arm64/PaletteKit_const_extract_protocols.json (in target 'PaletteKit' from project 'PaletteKit')
    cd /Users/admin/builder/spi-builder-workspace
    write-file /Users/admin/builder/spi-builder-workspace/.derivedData/Build/Intermediates.noindex/PaletteKit.build/Debug-appletvos/PaletteKit-t.build/Objects-normal/arm64/PaletteKit_const_extract_protocols.json
WriteAuxiliaryFile /Users/admin/builder/spi-builder-workspace/.derivedData/Build/Intermediates.noindex/PaletteKit.build/Debug-appletvos/PaletteKit-t.build/Objects-normal/arm64/PaletteKit.SwiftFileList (in target 'PaletteKit' from project 'PaletteKit')
    cd /Users/admin/builder/spi-builder-workspace
    write-file /Users/admin/builder/spi-builder-workspace/.derivedData/Build/Intermediates.noindex/PaletteKit.build/Debug-appletvos/PaletteKit-t.build/Objects-normal/arm64/PaletteKit.SwiftFileList
Copy /Users/admin/builder/spi-builder-workspace/.derivedData/Build/Intermediates.noindex/GeneratedModuleMaps-appletvos/PaletteKitInsights.modulemap /Users/admin/builder/spi-builder-workspace/.derivedData/Build/Intermediates.noindex/PaletteKit.build/Debug-appletvos/PaletteKitInsights-t.build/PaletteKitInsights.modulemap (in target 'PaletteKitInsights' from project 'PaletteKit')
    cd /Users/admin/builder/spi-builder-workspace
    builtin-copy -exclude .DS_Store -exclude CVS -exclude .svn -exclude .git -exclude .hg -resolve-src-symlinks /Users/admin/builder/spi-builder-workspace/.derivedData/Build/Intermediates.noindex/PaletteKit.build/Debug-appletvos/PaletteKitInsights-t.build/PaletteKitInsights.modulemap /Users/admin/builder/spi-builder-workspace/.derivedData/Build/Intermediates.noindex/GeneratedModuleMaps-appletvos
WriteAuxiliaryFile /Users/admin/builder/spi-builder-workspace/.derivedData/Build/Intermediates.noindex/PaletteKit.build/Debug-appletvos/PaletteKit-t.build/Objects-normal/arm64/PaletteKit.SwiftConstValuesFileList (in target 'PaletteKit' from project 'PaletteKit')
    cd /Users/admin/builder/spi-builder-workspace
    write-file /Users/admin/builder/spi-builder-workspace/.derivedData/Build/Intermediates.noindex/PaletteKit.build/Debug-appletvos/PaletteKit-t.build/Objects-normal/arm64/PaletteKit.SwiftConstValuesFileList
WriteAuxiliaryFile /Users/admin/builder/spi-builder-workspace/.derivedData/Build/Intermediates.noindex/PaletteKit.build/Debug-appletvos/PaletteKit-t.build/Objects-normal/arm64/PaletteKit.LinkFileList (in target 'PaletteKit' from project 'PaletteKit')
    cd /Users/admin/builder/spi-builder-workspace
    write-file /Users/admin/builder/spi-builder-workspace/.derivedData/Build/Intermediates.noindex/PaletteKit.build/Debug-appletvos/PaletteKit-t.build/Objects-normal/arm64/PaletteKit.LinkFileList
WriteAuxiliaryFile /Users/admin/builder/spi-builder-workspace/.derivedData/Build/Intermediates.noindex/PaletteKit.build/Debug-appletvos/PaletteKit-t.build/Objects-normal/arm64/PaletteKit-OutputFileMap.json (in target 'PaletteKit' from project 'PaletteKit')
    cd /Users/admin/builder/spi-builder-workspace
    write-file /Users/admin/builder/spi-builder-workspace/.derivedData/Build/Intermediates.noindex/PaletteKit.build/Debug-appletvos/PaletteKit-t.build/Objects-normal/arm64/PaletteKit-OutputFileMap.json
Copy /Users/admin/builder/spi-builder-workspace/.derivedData/Build/Intermediates.noindex/GeneratedModuleMaps-appletvos/PaletteKit.modulemap /Users/admin/builder/spi-builder-workspace/.derivedData/Build/Intermediates.noindex/PaletteKit.build/Debug-appletvos/PaletteKit-t.build/PaletteKit.modulemap (in target 'PaletteKit' from project 'PaletteKit')
    cd /Users/admin/builder/spi-builder-workspace
    builtin-copy -exclude .DS_Store -exclude CVS -exclude .svn -exclude .git -exclude .hg -resolve-src-symlinks /Users/admin/builder/spi-builder-workspace/.derivedData/Build/Intermediates.noindex/PaletteKit.build/Debug-appletvos/PaletteKit-t.build/PaletteKit.modulemap /Users/admin/builder/spi-builder-workspace/.derivedData/Build/Intermediates.noindex/GeneratedModuleMaps-appletvos
SwiftDriver PaletteKit normal arm64 com.apple.xcode.tools.swift.compiler (in target 'PaletteKit' from project 'PaletteKit')
    cd /Users/admin/builder/spi-builder-workspace/.swiftpm/xcode
    builtin-SwiftDriver -- /Applications/Xcode-27.0.0-Release.Candidate.app/Contents/Developer/Toolchains/XcodeDefault.xctoolchain/usr/bin/swiftc -parse-as-library -module-name PaletteKit -Onone @/Users/admin/builder/spi-builder-workspace/.derivedData/Build/Intermediates.noindex/PaletteKit.build/Debug-appletvos/PaletteKit-t.build/Objects-normal/arm64/PaletteKit.SwiftFileList -DSWIFT_PACKAGE -DDEBUG -DSWIFT_MODULE_RESOURCE_BUNDLE_UNAVAILABLE -DXcode -enable-upcoming-feature ExistentialAny -plugin-path /Applications/Xcode-27.0.0-Release.Candidate.app/Contents/Developer/Toolchains/XcodeDefault.xctoolchain/usr/lib/swift/host/plugins/testing -enable-experimental-feature DebugDescriptionMacro -sdk /Applications/Xcode-27.0.0-Release.Candidate.app/Contents/Developer/Platforms/AppleTVOS.platform/Developer/SDKs/AppleTVOS27.0.sdk -target arm64-apple-tvos17.0 -g -module-cache-path /Users/admin/builder/spi-builder-workspace/.derivedData/ModuleCache.noindex -Xfrontend -serialize-debugging-options -profile-coverage-mapping -profile-generate -enable-testing -index-store-path /Users/admin/builder/spi-builder-workspace/.derivedData/Index.noindex/DataStore -Xcc -D_LIBCPP_HARDENING_MODE\=_LIBCPP_HARDENING_MODE_DEBUG -swift-version 6 -I /Users/admin/builder/spi-builder-workspace/.derivedData/Build/Products/Debug-appletvos -Isystem /Applications/Xcode-27.0.0-Release.Candidate.app/Contents/Developer/Platforms/AppleTVOS.platform/Developer/usr/lib -F /Users/admin/builder/spi-builder-workspace/.derivedData/Build/Products/Debug-appletvos -F /Applications/Xcode-27.0.0-Release.Candidate.app/Contents/Developer/Platforms/AppleTVOS.platform/Developer/Library/Frameworks -F /Applications/Xcode-27.0.0-Release.Candidate.app/Contents/Developer/Platforms/AppleTVOS.platform/Developer/SDKs/AppleTVOS27.0.sdk/Developer/Library/Frameworks -c -j10 -enable-batch-mode -incremental -Xcc -ivfsstatcache -Xcc /Users/admin/builder/spi-builder-workspace/.derivedData/SDKStatCaches.noindex/appletvos27.0-24J360-e829b21a6f8c9b70876ba0858053c044b32bfd8d43560033f8d89884cdb90028.sdkstatcache -output-file-map /Users/admin/builder/spi-builder-workspace/.derivedData/Build/Intermediates.noindex/PaletteKit.build/Debug-appletvos/PaletteKit-t.build/Objects-normal/arm64/PaletteKit-OutputFileMap.json -save-temps -no-color-diagnostics -explicit-module-build -module-cache-path /Users/admin/builder/spi-builder-workspace/.derivedData/Build/Intermediates.noindex/SwiftExplicitPrecompiledModules -clang-scanner-module-cache-path /Users/admin/builder/spi-builder-workspace/.derivedData/ModuleCache.noindex -sdk-module-cache-path /Users/admin/builder/spi-builder-workspace/.derivedData/SDKExplicitPrecompiledModules -emit-dependencies -emit-module -emit-module-path /Users/admin/builder/spi-builder-workspace/.derivedData/Build/Intermediates.noindex/PaletteKit.build/Debug-appletvos/PaletteKit-t.build/Objects-normal/arm64/PaletteKit.swiftmodule -serialize-diagnostics -dependency-scan-serialize-diagnostics-path /Users/admin/builder/spi-builder-workspace/.derivedData/Build/Intermediates.noindex/PaletteKit.build/Debug-appletvos/PaletteKit-t.build/Objects-normal/arm64/PaletteKit-dependency-scan.dia -validate-clang-modules-once -clang-build-session-file /Users/admin/builder/spi-builder-workspace/.derivedData/ModuleCache.noindex/Session.modulevalidation -Xcc -fmodules-prune-interval\=86400 -Xcc -fmodules-prune-after\=345600 -package-name spi_builder_workspace -emit-const-values -const-gather-protocols-list /Users/admin/builder/spi-builder-workspace/.derivedData/Build/Intermediates.noindex/PaletteKit.build/Debug-appletvos/PaletteKit-t.build/Objects-normal/arm64/PaletteKit_const_extract_protocols.json -Xcc -I/Users/admin/builder/spi-builder-workspace/.derivedData/Build/Products/Debug-appletvos/include -Xcc -I/Users/admin/builder/spi-builder-workspace/.derivedData/Build/Intermediates.noindex/PaletteKit.build/Debug-appletvos/PaletteKit-t.build/DerivedSources-normal/arm64 -Xcc -I/Users/admin/builder/spi-builder-workspace/.derivedData/Build/Intermediates.noindex/PaletteKit.build/Debug-appletvos/PaletteKit-t.build/DerivedSources/arm64 -Xcc -I/Users/admin/builder/spi-builder-workspace/.derivedData/Build/Intermediates.noindex/PaletteKit.build/Debug-appletvos/PaletteKit-t.build/DerivedSources -Xcc -DSWIFT_PACKAGE -Xcc -DDEBUG\=1 -emit-objc-header -emit-objc-header-path /Users/admin/builder/spi-builder-workspace/.derivedData/Build/Intermediates.noindex/PaletteKit.build/Debug-appletvos/PaletteKit-t.build/Objects-normal/arm64/PaletteKit-Swift.h -working-directory /Users/admin/builder/spi-builder-workspace/.swiftpm/xcode -experimental-emit-module-separately -disable-cmo
SwiftExplicitDependencyGeneratePcm arm64 /Users/admin/builder/spi-builder-workspace/.derivedData/SDKExplicitPrecompiledModules/ptrcheck-BA65H1NXYZJ0BLLWO9HZOAZ6Y.pcm
SwiftExplicitDependencyGeneratePcm arm64 /Users/admin/builder/spi-builder-workspace/.derivedData/SDKExplicitPrecompiledModules/ptrauth-EMKXYE8GN9BK4M3ODSTVDUJU2.pcm
SwiftExplicitDependencyGeneratePcm arm64 /Users/admin/builder/spi-builder-workspace/.derivedData/SDKExplicitPrecompiledModules/DeveloperToolsSupport-CJV8SY9BXJUTONPFWMLQEGTXA.pcm
SwiftExplicitDependencyGeneratePcm arm64 /Users/admin/builder/spi-builder-workspace/.derivedData/SDKExplicitPrecompiledModules/_SwiftConcurrencyShims-3HZGHPZQL3GY71QUHDRB0P39S.pcm
SwiftExplicitDependencyGeneratePcm arm64 /Users/admin/builder/spi-builder-workspace/.derivedData/SDKExplicitPrecompiledModules/_Builtin_stdbool-4UUPXTY52W6RPSB0N2WGGLTJT.pcm
SwiftExplicitDependencyGeneratePcm arm64 /Users/admin/builder/spi-builder-workspace/.derivedData/SDKExplicitPrecompiledModules/_Builtin_float-3RF4B70MBHPP952AX3GNZ8W3H.pcm
SwiftExplicitDependencyGeneratePcm arm64 /Users/admin/builder/spi-builder-workspace/.derivedData/SDKExplicitPrecompiledModules/_Builtin_stddef-1MAO6P3OSQFGZFQEPM31XXNSS.pcm
SwiftExplicitDependencyGeneratePcm arm64 /Users/admin/builder/spi-builder-workspace/.derivedData/SDKExplicitPrecompiledModules/_Builtin_stdarg-719DH4G2R3NRP3HRX5HE8WX08.pcm
SwiftExplicitDependencyGeneratePcm arm64 /Users/admin/builder/spi-builder-workspace/.derivedData/SDKExplicitPrecompiledModules/_AvailabilityInternal-99L1JVU5TYE8S0FGGB7E09QQS.pcm
SwiftExplicitDependencyGeneratePcm arm64 /Users/admin/builder/spi-builder-workspace/.derivedData/SDKExplicitPrecompiledModules/SwiftShims-73G9EXEO9PVWB6PL1BR4TAJ0B.pcm
SwiftExplicitDependencyGeneratePcm arm64 /Users/admin/builder/spi-builder-workspace/.derivedData/SDKExplicitPrecompiledModules/_DarwinFoundation1-90NUFDXQ765U5FR62173FT21A.pcm
SwiftExplicitDependencyGeneratePcm arm64 /Users/admin/builder/spi-builder-workspace/.derivedData/SDKExplicitPrecompiledModules/_Builtin_limits-3JICJWOCEYXXXNXAMEJBF6UQN.pcm
SwiftExplicitDependencyGeneratePcm arm64 /Users/admin/builder/spi-builder-workspace/.derivedData/SDKExplicitPrecompiledModules/_DarwinFoundation2-EPKSYG5WMVE7WSPFQB4C0UC59.pcm
SwiftExplicitDependencyGeneratePcm arm64 /Users/admin/builder/spi-builder-workspace/.derivedData/SDKExplicitPrecompiledModules/sys_types-CATSGLJDZ8UZUMKHO6M4I4PJT.pcm
SwiftExplicitDependencyGeneratePcm arm64 /Users/admin/builder/spi-builder-workspace/.derivedData/SDKExplicitPrecompiledModules/string_h-B6D36UOVIZC2Y0YE3KEZLZAP6.pcm
SwiftExplicitDependencyGeneratePcm arm64 /Users/admin/builder/spi-builder-workspace/.derivedData/SDKExplicitPrecompiledModules/_Builtin_tgmath-320K271Z6IM134IWIB7S3LTD.pcm
SwiftExplicitDependencyGeneratePcm arm64 /Users/admin/builder/spi-builder-workspace/.derivedData/SDKExplicitPrecompiledModules/_Builtin_stdint-A8OKY0NXO26BZ4GWYKP79TKL9.pcm
SwiftExplicitDependencyGeneratePcm arm64 /Users/admin/builder/spi-builder-workspace/.derivedData/SDKExplicitPrecompiledModules/_Builtin_stdatomic-71DQV8BR56LNANL900GGEC9KO.pcm
SwiftExplicitDependencyGeneratePcm arm64 /Users/admin/builder/spi-builder-workspace/.derivedData/SDKExplicitPrecompiledModules/_Builtin_intrinsics-AQDFY8KQQX9Z38C6EI15S53EQ.pcm
SwiftExplicitDependencyGeneratePcm arm64 /Users/admin/builder/spi-builder-workspace/.derivedData/SDKExplicitPrecompiledModules/_DarwinFoundation3-63L5I5VCGX6CLI6HI7OWUXJN6.pcm
SwiftExplicitDependencyGeneratePcm arm64 /Users/admin/builder/spi-builder-workspace/.derivedData/SDKExplicitPrecompiledModules/_Builtin_inttypes-80RS02PM2X81SP8N0Q7X05540.pcm
SwiftExplicitDependencyGeneratePcm arm64 /Users/admin/builder/spi-builder-workspace/.derivedData/SDKExplicitPrecompiledModules/Darwin-1VTILT8KA42CNDAUB0H1FM7MC.pcm
SwiftExplicitDependencyGeneratePcm arm64 /Users/admin/builder/spi-builder-workspace/.derivedData/SDKExplicitPrecompiledModules/simd-D50CDGAQRFNF5E2BA2UWCCHLJ.pcm
SwiftExplicitDependencyGeneratePcm arm64 /Users/admin/builder/spi-builder-workspace/.derivedData/SDKExplicitPrecompiledModules/MachO-A5KLTMTLJD1DPHEYPZHUSRJ4O.pcm
SwiftExplicitDependencyGeneratePcm arm64 /Users/admin/builder/spi-builder-workspace/.derivedData/SDKExplicitPrecompiledModules/ObjectiveC-CC0BYHG21IQMMT48PGDNSK7G6.pcm
SwiftExplicitDependencyGeneratePcm arm64 /Users/admin/builder/spi-builder-workspace/.derivedData/SDKExplicitPrecompiledModules/os_object-1TJLDNS7X3UT7Y5TM4QQ2RN6G.pcm
SwiftExplicitDependencyGeneratePcm arm64 /Users/admin/builder/spi-builder-workspace/.derivedData/SDKExplicitPrecompiledModules/os_workgroup-E61GF9E8FAHZGKXVOV9QHUD27.pcm
SwiftExplicitDependencyGeneratePcm arm64 /Users/admin/builder/spi-builder-workspace/.derivedData/SDKExplicitPrecompiledModules/Spatial-2KZFBWN278VTZL619Y96SAJC9.pcm
SwiftExplicitDependencyGeneratePcm arm64 /Users/admin/builder/spi-builder-workspace/.derivedData/SDKExplicitPrecompiledModules/Dispatch-F564M6B2H1RRD83XZ8EBWFSHE.pcm
SwiftExplicitDependencyGeneratePcm arm64 /Users/admin/builder/spi-builder-workspace/.derivedData/SDKExplicitPrecompiledModules/CoreFoundation-A4LOYEEJIFQKOPZRDOG9M3N2K.pcm
SwiftExplicitDependencyGeneratePcm arm64 /Users/admin/builder/spi-builder-workspace/.derivedData/SDKExplicitPrecompiledModules/XPC-2WVXL0UION0MYZOZAJZC6DUXD.pcm
SwiftExplicitDependencyGeneratePcm arm64 /Users/admin/builder/spi-builder-workspace/.derivedData/SDKExplicitPrecompiledModules/os-4NLIUP5HHN7FW5ML70YLEU8QE.pcm
SwiftExplicitDependencyGeneratePcm arm64 /Users/admin/builder/spi-builder-workspace/.derivedData/SDKExplicitPrecompiledModules/CFNetwork-8S7XZ5SI3TWM2JOZPDZPRY8W9.pcm
SwiftExplicitDependencyGeneratePcm arm64 /Users/admin/builder/spi-builder-workspace/.derivedData/SDKExplicitPrecompiledModules/CoreAudioTypes-3D575H9KXE9GWSK6ZWEWBV9TM.pcm
SwiftExplicitDependencyGeneratePcm arm64 /Users/admin/builder/spi-builder-workspace/.derivedData/SDKExplicitPrecompiledModules/CoreGraphics-D8Y0X4J52BHG7HHUQLTX6SXE1.pcm
SwiftExplicitDependencyGeneratePcm arm64 /Users/admin/builder/spi-builder-workspace/.derivedData/SDKExplicitPrecompiledModules/Security-6KU6X9W8QDIJW83JUF0DRES83.pcm
SwiftExplicitDependencyGeneratePcm arm64 /Users/admin/builder/spi-builder-workspace/.derivedData/SDKExplicitPrecompiledModules/CoreAudio-46JNU59TK6U76A9ILN06CT9NS.pcm
SwiftExplicitDependencyGeneratePcm arm64 /Users/admin/builder/spi-builder-workspace/.derivedData/SDKExplicitPrecompiledModules/Foundation-1AS5K10MY6XENLLR2NDUCKYTM.pcm
SwiftExplicitDependencyGeneratePcm arm64 /Users/admin/builder/spi-builder-workspace/.derivedData/SDKExplicitPrecompiledModules/ImageIO-48DA7ET77Q34HPZP9CPHI9VS4.pcm
SwiftExplicitDependencyGeneratePcm arm64 /Users/admin/builder/spi-builder-workspace/.derivedData/SDKExplicitPrecompiledModules/CoreText-E0GG8D3D527TJX7D2QEHFQLM2.pcm
SwiftExplicitDependencyGeneratePcm arm64 /Users/admin/builder/spi-builder-workspace/.derivedData/SDKExplicitPrecompiledModules/DataDetection-9IX0C1MAX33MS6TCZDSNKXEO8.pcm
SwiftExplicitDependencyGeneratePcm arm64 /Users/admin/builder/spi-builder-workspace/.derivedData/SDKExplicitPrecompiledModules/Accessibility-EAPB6A95K5V0S27QNKR6ATG7F.pcm
SwiftExplicitDependencyGeneratePcm arm64 /Users/admin/builder/spi-builder-workspace/.derivedData/SDKExplicitPrecompiledModules/ModelIO-JNGW62PAJZJ85EJVPQ20SWUG.pcm
SwiftExplicitDependencyGeneratePcm arm64 /Users/admin/builder/spi-builder-workspace/.derivedData/SDKExplicitPrecompiledModules/CoreData-3R0N6HKKQMVS32U7KOKR14383.pcm
SwiftExplicitDependencyGeneratePcm arm64 /Users/admin/builder/spi-builder-workspace/.derivedData/SDKExplicitPrecompiledModules/_LocationEssentials-2OY9351FRBO717MIULOKMYA9E.pcm
SwiftExplicitDependencyGeneratePcm arm64 /Users/admin/builder/spi-builder-workspace/.derivedData/SDKExplicitPrecompiledModules/UniformTypeIdentifiers-DQ77M7R0D7VCBK0YUO3VHCRB1.pcm
SwiftExplicitDependencyGeneratePcm arm64 /Users/admin/builder/spi-builder-workspace/.derivedData/SDKExplicitPrecompiledModules/IOSurface-DEQULTJ8SC21O986FDCNTM8FX.pcm
SwiftExplicitDependencyGeneratePcm arm64 /Users/admin/builder/spi-builder-workspace/.derivedData/SDKExplicitPrecompiledModules/UserNotifications-AKH3GC0FQWUK55FNTW4WEMFQE.pcm
SwiftExplicitDependencyGeneratePcm arm64 /Users/admin/builder/spi-builder-workspace/.derivedData/SDKExplicitPrecompiledModules/Symbols-9TNA7JIKOEYVTYC7A16HCS4Z8.pcm
SwiftExplicitDependencyGeneratePcm arm64 /Users/admin/builder/spi-builder-workspace/.derivedData/SDKExplicitPrecompiledModules/CoreTransferable-84B3V3M9DHRIQERK179SSQO5U.pcm
SwiftExplicitDependencyGeneratePcm arm64 /Users/admin/builder/spi-builder-workspace/.derivedData/SDKExplicitPrecompiledModules/UIUtilities-9NQVCWATNLLVY125LB74695HY.pcm
SwiftExplicitDependencyGeneratePcm arm64 /Users/admin/builder/spi-builder-workspace/.derivedData/SDKExplicitPrecompiledModules/OSLog-1UX1YGRJSIOEO9YC3MNFFD818.pcm
SwiftExplicitDependencyGeneratePcm arm64 /Users/admin/builder/spi-builder-workspace/.derivedData/SDKExplicitPrecompiledModules/CoreLocation-6939X9DMB2SA43P0TYB7Z14Z5.pcm
SwiftExplicitDependencyGeneratePcm arm64 /Users/admin/builder/spi-builder-workspace/.derivedData/SDKExplicitPrecompiledModules/OpenGLES-6Y33D4DDPO1R82EJXT1SIGNPS.pcm
SwiftExplicitDependencyGeneratePcm arm64 /Users/admin/builder/spi-builder-workspace/.derivedData/SDKExplicitPrecompiledModules/Metal-52GB3RCZ6A2WEZ7RWCXV2WL0N.pcm
SwiftExplicitDependencyGeneratePcm arm64 /Users/admin/builder/spi-builder-workspace/.derivedData/SDKExplicitPrecompiledModules/CoreVideo-5G4VAY32QMJB00PUALI6188LK.pcm
SwiftExplicitDependencyGeneratePcm arm64 /Users/admin/builder/spi-builder-workspace/.derivedData/SDKExplicitPrecompiledModules/QuartzCore-DSNZZA81DYNK4OK1ANRR6HM7G.pcm
SwiftExplicitDependencyGeneratePcm arm64 /Users/admin/builder/spi-builder-workspace/.derivedData/SDKExplicitPrecompiledModules/CoreImage-ATUQ374FIDJPA1DF5BLR644CG.pcm
SwiftExplicitDependencyGeneratePcm arm64 /Users/admin/builder/spi-builder-workspace/.derivedData/SDKExplicitPrecompiledModules/CoreMedia-43BPYBY7ZACBDCUTAJXJFLTBP.pcm
SwiftExplicitDependencyGeneratePcm arm64 /Users/admin/builder/spi-builder-workspace/.derivedData/SDKExplicitPrecompiledModules/Accelerate-4OM38ARAUSAKBIDE0QD1Z5KTS.pcm
SwiftExplicitDependencyGeneratePcm arm64 /Users/admin/builder/spi-builder-workspace/.derivedData/SDKExplicitPrecompiledModules/SwiftUICore-7SJQ9GB90ACGZV5NB09LFJIRX.pcm
SwiftExplicitDependencyGeneratePcm arm64 /Users/admin/builder/spi-builder-workspace/.derivedData/SDKExplicitPrecompiledModules/UIKit-42T2ZGON9LDZUXRIAUKELQ554.pcm
SwiftExplicitDependencyGeneratePcm arm64 /Users/admin/builder/spi-builder-workspace/.derivedData/SDKExplicitPrecompiledModules/SwiftUI-B634212FU5XQXG1OEBY2WYYH3.pcm
SwiftExplicitDependencyGeneratePcm arm64 /Users/admin/builder/spi-builder-workspace/.derivedData/SDKExplicitPrecompiledModules/MetalKit-129Q6E1FB8GMHQ1W5IDUUQD2G.pcm
SwiftEmitModule normal arm64 Emitting\ module\ for\ PaletteKit (in target 'PaletteKit' from project 'PaletteKit')
SwiftCompile normal arm64 (in target 'PaletteKit' from project 'PaletteKit')
    cd /Users/admin/builder/spi-builder-workspace/.swiftpm/xcode

/Users/admin/builder/spi-builder-workspace/Sources/PaletteKit/Graphic/Animated/AnimatedPaletteFlowRenderer.swift:26:27: warning: use of protocol 'MTLRenderPipelineState' as a type must be written 'any MTLRenderPipelineState'; this will be an error in a future Swift language mode [#ExistentialAny]
24 | /// access happens on the main thread (view updates + MTKView's main-loop calls).
25 | final class AnimatedPaletteFlowRenderer: NSObject, MTKViewDelegate {
26 |     private var pipeline: MTLRenderPipelineState?
   |                           `- warning: use of protocol 'MTLRenderPipelineState' as a type must be written 'any MTLRenderPipelineState'; this will be an error in a future Swift language mode [#ExistentialAny]
27 |     private var queue: MTLCommandQueue?
28 |     private var motion: FlowMotion?
/Users/admin/builder/spi-builder-workspace/Sources/PaletteKit/Graphic/Animated/AnimatedPaletteFlowRenderer.swift:27:24: warning: use of protocol 'MTLCommandQueue' as a type must be written 'any MTLCommandQueue'; this will be an error in a future Swift language mode [#ExistentialAny]
25 | final class AnimatedPaletteFlowRenderer: NSObject, MTKViewDelegate {
26 |     private var pipeline: MTLRenderPipelineState?
27 |     private var queue: MTLCommandQueue?
   |                        `- warning: use of protocol 'MTLCommandQueue' as a type must be written 'any MTLCommandQueue'; this will be an error in a future Swift language mode [#ExistentialAny]
28 |     private var motion: FlowMotion?
29 |     private var colors: [SIMD4<Float>] = []   // xyz = LAB
/Users/admin/builder/spi-builder-workspace/Sources/PaletteKit/Graphic/PaletteGraphicRenderer.swift:12:5: warning: 'nonisolated(unsafe)' is unnecessary for a constant with 'Sendable' type 'CIContext', consider removing it
 10 | /// across both consumers.
 11 | internal enum PaletteGraphicRenderer {
 12 |     nonisolated(unsafe) private static let context = CIContext(options: [.useSoftwareRenderer: false])
    |     `- warning: 'nonisolated(unsafe)' is unnecessary for a constant with 'Sendable' type 'CIContext', consider removing it
 13 |
 14 |     /// Memoizes the rendered `CGImage` keyed by (palette signature +
[#ExistentialAny]: <https://docs.swift.org/compiler/documentation/diagnostics/existential-any>
SwiftCompile normal arm64 Compiling\ Quantizer.swift,\ Swatch.swift,\ SwatchClassifier.swift,\ SwatchMap+Lookup.swift /Users/admin/builder/spi-builder-workspace/Sources/PaletteKit/Quantizers/Quantizer.swift /Users/admin/builder/spi-builder-workspace/Sources/PaletteKit/Swatches/Swatch.swift /Users/admin/builder/spi-builder-workspace/Sources/PaletteKit/Swatches/SwatchClassifier.swift /Users/admin/builder/spi-builder-workspace/Sources/PaletteKit/Swatches/SwatchMap+Lookup.swift (in target 'PaletteKit' from project 'PaletteKit')
SwiftCompile normal arm64 /Users/admin/builder/spi-builder-workspace/Sources/PaletteKit/Quantizers/Quantizer.swift (in target 'PaletteKit' from project 'PaletteKit')
    cd /Users/admin/builder/spi-builder-workspace/.swiftpm/xcode
    builtin-SwiftPerFileCompile Quantizer.swift
SwiftCompile normal arm64 /Users/admin/builder/spi-builder-workspace/Sources/PaletteKit/Swatches/Swatch.swift (in target 'PaletteKit' from project 'PaletteKit')
    cd /Users/admin/builder/spi-builder-workspace/.swiftpm/xcode
    builtin-SwiftPerFileCompile Swatch.swift
SwiftCompile normal arm64 /Users/admin/builder/spi-builder-workspace/Sources/PaletteKit/Swatches/SwatchClassifier.swift (in target 'PaletteKit' from project 'PaletteKit')
    cd /Users/admin/builder/spi-builder-workspace/.swiftpm/xcode
    builtin-SwiftPerFileCompile SwatchClassifier.swift
SwiftCompile normal arm64 /Users/admin/builder/spi-builder-workspace/Sources/PaletteKit/Swatches/SwatchMap+Lookup.swift (in target 'PaletteKit' from project 'PaletteKit')
    cd /Users/admin/builder/spi-builder-workspace/.swiftpm/xcode
    builtin-SwiftPerFileCompile SwatchMap+Lookup.swift
SwiftCompile normal arm64 Compiling\ ImageSource.swift,\ PixelLoader.swift,\ Logging.swift,\ MetalContext.swift /Users/admin/builder/spi-builder-workspace/Sources/PaletteKit/Loaders/ImageSource.swift /Users/admin/builder/spi-builder-workspace/Sources/PaletteKit/Loaders/PixelLoader.swift /Users/admin/builder/spi-builder-workspace/Sources/PaletteKit/Logging/Logging.swift /Users/admin/builder/spi-builder-workspace/Sources/PaletteKit/Metal/MetalContext.swift (in target 'PaletteKit' from project 'PaletteKit')
SwiftCompile normal arm64 /Users/admin/builder/spi-builder-workspace/Sources/PaletteKit/Loaders/ImageSource.swift (in target 'PaletteKit' from project 'PaletteKit')
    cd /Users/admin/builder/spi-builder-workspace/.swiftpm/xcode
    builtin-SwiftPerFileCompile ImageSource.swift
SwiftCompile normal arm64 /Users/admin/builder/spi-builder-workspace/Sources/PaletteKit/Loaders/PixelLoader.swift (in target 'PaletteKit' from project 'PaletteKit')
    cd /Users/admin/builder/spi-builder-workspace/.swiftpm/xcode
    builtin-SwiftPerFileCompile PixelLoader.swift
SwiftCompile normal arm64 /Users/admin/builder/spi-builder-workspace/Sources/PaletteKit/Logging/Logging.swift (in target 'PaletteKit' from project 'PaletteKit')
    cd /Users/admin/builder/spi-builder-workspace/.swiftpm/xcode
    builtin-SwiftPerFileCompile Logging.swift
SwiftCompile normal arm64 /Users/admin/builder/spi-builder-workspace/Sources/PaletteKit/Metal/MetalContext.swift (in target 'PaletteKit' from project 'PaletteKit')
    cd /Users/admin/builder/spi-builder-workspace/.swiftpm/xcode
    builtin-SwiftPerFileCompile MetalContext.swift
SwiftCompile normal arm64 Compiling\ Options.swift,\ Palette.swift,\ PaletteColor+ShapeStyle.swift,\ PaletteColor+UIKit.swift /Users/admin/builder/spi-builder-workspace/Sources/PaletteKit/Model/Options.swift /Users/admin/builder/spi-builder-workspace/Sources/PaletteKit/Model/Palette.swift /Users/admin/builder/spi-builder-workspace/Sources/PaletteKit/Model/PaletteColor+ShapeStyle.swift /Users/admin/builder/spi-builder-workspace/Sources/PaletteKit/Model/PaletteColor+UIKit.swift (in target 'PaletteKit' from project 'PaletteKit')
SwiftCompile normal arm64 /Users/admin/builder/spi-builder-workspace/Sources/PaletteKit/Model/Options.swift (in target 'PaletteKit' from project 'PaletteKit')
    cd /Users/admin/builder/spi-builder-workspace/.swiftpm/xcode
    builtin-SwiftPerFileCompile Options.swift
SwiftCompile normal arm64 /Users/admin/builder/spi-builder-workspace/Sources/PaletteKit/Model/Palette.swift (in target 'PaletteKit' from project 'PaletteKit')
    cd /Users/admin/builder/spi-builder-workspace/.swiftpm/xcode
    builtin-SwiftPerFileCompile Palette.swift
SwiftCompile normal arm64 /Users/admin/builder/spi-builder-workspace/Sources/PaletteKit/Model/PaletteColor+ShapeStyle.swift (in target 'PaletteKit' from project 'PaletteKit')
    cd /Users/admin/builder/spi-builder-workspace/.swiftpm/xcode
    builtin-SwiftPerFileCompile PaletteColor+ShapeStyle.swift
SwiftCompile normal arm64 /Users/admin/builder/spi-builder-workspace/Sources/PaletteKit/Model/PaletteColor+UIKit.swift (in target 'PaletteKit' from project 'PaletteKit')
    cd /Users/admin/builder/spi-builder-workspace/.swiftpm/xcode
    builtin-SwiftPerFileCompile PaletteColor+UIKit.swift
SwiftCompile normal arm64 Compiling\ PaletteBuilder.swift,\ PixelSampler.swift,\ MetalMmcqQuantizer.swift,\ MmcqQuantizer.swift /Users/admin/builder/spi-builder-workspace/Sources/PaletteKit/Pipeline/PaletteBuilder.swift /Users/admin/builder/spi-builder-workspace/Sources/PaletteKit/Pipeline/PixelSampler.swift /Users/admin/builder/spi-builder-workspace/Sources/PaletteKit/Quantizers/MetalMmcqQuantizer.swift /Users/admin/builder/spi-builder-workspace/Sources/PaletteKit/Quantizers/MmcqQuantizer.swift (in target 'PaletteKit' from project 'PaletteKit')
SwiftCompile normal arm64 /Users/admin/builder/spi-builder-workspace/Sources/PaletteKit/Pipeline/PaletteBuilder.swift (in target 'PaletteKit' from project 'PaletteKit')
    cd /Users/admin/builder/spi-builder-workspace/.swiftpm/xcode
    builtin-SwiftPerFileCompile PaletteBuilder.swift
SwiftCompile normal arm64 /Users/admin/builder/spi-builder-workspace/Sources/PaletteKit/Pipeline/PixelSampler.swift (in target 'PaletteKit' from project 'PaletteKit')
    cd /Users/admin/builder/spi-builder-workspace/.swiftpm/xcode
    builtin-SwiftPerFileCompile PixelSampler.swift
SwiftCompile normal arm64 /Users/admin/builder/spi-builder-workspace/Sources/PaletteKit/Quantizers/MetalMmcqQuantizer.swift (in target 'PaletteKit' from project 'PaletteKit')
    cd /Users/admin/builder/spi-builder-workspace/.swiftpm/xcode
    builtin-SwiftPerFileCompile MetalMmcqQuantizer.swift
SwiftCompile normal arm64 /Users/admin/builder/spi-builder-workspace/Sources/PaletteKit/Quantizers/MmcqQuantizer.swift (in target 'PaletteKit' from project 'PaletteKit')
    cd /Users/admin/builder/spi-builder-workspace/.swiftpm/xcode
    builtin-SwiftPerFileCompile MmcqQuantizer.swift
SwiftCompile normal arm64 Compiling\ PaletteGraphic.swift,\ PaletteGraphicRenderer.swift,\ PaletteGraphicView.swift,\ SwatchStrategy.swift /Users/admin/builder/spi-builder-workspace/Sources/PaletteKit/Graphic/PaletteGraphic.swift /Users/admin/builder/spi-builder-workspace/Sources/PaletteKit/Graphic/PaletteGraphicRenderer.swift /Users/admin/builder/spi-builder-workspace/Sources/PaletteKit/Graphic/PaletteGraphicView.swift /Users/admin/builder/spi-builder-workspace/Sources/PaletteKit/Graphic/SwatchStrategy.swift (in target 'PaletteKit' from project 'PaletteKit')
SwiftCompile normal arm64 /Users/admin/builder/spi-builder-workspace/Sources/PaletteKit/Graphic/PaletteGraphic.swift (in target 'PaletteKit' from project 'PaletteKit')
    cd /Users/admin/builder/spi-builder-workspace/.swiftpm/xcode
    builtin-SwiftPerFileCompile PaletteGraphic.swift
SwiftCompile normal arm64 /Users/admin/builder/spi-builder-workspace/Sources/PaletteKit/Graphic/PaletteGraphicRenderer.swift (in target 'PaletteKit' from project 'PaletteKit')
    cd /Users/admin/builder/spi-builder-workspace/.swiftpm/xcode
    builtin-SwiftPerFileCompile PaletteGraphicRenderer.swift
SwiftCompile normal arm64 /Users/admin/builder/spi-builder-workspace/Sources/PaletteKit/Graphic/PaletteGraphicView.swift (in target 'PaletteKit' from project 'PaletteKit')
    cd /Users/admin/builder/spi-builder-workspace/.swiftpm/xcode
    builtin-SwiftPerFileCompile PaletteGraphicView.swift
SwiftCompile normal arm64 /Users/admin/builder/spi-builder-workspace/Sources/PaletteKit/Graphic/SwatchStrategy.swift (in target 'PaletteKit' from project 'PaletteKit')
    cd /Users/admin/builder/spi-builder-workspace/.swiftpm/xcode
    builtin-SwiftPerFileCompile SwatchStrategy.swift
SwiftCompile normal arm64 Compiling\ PaletteColor.swift,\ PaletteError.swift,\ RGB.swift,\ PaletteKit.swift /Users/admin/builder/spi-builder-workspace/Sources/PaletteKit/Model/PaletteColor.swift /Users/admin/builder/spi-builder-workspace/Sources/PaletteKit/Model/PaletteError.swift /Users/admin/builder/spi-builder-workspace/Sources/PaletteKit/Model/RGB.swift /Users/admin/builder/spi-builder-workspace/Sources/PaletteKit/PaletteKit.swift (in target 'PaletteKit' from project 'PaletteKit')
SwiftCompile normal arm64 /Users/admin/builder/spi-builder-workspace/Sources/PaletteKit/Model/PaletteColor.swift (in target 'PaletteKit' from project 'PaletteKit')
    cd /Users/admin/builder/spi-builder-workspace/.swiftpm/xcode
    builtin-SwiftPerFileCompile PaletteColor.swift
SwiftCompile normal arm64 /Users/admin/builder/spi-builder-workspace/Sources/PaletteKit/Model/PaletteError.swift (in target 'PaletteKit' from project 'PaletteKit')
    cd /Users/admin/builder/spi-builder-workspace/.swiftpm/xcode
    builtin-SwiftPerFileCompile PaletteError.swift
SwiftCompile normal arm64 /Users/admin/builder/spi-builder-workspace/Sources/PaletteKit/Model/RGB.swift (in target 'PaletteKit' from project 'PaletteKit')
    cd /Users/admin/builder/spi-builder-workspace/.swiftpm/xcode
    builtin-SwiftPerFileCompile RGB.swift
SwiftCompile normal arm64 /Users/admin/builder/spi-builder-workspace/Sources/PaletteKit/PaletteKit.swift (in target 'PaletteKit' from project 'PaletteKit')
    cd /Users/admin/builder/spi-builder-workspace/.swiftpm/xcode
    builtin-SwiftPerFileCompile PaletteKit.swift
SwiftCompile normal arm64 Compiling\ AsyncPaletteGraphicView.swift,\ PaletteCache.swift,\ ColorCount.swift,\ PaletteMeshGraphic.swift,\ PaletteMeshGraphicResolver.swift /Users/admin/builder/spi-builder-workspace/Sources/PaletteKit/Graphic/Async/AsyncPaletteGraphicView.swift /Users/admin/builder/spi-builder-workspace/Sources/PaletteKit/Graphic/Async/PaletteCache.swift /Users/admin/builder/spi-builder-workspace/Sources/PaletteKit/Graphic/ColorCount.swift /Users/admin/builder/spi-builder-workspace/Sources/PaletteKit/Graphic/Mesh/PaletteMeshGraphic.swift /Users/admin/builder/spi-builder-workspace/Sources/PaletteKit/Graphic/Mesh/PaletteMeshGraphicResolver.swift (in target 'PaletteKit' from project 'PaletteKit')
/Users/admin/builder/spi-builder-workspace/Sources/PaletteKit/Graphic/Mesh/PaletteMeshGraphic.swift:38:16: error: conformance of 'MeshGradient' to 'View' is only available in tvOS 18.0 or newer
 14 | /// ```
 15 | @available(iOS 18.0, *)
 16 | public struct PaletteMeshGraphic: View {
    |               `- note: add '@available' attribute to enclosing struct
 17 |     public let palette: Palette
 18 |     public let configuration: Configuration
    :
 26 |     }
 27 |
 28 |     public var body: some View {
    |                `- note: add '@available' attribute to enclosing property
 29 |         let seed = PaletteMeshGraphicResolver.paletteSeed(palette: palette)
 30 |         let points = PaletteMeshGraphicResolver.resolvePoints(
    :
 36 |             gridSize: configuration.gridSize
 37 |         )
 38 |         return MeshGradient(
    |                |- error: conformance of 'MeshGradient' to 'View' is only available in tvOS 18.0 or newer
    |                `- note: add 'if #available' version check
 39 |             width: configuration.gridSize.width,
 40 |             height: configuration.gridSize.height,
SwiftCompile normal arm64 /Users/admin/builder/spi-builder-workspace/Sources/PaletteKit/Graphic/Async/AsyncPaletteGraphicView.swift (in target 'PaletteKit' from project 'PaletteKit')
    cd /Users/admin/builder/spi-builder-workspace/.swiftpm/xcode
    builtin-SwiftPerFileCompile AsyncPaletteGraphicView.swift
SwiftCompile normal arm64 /Users/admin/builder/spi-builder-workspace/Sources/PaletteKit/Graphic/Async/PaletteCache.swift (in target 'PaletteKit' from project 'PaletteKit')
    cd /Users/admin/builder/spi-builder-workspace/.swiftpm/xcode
    builtin-SwiftPerFileCompile PaletteCache.swift
SwiftCompile normal arm64 /Users/admin/builder/spi-builder-workspace/Sources/PaletteKit/Graphic/ColorCount.swift (in target 'PaletteKit' from project 'PaletteKit')
    cd /Users/admin/builder/spi-builder-workspace/.swiftpm/xcode
    builtin-SwiftPerFileCompile ColorCount.swift
SwiftCompile normal arm64 /Users/admin/builder/spi-builder-workspace/Sources/PaletteKit/Graphic/Mesh/PaletteMeshGraphic.swift (in target 'PaletteKit' from project 'PaletteKit')
    cd /Users/admin/builder/spi-builder-workspace/.swiftpm/xcode
    builtin-SwiftPerFileCompile PaletteMeshGraphic.swift
SwiftCompile normal arm64 /Users/admin/builder/spi-builder-workspace/Sources/PaletteKit/Graphic/Mesh/PaletteMeshGraphicResolver.swift (in target 'PaletteKit' from project 'PaletteKit')
    cd /Users/admin/builder/spi-builder-workspace/.swiftpm/xcode
    builtin-SwiftPerFileCompile PaletteMeshGraphicResolver.swift
SwiftCompile normal arm64 Compiling\ FlowSpeed.swift,\ AsyncPaletteGraphic.swift,\ AsyncPaletteGraphicLoader.swift,\ AsyncPaletteGraphicPhase.swift,\ AsyncPaletteGraphicTransition.swift /Users/admin/builder/spi-builder-workspace/Sources/PaletteKit/Graphic/Animated/FlowSpeed.swift /Users/admin/builder/spi-builder-workspace/Sources/PaletteKit/Graphic/Async/AsyncPaletteGraphic.swift /Users/admin/builder/spi-builder-workspace/Sources/PaletteKit/Graphic/Async/AsyncPaletteGraphicLoader.swift /Users/admin/builder/spi-builder-workspace/Sources/PaletteKit/Graphic/Async/AsyncPaletteGraphicPhase.swift /Users/admin/builder/spi-builder-workspace/Sources/PaletteKit/Graphic/Async/AsyncPaletteGraphicTransition.swift (in target 'PaletteKit' from project 'PaletteKit')
SwiftCompile normal arm64 /Users/admin/builder/spi-builder-workspace/Sources/PaletteKit/Graphic/Animated/FlowSpeed.swift (in target 'PaletteKit' from project 'PaletteKit')
    cd /Users/admin/builder/spi-builder-workspace/.swiftpm/xcode
    builtin-SwiftPerFileCompile FlowSpeed.swift
SwiftCompile normal arm64 /Users/admin/builder/spi-builder-workspace/Sources/PaletteKit/Graphic/Async/AsyncPaletteGraphic.swift (in target 'PaletteKit' from project 'PaletteKit')
    cd /Users/admin/builder/spi-builder-workspace/.swiftpm/xcode
    builtin-SwiftPerFileCompile AsyncPaletteGraphic.swift
SwiftCompile normal arm64 /Users/admin/builder/spi-builder-workspace/Sources/PaletteKit/Graphic/Async/AsyncPaletteGraphicLoader.swift (in target 'PaletteKit' from project 'PaletteKit')
    cd /Users/admin/builder/spi-builder-workspace/.swiftpm/xcode
    builtin-SwiftPerFileCompile AsyncPaletteGraphicLoader.swift
SwiftCompile normal arm64 /Users/admin/builder/spi-builder-workspace/Sources/PaletteKit/Graphic/Async/AsyncPaletteGraphicPhase.swift (in target 'PaletteKit' from project 'PaletteKit')
    cd /Users/admin/builder/spi-builder-workspace/.swiftpm/xcode
    builtin-SwiftPerFileCompile AsyncPaletteGraphicPhase.swift
SwiftCompile normal arm64 /Users/admin/builder/spi-builder-workspace/Sources/PaletteKit/Graphic/Async/AsyncPaletteGraphicTransition.swift (in target 'PaletteKit' from project 'PaletteKit')
    cd /Users/admin/builder/spi-builder-workspace/.swiftpm/xcode
    builtin-SwiftPerFileCompile AsyncPaletteGraphicTransition.swift
SwiftCompile normal arm64 Compiling\ AnimatedPaletteFlowShader.swift,\ AnimatedPaletteGraphic+View.swift,\ AnimatedPaletteGraphic.swift,\ AnimatedPaletteGraphicView.swift,\ FlowMotion.swift /Users/admin/builder/spi-builder-workspace/Sources/PaletteKit/Graphic/Animated/AnimatedPaletteFlowShader.swift /Users/admin/builder/spi-builder-workspace/Sources/PaletteKit/Graphic/Animated/AnimatedPaletteGraphic+View.swift /Users/admin/builder/spi-builder-workspace/Sources/PaletteKit/Graphic/Animated/AnimatedPaletteGraphic.swift /Users/admin/builder/spi-builder-workspace/Sources/PaletteKit/Graphic/Animated/AnimatedPaletteGraphicView.swift /Users/admin/builder/spi-builder-workspace/Sources/PaletteKit/Graphic/Animated/FlowMotion.swift (in target 'PaletteKit' from project 'PaletteKit')
SwiftCompile normal arm64 /Users/admin/builder/spi-builder-workspace/Sources/PaletteKit/Graphic/Animated/AnimatedPaletteFlowShader.swift (in target 'PaletteKit' from project 'PaletteKit')
    cd /Users/admin/builder/spi-builder-workspace/.swiftpm/xcode
    builtin-SwiftPerFileCompile AnimatedPaletteFlowShader.swift
SwiftCompile normal arm64 /Users/admin/builder/spi-builder-workspace/Sources/PaletteKit/Graphic/Animated/AnimatedPaletteGraphic+View.swift (in target 'PaletteKit' from project 'PaletteKit')
    cd /Users/admin/builder/spi-builder-workspace/.swiftpm/xcode
    builtin-SwiftPerFileCompile AnimatedPaletteGraphic+View.swift
SwiftCompile normal arm64 /Users/admin/builder/spi-builder-workspace/Sources/PaletteKit/Graphic/Animated/AnimatedPaletteGraphic.swift (in target 'PaletteKit' from project 'PaletteKit')
    cd /Users/admin/builder/spi-builder-workspace/.swiftpm/xcode
    builtin-SwiftPerFileCompile AnimatedPaletteGraphic.swift
SwiftCompile normal arm64 /Users/admin/builder/spi-builder-workspace/Sources/PaletteKit/Graphic/Animated/AnimatedPaletteGraphicView.swift (in target 'PaletteKit' from project 'PaletteKit')
    cd /Users/admin/builder/spi-builder-workspace/.swiftpm/xcode
    builtin-SwiftPerFileCompile AnimatedPaletteGraphicView.swift
SwiftCompile normal arm64 /Users/admin/builder/spi-builder-workspace/Sources/PaletteKit/Graphic/Animated/FlowMotion.swift (in target 'PaletteKit' from project 'PaletteKit')
    cd /Users/admin/builder/spi-builder-workspace/.swiftpm/xcode
    builtin-SwiftPerFileCompile FlowMotion.swift
SwiftCompile normal arm64 Compiling\ PaletteExtractor.swift,\ BatchConversion.swift,\ LABConversion.swift,\ OKLCHConversion.swift,\ AnimatedPaletteFlowRenderer.swift /Users/admin/builder/spi-builder-workspace/Sources/PaletteKit/API/PaletteExtractor.swift /Users/admin/builder/spi-builder-workspace/Sources/PaletteKit/ColorSpace/BatchConversion.swift /Users/admin/builder/spi-builder-workspace/Sources/PaletteKit/ColorSpace/LABConversion.swift /Users/admin/builder/spi-builder-workspace/Sources/PaletteKit/ColorSpace/OKLCHConversion.swift /Users/admin/builder/spi-builder-workspace/Sources/PaletteKit/Graphic/Animated/AnimatedPaletteFlowRenderer.swift (in target 'PaletteKit' from project 'PaletteKit')
/Users/admin/builder/spi-builder-workspace/Sources/PaletteKit/Graphic/Animated/AnimatedPaletteFlowRenderer.swift:26:27: warning: use of protocol 'MTLRenderPipelineState' as a type must be written 'any MTLRenderPipelineState'; this will be an error in a future Swift language mode [#ExistentialAny]
24 | /// access happens on the main thread (view updates + MTKView's main-loop calls).
25 | final class AnimatedPaletteFlowRenderer: NSObject, MTKViewDelegate {
26 |     private var pipeline: MTLRenderPipelineState?
   |                           `- warning: use of protocol 'MTLRenderPipelineState' as a type must be written 'any MTLRenderPipelineState'; this will be an error in a future Swift language mode [#ExistentialAny]
27 |     private var queue: MTLCommandQueue?
28 |     private var motion: FlowMotion?
SwiftCompile normal arm64 /Users/admin/builder/spi-builder-workspace/Sources/PaletteKit/API/PaletteExtractor.swift (in target 'PaletteKit' from project 'PaletteKit')
    cd /Users/admin/builder/spi-builder-workspace/.swiftpm/xcode
    builtin-SwiftPerFileCompile PaletteExtractor.swift
SwiftCompile normal arm64 /Users/admin/builder/spi-builder-workspace/Sources/PaletteKit/ColorSpace/BatchConversion.swift (in target 'PaletteKit' from project 'PaletteKit')
    cd /Users/admin/builder/spi-builder-workspace/.swiftpm/xcode
    builtin-SwiftPerFileCompile BatchConversion.swift
SwiftCompile normal arm64 /Users/admin/builder/spi-builder-workspace/Sources/PaletteKit/ColorSpace/LABConversion.swift (in target 'PaletteKit' from project 'PaletteKit')
    cd /Users/admin/builder/spi-builder-workspace/.swiftpm/xcode
    builtin-SwiftPerFileCompile LABConversion.swift
SwiftCompile normal arm64 /Users/admin/builder/spi-builder-workspace/Sources/PaletteKit/ColorSpace/OKLCHConversion.swift (in target 'PaletteKit' from project 'PaletteKit')
    cd /Users/admin/builder/spi-builder-workspace/.swiftpm/xcode
    builtin-SwiftPerFileCompile OKLCHConversion.swift
SwiftCompile normal arm64 /Users/admin/builder/spi-builder-workspace/Sources/PaletteKit/Graphic/Animated/AnimatedPaletteFlowRenderer.swift (in target 'PaletteKit' from project 'PaletteKit')
    cd /Users/admin/builder/spi-builder-workspace/.swiftpm/xcode
    builtin-SwiftPerFileCompile AnimatedPaletteFlowRenderer.swift
SwiftDriverJobDiscovery normal arm64 Emitting module for PaletteKit (in target 'PaletteKit' from project 'PaletteKit')
SwiftDriver\ Compilation\ Requirements PaletteKit normal arm64 com.apple.xcode.tools.swift.compiler (in target 'PaletteKit' from project 'PaletteKit')
    cd /Users/admin/builder/spi-builder-workspace/.swiftpm/xcode
    builtin-Swift-Compilation-Requirements -- /Applications/Xcode-27.0.0-Release.Candidate.app/Contents/Developer/Toolchains/XcodeDefault.xctoolchain/usr/bin/swiftc -parse-as-library -module-name PaletteKit -Onone @/Users/admin/builder/spi-builder-workspace/.derivedData/Build/Intermediates.noindex/PaletteKit.build/Debug-appletvos/PaletteKit-t.build/Objects-normal/arm64/PaletteKit.SwiftFileList -DSWIFT_PACKAGE -DDEBUG -DSWIFT_MODULE_RESOURCE_BUNDLE_UNAVAILABLE -DXcode -enable-upcoming-feature ExistentialAny -plugin-path /Applications/Xcode-27.0.0-Release.Candidate.app/Contents/Developer/Toolchains/XcodeDefault.xctoolchain/usr/lib/swift/host/plugins/testing -enable-experimental-feature DebugDescriptionMacro -sdk /Applications/Xcode-27.0.0-Release.Candidate.app/Contents/Developer/Platforms/AppleTVOS.platform/Developer/SDKs/AppleTVOS27.0.sdk -target arm64-apple-tvos17.0 -g -module-cache-path /Users/admin/builder/spi-builder-workspace/.derivedData/ModuleCache.noindex -Xfrontend -serialize-debugging-options -profile-coverage-mapping -profile-generate -enable-testing -index-store-path /Users/admin/builder/spi-builder-workspace/.derivedData/Index.noindex/DataStore -Xcc -D_LIBCPP_HARDENING_MODE\=_LIBCPP_HARDENING_MODE_DEBUG -swift-version 6 -I /Users/admin/builder/spi-builder-workspace/.derivedData/Build/Products/Debug-appletvos -Isystem /Applications/Xcode-27.0.0-Release.Candidate.app/Contents/Developer/Platforms/AppleTVOS.platform/Developer/usr/lib -F /Users/admin/builder/spi-builder-workspace/.derivedData/Build/Products/Debug-appletvos -F /Applications/Xcode-27.0.0-Release.Candidate.app/Contents/Developer/Platforms/AppleTVOS.platform/Developer/Library/Frameworks -F /Applications/Xcode-27.0.0-Release.Candidate.app/Contents/Developer/Platforms/AppleTVOS.platform/Developer/SDKs/AppleTVOS27.0.sdk/Developer/Library/Frameworks -c -j10 -enable-batch-mode -incremental -Xcc -ivfsstatcache -Xcc /Users/admin/builder/spi-builder-workspace/.derivedData/SDKStatCaches.noindex/appletvos27.0-24J360-e829b21a6f8c9b70876ba0858053c044b32bfd8d43560033f8d89884cdb90028.sdkstatcache -output-file-map /Users/admin/builder/spi-builder-workspace/.derivedData/Build/Intermediates.noindex/PaletteKit.build/Debug-appletvos/PaletteKit-t.build/Objects-normal/arm64/PaletteKit-OutputFileMap.json -save-temps -no-color-diagnostics -explicit-module-build -module-cache-path /Users/admin/builder/spi-builder-workspace/.derivedData/Build/Intermediates.noindex/SwiftExplicitPrecompiledModules -clang-scanner-module-cache-path /Users/admin/builder/spi-builder-workspace/.derivedData/ModuleCache.noindex -sdk-module-cache-path /Users/admin/builder/spi-builder-workspace/.derivedData/SDKExplicitPrecompiledModules -emit-dependencies -emit-module -emit-module-path /Users/admin/builder/spi-builder-workspace/.derivedData/Build/Intermediates.noindex/PaletteKit.build/Debug-appletvos/PaletteKit-t.build/Objects-normal/arm64/PaletteKit.swiftmodule -serialize-diagnostics -dependency-scan-serialize-diagnostics-path /Users/admin/builder/spi-builder-workspace/.derivedData/Build/Intermediates.noindex/PaletteKit.build/Debug-appletvos/PaletteKit-t.build/Objects-normal/arm64/PaletteKit-dependency-scan.dia -validate-clang-modules-once -clang-build-session-file /Users/admin/builder/spi-builder-workspace/.derivedData/ModuleCache.noindex/Session.modulevalidation -Xcc -fmodules-prune-interval\=86400 -Xcc -fmodules-prune-after\=345600 -package-name spi_builder_workspace -emit-const-values -const-gather-protocols-list /Users/admin/builder/spi-builder-workspace/.derivedData/Build/Intermediates.noindex/PaletteKit.build/Debug-appletvos/PaletteKit-t.build/Objects-normal/arm64/PaletteKit_const_extract_protocols.json -Xcc -I/Users/admin/builder/spi-builder-workspace/.derivedData/Build/Products/Debug-appletvos/include -Xcc -I/Users/admin/builder/spi-builder-workspace/.derivedData/Build/Intermediates.noindex/PaletteKit.build/Debug-appletvos/PaletteKit-t.build/DerivedSources-normal/arm64 -Xcc -I/Users/admin/builder/spi-builder-workspace/.derivedData/Build/Intermediates.noindex/PaletteKit.build/Debug-appletvos/PaletteKit-t.build/DerivedSources/arm64 -Xcc -I/Users/admin/builder/spi-builder-workspace/.derivedData/Build/Intermediates.noindex/PaletteKit.build/Debug-appletvos/PaletteKit-t.build/DerivedSources -Xcc -DSWIFT_PACKAGE -Xcc -DDEBUG\=1 -emit-objc-header -emit-objc-header-path /Users/admin/builder/spi-builder-workspace/.derivedData/Build/Intermediates.noindex/PaletteKit.build/Debug-appletvos/PaletteKit-t.build/Objects-normal/arm64/PaletteKit-Swift.h -working-directory /Users/admin/builder/spi-builder-workspace/.swiftpm/xcode -experimental-emit-module-separately -disable-cmo
SwiftDriverJobDiscovery normal arm64 Compiling Quantizer.swift, Swatch.swift, SwatchClassifier.swift, SwatchMap+Lookup.swift (in target 'PaletteKit' from project 'PaletteKit')
SwiftDriverJobDiscovery normal arm64 Compiling PaletteColor.swift, PaletteError.swift, RGB.swift, PaletteKit.swift (in target 'PaletteKit' from project 'PaletteKit')
SwiftMergeGeneratedHeaders /Users/admin/builder/spi-builder-workspace/.derivedData/Build/Intermediates.noindex/GeneratedModuleMaps-appletvos/PaletteKit-Swift.h /Users/admin/builder/spi-builder-workspace/.derivedData/Build/Intermediates.noindex/PaletteKit.build/Debug-appletvos/PaletteKit-t.build/Objects-normal/arm64/PaletteKit-Swift.h (in target 'PaletteKit' from project 'PaletteKit')
    cd /Users/admin/builder/spi-builder-workspace
    builtin-swiftHeaderTool -arch arm64 /Users/admin/builder/spi-builder-workspace/.derivedData/Build/Intermediates.noindex/PaletteKit.build/Debug-appletvos/PaletteKit-t.build/Objects-normal/arm64/PaletteKit-Swift.h -o /Users/admin/builder/spi-builder-workspace/.derivedData/Build/Intermediates.noindex/GeneratedModuleMaps-appletvos/PaletteKit-Swift.h
Copy /Users/admin/builder/spi-builder-workspace/.derivedData/Build/Products/Debug-appletvos/PaletteKit.swiftmodule/arm64-apple-tvos.swiftmodule /Users/admin/builder/spi-builder-workspace/.derivedData/Build/Intermediates.noindex/PaletteKit.build/Debug-appletvos/PaletteKit-t.build/Objects-normal/arm64/PaletteKit.swiftmodule (in target 'PaletteKit' from project 'PaletteKit')
    cd /Users/admin/builder/spi-builder-workspace
    builtin-copy -exclude .DS_Store -exclude CVS -exclude .svn -exclude .git -exclude .hg -resolve-src-symlinks -rename /Users/admin/builder/spi-builder-workspace/.derivedData/Build/Intermediates.noindex/PaletteKit.build/Debug-appletvos/PaletteKit-t.build/Objects-normal/arm64/PaletteKit.swiftmodule /Users/admin/builder/spi-builder-workspace/.derivedData/Build/Products/Debug-appletvos/PaletteKit.swiftmodule/arm64-apple-tvos.swiftmodule
Copy /Users/admin/builder/spi-builder-workspace/.derivedData/Build/Products/Debug-appletvos/PaletteKit.swiftmodule/arm64-apple-tvos.swiftdoc /Users/admin/builder/spi-builder-workspace/.derivedData/Build/Intermediates.noindex/PaletteKit.build/Debug-appletvos/PaletteKit-t.build/Objects-normal/arm64/PaletteKit.swiftdoc (in target 'PaletteKit' from project 'PaletteKit')
    cd /Users/admin/builder/spi-builder-workspace
    builtin-copy -exclude .DS_Store -exclude CVS -exclude .svn -exclude .git -exclude .hg -resolve-src-symlinks -rename /Users/admin/builder/spi-builder-workspace/.derivedData/Build/Intermediates.noindex/PaletteKit.build/Debug-appletvos/PaletteKit-t.build/Objects-normal/arm64/PaletteKit.swiftdoc /Users/admin/builder/spi-builder-workspace/.derivedData/Build/Products/Debug-appletvos/PaletteKit.swiftmodule/arm64-apple-tvos.swiftdoc
Copy /Users/admin/builder/spi-builder-workspace/.derivedData/Build/Products/Debug-appletvos/PaletteKit.swiftmodule/arm64-apple-tvos.abi.json /Users/admin/builder/spi-builder-workspace/.derivedData/Build/Intermediates.noindex/PaletteKit.build/Debug-appletvos/PaletteKit-t.build/Objects-normal/arm64/PaletteKit.abi.json (in target 'PaletteKit' from project 'PaletteKit')
    cd /Users/admin/builder/spi-builder-workspace
    builtin-copy -exclude .DS_Store -exclude CVS -exclude .svn -exclude .git -exclude .hg -resolve-src-symlinks -rename /Users/admin/builder/spi-builder-workspace/.derivedData/Build/Intermediates.noindex/PaletteKit.build/Debug-appletvos/PaletteKit-t.build/Objects-normal/arm64/PaletteKit.abi.json /Users/admin/builder/spi-builder-workspace/.derivedData/Build/Products/Debug-appletvos/PaletteKit.swiftmodule/arm64-apple-tvos.abi.json
Copy /Users/admin/builder/spi-builder-workspace/.derivedData/Build/Products/Debug-appletvos/PaletteKit.swiftmodule/Project/arm64-apple-tvos.swiftsourceinfo /Users/admin/builder/spi-builder-workspace/.derivedData/Build/Intermediates.noindex/PaletteKit.build/Debug-appletvos/PaletteKit-t.build/Objects-normal/arm64/PaletteKit.swiftsourceinfo (in target 'PaletteKit' from project 'PaletteKit')
    cd /Users/admin/builder/spi-builder-workspace
    builtin-copy -exclude .DS_Store -exclude CVS -exclude .svn -exclude .git -exclude .hg -resolve-src-symlinks -rename /Users/admin/builder/spi-builder-workspace/.derivedData/Build/Intermediates.noindex/PaletteKit.build/Debug-appletvos/PaletteKit-t.build/Objects-normal/arm64/PaletteKit.swiftsourceinfo /Users/admin/builder/spi-builder-workspace/.derivedData/Build/Products/Debug-appletvos/PaletteKit.swiftmodule/Project/arm64-apple-tvos.swiftsourceinfo
SwiftDriver PaletteKitInsights normal arm64 com.apple.xcode.tools.swift.compiler (in target 'PaletteKitInsights' from project 'PaletteKit')
    cd /Users/admin/builder/spi-builder-workspace/.swiftpm/xcode
    builtin-SwiftDriver -- /Applications/Xcode-27.0.0-Release.Candidate.app/Contents/Developer/Toolchains/XcodeDefault.xctoolchain/usr/bin/swiftc -parse-as-library -module-name PaletteKitInsights -Onone @/Users/admin/builder/spi-builder-workspace/.derivedData/Build/Intermediates.noindex/PaletteKit.build/Debug-appletvos/PaletteKitInsights-t.build/Objects-normal/arm64/PaletteKitInsights.SwiftFileList -DSWIFT_PACKAGE -DDEBUG -DSWIFT_MODULE_RESOURCE_BUNDLE_UNAVAILABLE -DXcode -enable-upcoming-feature ExistentialAny -plugin-path /Applications/Xcode-27.0.0-Release.Candidate.app/Contents/Developer/Toolchains/XcodeDefault.xctoolchain/usr/lib/swift/host/plugins/testing -enable-experimental-feature DebugDescriptionMacro -sdk /Applications/Xcode-27.0.0-Release.Candidate.app/Contents/Developer/Platforms/AppleTVOS.platform/Developer/SDKs/AppleTVOS27.0.sdk -target arm64-apple-tvos17.0 -g -module-cache-path /Users/admin/builder/spi-builder-workspace/.derivedData/ModuleCache.noindex -Xfrontend -serialize-debugging-options -profile-coverage-mapping -profile-generate -enable-testing -index-store-path /Users/admin/builder/spi-builder-workspace/.derivedData/Index.noindex/DataStore -Xcc -D_LIBCPP_HARDENING_MODE\=_LIBCPP_HARDENING_MODE_DEBUG -swift-version 6 -I /Users/admin/builder/spi-builder-workspace/.derivedData/Build/Products/Debug-appletvos -Isystem /Applications/Xcode-27.0.0-Release.Candidate.app/Contents/Developer/Platforms/AppleTVOS.platform/Developer/usr/lib -F /Users/admin/builder/spi-builder-workspace/.derivedData/Build/Products/Debug-appletvos/PackageFrameworks -F /Users/admin/builder/spi-builder-workspace/.derivedData/Build/Products/Debug-appletvos -F /Applications/Xcode-27.0.0-Release.Candidate.app/Contents/Developer/Platforms/AppleTVOS.platform/Developer/Library/Frameworks -F /Applications/Xcode-27.0.0-Release.Candidate.app/Contents/Developer/Platforms/AppleTVOS.platform/Developer/SDKs/AppleTVOS27.0.sdk/Developer/Library/Frameworks -c -j10 -enable-batch-mode -incremental -Xcc -ivfsstatcache -Xcc /Users/admin/builder/spi-builder-workspace/.derivedData/SDKStatCaches.noindex/appletvos27.0-24J360-e829b21a6f8c9b70876ba0858053c044b32bfd8d43560033f8d89884cdb90028.sdkstatcache -output-file-map /Users/admin/builder/spi-builder-workspace/.derivedData/Build/Intermediates.noindex/PaletteKit.build/Debug-appletvos/PaletteKitInsights-t.build/Objects-normal/arm64/PaletteKitInsights-OutputFileMap.json -save-temps -no-color-diagnostics -explicit-module-build -module-cache-path /Users/admin/builder/spi-builder-workspace/.derivedData/Build/Intermediates.noindex/SwiftExplicitPrecompiledModules -clang-scanner-module-cache-path /Users/admin/builder/spi-builder-workspace/.derivedData/ModuleCache.noindex -sdk-module-cache-path /Users/admin/builder/spi-builder-workspace/.derivedData/SDKExplicitPrecompiledModules -emit-dependencies -emit-module -emit-module-path /Users/admin/builder/spi-builder-workspace/.derivedData/Build/Intermediates.noindex/PaletteKit.build/Debug-appletvos/PaletteKitInsights-t.build/Objects-normal/arm64/PaletteKitInsights.swiftmodule -serialize-diagnostics -dependency-scan-serialize-diagnostics-path /Users/admin/builder/spi-builder-workspace/.derivedData/Build/Intermediates.noindex/PaletteKit.build/Debug-appletvos/PaletteKitInsights-t.build/Objects-normal/arm64/PaletteKitInsights-dependency-scan.dia -validate-clang-modules-once -clang-build-session-file /Users/admin/builder/spi-builder-workspace/.derivedData/ModuleCache.noindex/Session.modulevalidation -Xcc -fmodules-prune-interval\=86400 -Xcc -fmodules-prune-after\=345600 -package-name spi_builder_workspace -emit-const-values -const-gather-protocols-list /Users/admin/builder/spi-builder-workspace/.derivedData/Build/Intermediates.noindex/PaletteKit.build/Debug-appletvos/PaletteKitInsights-t.build/Objects-normal/arm64/PaletteKitInsights_const_extract_protocols.json -Xcc -I/Users/admin/builder/spi-builder-workspace/.derivedData/Build/Products/Debug-appletvos/include -Xcc -I/Users/admin/builder/spi-builder-workspace/.derivedData/Build/Intermediates.noindex/PaletteKit.build/Debug-appletvos/PaletteKitInsights-t.build/DerivedSources-normal/arm64 -Xcc -I/Users/admin/builder/spi-builder-workspace/.derivedData/Build/Intermediates.noindex/PaletteKit.build/Debug-appletvos/PaletteKitInsights-t.build/DerivedSources/arm64 -Xcc -I/Users/admin/builder/spi-builder-workspace/.derivedData/Build/Intermediates.noindex/PaletteKit.build/Debug-appletvos/PaletteKitInsights-t.build/DerivedSources -Xcc -DSWIFT_PACKAGE -Xcc -DDEBUG\=1 -emit-objc-header -emit-objc-header-path /Users/admin/builder/spi-builder-workspace/.derivedData/Build/Intermediates.noindex/PaletteKit.build/Debug-appletvos/PaletteKitInsights-t.build/Objects-normal/arm64/PaletteKitInsights-Swift.h -working-directory /Users/admin/builder/spi-builder-workspace/.swiftpm/xcode -experimental-emit-module-separately -disable-cmo
SwiftDriverJobDiscovery normal arm64 Compiling PaletteBuilder.swift, PixelSampler.swift, MetalMmcqQuantizer.swift, MmcqQuantizer.swift (in target 'PaletteKit' from project 'PaletteKit')
SwiftDriverJobDiscovery normal arm64 Compiling ImageSource.swift, PixelLoader.swift, Logging.swift, MetalContext.swift (in target 'PaletteKit' from project 'PaletteKit')
SwiftCompile normal arm64 Compiling\ InsightsPrompt.swift /Users/admin/builder/spi-builder-workspace/Sources/PaletteKitInsights/InsightsPrompt.swift (in target 'PaletteKitInsights' from project 'PaletteKit')
SwiftCompile normal arm64 /Users/admin/builder/spi-builder-workspace/Sources/PaletteKitInsights/InsightsPrompt.swift (in target 'PaletteKitInsights' from project 'PaletteKit')
    cd /Users/admin/builder/spi-builder-workspace/.swiftpm/xcode
    builtin-SwiftPerFileCompile InsightsPrompt.swift
SwiftCompile normal arm64 Compiling\ PaletteInsightsError.swift /Users/admin/builder/spi-builder-workspace/Sources/PaletteKitInsights/PaletteInsightsError.swift (in target 'PaletteKitInsights' from project 'PaletteKit')
/Users/admin/builder/spi-builder-workspace/Sources/PaletteKitInsights/PaletteInsightsError.swift:8:27: error: 'SystemLanguageModel' is unavailable in tvOS
 6 | public enum PaletteInsightsError: Error, Sendable {
 7 |     /// The on-device model isn't usable; inspect the availability reason.
 8 |     case modelUnavailable(SystemLanguageModel.Availability)
   |                           `- error: 'SystemLanguageModel' is unavailable in tvOS
 9 |     /// The model doesn't support the requested locale's language.
10 |     case unsupportedLanguage(Locale)
FoundationModels.SystemLanguageModel:4:20: note: 'SystemLanguageModel' has been explicitly marked unavailable here
2 | @available(tvOS, unavailable)
3 | @available(watchOS, unavailable)
4 | final public class SystemLanguageModel : Sendable {
  |                    `- note: 'SystemLanguageModel' has been explicitly marked unavailable here
5 |     @objc deinit
6 | }
/Users/admin/builder/spi-builder-workspace/Sources/PaletteKitInsights/PaletteInsightsError.swift:22:39: error: 'LanguageModelSession' is unavailable in tvOS
20 |     /// Maps a thrown FoundationModels error onto this type.
21 |     init(mapping error: any Error) {
22 |         if let generation = error as? LanguageModelSession.GenerationError {
   |                                       `- error: 'LanguageModelSession' is unavailable in tvOS
23 |             switch generation {
24 |             case .guardrailViolation:
FoundationModels.LanguageModelSession:3:20: note: 'LanguageModelSession' has been explicitly marked unavailable here
1 | @available(iOS 26.0, macOS 26.0, watchOS 27.0, *)
2 | @available(tvOS, unavailable)
3 | final public class LanguageModelSession {
  |                    `- note: 'LanguageModelSession' has been explicitly marked unavailable here
4 |     final public var transcript: Transcript { get set }
5 |     @objc deinit
Failed frontend command:
/Applications/Xcode-27.0.0-Release.Candidate.app/Contents/Developer/Toolchains/XcodeDefault.xctoolchain/usr/bin/swift-frontend -frontend -c /Users/admin/builder/spi-builder-workspace/Sources/PaletteKitInsights/GeneratedInsights.swift /Users/admin/builder/spi-builder-workspace/Sources/PaletteKitInsights/InsightsPrompt.swift /Users/admin/builder/spi-builder-workspace/Sources/PaletteKitInsights/PaletteInsights.swift -primary-file /Users/admin/builder/spi-builder-workspace/Sources/PaletteKitInsights/PaletteInsightsError.swift /Users/admin/builder/spi-builder-workspace/Sources/PaletteKitInsights/PaletteInsightsGenerator.swift /Users/admin/builder/spi-builder-workspace/Sources/PaletteKitInsights/PaletteKitInsights.swift -emit-dependencies-path /Users/admin/builder/spi-builder-workspace/.derivedData/Build/Intermediates.noindex/PaletteKit.build/Debug-appletvos/PaletteKitInsights-t.build/Objects-normal/arm64/PaletteInsightsError.d -emit-const-values-path /Users/admin/builder/spi-builder-workspace/.derivedData/Build/Intermediates.noindex/PaletteKit.build/Debug-appletvos/PaletteKitInsights-t.build/Objects-normal/arm64/PaletteInsightsError.swiftconstvalues -emit-reference-dependencies-path /Users/admin/builder/spi-builder-workspace/.derivedData/Build/Intermediates.noindex/PaletteKit.build/Debug-appletvos/PaletteKitInsights-t.build/Objects-normal/arm64/PaletteInsightsError.swiftdeps -serialize-diagnostics-path /Users/admin/builder/spi-builder-workspace/.derivedData/Build/Intermediates.noindex/PaletteKit.build/Debug-appletvos/PaletteKitInsights-t.build/Objects-normal/arm64/PaletteInsightsError.dia -target arm64-apple-tvos17.0 -disable-cross-import-overlay-search -swift-module-cross-import FoundationModels /Applications/Xcode-27.0.0-Release.Candidate.app/Contents/Developer/Platforms/AppleTVOS.platform/Developer/SDKs/AppleTVOS27.0.sdk/System/Library/Frameworks/FoundationModels.framework/Modules/FoundationModels.swiftcrossimport/UIKit.swiftoverlay -load-resolved-plugin /Applications/Xcode-27.0.0-Release.Candidate.app/Contents/Developer/Platforms/AppleTVOS.platform/Developer/usr/lib/swift/host/plugins/libFoundationMacros.dylib\#/Applications/Xcode-27.0.0-Release.Candidate.app/Contents/Developer/Platforms/AppleTVOS.platform/Developer/usr/bin/swift-plugin-server\#FoundationMacros -load-resolved-plugin /Applications/Xcode-27.0.0-Release.Candidate.app/Contents/Developer/Platforms/AppleTVOS.platform/Developer/usr/lib/swift/host/plugins/libFoundationModelsMacros.dylib\#/Applications/Xcode-27.0.0-Release.Candidate.app/Contents/Developer/Platforms/AppleTVOS.platform/Developer/usr/bin/swift-plugin-server\#FoundationModelsMacros -load-resolved-plugin /Applications/Xcode-27.0.0-Release.Candidate.app/Contents/Developer/Platforms/AppleTVOS.platform/Developer/usr/lib/swift/host/plugins/libObservationMacros.dylib\#/Applications/Xcode-27.0.0-Release.Candidate.app/Contents/Developer/Platforms/AppleTVOS.platform/Developer/usr/bin/swift-plugin-server\#ObservationMacros -load-resolved-plugin /Applications/Xcode-27.0.0-Release.Candidate.app/Contents/Developer/Platforms/AppleTVOS.platform/Developer/usr/lib/swift/host/plugins/libPreviewsMacros.dylib\#/Applications/Xcode-27.0.0-Release.Candidate.app/Contents/Developer/Platforms/AppleTVOS.platform/Developer/usr/bin/swift-plugin-server\#PreviewsMacros -load-resolved-plugin /Applications/Xcode-27.0.0-Release.Candidate.app/Contents/Developer/Platforms/AppleTVOS.platform/Developer/usr/lib/swift/host/plugins/libSwiftMacros.dylib\#/Applications/Xcode-27.0.0-Release.Candidate.app/Contents/Developer/Platforms/AppleTVOS.platform/Developer/usr/bin/swift-plugin-server\#SwiftMacros -load-resolved-plugin /Applications/Xcode-27.0.0-Release.Candidate.app/Contents/Developer/Platforms/AppleTVOS.platform/Developer/usr/lib/swift/host/plugins/libSwiftUIMacros.dylib\#/Applications/Xcode-27.0.0-Release.Candidate.app/Contents/Developer/Platforms/AppleTVOS.platform/Developer/usr/bin/swift-plugin-server\#SwiftUIMacros -disable-implicit-swift-modules -Xcc -fno-implicit-modules -Xcc -fno-implicit-module-maps -explicit-swift-module-map-file /Users/admin/builder/spi-builder-workspace/.derivedData/Build/Intermediates.noindex/PaletteKit.build/Debug-appletvos/PaletteKitInsights-t.build/Objects-normal/arm64/PaletteKitInsights-dependencies-1.json -Xllvm -aarch64-use-tbi -enable-objc-interop -stack-check -sdk /Applications/Xcode-27.0.0-Release.Candidate.app/Contents/Developer/Platforms/AppleTVOS.platform/Developer/SDKs/AppleTVOS27.0.sdk -I /Users/admin/builder/spi-builder-workspace/.derivedData/Build/Products/Debug-appletvos -Isystem /Applications/Xcode-27.0.0-Release.Candidate.app/Contents/Developer/Platforms/AppleTVOS.platform/Developer/usr/lib -F /Users/admin/builder/spi-builder-workspace/.derivedData/Build/Products/Debug-appletvos/PackageFrameworks -F /Users/admin/builder/spi-builder-workspace/.derivedData/Build/Products/Debug-appletvos -F /Applications/Xcode-27.0.0-Release.Candidate.app/Contents/Developer/Platforms/AppleTVOS.platform/Developer/Library/Frameworks -F /Applications/Xcode-27.0.0-Release.Candidate.app/Contents/Developer/Platforms/AppleTVOS.platform/Developer/SDKs/AppleTVOS27.0.sdk/Developer/Library/Frameworks -module-cache-path /Users/admin/builder/spi-builder-workspace/.derivedData/Build/Intermediates.noindex/SwiftExplicitPrecompiledModules -no-color-diagnostics -Xcc -fno-color-diagnostics -enable-testing -g -debug-info-format\=dwarf -dwarf-version\=4 -profile-generate -profile-coverage-mapping -swift-version 6 -Onone -D SWIFT_PACKAGE -D DEBUG -D SWIFT_MODULE_RESOURCE_BUNDLE_UNAVAILABLE -D Xcode -serialize-debugging-options -enable-upcoming-feature ExistentialAny -enable-experimental-feature DebugDescriptionMacro -empty-abi-descriptor -validate-clang-modules-once -clang-build-session-file /Users/admin/builder/spi-builder-workspace/.derivedData/ModuleCache.noindex/Session.modulevalidation -Xcc -working-directory -Xcc /Users/admin/builder/spi-builder-workspace/.swiftpm/xcode -enable-anonymous-context-mangled-names -file-compilation-dir /Users/admin/builder/spi-builder-workspace/.swiftpm/xcode -Xcc -D_LIBCPP_HARDENING_MODE\=_LIBCPP_HARDENING_MODE_DEBUG -Xcc -ivfsstatcache -Xcc /Users/admin/builder/spi-builder-workspace/.derivedData/SDKStatCaches.noindex/appletvos27.0-24J360-e829b21a6f8c9b70876ba0858053c044b32bfd8d43560033f8d89884cdb90028.sdkstatcache -Xcc -fmodules-prune-interval\=86400 -Xcc -fmodules-prune-after\=345600 -Xcc -I/Users/admin/builder/spi-builder-workspace/.derivedData/Build/Products/Debug-appletvos/include -Xcc -I/Users/admin/builder/spi-builder-workspace/.derivedData/Build/Intermediates.noindex/PaletteKit.build/Debug-appletvos/PaletteKitInsights-t.build/DerivedSources-normal/arm64 -Xcc -I/Users/admin/builder/spi-builder-workspace/.derivedData/Build/Intermediates.noindex/PaletteKit.build/Debug-appletvos/PaletteKitInsights-t.build/DerivedSources/arm64 -Xcc -I/Users/admin/builder/spi-builder-workspace/.derivedData/Build/Intermediates.noindex/PaletteKit.build/Debug-appletvos/PaletteKitInsights-t.build/DerivedSources -Xcc -DSWIFT_PACKAGE -Xcc -DDEBUG\=1 -no-auto-bridging-header-chaining -module-name PaletteKitInsights -package-name spi_builder_workspace -const-gather-protocols-file /Users/admin/builder/spi-builder-workspace/.derivedData/Build/Intermediates.noindex/PaletteKit.build/Debug-appletvos/PaletteKitInsights-t.build/Objects-normal/arm64/PaletteKitInsights_const_extract_protocols.json -disable-clang-spi -clang-target arm64-apple-tvos27.0 -target-sdk-version 27.0 -target-sdk-name appletvos27.0 -in-process-plugin-server-path /Applications/Xcode-27.0.0-Release.Candidate.app/Contents/Developer/Toolchains/XcodeDefault.xctoolchain/usr/lib/swift/host/libSwiftInProcPluginServer.dylib -parse-as-library -o /Users/admin/builder/spi-builder-workspace/.derivedData/Build/Intermediates.noindex/PaletteKit.build/Debug-appletvos/PaletteKitInsights-t.build/Objects-normal/arm64/PaletteInsightsError.o -debug-module-path /Users/admin/builder/spi-builder-workspace/.derivedData/Build/Intermediates.noindex/PaletteKit.build/Debug-appletvos/PaletteKitInsights-t.build/Objects-normal/arm64/PaletteKitInsights.swiftmodule -index-unit-output-path /PaletteKit.build/Debug-appletvos/PaletteKitInsights-t.build/Objects-normal/arm64/PaletteInsightsError.o -index-store-path /Users/admin/builder/spi-builder-workspace/.derivedData/Index.noindex/DataStore -index-system-modules
SwiftCompile normal arm64 /Users/admin/builder/spi-builder-workspace/Sources/PaletteKitInsights/PaletteInsightsError.swift (in target 'PaletteKitInsights' from project 'PaletteKit')
    cd /Users/admin/builder/spi-builder-workspace/.swiftpm/xcode
    builtin-SwiftPerFileCompile PaletteInsightsError.swift
SwiftCompile normal arm64 Compiling\ PaletteInsightsGenerator.swift /Users/admin/builder/spi-builder-workspace/Sources/PaletteKitInsights/PaletteInsightsGenerator.swift (in target 'PaletteKitInsights' from project 'PaletteKit')
/Users/admin/builder/spi-builder-workspace/Sources/PaletteKitInsights/PaletteInsightsGenerator.swift:11:30: error: 'SystemLanguageModel' is unavailable in tvOS
 9 |
10 |     /// Current usability of the on-device model.
11 |     public var availability: SystemLanguageModel.Availability {
   |                              `- error: 'SystemLanguageModel' is unavailable in tvOS
12 |         SystemLanguageModel.default.availability
13 |     }
FoundationModels.SystemLanguageModel:4:20: note: 'SystemLanguageModel' has been explicitly marked unavailable here
2 | @available(tvOS, unavailable)
3 | @available(watchOS, unavailable)
4 | final public class SystemLanguageModel : Sendable {
  |                    `- note: 'SystemLanguageModel' has been explicitly marked unavailable here
5 |     @objc deinit
6 | }
/Users/admin/builder/spi-builder-workspace/Sources/PaletteKitInsights/PaletteInsightsGenerator.swift:12:9: error: 'SystemLanguageModel' is unavailable in tvOS
10 |     /// Current usability of the on-device model.
11 |     public var availability: SystemLanguageModel.Availability {
12 |         SystemLanguageModel.default.availability
   |         `- error: 'SystemLanguageModel' is unavailable in tvOS
13 |     }
14 |
FoundationModels.SystemLanguageModel:4:20: note: 'SystemLanguageModel' has been explicitly marked unavailable here
2 | @available(tvOS, unavailable)
3 | @available(watchOS, unavailable)
4 | final public class SystemLanguageModel : Sendable {
  |                    `- note: 'SystemLanguageModel' has been explicitly marked unavailable here
5 |     @objc deinit
6 | }
/Users/admin/builder/spi-builder-workspace/Sources/PaletteKitInsights/PaletteInsightsGenerator.swift:12:29: error: 'default' is unavailable in tvOS
10 |     /// Current usability of the on-device model.
11 |     public var availability: SystemLanguageModel.Availability {
12 |         SystemLanguageModel.default.availability
   |                             `- error: 'default' is unavailable in tvOS
13 |     }
14 |
FoundationModels.SystemLanguageModel.default:5:20: note: 'default' has been explicitly marked unavailable here
3 |   @available(tvOS, unavailable)
4 |   @available(watchOS, unavailable)
5 |   public class var `default`: SystemLanguageModel { get }}
  |                    `- note: 'default' has been explicitly marked unavailable here
6 |
/Users/admin/builder/spi-builder-workspace/Sources/PaletteKitInsights/PaletteInsightsGenerator.swift:12:37: error: 'availability' is unavailable in tvOS
10 |     /// Current usability of the on-device model.
11 |     public var availability: SystemLanguageModel.Availability {
12 |         SystemLanguageModel.default.availability
   |                                     `- error: 'availability' is unavailable in tvOS
13 |     }
14 |
FoundationModels.SystemLanguageModel.availability:2:18: note: 'availability' has been explicitly marked unavailable here
1 | class SystemLanguageModel {
2 | final public var availability: SystemLanguageModel.Availability { get }}
  |                  `- note: 'availability' has been explicitly marked unavailable here
3 |
/Users/admin/builder/spi-builder-workspace/Sources/PaletteKitInsights/PaletteInsightsGenerator.swift:24:9: error: 'SystemLanguageModel' is unavailable in tvOS
22 |     /// - Parameter locale: Language to test. Defaults to the device locale.
23 |     public func supportsLocale(_ locale: Locale = .current) -> Bool {
24 |         SystemLanguageModel.default.supportsLocale(locale)
   |         `- error: 'SystemLanguageModel' is unavailable in tvOS
25 |     }
26 |
FoundationModels.SystemLanguageModel:4:20: note: 'SystemLanguageModel' has been explicitly marked unavailable here
2 | @available(tvOS, unavailable)
3 | @available(watchOS, unavailable)
4 | final public class SystemLanguageModel : Sendable {
  |                    `- note: 'SystemLanguageModel' has been explicitly marked unavailable here
5 |     @objc deinit
6 | }
/Users/admin/builder/spi-builder-workspace/Sources/PaletteKitInsights/PaletteInsightsGenerator.swift:24:29: error: 'default' is unavailable in tvOS
22 |     /// - Parameter locale: Language to test. Defaults to the device locale.
23 |     public func supportsLocale(_ locale: Locale = .current) -> Bool {
24 |         SystemLanguageModel.default.supportsLocale(locale)
   |                             `- error: 'default' is unavailable in tvOS
25 |     }
26 |
FoundationModels.SystemLanguageModel.default:5:20: note: 'default' has been explicitly marked unavailable here
3 |   @available(tvOS, unavailable)
4 |   @available(watchOS, unavailable)
5 |   public class var `default`: SystemLanguageModel { get }}
  |                    `- note: 'default' has been explicitly marked unavailable here
6 |
/Users/admin/builder/spi-builder-workspace/Sources/PaletteKitInsights/PaletteInsightsGenerator.swift:24:37: error: 'supportsLocale' is unavailable in tvOS
22 |     /// - Parameter locale: Language to test. Defaults to the device locale.
23 |     public func supportsLocale(_ locale: Locale = .current) -> Bool {
24 |         SystemLanguageModel.default.supportsLocale(locale)
   |                                     `- error: 'supportsLocale' is unavailable in tvOS
25 |     }
26 |
FoundationModels.SystemLanguageModel.supportsLocale:2:19: note: 'supportsLocale' has been explicitly marked unavailable here
1 | class SystemLanguageModel {
2 | final public func supportsLocale(_ locale: Locale = Locale.current) -> Bool}
  |                   `- note: 'supportsLocale' has been explicitly marked unavailable here
3 |
/Users/admin/builder/spi-builder-workspace/Sources/PaletteKitInsights/PaletteInsightsGenerator.swift:41:21: error: 'SystemLanguageModel' is unavailable in tvOS
39 |         guard !palette.isEmpty else { throw PaletteInsightsError.emptyPalette }
40 |
41 |         let model = SystemLanguageModel.default
   |                     `- error: 'SystemLanguageModel' is unavailable in tvOS
42 |         guard case .available = model.availability else {
43 |             throw PaletteInsightsError.modelUnavailable(model.availability)
FoundationModels.SystemLanguageModel:4:20: note: 'SystemLanguageModel' has been explicitly marked unavailable here
2 | @available(tvOS, unavailable)
3 | @available(watchOS, unavailable)
4 | final public class SystemLanguageModel : Sendable {
  |                    `- note: 'SystemLanguageModel' has been explicitly marked unavailable here
5 |     @objc deinit
6 | }
/Users/admin/builder/spi-builder-workspace/Sources/PaletteKitInsights/PaletteInsightsGenerator.swift:41:41: error: 'default' is unavailable in tvOS
39 |         guard !palette.isEmpty else { throw PaletteInsightsError.emptyPalette }
40 |
41 |         let model = SystemLanguageModel.default
   |                                         `- error: 'default' is unavailable in tvOS
42 |         guard case .available = model.availability else {
43 |             throw PaletteInsightsError.modelUnavailable(model.availability)
FoundationModels.SystemLanguageModel.default:5:20: note: 'default' has been explicitly marked unavailable here
3 |   @available(tvOS, unavailable)
4 |   @available(watchOS, unavailable)
5 |   public class var `default`: SystemLanguageModel { get }}
  |                    `- note: 'default' has been explicitly marked unavailable here
6 |
/Users/admin/builder/spi-builder-workspace/Sources/PaletteKitInsights/PaletteInsightsGenerator.swift:42:39: error: 'availability' is unavailable in tvOS
40 |
41 |         let model = SystemLanguageModel.default
42 |         guard case .available = model.availability else {
   |                                       `- error: 'availability' is unavailable in tvOS
43 |             throw PaletteInsightsError.modelUnavailable(model.availability)
44 |         }
FoundationModels.SystemLanguageModel.availability:2:18: note: 'availability' has been explicitly marked unavailable here
1 | class SystemLanguageModel {
2 | final public var availability: SystemLanguageModel.Availability { get }}
  |                  `- note: 'availability' has been explicitly marked unavailable here
3 |
/Users/admin/builder/spi-builder-workspace/Sources/PaletteKitInsights/PaletteInsightsGenerator.swift:43:63: error: 'availability' is unavailable in tvOS
41 |         let model = SystemLanguageModel.default
42 |         guard case .available = model.availability else {
43 |             throw PaletteInsightsError.modelUnavailable(model.availability)
   |                                                               `- error: 'availability' is unavailable in tvOS
44 |         }
45 |         guard model.supportsLocale(locale) else {
FoundationModels.SystemLanguageModel.availability:2:18: note: 'availability' has been explicitly marked unavailable here
1 | class SystemLanguageModel {
2 | final public var availability: SystemLanguageModel.Availability { get }}
  |                  `- note: 'availability' has been explicitly marked unavailable here
3 |
/Users/admin/builder/spi-builder-workspace/Sources/PaletteKitInsights/PaletteInsightsGenerator.swift:45:21: error: 'supportsLocale' is unavailable in tvOS
43 |             throw PaletteInsightsError.modelUnavailable(model.availability)
44 |         }
45 |         guard model.supportsLocale(locale) else {
   |                     `- error: 'supportsLocale' is unavailable in tvOS
46 |             throw PaletteInsightsError.unsupportedLanguage(locale)
47 |         }
FoundationModels.SystemLanguageModel.supportsLocale:2:19: note: 'supportsLocale' has been explicitly marked unavailable here
1 | class SystemLanguageModel {
2 | final public func supportsLocale(_ locale: Locale = Locale.current) -> Bool}
  |                   `- note: 'supportsLocale' has been explicitly marked unavailable here
3 |
/Users/admin/builder/spi-builder-workspace/Sources/PaletteKitInsights/PaletteInsightsGenerator.swift:49:23: error: 'LanguageModelSession' is unavailable in tvOS
47 |         }
48 |
49 |         let session = LanguageModelSession(
   |                       `- error: 'LanguageModelSession' is unavailable in tvOS
50 |             instructions: Instructions(InsightsPrompt.instructionsText(for: locale))
51 |         )
FoundationModels.LanguageModelSession:3:20: note: 'LanguageModelSession' has been explicitly marked unavailable here
1 | @available(iOS 26.0, macOS 26.0, watchOS 27.0, *)
2 | @available(tvOS, unavailable)
3 | final public class LanguageModelSession {
  |                    `- note: 'LanguageModelSession' has been explicitly marked unavailable here
4 |     final public var transcript: Transcript { get set }
5 |     @objc deinit
/Users/admin/builder/spi-builder-workspace/Sources/PaletteKitInsights/PaletteInsightsGenerator.swift:49:23: error: 'init(model:tools:instructions:)' is unavailable in tvOS
47 |         }
48 |
49 |         let session = LanguageModelSession(
   |                       `- error: 'init(model:tools:instructions:)' is unavailable in tvOS
50 |             instructions: Instructions(InsightsPrompt.instructionsText(for: locale))
51 |         )
FoundationModels.LanguageModelSession.init:2:20: note: 'init(model:tools:instructions:)' has been explicitly marked unavailable here
1 | class LanguageModelSession {
2 | public convenience init(model: SystemLanguageModel = .default, tools: [any Tool] = [], instructions: Instructions? = nil)}
  |                    `- note: 'init(model:tools:instructions:)' has been explicitly marked unavailable here
3 |
/Users/admin/builder/spi-builder-workspace/Sources/PaletteKitInsights/PaletteInsightsGenerator.swift:50:27: error: 'Instructions' is unavailable in tvOS
48 |
49 |         let session = LanguageModelSession(
50 |             instructions: Instructions(InsightsPrompt.instructionsText(for: locale))
   |                           `- error: 'Instructions' is unavailable in tvOS
51 |         )
52 |         do {
FoundationModels.Instructions:3:15: note: 'Instructions' has been explicitly marked unavailable here
1 | @available(iOS 26.0, macOS 26.0, watchOS 27.0, *)
2 | @available(tvOS, unavailable)
3 | public struct Instructions : Sendable {
  |               `- note: 'Instructions' has been explicitly marked unavailable here
4 | }
/Users/admin/builder/spi-builder-workspace/Sources/PaletteKitInsights/PaletteInsightsGenerator.swift:50:27: error: 'init(_:)' is unavailable in tvOS
48 |
49 |         let session = LanguageModelSession(
50 |             instructions: Instructions(InsightsPrompt.instructionsText(for: locale))
   |                           `- error: 'init(_:)' is unavailable in tvOS
51 |         )
52 |         do {
FoundationModels.Instructions.init:2:8: note: 'init(_:)' has been explicitly marked unavailable here
1 | struct Instructions {
2 | public init(_ content: some InstructionsRepresentable)}
  |        `- note: 'init(_:)' has been explicitly marked unavailable here
3 |
SwiftCompile normal arm64 /Users/admin/builder/spi-builder-workspace/Sources/PaletteKitInsights/PaletteInsightsGenerator.swift (in target 'PaletteKitInsights' from project 'PaletteKit')
    cd /Users/admin/builder/spi-builder-workspace/.swiftpm/xcode
    builtin-SwiftPerFileCompile PaletteInsightsGenerator.swift
SwiftEmitModule normal arm64 Emitting\ module\ for\ PaletteKitInsights (in target 'PaletteKitInsights' from project 'PaletteKit')
SwiftCompile normal arm64 (in target 'PaletteKitInsights' from project 'PaletteKit')
    cd /Users/admin/builder/spi-builder-workspace/.swiftpm/xcode

SwiftCompile normal arm64 Compiling\ GeneratedInsights.swift /Users/admin/builder/spi-builder-workspace/Sources/PaletteKitInsights/GeneratedInsights.swift (in target 'PaletteKitInsights' from project 'PaletteKit')
SwiftCompile normal arm64 /Users/admin/builder/spi-builder-workspace/Sources/PaletteKitInsights/GeneratedInsights.swift (in target 'PaletteKitInsights' from project 'PaletteKit')
    cd /Users/admin/builder/spi-builder-workspace/.swiftpm/xcode
    builtin-SwiftPerFileCompile GeneratedInsights.swift
PruneExplicitPrecompiledModules /Users/admin/builder/spi-builder-workspace/.derivedData/Build/Intermediates.noindex/ExplicitPrecompiledModules
PruneExplicitPrecompiledModules /Users/admin/builder/spi-builder-workspace/.derivedData/SDKExplicitPrecompiledModules
PruneExplicitPrecompiledModules /Users/admin/builder/spi-builder-workspace/.derivedData/Build/Intermediates.noindex/SwiftExplicitPrecompiledModules
2026-09-27 04:09:27.160 xcodebuild[627:3941] [MT] IDERunDestination: Supported platforms for the buildables in the current scheme is empty.
** BUILD FAILED **
The following build commands failed:
	SwiftCompile normal arm64 Compiling\ PaletteInsightsError.swift /Users/admin/builder/spi-builder-workspace/Sources/PaletteKitInsights/PaletteInsightsError.swift (in target 'PaletteKitInsights' from project 'PaletteKit')
	SwiftCompile normal arm64 /Users/admin/builder/spi-builder-workspace/Sources/PaletteKitInsights/PaletteInsightsError.swift (in target 'PaletteKitInsights' from project 'PaletteKit')
	Building workspace PaletteKit with scheme PaletteKit-Package
(3 failures)
Command line invocation:
    /Applications/Xcode-27.0.0-Release.Candidate.app/Contents/Developer/usr/bin/xcodebuild -IDEClonedSourcePackagesDirPathOverride=/Users/admin/builder/spi-builder-workspace/.dependencies -resolvePackageDependencies
Resolve Package Graph
Resolved source packages:
  PaletteKit: /Users/admin/builder/spi-builder-workspace
resolved source packages: PaletteKit
2026-09-27 04:09:35.680 xcodebuild[726:4461] [MT] IDERunDestination: Supported platforms for the buildables in the current scheme is empty.
{
  "dependencies" : [
  ],
  "manifest_display_name" : "PaletteKit",
  "name" : "PaletteKit",
  "path" : "/Users/admin/builder/spi-builder-workspace",
  "platforms" : [
    {
      "name" : "ios",
      "version" : "17.0"
    },
    {
      "name" : "macos",
      "version" : "14.0"
    }
  ],
  "products" : [
    {
      "name" : "PaletteKit",
      "targets" : [
        "PaletteKit"
      ],
      "type" : {
        "library" : [
          "automatic"
        ]
      }
    },
    {
      "name" : "PaletteKitInsights",
      "targets" : [
        "PaletteKitInsights"
      ],
      "type" : {
        "library" : [
          "automatic"
        ]
      }
    }
  ],
  "targets" : [
    {
      "c99name" : "PaletteKitTests",
      "module_type" : "SwiftTarget",
      "name" : "PaletteKitTests",
      "path" : "Tests/PaletteKitTests",
      "sources" : [
        "AnimatedPaletteGraphicConfigurationTests.swift",
        "AsyncPaletteGraphicLoaderTests.swift",
        "AsyncPaletteGraphicTransitionTests.swift",
        "AsyncPaletteGraphicViewTests.swift",
        "AsyncTestSupport.swift",
        "AsyncTestSupportTests.swift",
        "FlowMotionTests.swift",
        "GoldenPaletteTests.swift",
        "LABConversionTests.swift",
        "MetalQuantizerTests.swift",
        "MmcqQuantizerTests.swift",
        "PaletteCacheTests.swift",
        "PaletteColorShapeStyleTests.swift",
        "PaletteColorUIKitTests.swift",
        "PaletteExtractorTests.swift",
        "PaletteGraphicConfigurationTests.swift",
        "PaletteGraphicRendererTests.swift",
        "PaletteKitTests.swift",
        "PaletteMeshGraphicConfigurationTests.swift",
        "PaletteMeshGraphicResolverTests.swift",
        "PaletteMeshGraphicTests.swift",
        "RealFileGoldenTests.swift",
        "SwatchClassifierTests.swift",
        "SwatchMapLookupTests.swift"
      ],
      "target_dependencies" : [
        "PaletteKit"
      ],
      "type" : "test"
    },
    {
      "c99name" : "PaletteKitInsightsTests",
      "module_type" : "SwiftTarget",
      "name" : "PaletteKitInsightsTests",
      "path" : "Tests/PaletteKitInsightsTests",
      "sources" : [
        "InsightsPromptTests.swift",
        "LiveGenerationTests.swift",
        "PaletteInsightsGeneratorTests.swift",
        "PaletteInsightsTests.swift",
        "SmokeTests.swift"
      ],
      "target_dependencies" : [
        "PaletteKitInsights"
      ],
      "type" : "test"
    },
    {
      "c99name" : "PaletteKitInsights",
      "module_type" : "SwiftTarget",
      "name" : "PaletteKitInsights",
      "path" : "Sources/PaletteKitInsights",
      "product_memberships" : [
        "PaletteKitInsights"
      ],
      "sources" : [
        "GeneratedInsights.swift",
        "InsightsPrompt.swift",
        "PaletteInsights.swift",
        "PaletteInsightsError.swift",
        "PaletteInsightsGenerator.swift",
        "PaletteKitInsights.swift"
      ],
      "target_dependencies" : [
        "PaletteKit"
      ],
      "type" : "library"
    },
    {
      "c99name" : "PaletteKitBenchmarks",
      "module_type" : "SwiftTarget",
      "name" : "PaletteKitBenchmarks",
      "path" : "Tests/PaletteKitBenchmarks",
      "sources" : [
        "PaletteExtractorBenchmarks.swift",
        "PaletteMeshGraphicBenchmarks.swift"
      ],
      "target_dependencies" : [
        "PaletteKit"
      ],
      "type" : "test"
    },
    {
      "c99name" : "PaletteKit",
      "module_type" : "SwiftTarget",
      "name" : "PaletteKit",
      "path" : "Sources/PaletteKit",
      "product_memberships" : [
        "PaletteKit",
        "PaletteKitInsights"
      ],
      "sources" : [
        "API/PaletteExtractor.swift",
        "ColorSpace/BatchConversion.swift",
        "ColorSpace/LABConversion.swift",
        "ColorSpace/OKLCHConversion.swift",
        "Graphic/Animated/AnimatedPaletteFlowRenderer.swift",
        "Graphic/Animated/AnimatedPaletteFlowShader.swift",
        "Graphic/Animated/AnimatedPaletteGraphic+View.swift",
        "Graphic/Animated/AnimatedPaletteGraphic.swift",
        "Graphic/Animated/AnimatedPaletteGraphicView.swift",
        "Graphic/Animated/FlowMotion.swift",
        "Graphic/Animated/FlowSpeed.swift",
        "Graphic/Async/AsyncPaletteGraphic.swift",
        "Graphic/Async/AsyncPaletteGraphicLoader.swift",
        "Graphic/Async/AsyncPaletteGraphicPhase.swift",
        "Graphic/Async/AsyncPaletteGraphicTransition.swift",
        "Graphic/Async/AsyncPaletteGraphicView.swift",
        "Graphic/Async/PaletteCache.swift",
        "Graphic/ColorCount.swift",
        "Graphic/Mesh/PaletteMeshGraphic.swift",
        "Graphic/Mesh/PaletteMeshGraphicResolver.swift",
        "Graphic/PaletteGraphic.swift",
        "Graphic/PaletteGraphicRenderer.swift",
        "Graphic/PaletteGraphicView.swift",
        "Graphic/SwatchStrategy.swift",
        "Loaders/ImageSource.swift",
        "Loaders/PixelLoader.swift",
        "Logging/Logging.swift",
        "Metal/MetalContext.swift",
        "Model/Options.swift",
        "Model/Palette.swift",
        "Model/PaletteColor+ShapeStyle.swift",
        "Model/PaletteColor+UIKit.swift",
        "Model/PaletteColor.swift",
        "Model/PaletteError.swift",
        "Model/RGB.swift",
        "PaletteKit.swift",
        "Pipeline/PaletteBuilder.swift",
        "Pipeline/PixelSampler.swift",
        "Quantizers/MetalMmcqQuantizer.swift",
        "Quantizers/MmcqQuantizer.swift",
        "Quantizers/Quantizer.swift",
        "Swatches/Swatch.swift",
        "Swatches/SwatchClassifier.swift",
        "Swatches/SwatchMap+Lookup.swift"
      ],
      "type" : "library"
    }
  ],
  "tools_version" : "6.0"
}
{
  "workspace" : {
    "name" : "PaletteKit",
    "schemes" : [
      "PaletteKit",
      "PaletteKit-Package",
      "PaletteKitInsights"
    ]
  }
}
2026-09-27 04:09:36.962 xcodebuild[756:4699] [MT] IDERunDestination: Supported platforms for the buildables in the current scheme is empty.
Running build ...
env DEVELOPER_DIR=/Applications/Xcode-27.0.0-Release.Candidate.app xcrun xcodebuild -IDEClonedSourcePackagesDirPathOverride=$PWD/.dependencies -skipMacroValidation -skipPackagePluginValidation -derivedDataPath $PWD/.derivedData build -scheme PaletteKit-Package -destination generic/platform=tvOS
Command line invocation:
    /Applications/Xcode-27.0.0-Release.Candidate.app/Contents/Developer/usr/bin/xcodebuild -IDEClonedSourcePackagesDirPathOverride=/Users/admin/builder/spi-builder-workspace/.dependencies -skipMacroValidation -skipPackagePluginValidation -derivedDataPath /Users/admin/builder/spi-builder-workspace/.derivedData build -scheme PaletteKit-Package -destination generic/platform=tvOS
Resolve Package Graph
Resolved source packages:
  PaletteKit: /Users/admin/builder/spi-builder-workspace
ComputePackagePrebuildTargetDependencyGraph
Prepare packages
CreateBuildRequest
SendProjectDescription
CreateBuildOperation
ComputeTargetDependencyGraph
note: Building targets in dependency order
note: Target dependency graph (4 targets)
    Target 'PaletteKitInsights-product' in project 'PaletteKit'
        ➜ Explicit dependency on target 'PaletteKitInsights' in project 'PaletteKit'
        ➜ Explicit dependency on target 'PaletteKit' in project 'PaletteKit'
    Target 'PaletteKitInsights' in project 'PaletteKit'
        ➜ Explicit dependency on target 'PaletteKit' in project 'PaletteKit'
    Target 'PaletteKit-product' in project 'PaletteKit'
        ➜ Explicit dependency on target 'PaletteKit' in project 'PaletteKit'
    Target 'PaletteKit' in project 'PaletteKit' (no dependencies)
GatherProvisioningInputs
CreateBuildDescription
ClangStatCache /Applications/Xcode-27.0.0-Release.Candidate.app/Contents/Developer/Toolchains/XcodeDefault.xctoolchain/usr/bin/clang-stat-cache /Applications/Xcode-27.0.0-Release.Candidate.app/Contents/Developer/Platforms/AppleTVOS.platform/Developer/SDKs/AppleTVOS27.0.sdk /Users/admin/builder/spi-builder-workspace/.derivedData/SDKStatCaches.noindex/appletvos27.0-24J360-e829b21a6f8c9b70876ba0858053c044b32bfd8d43560033f8d89884cdb90028.sdkstatcache
    cd /Users/admin/builder/spi-builder-workspace/.swiftpm/xcode
    /Applications/Xcode-27.0.0-Release.Candidate.app/Contents/Developer/Toolchains/XcodeDefault.xctoolchain/usr/bin/clang-stat-cache /Applications/Xcode-27.0.0-Release.Candidate.app/Contents/Developer/Platforms/AppleTVOS.platform/Developer/SDKs/AppleTVOS27.0.sdk -o /Users/admin/builder/spi-builder-workspace/.derivedData/SDKStatCaches.noindex/appletvos27.0-24J360-e829b21a6f8c9b70876ba0858053c044b32bfd8d43560033f8d89884cdb90028.sdkstatcache
SwiftDriver PaletteKitInsights normal arm64 com.apple.xcode.tools.swift.compiler (in target 'PaletteKitInsights' from project 'PaletteKit')
    cd /Users/admin/builder/spi-builder-workspace/.swiftpm/xcode
    builtin-SwiftDriver -- /Applications/Xcode-27.0.0-Release.Candidate.app/Contents/Developer/Toolchains/XcodeDefault.xctoolchain/usr/bin/swiftc -parse-as-library -module-name PaletteKitInsights -Onone @/Users/admin/builder/spi-builder-workspace/.derivedData/Build/Intermediates.noindex/PaletteKit.build/Debug-appletvos/PaletteKitInsights-t.build/Objects-normal/arm64/PaletteKitInsights.SwiftFileList -DSWIFT_PACKAGE -DDEBUG -DSWIFT_MODULE_RESOURCE_BUNDLE_UNAVAILABLE -DXcode -enable-upcoming-feature ExistentialAny -plugin-path /Applications/Xcode-27.0.0-Release.Candidate.app/Contents/Developer/Toolchains/XcodeDefault.xctoolchain/usr/lib/swift/host/plugins/testing -enable-experimental-feature DebugDescriptionMacro -sdk /Applications/Xcode-27.0.0-Release.Candidate.app/Contents/Developer/Platforms/AppleTVOS.platform/Developer/SDKs/AppleTVOS27.0.sdk -target arm64-apple-tvos17.0 -g -module-cache-path /Users/admin/builder/spi-builder-workspace/.derivedData/ModuleCache.noindex -Xfrontend -serialize-debugging-options -profile-coverage-mapping -profile-generate -enable-testing -index-store-path /Users/admin/builder/spi-builder-workspace/.derivedData/Index.noindex/DataStore -Xcc -D_LIBCPP_HARDENING_MODE\=_LIBCPP_HARDENING_MODE_DEBUG -swift-version 6 -I /Users/admin/builder/spi-builder-workspace/.derivedData/Build/Products/Debug-appletvos -Isystem /Applications/Xcode-27.0.0-Release.Candidate.app/Contents/Developer/Platforms/AppleTVOS.platform/Developer/usr/lib -F /Users/admin/builder/spi-builder-workspace/.derivedData/Build/Products/Debug-appletvos/PackageFrameworks -F /Users/admin/builder/spi-builder-workspace/.derivedData/Build/Products/Debug-appletvos -F /Applications/Xcode-27.0.0-Release.Candidate.app/Contents/Developer/Platforms/AppleTVOS.platform/Developer/Library/Frameworks -F /Applications/Xcode-27.0.0-Release.Candidate.app/Contents/Developer/Platforms/AppleTVOS.platform/Developer/SDKs/AppleTVOS27.0.sdk/Developer/Library/Frameworks -c -j10 -enable-batch-mode -incremental -Xcc -ivfsstatcache -Xcc /Users/admin/builder/spi-builder-workspace/.derivedData/SDKStatCaches.noindex/appletvos27.0-24J360-e829b21a6f8c9b70876ba0858053c044b32bfd8d43560033f8d89884cdb90028.sdkstatcache -output-file-map /Users/admin/builder/spi-builder-workspace/.derivedData/Build/Intermediates.noindex/PaletteKit.build/Debug-appletvos/PaletteKitInsights-t.build/Objects-normal/arm64/PaletteKitInsights-OutputFileMap.json -save-temps -no-color-diagnostics -explicit-module-build -module-cache-path /Users/admin/builder/spi-builder-workspace/.derivedData/Build/Intermediates.noindex/SwiftExplicitPrecompiledModules -clang-scanner-module-cache-path /Users/admin/builder/spi-builder-workspace/.derivedData/ModuleCache.noindex -sdk-module-cache-path /Users/admin/builder/spi-builder-workspace/.derivedData/SDKExplicitPrecompiledModules -emit-dependencies -emit-module -emit-module-path /Users/admin/builder/spi-builder-workspace/.derivedData/Build/Intermediates.noindex/PaletteKit.build/Debug-appletvos/PaletteKitInsights-t.build/Objects-normal/arm64/PaletteKitInsights.swiftmodule -serialize-diagnostics -dependency-scan-serialize-diagnostics-path /Users/admin/builder/spi-builder-workspace/.derivedData/Build/Intermediates.noindex/PaletteKit.build/Debug-appletvos/PaletteKitInsights-t.build/Objects-normal/arm64/PaletteKitInsights-dependency-scan.dia -validate-clang-modules-once -clang-build-session-file /Users/admin/builder/spi-builder-workspace/.derivedData/ModuleCache.noindex/Session.modulevalidation -Xcc -fmodules-prune-interval\=86400 -Xcc -fmodules-prune-after\=345600 -package-name spi_builder_workspace -emit-const-values -const-gather-protocols-list /Users/admin/builder/spi-builder-workspace/.derivedData/Build/Intermediates.noindex/PaletteKit.build/Debug-appletvos/PaletteKitInsights-t.build/Objects-normal/arm64/PaletteKitInsights_const_extract_protocols.json -Xcc -I/Users/admin/builder/spi-builder-workspace/.derivedData/Build/Products/Debug-appletvos/include -Xcc -I/Users/admin/builder/spi-builder-workspace/.derivedData/Build/Intermediates.noindex/PaletteKit.build/Debug-appletvos/PaletteKitInsights-t.build/DerivedSources-normal/arm64 -Xcc -I/Users/admin/builder/spi-builder-workspace/.derivedData/Build/Intermediates.noindex/PaletteKit.build/Debug-appletvos/PaletteKitInsights-t.build/DerivedSources/arm64 -Xcc -I/Users/admin/builder/spi-builder-workspace/.derivedData/Build/Intermediates.noindex/PaletteKit.build/Debug-appletvos/PaletteKitInsights-t.build/DerivedSources -Xcc -DSWIFT_PACKAGE -Xcc -DDEBUG\=1 -emit-objc-header -emit-objc-header-path /Users/admin/builder/spi-builder-workspace/.derivedData/Build/Intermediates.noindex/PaletteKit.build/Debug-appletvos/PaletteKitInsights-t.build/Objects-normal/arm64/PaletteKitInsights-Swift.h -working-directory /Users/admin/builder/spi-builder-workspace/.swiftpm/xcode -experimental-emit-module-separately -disable-cmo
SwiftDriver PaletteKit normal arm64 com.apple.xcode.tools.swift.compiler (in target 'PaletteKit' from project 'PaletteKit')
    cd /Users/admin/builder/spi-builder-workspace/.swiftpm/xcode
    builtin-SwiftDriver -- /Applications/Xcode-27.0.0-Release.Candidate.app/Contents/Developer/Toolchains/XcodeDefault.xctoolchain/usr/bin/swiftc -parse-as-library -module-name PaletteKit -Onone @/Users/admin/builder/spi-builder-workspace/.derivedData/Build/Intermediates.noindex/PaletteKit.build/Debug-appletvos/PaletteKit-t.build/Objects-normal/arm64/PaletteKit.SwiftFileList -DSWIFT_PACKAGE -DDEBUG -DSWIFT_MODULE_RESOURCE_BUNDLE_UNAVAILABLE -DXcode -enable-upcoming-feature ExistentialAny -plugin-path /Applications/Xcode-27.0.0-Release.Candidate.app/Contents/Developer/Toolchains/XcodeDefault.xctoolchain/usr/lib/swift/host/plugins/testing -enable-experimental-feature DebugDescriptionMacro -sdk /Applications/Xcode-27.0.0-Release.Candidate.app/Contents/Developer/Platforms/AppleTVOS.platform/Developer/SDKs/AppleTVOS27.0.sdk -target arm64-apple-tvos17.0 -g -module-cache-path /Users/admin/builder/spi-builder-workspace/.derivedData/ModuleCache.noindex -Xfrontend -serialize-debugging-options -profile-coverage-mapping -profile-generate -enable-testing -index-store-path /Users/admin/builder/spi-builder-workspace/.derivedData/Index.noindex/DataStore -Xcc -D_LIBCPP_HARDENING_MODE\=_LIBCPP_HARDENING_MODE_DEBUG -swift-version 6 -I /Users/admin/builder/spi-builder-workspace/.derivedData/Build/Products/Debug-appletvos -Isystem /Applications/Xcode-27.0.0-Release.Candidate.app/Contents/Developer/Platforms/AppleTVOS.platform/Developer/usr/lib -F /Users/admin/builder/spi-builder-workspace/.derivedData/Build/Products/Debug-appletvos -F /Applications/Xcode-27.0.0-Release.Candidate.app/Contents/Developer/Platforms/AppleTVOS.platform/Developer/Library/Frameworks -F /Applications/Xcode-27.0.0-Release.Candidate.app/Contents/Developer/Platforms/AppleTVOS.platform/Developer/SDKs/AppleTVOS27.0.sdk/Developer/Library/Frameworks -c -j10 -enable-batch-mode -incremental -Xcc -ivfsstatcache -Xcc /Users/admin/builder/spi-builder-workspace/.derivedData/SDKStatCaches.noindex/appletvos27.0-24J360-e829b21a6f8c9b70876ba0858053c044b32bfd8d43560033f8d89884cdb90028.sdkstatcache -output-file-map /Users/admin/builder/spi-builder-workspace/.derivedData/Build/Intermediates.noindex/PaletteKit.build/Debug-appletvos/PaletteKit-t.build/Objects-normal/arm64/PaletteKit-OutputFileMap.json -save-temps -no-color-diagnostics -explicit-module-build -module-cache-path /Users/admin/builder/spi-builder-workspace/.derivedData/Build/Intermediates.noindex/SwiftExplicitPrecompiledModules -clang-scanner-module-cache-path /Users/admin/builder/spi-builder-workspace/.derivedData/ModuleCache.noindex -sdk-module-cache-path /Users/admin/builder/spi-builder-workspace/.derivedData/SDKExplicitPrecompiledModules -emit-dependencies -emit-module -emit-module-path /Users/admin/builder/spi-builder-workspace/.derivedData/Build/Intermediates.noindex/PaletteKit.build/Debug-appletvos/PaletteKit-t.build/Objects-normal/arm64/PaletteKit.swiftmodule -serialize-diagnostics -dependency-scan-serialize-diagnostics-path /Users/admin/builder/spi-builder-workspace/.derivedData/Build/Intermediates.noindex/PaletteKit.build/Debug-appletvos/PaletteKit-t.build/Objects-normal/arm64/PaletteKit-dependency-scan.dia -validate-clang-modules-once -clang-build-session-file /Users/admin/builder/spi-builder-workspace/.derivedData/ModuleCache.noindex/Session.modulevalidation -Xcc -fmodules-prune-interval\=86400 -Xcc -fmodules-prune-after\=345600 -package-name spi_builder_workspace -emit-const-values -const-gather-protocols-list /Users/admin/builder/spi-builder-workspace/.derivedData/Build/Intermediates.noindex/PaletteKit.build/Debug-appletvos/PaletteKit-t.build/Objects-normal/arm64/PaletteKit_const_extract_protocols.json -Xcc -I/Users/admin/builder/spi-builder-workspace/.derivedData/Build/Products/Debug-appletvos/include -Xcc -I/Users/admin/builder/spi-builder-workspace/.derivedData/Build/Intermediates.noindex/PaletteKit.build/Debug-appletvos/PaletteKit-t.build/DerivedSources-normal/arm64 -Xcc -I/Users/admin/builder/spi-builder-workspace/.derivedData/Build/Intermediates.noindex/PaletteKit.build/Debug-appletvos/PaletteKit-t.build/DerivedSources/arm64 -Xcc -I/Users/admin/builder/spi-builder-workspace/.derivedData/Build/Intermediates.noindex/PaletteKit.build/Debug-appletvos/PaletteKit-t.build/DerivedSources -Xcc -DSWIFT_PACKAGE -Xcc -DDEBUG\=1 -emit-objc-header -emit-objc-header-path /Users/admin/builder/spi-builder-workspace/.derivedData/Build/Intermediates.noindex/PaletteKit.build/Debug-appletvos/PaletteKit-t.build/Objects-normal/arm64/PaletteKit-Swift.h -working-directory /Users/admin/builder/spi-builder-workspace/.swiftpm/xcode -experimental-emit-module-separately -disable-cmo
SwiftCompile normal arm64 Compiling\ InsightsPrompt.swift /Users/admin/builder/spi-builder-workspace/Sources/PaletteKitInsights/InsightsPrompt.swift (in target 'PaletteKitInsights' from project 'PaletteKit')
SwiftCompile normal arm64 /Users/admin/builder/spi-builder-workspace/Sources/PaletteKitInsights/InsightsPrompt.swift (in target 'PaletteKitInsights' from project 'PaletteKit')
    cd /Users/admin/builder/spi-builder-workspace/.swiftpm/xcode
    builtin-SwiftPerFileCompile InsightsPrompt.swift
SwiftEmitModule normal arm64 Emitting\ module\ for\ PaletteKitInsights (in target 'PaletteKitInsights' from project 'PaletteKit')
SwiftCompile normal arm64 (in target 'PaletteKitInsights' from project 'PaletteKit')
    cd /Users/admin/builder/spi-builder-workspace/.swiftpm/xcode

SwiftCompile normal arm64 Compiling\ PaletteInsights.swift /Users/admin/builder/spi-builder-workspace/Sources/PaletteKitInsights/PaletteInsights.swift (in target 'PaletteKitInsights' from project 'PaletteKit')
SwiftCompile normal arm64 /Users/admin/builder/spi-builder-workspace/Sources/PaletteKitInsights/PaletteInsights.swift (in target 'PaletteKitInsights' from project 'PaletteKit')
    cd /Users/admin/builder/spi-builder-workspace/.swiftpm/xcode
    builtin-SwiftPerFileCompile PaletteInsights.swift
SwiftCompile normal arm64 Compiling\ PaletteKitInsights.swift /Users/admin/builder/spi-builder-workspace/Sources/PaletteKitInsights/PaletteKitInsights.swift (in target 'PaletteKitInsights' from project 'PaletteKit')
SwiftCompile normal arm64 /Users/admin/builder/spi-builder-workspace/Sources/PaletteKitInsights/PaletteKitInsights.swift (in target 'PaletteKitInsights' from project 'PaletteKit')
    cd /Users/admin/builder/spi-builder-workspace/.swiftpm/xcode
    builtin-SwiftPerFileCompile PaletteKitInsights.swift
SwiftCompile normal arm64 Compiling\ PaletteInsightsError.swift /Users/admin/builder/spi-builder-workspace/Sources/PaletteKitInsights/PaletteInsightsError.swift (in target 'PaletteKitInsights' from project 'PaletteKit')
/Users/admin/builder/spi-builder-workspace/Sources/PaletteKitInsights/PaletteInsightsError.swift:8:27: error: 'SystemLanguageModel' is unavailable in tvOS
 6 | public enum PaletteInsightsError: Error, Sendable {
 7 |     /// The on-device model isn't usable; inspect the availability reason.
 8 |     case modelUnavailable(SystemLanguageModel.Availability)
   |                           `- error: 'SystemLanguageModel' is unavailable in tvOS
 9 |     /// The model doesn't support the requested locale's language.
10 |     case unsupportedLanguage(Locale)
FoundationModels.SystemLanguageModel:4:20: note: 'SystemLanguageModel' has been explicitly marked unavailable here
2 | @available(tvOS, unavailable)
3 | @available(watchOS, unavailable)
4 | final public class SystemLanguageModel : Sendable {
  |                    `- note: 'SystemLanguageModel' has been explicitly marked unavailable here
5 |     @objc deinit
6 | }
/Users/admin/builder/spi-builder-workspace/Sources/PaletteKitInsights/PaletteInsightsError.swift:22:39: error: 'LanguageModelSession' is unavailable in tvOS
20 |     /// Maps a thrown FoundationModels error onto this type.
21 |     init(mapping error: any Error) {
22 |         if let generation = error as? LanguageModelSession.GenerationError {
   |                                       `- error: 'LanguageModelSession' is unavailable in tvOS
23 |             switch generation {
24 |             case .guardrailViolation:
FoundationModels.LanguageModelSession:3:20: note: 'LanguageModelSession' has been explicitly marked unavailable here
1 | @available(iOS 26.0, macOS 26.0, watchOS 27.0, *)
2 | @available(tvOS, unavailable)
3 | final public class LanguageModelSession {
  |                    `- note: 'LanguageModelSession' has been explicitly marked unavailable here
4 |     final public var transcript: Transcript { get set }
5 |     @objc deinit
Failed frontend command:
/Applications/Xcode-27.0.0-Release.Candidate.app/Contents/Developer/Toolchains/XcodeDefault.xctoolchain/usr/bin/swift-frontend -frontend -c /Users/admin/builder/spi-builder-workspace/Sources/PaletteKitInsights/GeneratedInsights.swift /Users/admin/builder/spi-builder-workspace/Sources/PaletteKitInsights/InsightsPrompt.swift /Users/admin/builder/spi-builder-workspace/Sources/PaletteKitInsights/PaletteInsights.swift -primary-file /Users/admin/builder/spi-builder-workspace/Sources/PaletteKitInsights/PaletteInsightsError.swift /Users/admin/builder/spi-builder-workspace/Sources/PaletteKitInsights/PaletteInsightsGenerator.swift /Users/admin/builder/spi-builder-workspace/Sources/PaletteKitInsights/PaletteKitInsights.swift -emit-dependencies-path /Users/admin/builder/spi-builder-workspace/.derivedData/Build/Intermediates.noindex/PaletteKit.build/Debug-appletvos/PaletteKitInsights-t.build/Objects-normal/arm64/PaletteInsightsError.d -emit-const-values-path /Users/admin/builder/spi-builder-workspace/.derivedData/Build/Intermediates.noindex/PaletteKit.build/Debug-appletvos/PaletteKitInsights-t.build/Objects-normal/arm64/PaletteInsightsError.swiftconstvalues -emit-reference-dependencies-path /Users/admin/builder/spi-builder-workspace/.derivedData/Build/Intermediates.noindex/PaletteKit.build/Debug-appletvos/PaletteKitInsights-t.build/Objects-normal/arm64/PaletteInsightsError.swiftdeps -serialize-diagnostics-path /Users/admin/builder/spi-builder-workspace/.derivedData/Build/Intermediates.noindex/PaletteKit.build/Debug-appletvos/PaletteKitInsights-t.build/Objects-normal/arm64/PaletteInsightsError.dia -target arm64-apple-tvos17.0 -disable-cross-import-overlay-search -swift-module-cross-import FoundationModels /Applications/Xcode-27.0.0-Release.Candidate.app/Contents/Developer/Platforms/AppleTVOS.platform/Developer/SDKs/AppleTVOS27.0.sdk/System/Library/Frameworks/FoundationModels.framework/Modules/FoundationModels.swiftcrossimport/UIKit.swiftoverlay -load-resolved-plugin /Applications/Xcode-27.0.0-Release.Candidate.app/Contents/Developer/Platforms/AppleTVOS.platform/Developer/usr/lib/swift/host/plugins/libFoundationMacros.dylib\#/Applications/Xcode-27.0.0-Release.Candidate.app/Contents/Developer/Platforms/AppleTVOS.platform/Developer/usr/bin/swift-plugin-server\#FoundationMacros -load-resolved-plugin /Applications/Xcode-27.0.0-Release.Candidate.app/Contents/Developer/Platforms/AppleTVOS.platform/Developer/usr/lib/swift/host/plugins/libFoundationModelsMacros.dylib\#/Applications/Xcode-27.0.0-Release.Candidate.app/Contents/Developer/Platforms/AppleTVOS.platform/Developer/usr/bin/swift-plugin-server\#FoundationModelsMacros -load-resolved-plugin /Applications/Xcode-27.0.0-Release.Candidate.app/Contents/Developer/Platforms/AppleTVOS.platform/Developer/usr/lib/swift/host/plugins/libObservationMacros.dylib\#/Applications/Xcode-27.0.0-Release.Candidate.app/Contents/Developer/Platforms/AppleTVOS.platform/Developer/usr/bin/swift-plugin-server\#ObservationMacros -load-resolved-plugin /Applications/Xcode-27.0.0-Release.Candidate.app/Contents/Developer/Platforms/AppleTVOS.platform/Developer/usr/lib/swift/host/plugins/libPreviewsMacros.dylib\#/Applications/Xcode-27.0.0-Release.Candidate.app/Contents/Developer/Platforms/AppleTVOS.platform/Developer/usr/bin/swift-plugin-server\#PreviewsMacros -load-resolved-plugin /Applications/Xcode-27.0.0-Release.Candidate.app/Contents/Developer/Platforms/AppleTVOS.platform/Developer/usr/lib/swift/host/plugins/libSwiftMacros.dylib\#/Applications/Xcode-27.0.0-Release.Candidate.app/Contents/Developer/Platforms/AppleTVOS.platform/Developer/usr/bin/swift-plugin-server\#SwiftMacros -load-resolved-plugin /Applications/Xcode-27.0.0-Release.Candidate.app/Contents/Developer/Platforms/AppleTVOS.platform/Developer/usr/lib/swift/host/plugins/libSwiftUIMacros.dylib\#/Applications/Xcode-27.0.0-Release.Candidate.app/Contents/Developer/Platforms/AppleTVOS.platform/Developer/usr/bin/swift-plugin-server\#SwiftUIMacros -disable-implicit-swift-modules -Xcc -fno-implicit-modules -Xcc -fno-implicit-module-maps -explicit-swift-module-map-file /Users/admin/builder/spi-builder-workspace/.derivedData/Build/Intermediates.noindex/PaletteKit.build/Debug-appletvos/PaletteKitInsights-t.build/Objects-normal/arm64/PaletteKitInsights-dependencies-1.json -Xllvm -aarch64-use-tbi -enable-objc-interop -stack-check -sdk /Applications/Xcode-27.0.0-Release.Candidate.app/Contents/Developer/Platforms/AppleTVOS.platform/Developer/SDKs/AppleTVOS27.0.sdk -I /Users/admin/builder/spi-builder-workspace/.derivedData/Build/Products/Debug-appletvos -Isystem /Applications/Xcode-27.0.0-Release.Candidate.app/Contents/Developer/Platforms/AppleTVOS.platform/Developer/usr/lib -F /Users/admin/builder/spi-builder-workspace/.derivedData/Build/Products/Debug-appletvos/PackageFrameworks -F /Users/admin/builder/spi-builder-workspace/.derivedData/Build/Products/Debug-appletvos -F /Applications/Xcode-27.0.0-Release.Candidate.app/Contents/Developer/Platforms/AppleTVOS.platform/Developer/Library/Frameworks -F /Applications/Xcode-27.0.0-Release.Candidate.app/Contents/Developer/Platforms/AppleTVOS.platform/Developer/SDKs/AppleTVOS27.0.sdk/Developer/Library/Frameworks -module-cache-path /Users/admin/builder/spi-builder-workspace/.derivedData/Build/Intermediates.noindex/SwiftExplicitPrecompiledModules -no-color-diagnostics -Xcc -fno-color-diagnostics -enable-testing -g -debug-info-format\=dwarf -dwarf-version\=4 -profile-generate -profile-coverage-mapping -swift-version 6 -Onone -D SWIFT_PACKAGE -D DEBUG -D SWIFT_MODULE_RESOURCE_BUNDLE_UNAVAILABLE -D Xcode -serialize-debugging-options -enable-upcoming-feature ExistentialAny -enable-experimental-feature DebugDescriptionMacro -empty-abi-descriptor -validate-clang-modules-once -clang-build-session-file /Users/admin/builder/spi-builder-workspace/.derivedData/ModuleCache.noindex/Session.modulevalidation -Xcc -working-directory -Xcc /Users/admin/builder/spi-builder-workspace/.swiftpm/xcode -enable-anonymous-context-mangled-names -file-compilation-dir /Users/admin/builder/spi-builder-workspace/.swiftpm/xcode -Xcc -D_LIBCPP_HARDENING_MODE\=_LIBCPP_HARDENING_MODE_DEBUG -Xcc -ivfsstatcache -Xcc /Users/admin/builder/spi-builder-workspace/.derivedData/SDKStatCaches.noindex/appletvos27.0-24J360-e829b21a6f8c9b70876ba0858053c044b32bfd8d43560033f8d89884cdb90028.sdkstatcache -Xcc -fmodules-prune-interval\=86400 -Xcc -fmodules-prune-after\=345600 -Xcc -I/Users/admin/builder/spi-builder-workspace/.derivedData/Build/Products/Debug-appletvos/include -Xcc -I/Users/admin/builder/spi-builder-workspace/.derivedData/Build/Intermediates.noindex/PaletteKit.build/Debug-appletvos/PaletteKitInsights-t.build/DerivedSources-normal/arm64 -Xcc -I/Users/admin/builder/spi-builder-workspace/.derivedData/Build/Intermediates.noindex/PaletteKit.build/Debug-appletvos/PaletteKitInsights-t.build/DerivedSources/arm64 -Xcc -I/Users/admin/builder/spi-builder-workspace/.derivedData/Build/Intermediates.noindex/PaletteKit.build/Debug-appletvos/PaletteKitInsights-t.build/DerivedSources -Xcc -DSWIFT_PACKAGE -Xcc -DDEBUG\=1 -no-auto-bridging-header-chaining -module-name PaletteKitInsights -package-name spi_builder_workspace -const-gather-protocols-file /Users/admin/builder/spi-builder-workspace/.derivedData/Build/Intermediates.noindex/PaletteKit.build/Debug-appletvos/PaletteKitInsights-t.build/Objects-normal/arm64/PaletteKitInsights_const_extract_protocols.json -disable-clang-spi -clang-target arm64-apple-tvos27.0 -target-sdk-version 27.0 -target-sdk-name appletvos27.0 -in-process-plugin-server-path /Applications/Xcode-27.0.0-Release.Candidate.app/Contents/Developer/Toolchains/XcodeDefault.xctoolchain/usr/lib/swift/host/libSwiftInProcPluginServer.dylib -parse-as-library -o /Users/admin/builder/spi-builder-workspace/.derivedData/Build/Intermediates.noindex/PaletteKit.build/Debug-appletvos/PaletteKitInsights-t.build/Objects-normal/arm64/PaletteInsightsError.o -debug-module-path /Users/admin/builder/spi-builder-workspace/.derivedData/Build/Intermediates.noindex/PaletteKit.build/Debug-appletvos/PaletteKitInsights-t.build/Objects-normal/arm64/PaletteKitInsights.swiftmodule -index-unit-output-path /PaletteKit.build/Debug-appletvos/PaletteKitInsights-t.build/Objects-normal/arm64/PaletteInsightsError.o -index-store-path /Users/admin/builder/spi-builder-workspace/.derivedData/Index.noindex/DataStore -index-system-modules
SwiftCompile normal arm64 /Users/admin/builder/spi-builder-workspace/Sources/PaletteKitInsights/PaletteInsightsError.swift (in target 'PaletteKitInsights' from project 'PaletteKit')
    cd /Users/admin/builder/spi-builder-workspace/.swiftpm/xcode
    builtin-SwiftPerFileCompile PaletteInsightsError.swift
SwiftCompile normal arm64 Compiling\ PaletteInsightsGenerator.swift /Users/admin/builder/spi-builder-workspace/Sources/PaletteKitInsights/PaletteInsightsGenerator.swift (in target 'PaletteKitInsights' from project 'PaletteKit')
/Users/admin/builder/spi-builder-workspace/Sources/PaletteKitInsights/PaletteInsightsGenerator.swift:11:30: error: 'SystemLanguageModel' is unavailable in tvOS
 9 |
10 |     /// Current usability of the on-device model.
11 |     public var availability: SystemLanguageModel.Availability {
   |                              `- error: 'SystemLanguageModel' is unavailable in tvOS
12 |         SystemLanguageModel.default.availability
13 |     }
FoundationModels.SystemLanguageModel:4:20: note: 'SystemLanguageModel' has been explicitly marked unavailable here
2 | @available(tvOS, unavailable)
3 | @available(watchOS, unavailable)
4 | final public class SystemLanguageModel : Sendable {
  |                    `- note: 'SystemLanguageModel' has been explicitly marked unavailable here
5 |     @objc deinit
6 | }
/Users/admin/builder/spi-builder-workspace/Sources/PaletteKitInsights/PaletteInsightsGenerator.swift:12:9: error: 'SystemLanguageModel' is unavailable in tvOS
10 |     /// Current usability of the on-device model.
11 |     public var availability: SystemLanguageModel.Availability {
12 |         SystemLanguageModel.default.availability
   |         `- error: 'SystemLanguageModel' is unavailable in tvOS
13 |     }
14 |
FoundationModels.SystemLanguageModel:4:20: note: 'SystemLanguageModel' has been explicitly marked unavailable here
2 | @available(tvOS, unavailable)
3 | @available(watchOS, unavailable)
4 | final public class SystemLanguageModel : Sendable {
  |                    `- note: 'SystemLanguageModel' has been explicitly marked unavailable here
5 |     @objc deinit
6 | }
/Users/admin/builder/spi-builder-workspace/Sources/PaletteKitInsights/PaletteInsightsGenerator.swift:12:29: error: 'default' is unavailable in tvOS
10 |     /// Current usability of the on-device model.
11 |     public var availability: SystemLanguageModel.Availability {
12 |         SystemLanguageModel.default.availability
   |                             `- error: 'default' is unavailable in tvOS
13 |     }
14 |
FoundationModels.SystemLanguageModel.default:5:20: note: 'default' has been explicitly marked unavailable here
3 |   @available(tvOS, unavailable)
4 |   @available(watchOS, unavailable)
5 |   public class var `default`: SystemLanguageModel { get }}
  |                    `- note: 'default' has been explicitly marked unavailable here
6 |
/Users/admin/builder/spi-builder-workspace/Sources/PaletteKitInsights/PaletteInsightsGenerator.swift:12:37: error: 'availability' is unavailable in tvOS
10 |     /// Current usability of the on-device model.
11 |     public var availability: SystemLanguageModel.Availability {
12 |         SystemLanguageModel.default.availability
   |                                     `- error: 'availability' is unavailable in tvOS
13 |     }
14 |
FoundationModels.SystemLanguageModel.availability:2:18: note: 'availability' has been explicitly marked unavailable here
1 | class SystemLanguageModel {
2 | final public var availability: SystemLanguageModel.Availability { get }}
  |                  `- note: 'availability' has been explicitly marked unavailable here
3 |
/Users/admin/builder/spi-builder-workspace/Sources/PaletteKitInsights/PaletteInsightsGenerator.swift:24:9: error: 'SystemLanguageModel' is unavailable in tvOS
22 |     /// - Parameter locale: Language to test. Defaults to the device locale.
23 |     public func supportsLocale(_ locale: Locale = .current) -> Bool {
24 |         SystemLanguageModel.default.supportsLocale(locale)
   |         `- error: 'SystemLanguageModel' is unavailable in tvOS
25 |     }
26 |
FoundationModels.SystemLanguageModel:4:20: note: 'SystemLanguageModel' has been explicitly marked unavailable here
2 | @available(tvOS, unavailable)
3 | @available(watchOS, unavailable)
4 | final public class SystemLanguageModel : Sendable {
  |                    `- note: 'SystemLanguageModel' has been explicitly marked unavailable here
5 |     @objc deinit
6 | }
/Users/admin/builder/spi-builder-workspace/Sources/PaletteKitInsights/PaletteInsightsGenerator.swift:24:29: error: 'default' is unavailable in tvOS
22 |     /// - Parameter locale: Language to test. Defaults to the device locale.
23 |     public func supportsLocale(_ locale: Locale = .current) -> Bool {
24 |         SystemLanguageModel.default.supportsLocale(locale)
   |                             `- error: 'default' is unavailable in tvOS
25 |     }
26 |
FoundationModels.SystemLanguageModel.default:5:20: note: 'default' has been explicitly marked unavailable here
3 |   @available(tvOS, unavailable)
4 |   @available(watchOS, unavailable)
5 |   public class var `default`: SystemLanguageModel { get }}
  |                    `- note: 'default' has been explicitly marked unavailable here
6 |
/Users/admin/builder/spi-builder-workspace/Sources/PaletteKitInsights/PaletteInsightsGenerator.swift:24:37: error: 'supportsLocale' is unavailable in tvOS
22 |     /// - Parameter locale: Language to test. Defaults to the device locale.
23 |     public func supportsLocale(_ locale: Locale = .current) -> Bool {
24 |         SystemLanguageModel.default.supportsLocale(locale)
   |                                     `- error: 'supportsLocale' is unavailable in tvOS
25 |     }
26 |
FoundationModels.SystemLanguageModel.supportsLocale:2:19: note: 'supportsLocale' has been explicitly marked unavailable here
1 | class SystemLanguageModel {
2 | final public func supportsLocale(_ locale: Locale = Locale.current) -> Bool}
  |                   `- note: 'supportsLocale' has been explicitly marked unavailable here
3 |
/Users/admin/builder/spi-builder-workspace/Sources/PaletteKitInsights/PaletteInsightsGenerator.swift:41:21: error: 'SystemLanguageModel' is unavailable in tvOS
39 |         guard !palette.isEmpty else { throw PaletteInsightsError.emptyPalette }
40 |
41 |         let model = SystemLanguageModel.default
   |                     `- error: 'SystemLanguageModel' is unavailable in tvOS
42 |         guard case .available = model.availability else {
43 |             throw PaletteInsightsError.modelUnavailable(model.availability)
FoundationModels.SystemLanguageModel:4:20: note: 'SystemLanguageModel' has been explicitly marked unavailable here
2 | @available(tvOS, unavailable)
3 | @available(watchOS, unavailable)
4 | final public class SystemLanguageModel : Sendable {
  |                    `- note: 'SystemLanguageModel' has been explicitly marked unavailable here
5 |     @objc deinit
6 | }
/Users/admin/builder/spi-builder-workspace/Sources/PaletteKitInsights/PaletteInsightsGenerator.swift:41:41: error: 'default' is unavailable in tvOS
39 |         guard !palette.isEmpty else { throw PaletteInsightsError.emptyPalette }
40 |
41 |         let model = SystemLanguageModel.default
   |                                         `- error: 'default' is unavailable in tvOS
42 |         guard case .available = model.availability else {
43 |             throw PaletteInsightsError.modelUnavailable(model.availability)
FoundationModels.SystemLanguageModel.default:5:20: note: 'default' has been explicitly marked unavailable here
3 |   @available(tvOS, unavailable)
4 |   @available(watchOS, unavailable)
5 |   public class var `default`: SystemLanguageModel { get }}
  |                    `- note: 'default' has been explicitly marked unavailable here
6 |
/Users/admin/builder/spi-builder-workspace/Sources/PaletteKitInsights/PaletteInsightsGenerator.swift:42:39: error: 'availability' is unavailable in tvOS
40 |
41 |         let model = SystemLanguageModel.default
42 |         guard case .available = model.availability else {
   |                                       `- error: 'availability' is unavailable in tvOS
43 |             throw PaletteInsightsError.modelUnavailable(model.availability)
44 |         }
FoundationModels.SystemLanguageModel.availability:2:18: note: 'availability' has been explicitly marked unavailable here
1 | class SystemLanguageModel {
2 | final public var availability: SystemLanguageModel.Availability { get }}
  |                  `- note: 'availability' has been explicitly marked unavailable here
3 |
/Users/admin/builder/spi-builder-workspace/Sources/PaletteKitInsights/PaletteInsightsGenerator.swift:43:63: error: 'availability' is unavailable in tvOS
41 |         let model = SystemLanguageModel.default
42 |         guard case .available = model.availability else {
43 |             throw PaletteInsightsError.modelUnavailable(model.availability)
   |                                                               `- error: 'availability' is unavailable in tvOS
44 |         }
45 |         guard model.supportsLocale(locale) else {
FoundationModels.SystemLanguageModel.availability:2:18: note: 'availability' has been explicitly marked unavailable here
1 | class SystemLanguageModel {
2 | final public var availability: SystemLanguageModel.Availability { get }}
  |                  `- note: 'availability' has been explicitly marked unavailable here
3 |
SwiftCompile normal arm64 /Users/admin/builder/spi-builder-workspace/Sources/PaletteKitInsights/PaletteInsightsGenerator.swift (in target 'PaletteKitInsights' from project 'PaletteKit')
    cd /Users/admin/builder/spi-builder-workspace/.swiftpm/xcode
    builtin-SwiftPerFileCompile PaletteInsightsGenerator.swift
/Users/admin/builder/spi-builder-workspace/Sources/PaletteKitInsights/PaletteInsightsGenerator.swift:45:21: error: 'supportsLocale' is unavailable in tvOS
43 |             throw PaletteInsightsError.modelUnavailable(model.availability)
44 |         }
45 |         guard model.supportsLocale(locale) else {
   |                     `- error: 'supportsLocale' is unavailable in tvOS
46 |             throw PaletteInsightsError.unsupportedLanguage(locale)
47 |         }
FoundationModels.SystemLanguageModel.supportsLocale:2:19: note: 'supportsLocale' has been explicitly marked unavailable here
1 | class SystemLanguageModel {
2 | final public func supportsLocale(_ locale: Locale = Locale.current) -> Bool}
  |                   `- note: 'supportsLocale' has been explicitly marked unavailable here
3 |
/Users/admin/builder/spi-builder-workspace/Sources/PaletteKitInsights/PaletteInsightsGenerator.swift:49:23: error: 'LanguageModelSession' is unavailable in tvOS
47 |         }
48 |
49 |         let session = LanguageModelSession(
   |                       `- error: 'LanguageModelSession' is unavailable in tvOS
50 |             instructions: Instructions(InsightsPrompt.instructionsText(for: locale))
51 |         )
FoundationModels.LanguageModelSession:3:20: note: 'LanguageModelSession' has been explicitly marked unavailable here
1 | @available(iOS 26.0, macOS 26.0, watchOS 27.0, *)
2 | @available(tvOS, unavailable)
3 | final public class LanguageModelSession {
  |                    `- note: 'LanguageModelSession' has been explicitly marked unavailable here
4 |     final public var transcript: Transcript { get set }
5 |     @objc deinit
/Users/admin/builder/spi-builder-workspace/Sources/PaletteKitInsights/PaletteInsightsGenerator.swift:49:23: error: 'init(model:tools:instructions:)' is unavailable in tvOS
47 |         }
48 |
49 |         let session = LanguageModelSession(
   |                       `- error: 'init(model:tools:instructions:)' is unavailable in tvOS
50 |             instructions: Instructions(InsightsPrompt.instructionsText(for: locale))
51 |         )
FoundationModels.LanguageModelSession.init:2:20: note: 'init(model:tools:instructions:)' has been explicitly marked unavailable here
1 | class LanguageModelSession {
2 | public convenience init(model: SystemLanguageModel = .default, tools: [any Tool] = [], instructions: Instructions? = nil)}
  |                    `- note: 'init(model:tools:instructions:)' has been explicitly marked unavailable here
3 |
/Users/admin/builder/spi-builder-workspace/Sources/PaletteKitInsights/PaletteInsightsGenerator.swift:50:27: error: 'Instructions' is unavailable in tvOS
48 |
49 |         let session = LanguageModelSession(
50 |             instructions: Instructions(InsightsPrompt.instructionsText(for: locale))
   |                           `- error: 'Instructions' is unavailable in tvOS
51 |         )
52 |         do {
FoundationModels.Instructions:3:15: note: 'Instructions' has been explicitly marked unavailable here
1 | @available(iOS 26.0, macOS 26.0, watchOS 27.0, *)
2 | @available(tvOS, unavailable)
3 | public struct Instructions : Sendable {
  |               `- note: 'Instructions' has been explicitly marked unavailable here
4 | }
/Users/admin/builder/spi-builder-workspace/Sources/PaletteKitInsights/PaletteInsightsGenerator.swift:50:27: error: 'init(_:)' is unavailable in tvOS
48 |
49 |         let session = LanguageModelSession(
50 |             instructions: Instructions(InsightsPrompt.instructionsText(for: locale))
   |                           `- error: 'init(_:)' is unavailable in tvOS
51 |         )
52 |         do {
FoundationModels.Instructions.init:2:8: note: 'init(_:)' has been explicitly marked unavailable here
1 | struct Instructions {
2 | public init(_ content: some InstructionsRepresentable)}
  |        `- note: 'init(_:)' has been explicitly marked unavailable here
3 |
SwiftCompile normal arm64 Compiling\ GeneratedInsights.swift /Users/admin/builder/spi-builder-workspace/Sources/PaletteKitInsights/GeneratedInsights.swift (in target 'PaletteKitInsights' from project 'PaletteKit')
SwiftCompile normal arm64 /Users/admin/builder/spi-builder-workspace/Sources/PaletteKitInsights/GeneratedInsights.swift (in target 'PaletteKitInsights' from project 'PaletteKit')
    cd /Users/admin/builder/spi-builder-workspace/.swiftpm/xcode
    builtin-SwiftPerFileCompile GeneratedInsights.swift
SwiftCompile normal arm64 Compiling\ Options.swift,\ Palette.swift /Users/admin/builder/spi-builder-workspace/Sources/PaletteKit/Model/Options.swift /Users/admin/builder/spi-builder-workspace/Sources/PaletteKit/Model/Palette.swift (in target 'PaletteKit' from project 'PaletteKit')
SwiftCompile normal arm64 /Users/admin/builder/spi-builder-workspace/Sources/PaletteKit/Model/Options.swift (in target 'PaletteKit' from project 'PaletteKit')
    cd /Users/admin/builder/spi-builder-workspace/.swiftpm/xcode
    builtin-SwiftPerFileCompile Options.swift
SwiftCompile normal arm64 /Users/admin/builder/spi-builder-workspace/Sources/PaletteKit/Model/Palette.swift (in target 'PaletteKit' from project 'PaletteKit')
    cd /Users/admin/builder/spi-builder-workspace/.swiftpm/xcode
    builtin-SwiftPerFileCompile Palette.swift
SwiftCompile normal arm64 Compiling\ FlowMotion.swift,\ FlowSpeed.swift,\ AsyncPaletteGraphic.swift /Users/admin/builder/spi-builder-workspace/Sources/PaletteKit/Graphic/Animated/FlowMotion.swift /Users/admin/builder/spi-builder-workspace/Sources/PaletteKit/Graphic/Animated/FlowSpeed.swift /Users/admin/builder/spi-builder-workspace/Sources/PaletteKit/Graphic/Async/AsyncPaletteGraphic.swift (in target 'PaletteKit' from project 'PaletteKit')
SwiftCompile normal arm64 /Users/admin/builder/spi-builder-workspace/Sources/PaletteKit/Graphic/Animated/FlowMotion.swift (in target 'PaletteKit' from project 'PaletteKit')
    cd /Users/admin/builder/spi-builder-workspace/.swiftpm/xcode
    builtin-SwiftPerFileCompile FlowMotion.swift
SwiftCompile normal arm64 /Users/admin/builder/spi-builder-workspace/Sources/PaletteKit/Graphic/Animated/FlowSpeed.swift (in target 'PaletteKit' from project 'PaletteKit')
    cd /Users/admin/builder/spi-builder-workspace/.swiftpm/xcode
    builtin-SwiftPerFileCompile FlowSpeed.swift
SwiftCompile normal arm64 /Users/admin/builder/spi-builder-workspace/Sources/PaletteKit/Graphic/Async/AsyncPaletteGraphic.swift (in target 'PaletteKit' from project 'PaletteKit')
    cd /Users/admin/builder/spi-builder-workspace/.swiftpm/xcode
    builtin-SwiftPerFileCompile AsyncPaletteGraphic.swift
SwiftEmitModule normal arm64 Emitting\ module\ for\ PaletteKit (in target 'PaletteKit' from project 'PaletteKit')
SwiftCompile normal arm64 (in target 'PaletteKit' from project 'PaletteKit')
    cd /Users/admin/builder/spi-builder-workspace/.swiftpm/xcode

SwiftCompile normal arm64 Compiling\ AnimatedPaletteGraphic+View.swift,\ AnimatedPaletteGraphic.swift,\ AnimatedPaletteGraphicView.swift /Users/admin/builder/spi-builder-workspace/Sources/PaletteKit/Graphic/Animated/AnimatedPaletteGraphic+View.swift /Users/admin/builder/spi-builder-workspace/Sources/PaletteKit/Graphic/Animated/AnimatedPaletteGraphic.swift /Users/admin/builder/spi-builder-workspace/Sources/PaletteKit/Graphic/Animated/AnimatedPaletteGraphicView.swift (in target 'PaletteKit' from project 'PaletteKit')
SwiftCompile normal arm64 /Users/admin/builder/spi-builder-workspace/Sources/PaletteKit/Graphic/Animated/AnimatedPaletteGraphic+View.swift (in target 'PaletteKit' from project 'PaletteKit')
    cd /Users/admin/builder/spi-builder-workspace/.swiftpm/xcode
    builtin-SwiftPerFileCompile AnimatedPaletteGraphic+View.swift
SwiftCompile normal arm64 /Users/admin/builder/spi-builder-workspace/Sources/PaletteKit/Graphic/Animated/AnimatedPaletteGraphic.swift (in target 'PaletteKit' from project 'PaletteKit')
    cd /Users/admin/builder/spi-builder-workspace/.swiftpm/xcode
    builtin-SwiftPerFileCompile AnimatedPaletteGraphic.swift
SwiftCompile normal arm64 /Users/admin/builder/spi-builder-workspace/Sources/PaletteKit/Graphic/Animated/AnimatedPaletteGraphicView.swift (in target 'PaletteKit' from project 'PaletteKit')
    cd /Users/admin/builder/spi-builder-workspace/.swiftpm/xcode
    builtin-SwiftPerFileCompile AnimatedPaletteGraphicView.swift
SwiftDriverJobDiscovery normal arm64 Compiling PaletteKitInsights.swift (in target 'PaletteKitInsights' from project 'PaletteKit')
SwiftCompile normal arm64 Compiling\ PaletteExtractor.swift,\ BatchConversion.swift,\ LABConversion.swift /Users/admin/builder/spi-builder-workspace/Sources/PaletteKit/API/PaletteExtractor.swift /Users/admin/builder/spi-builder-workspace/Sources/PaletteKit/ColorSpace/BatchConversion.swift /Users/admin/builder/spi-builder-workspace/Sources/PaletteKit/ColorSpace/LABConversion.swift (in target 'PaletteKit' from project 'PaletteKit')
SwiftCompile normal arm64 /Users/admin/builder/spi-builder-workspace/Sources/PaletteKit/API/PaletteExtractor.swift (in target 'PaletteKit' from project 'PaletteKit')
    cd /Users/admin/builder/spi-builder-workspace/.swiftpm/xcode
    builtin-SwiftPerFileCompile PaletteExtractor.swift
SwiftCompile normal arm64 /Users/admin/builder/spi-builder-workspace/Sources/PaletteKit/ColorSpace/BatchConversion.swift (in target 'PaletteKit' from project 'PaletteKit')
    cd /Users/admin/builder/spi-builder-workspace/.swiftpm/xcode
    builtin-SwiftPerFileCompile BatchConversion.swift
SwiftCompile normal arm64 /Users/admin/builder/spi-builder-workspace/Sources/PaletteKit/ColorSpace/LABConversion.swift (in target 'PaletteKit' from project 'PaletteKit')
    cd /Users/admin/builder/spi-builder-workspace/.swiftpm/xcode
    builtin-SwiftPerFileCompile LABConversion.swift
PruneExplicitPrecompiledModules /Users/admin/builder/spi-builder-workspace/.derivedData/SDKExplicitPrecompiledModules
PruneExplicitPrecompiledModules /Users/admin/builder/spi-builder-workspace/.derivedData/Build/Intermediates.noindex/ExplicitPrecompiledModules
PruneExplicitPrecompiledModules /Users/admin/builder/spi-builder-workspace/.derivedData/Build/Intermediates.noindex/SwiftExplicitPrecompiledModules
2026-09-27 04:09:37.972 xcodebuild[757:4723] [MT] IDERunDestination: Supported platforms for the buildables in the current scheme is empty.
** BUILD FAILED **
The following build commands failed:
	SwiftCompile normal arm64 Compiling\ PaletteInsightsError.swift /Users/admin/builder/spi-builder-workspace/Sources/PaletteKitInsights/PaletteInsightsError.swift (in target 'PaletteKitInsights' from project 'PaletteKit')
	SwiftCompile normal arm64 /Users/admin/builder/spi-builder-workspace/Sources/PaletteKitInsights/PaletteInsightsError.swift (in target 'PaletteKitInsights' from project 'PaletteKit')
	Building workspace PaletteKit with scheme PaletteKit-Package
(3 failures)
BUILD FAILURE 6.4 tvOS