The Swift Package Index logo.Swift Package Index

Build Information

Failed to build ReducerKit, reference 2.0.2 (827b5e), with Swift 6.4 for Linux on 23 Sep 2026 08:14:41 UTC.

Build Command

bash -c docker run --pull=always --rm -v "checkouts-53886769-0":/host -w "$PWD" -e JAVA_HOME="/root/.sdkman/candidates/java/current" -e SPI_BUILD="1" -e SPI_PROCESSING="1" registry.gitlab.com/saguaro1/spi-images:basic-6.4-latest swift build --triple x86_64-unknown-linux-gnu 2>&1

Build Log

========================================
RunAll
========================================
Builder version: 5.1.0
Interrupt handler set up.
========================================
Checkout
========================================
Clone URL: https://github.com/ljdongz/ReducerKit.git
Reference: 2.0.2
Initialized empty Git repository in /host/spi-builder-workspace/.git/
hint: Using 'master' as the name for the initial branch. This default branch name
hint: is subject to change. To configure the initial branch name to use in all
hint: of your new repositories, which will suppress this warning, call:
hint:
hint: 	git config --global init.defaultBranch <name>
hint:
hint: Names commonly chosen instead of 'master' are 'main', 'trunk' and
hint: 'development'. The just-created branch can be renamed via this command:
hint:
hint: 	git branch -m <name>
From https://github.com/ljdongz/ReducerKit
 * tag               2.0.2      -> FETCH_HEAD
HEAD is now at 827b5e7 Remove swift-docc-plugin dependency
Cloned https://github.com/ljdongz/ReducerKit.git
Revision (git rev-parse @):
827b5e7d4b0f1eef97171b9469a040ef8a649ce8
SPI manifest file found: $PWD/.spi.yml
SUCCESS checkout https://github.com/ljdongz/ReducerKit.git at 2.0.2
========================================
Build
========================================
Selected platform:         linux
Swift version:             6.4
Building package at path:  $PWD
https://github.com/ljdongz/ReducerKit.git
Running build ...
bash -c docker run --pull=always --rm -v "checkouts-53886769-0":/host -w "$PWD" -e JAVA_HOME="/root/.sdkman/candidates/java/current" -e SPI_BUILD="1" -e SPI_PROCESSING="1" registry.gitlab.com/saguaro1/spi-images:basic-6.4-latest swift build --triple x86_64-unknown-linux-gnu 2>&1
basic-6.4-latest: Pulling from saguaro1/spi-images
Digest: sha256:c77fcce225e223ac0fafed844619173fc6de8d62dd560eeb28db3182af6a282b
Status: Image is up to date for registry.gitlab.com/saguaro1/spi-images:basic-6.4-latest
Fetching https://github.com/swiftlang/swift-syntax
[1/80014] Fetching swift-syntax
Fetched https://github.com/swiftlang/swift-syntax (3.73s)
Computing version for https://github.com/swiftlang/swift-syntax
Computed https://github.com/swiftlang/swift-syntax at 510.0.3 (5.01s)
Creating working copy for https://github.com/swiftlang/swift-syntax
Working copy of https://github.com/swiftlang/swift-syntax resolved at 510.0.3
Building for debugging...
[Computing dependencies]
[Pre-planning 1 / 474]
[Planning deferred tasks]
[52 / 203] SwiftParser
[113 / 210] SwiftSyntax
[120 / 219] SwiftSyntax
[121 / 220] SwiftSyntax509
[123 / 221] SwiftSyntax509
[125 / 221] SwiftSyntax509
[128 / 221] SwiftSyntax510
[128 / 221] SwiftSyntax
[136 / 224] SwiftDiagnostics
[139 / 237] SwiftBasicFormat
[140 / 246] SwiftParser
[141 / 246] SwiftParser
[141 / 246] SwiftBasicFormat
[153 / 246] SwiftParser
[154 / 246] SwiftParser
[155 / 246] SwiftParser
[156 / 246] SwiftParser
[160 / 246] SwiftParser
[162 / 246] SwiftParser
[163 / 246] SwiftParser
[164 / 246] SwiftDiagnostics
[165 / 246] SwiftDiagnostics
[166 / 246] SwiftDiagnostics
[169 / 246] SwiftDiagnostics
[169 / 246] SwiftOperators
[172 / 246] SwiftBasicFormat
[173 / 246] SwiftParserDiagnostics
[174 / 247]
[178 / 258] SwiftOperators
[181 / 268] SwiftOperators
[182 / 268] SwiftParserDiagnostics
[183 / 268] SwiftParserDiagnostics
[191 / 268] SwiftParserDiagnostics
[195 / 269] SwiftParserDiagnostics
[196 / 269] SwiftSyntaxBuilder
[197 / 269] SwiftSyntaxBuilder
[201 / 269] SwiftOperators
[202 / 269] SwiftOperators
[203 / 269] SwiftOperators
[204 / 269] SwiftOperators
[208 / 269]
[210 / 271] SwiftSyntaxBuilder
[212 / 279] SwiftSyntaxBuilder
[213 / 279] SwiftSyntaxBuilder
[214 / 279] SwiftSyntaxBuilder
[215 / 280] SwiftSyntaxBuilder
[216 / 280] SwiftSyntaxBuilder
[217 / 280] SwiftSyntaxBuilder
[219 / 280] SwiftSyntaxBuilder
[219 / 280] SwiftParserDiagnostics
[224 / 281] SwiftSyntaxBuilder
[226 / 281] SwiftSyntaxMacros
[232 / 291] SwiftSyntaxMacros
[233 / 291] SwiftSyntaxMacros
[236 / 291] SwiftSyntaxMacros
[240 / 291] SwiftSyntaxMacros
[242 / 291] SwiftSyntaxMacros-product
[247 / 300] SwiftSyntaxBuilder
[250 / 301] SwiftSyntaxMacros
[251 / 301] SwiftSyntaxMacroExpansion
[259 / 301] SwiftSyntaxMacroExpansion
[262 / 309] SwiftCompilerPluginMessageHandling
[263 / 310] SwiftCompilerPluginMessageHandling
[267 / 310] SwiftCompilerPluginMessageHandling
[268 / 310] SwiftSyntaxBuilder
[275 / 311] SwiftCompilerPlugin
[277 / 313] SwiftCompilerPlugin
[277 / 313] SwiftCompilerPluginMessageHandling
[277 / 313] SwiftSyntaxMacroExpansion
[279 / 314] SwiftCompilerPlugin
[284 / 314] SwiftCompilerPluginMessageHandling
[286 / 315] SwiftCompilerPlugin
[287 / 316] SwiftCompilerPlugin
[288 / 316] SwiftSyntax
[289 / 317] SwiftSyntax
[291 / 317] SwiftSyntax
[296 / 317] SwiftOperators
[300 / 317] SwiftCompilerPluginMessageHandling
[306 / 318] ReducerKitMacros
[309 / 321] ReducerKitMacros
[310 / 321] ReducerKitMacros
[314 / 322] ReducerKitMacros
error: SwiftCompile normal x86_64 failed with a nonzero exit code. Command line:     cd /host

/host/spi-builder-workspace/Sources/ReducerKit/Core/Store.swift:67:13: error: unknown attribute 'Observable'
 65 | ///
 66 | /// - SeeAlso: ``Reducer``, ``Effect``, ``Send``
 67 | @MainActor @Observable
    |             `- error: unknown attribute 'Observable'
 68 | @dynamicMemberLookup
 69 | public final class Store<R: Reducer> where R.State: ObservableStateProtocol {
/host/spi-builder-workspace/Sources/ReducerKit/Core/Store.swift:75:6: error: unknown attribute 'ObservationIgnored'
 73 |
 74 |     /// 실제 상태 저장 (관찰에서 제외)
 75 |     @ObservationIgnored
    |      `- error: unknown attribute 'ObservationIgnored'
 76 |     private var _state: State
 77 |
/host/spi-builder-workspace/Sources/ReducerKit/Core/Store.swift:79:6: error: unknown attribute 'ObservationIgnored'
 77 |
 78 |     /// Reducer의 reduce 메서드
 79 |     @ObservationIgnored
    |      `- error: unknown attribute 'ObservationIgnored'
 80 |     private let reduce: (inout State, Action) -> Effect<Action>
 81 |
/host/spi-builder-workspace/Sources/ReducerKit/Legacy/LegacyStore.swift:19:13: error: unknown attribute 'Observable'
17 | /// @MainActor로 격리되어 UI 업데이트가 항상 메인 스레드에서 실행됩니다.
18 | @available(*, deprecated, renamed: "Store", message: "Use Store with @ObservableState instead. This type will be removed in 2.0.0")
19 | @MainActor @Observable
   |             `- error: unknown attribute 'Observable'
20 | public final class LegacyStore<R: Reducer> {
21 |
/host/spi-builder-workspace/Sources/ReducerKit/Observable/ObservableVersion.swift:38:2: error: unknown attribute 'Observable'
36 | ///
37 | /// - SeeAlso: ``Store``, ``ObservableStateProtocol``
38 | @Observable
   |  `- error: unknown attribute 'Observable'
39 | internal final class ObservableVersion {
40 |     var value: Int = 0
Internal Error: invalidPayloadSize
Failed frontend command:
/usr/bin/swift-frontend -frontend -emit-module -experimental-skip-non-inlinable-function-bodies-without-types /host/spi-builder-workspace/Sources/ReducerKit/Core/Effect.swift /host/spi-builder-workspace/Sources/ReducerKit/Core/Reducer.swift /host/spi-builder-workspace/Sources/ReducerKit/Core/Send.swift /host/spi-builder-workspace/Sources/ReducerKit/Core/Store.swift /host/spi-builder-workspace/Sources/ReducerKit/Legacy/LegacyStore.swift /host/spi-builder-workspace/Sources/ReducerKit/Observable/ObservableState.swift /host/spi-builder-workspace/Sources/ReducerKit/Observable/ObservableStateProtocol.swift /host/spi-builder-workspace/Sources/ReducerKit/Observable/ObservableVersion.swift -target x86_64-unknown-linux-gnu -disable-objc-interop -I /host/spi-builder-workspace/.build/out/Products/Debug-linux-x86_64 -module-cache-path /host/spi-builder-workspace/.build/out/ModuleCache.noindex -color-diagnostics -Xcc -fcolor-diagnostics -enable-testing -g -debug-info-format\=dwarf -dwarf-version\=4 -swift-version 6 -Onone -D SWIFT_PACKAGE -D DEBUG -D SWIFT_MODULE_RESOURCE_BUNDLE_UNAVAILABLE -D Xcode -serialize-debugging-options -load-plugin-executable /host/spi-builder-workspace/.build/out/Products/Debug-linux-x86_64/ReducerKitMacros\#ReducerKitMacros -enable-experimental-feature DebugDescriptionMacro -empty-abi-descriptor -external-plugin-path /usr/lib/swift/host/plugins/testing\#/usr/bin/swift-plugin-server -validate-clang-modules-once -clang-build-session-file /host/spi-builder-workspace/.build/out/ModuleCache.noindex/Session.modulevalidation -Xcc -working-directory -Xcc /host -enable-anonymous-context-mangled-names -file-compilation-dir /host -Xcc -fno-omit-frame-pointer -Xcc -D_LIBCPP_HARDENING_MODE\=_LIBCPP_HARDENING_MODE_DEBUG -Xcc -fmodules-prune-interval\=86400 -Xcc -fmodules-prune-after\=345600 -Xcc -I/host/spi-builder-workspace/.build/out/Products/Debug-linux-x86_64/include -Xcc -I/host/spi-builder-workspace/.build/out/Intermediates.noindex/ReducerKit.build/Debug-linux-x86_64/ReducerKit-t.build/DerivedSources-normal/x86_64 -Xcc -I/host/spi-builder-workspace/.build/out/Intermediates.noindex/ReducerKit.build/Debug-linux-x86_64/ReducerKit-t.build/DerivedSources/x86_64 -Xcc -I/host/spi-builder-workspace/.build/out/Intermediates.noindex/ReducerKit.build/Debug-linux-x86_64/ReducerKit-t.build/DerivedSources -Xcc -DSWIFT_PACKAGE -Xcc -DDEBUG\=1 -no-auto-bridging-header-chaining -module-name ReducerKit -package-name spi_builder_workspace -const-gather-protocols-file /host/spi-builder-workspace/.build/out/Intermediates.noindex/ReducerKit.build/Debug-linux-x86_64/ReducerKit-t.build/Objects-normal/x86_64/ReducerKit_const_extract_protocols.json -in-process-plugin-server-path /usr/lib/swift/host/libSwiftInProcPluginServer.so -plugin-path /usr/lib/swift/host/plugins -plugin-path /usr/local/lib/swift/host/plugins -emit-module-doc-path /host/spi-builder-workspace/.build/out/Intermediates.noindex/ReducerKit.build/Debug-linux-x86_64/ReducerKit-t.build/Objects-normal/x86_64/Modules/ReducerKit.swiftdoc -emit-module-source-info-path /host/spi-builder-workspace/.build/out/Intermediates.noindex/ReducerKit.build/Debug-linux-x86_64/ReducerKit-t.build/Objects-normal/x86_64/Modules/ReducerKit.swiftsourceinfo -emit-objc-header-path /host/spi-builder-workspace/.build/out/Intermediates.noindex/ReducerKit.build/Debug-linux-x86_64/ReducerKit-t.build/Objects-normal/x86_64/ReducerKit-Swift.h -serialize-diagnostics-path /host/spi-builder-workspace/.build/out/Intermediates.noindex/ReducerKit.build/Debug-linux-x86_64/ReducerKit-t.build/Objects-normal/x86_64/ReducerKit-primary-emit-module.dia -emit-dependencies-path /host/spi-builder-workspace/.build/out/Intermediates.noindex/ReducerKit.build/Debug-linux-x86_64/ReducerKit-t.build/Objects-normal/x86_64/ReducerKit-primary-emit-module.d -parse-as-library -o /host/spi-builder-workspace/.build/out/Intermediates.noindex/ReducerKit.build/Debug-linux-x86_64/ReducerKit-t.build/Objects-normal/x86_64/Modules/ReducerKit.swiftmodule
error: Build failed
BUILD FAILURE 6.4 linux