Build Information
Failed to build Bleu, reference 2.2.0 (214c4a), with Swift 6.4 for watchOS using Xcode 27.0 on 25 Sep 2026 04:32:30 UTC.
Build Command
env DEVELOPER_DIR=/Applications/Xcode-27.0.0-Release.Candidate.app xcrun xcodebuild -IDEClonedSourcePackagesDirPathOverride=$PWD/.dependencies -skipMacroValidation -skipPackagePluginValidation -derivedDataPath $PWD/.derivedData build -scheme Bleu -destination generic/platform=watchOSBuild Log
SwiftDriver ActorRuntime normal arm64_32 com.apple.xcode.tools.swift.compiler (in target 'ActorRuntime' from project 'swift-actor-runtime')
cd /Users/admin/builder/spi-builder-workspace/.swiftpm/xcode
builtin-SwiftDriver -- /Applications/Xcode-27.0.0-Release.Candidate.app/Contents/Developer/Toolchains/XcodeDefault.xctoolchain/usr/bin/swiftc -parse-as-library -module-name ActorRuntime -Onone @/Users/admin/builder/spi-builder-workspace/.derivedData/Build/Intermediates.noindex/swift-actor-runtime.build/Debug-watchos/ActorRuntime-t.build/Objects-normal/arm64_32/ActorRuntime.SwiftFileList -DSWIFT_PACKAGE -DDEBUG -DSWIFT_MODULE_RESOURCE_BUNDLE_UNAVAILABLE -DXcode -plugin-path /Applications/Xcode-27.0.0-Release.Candidate.app/Contents/Developer/Toolchains/XcodeDefault.xctoolchain/usr/lib/swift/host/plugins/testing -enable-experimental-feature DebugDescriptionMacro -sdk /Applications/Xcode-27.0.0-Release.Candidate.app/Contents/Developer/Platforms/WatchOS.platform/Developer/SDKs/WatchOS27.0.sdk -target arm64_32-apple-watchos11.0 -g -module-cache-path /Users/admin/builder/spi-builder-workspace/.derivedData/ModuleCache.noindex -Xfrontend -serialize-debugging-options -profile-coverage-mapping -profile-generate -enable-testing -suppress-warnings -index-store-path /Users/admin/builder/spi-builder-workspace/.derivedData/Index.noindex/DataStore -Xcc -D_LIBCPP_HARDENING_MODE\=_LIBCPP_HARDENING_MODE_DEBUG -swift-version 6 -I /Users/admin/builder/spi-builder-workspace/.derivedData/Build/Products/Debug-watchos -Isystem /Applications/Xcode-27.0.0-Release.Candidate.app/Contents/Developer/Platforms/WatchOS.platform/Developer/usr/lib -F /Users/admin/builder/spi-builder-workspace/.derivedData/Build/Products/Debug-watchos -F /Applications/Xcode-27.0.0-Release.Candidate.app/Contents/Developer/Platforms/WatchOS.platform/Developer/Library/Frameworks -F /Applications/Xcode-27.0.0-Release.Candidate.app/Contents/Developer/Platforms/WatchOS.platform/Developer/SDKs/WatchOS27.0.sdk/Developer/Library/Frameworks -c -j10 -enable-batch-mode -incremental -Xcc -ivfsstatcache -Xcc /Users/admin/builder/spi-builder-workspace/.derivedData/SDKStatCaches.noindex/watchos27.0-24R360-e829b21a6f8c9b70876ba0858053c04477534ef55a1706bf4c1112bbb242f0a2.sdkstatcache -output-file-map /Users/admin/builder/spi-builder-workspace/.derivedData/Build/Intermediates.noindex/swift-actor-runtime.build/Debug-watchos/ActorRuntime-t.build/Objects-normal/arm64_32/ActorRuntime-OutputFileMap.json -save-temps -no-color-diagnostics -explicit-module-build -module-cache-path /Users/admin/builder/spi-builder-workspace/.derivedData/Build/Intermediates.noindex/SwiftExplicitPrecompiledModules -clang-scanner-module-cache-path /Users/admin/builder/spi-builder-workspace/.derivedData/ModuleCache.noindex -sdk-module-cache-path /Users/admin/builder/spi-builder-workspace/.derivedData/SDKExplicitPrecompiledModules -emit-dependencies -emit-module -emit-module-path /Users/admin/builder/spi-builder-workspace/.derivedData/Build/Intermediates.noindex/swift-actor-runtime.build/Debug-watchos/ActorRuntime-t.build/Objects-normal/arm64_32/ActorRuntime.swiftmodule -serialize-diagnostics -dependency-scan-serialize-diagnostics-path /Users/admin/builder/spi-builder-workspace/.derivedData/Build/Intermediates.noindex/swift-actor-runtime.build/Debug-watchos/ActorRuntime-t.build/Objects-normal/arm64_32/ActorRuntime-dependency-scan.dia -user-module-version 0.5.0 -validate-clang-modules-once -clang-build-session-file /Users/admin/builder/spi-builder-workspace/.derivedData/ModuleCache.noindex/Session.modulevalidation -Xcc -fmodules-prune-interval\=86400 -Xcc -fmodules-prune-after\=345600 -package-name swift_actor_runtime -emit-const-values -const-gather-protocols-list /Users/admin/builder/spi-builder-workspace/.derivedData/Build/Intermediates.noindex/swift-actor-runtime.build/Debug-watchos/ActorRuntime-t.build/Objects-normal/arm64_32/ActorRuntime_const_extract_protocols.json -Xcc -I/Users/admin/builder/spi-builder-workspace/.derivedData/Build/Products/Debug-watchos/include -Xcc -I/Users/admin/builder/spi-builder-workspace/.derivedData/Build/Intermediates.noindex/swift-actor-runtime.build/Debug-watchos/ActorRuntime-t.build/DerivedSources-normal/arm64_32 -Xcc -I/Users/admin/builder/spi-builder-workspace/.derivedData/Build/Intermediates.noindex/swift-actor-runtime.build/Debug-watchos/ActorRuntime-t.build/DerivedSources/arm64_32 -Xcc -I/Users/admin/builder/spi-builder-workspace/.derivedData/Build/Intermediates.noindex/swift-actor-runtime.build/Debug-watchos/ActorRuntime-t.build/DerivedSources -Xcc -DSWIFT_PACKAGE -Xcc -DDEBUG\=1 -emit-objc-header -emit-objc-header-path /Users/admin/builder/spi-builder-workspace/.derivedData/Build/Intermediates.noindex/swift-actor-runtime.build/Debug-watchos/ActorRuntime-t.build/Objects-normal/arm64_32/ActorRuntime-Swift.h -working-directory /Users/admin/builder/spi-builder-workspace/.swiftpm/xcode -experimental-emit-module-separately -disable-cmo
SwiftExplicitDependencyGeneratePcm arm64_32 /Users/admin/builder/spi-builder-workspace/.derivedData/SDKExplicitPrecompiledModules/_AvailabilityInternal-22ZP1ILSQW16KHXZS5GBZHOCS.pcm
SwiftExplicitDependencyGeneratePcm arm64_32 /Users/admin/builder/spi-builder-workspace/.derivedData/SDKExplicitPrecompiledModules/ptrcheck-EAZ3I917ZFA9H6ZCL6PGLG4TR.pcm
SwiftExplicitDependencyGeneratePcm arm64_32 /Users/admin/builder/spi-builder-workspace/.derivedData/SDKExplicitPrecompiledModules/_Builtin_float-372PLGDQ1U3B6Z5EA5DJMDORJ.pcm
SwiftExplicitDependencyGeneratePcm arm64_32 /Users/admin/builder/spi-builder-workspace/.derivedData/SDKExplicitPrecompiledModules/_Builtin_stddef-2F9BFIPBQ5EWNSK5G7G7V4EKL.pcm
SwiftExplicitDependencyGeneratePcm arm64_32 /Users/admin/builder/spi-builder-workspace/.derivedData/SDKExplicitPrecompiledModules/_SwiftConcurrencyShims-58G4ISYSYDV3AT1DDGEE0QCUF.pcm
SwiftExplicitDependencyGeneratePcm arm64 /Users/admin/builder/spi-builder-workspace/.derivedData/SDKExplicitPrecompiledModules/_Builtin_float-E4M4A8689VXF1T7P7BV56IKBT.pcm
SwiftExplicitDependencyGeneratePcm arm64_32 /Users/admin/builder/spi-builder-workspace/.derivedData/SDKExplicitPrecompiledModules/_Builtin_stdarg-EYJP6DFYQL9GJLH1TJ84A8MHV.pcm
SwiftExplicitDependencyGeneratePcm arm64 /Users/admin/builder/spi-builder-workspace/.derivedData/SDKExplicitPrecompiledModules/_Builtin_stddef-5OH846KKUPSJJT7GCX9XU1TKG.pcm
SwiftExplicitDependencyGeneratePcm arm64 /Users/admin/builder/spi-builder-workspace/.derivedData/SDKExplicitPrecompiledModules/ptrcheck-8K07997SIHO7YGY7UQ3LOQ3TJ.pcm
SwiftExplicitDependencyGeneratePcm arm64 /Users/admin/builder/spi-builder-workspace/.derivedData/SDKExplicitPrecompiledModules/_Builtin_stdbool-B692L2PMR118794VVYBG37897.pcm
SwiftExplicitDependencyGeneratePcm arm64 /Users/admin/builder/spi-builder-workspace/.derivedData/SDKExplicitPrecompiledModules/SwiftShims-AJ4AZYHQNC33R5RLN7AGEIOMP.pcm
SwiftExplicitDependencyGeneratePcm arm64 /Users/admin/builder/spi-builder-workspace/.derivedData/SDKExplicitPrecompiledModules/_SwiftConcurrencyShims-CTPSFSTDCBVSSQFHL6I305U72.pcm
SwiftExplicitDependencyGeneratePcm arm64 /Users/admin/builder/spi-builder-workspace/.derivedData/SDKExplicitPrecompiledModules/_Builtin_stdarg-3X4KLXUYEI0UGBILP4X7D0CYW.pcm
SwiftExplicitDependencyGeneratePcm arm64_32 /Users/admin/builder/spi-builder-workspace/.derivedData/SDKExplicitPrecompiledModules/_Builtin_stdbool-84ZA1VDW90AGWZ2LF5KOCM8DZ.pcm
SwiftExplicitDependencyGeneratePcm arm64_32 /Users/admin/builder/spi-builder-workspace/.derivedData/SDKExplicitPrecompiledModules/SwiftShims-D9VBB138U50XYYGW2C2V21N3L.pcm
SwiftExplicitDependencyGeneratePcm arm64 /Users/admin/builder/spi-builder-workspace/.derivedData/SDKExplicitPrecompiledModules/_AvailabilityInternal-42EVAC8Q6P1ZT6G3A168N97G4.pcm
SwiftExplicitDependencyGeneratePcm arm64_32 /Users/admin/builder/spi-builder-workspace/.derivedData/SDKExplicitPrecompiledModules/ptrauth-EW7YZZ7LEZE1QZF2T8148IPSA.pcm
SwiftExplicitDependencyGeneratePcm arm64_32 /Users/admin/builder/spi-builder-workspace/.derivedData/SDKExplicitPrecompiledModules/_Builtin_stddef-2F9BFIPBQ5EWNSK5G7G7V4EKL.pcm
SwiftExplicitDependencyGeneratePcm arm64 /Users/admin/builder/spi-builder-workspace/.derivedData/SDKExplicitPrecompiledModules/_Builtin_stdarg-3X4KLXUYEI0UGBILP4X7D0CYW.pcm
SwiftExplicitDependencyGeneratePcm arm64 /Users/admin/builder/spi-builder-workspace/.derivedData/SDKExplicitPrecompiledModules/_SwiftConcurrencyShims-CTPSFSTDCBVSSQFHL6I305U72.pcm
SwiftExplicitDependencyGeneratePcm arm64 /Users/admin/builder/spi-builder-workspace/.derivedData/SDKExplicitPrecompiledModules/_Builtin_float-E4M4A8689VXF1T7P7BV56IKBT.pcm
SwiftExplicitDependencyGeneratePcm arm64 /Users/admin/builder/spi-builder-workspace/.derivedData/SDKExplicitPrecompiledModules/ptrcheck-8K07997SIHO7YGY7UQ3LOQ3TJ.pcm
SwiftExplicitDependencyGeneratePcm arm64_32 /Users/admin/builder/spi-builder-workspace/.derivedData/SDKExplicitPrecompiledModules/_DarwinFoundation1-5SNIO0SFHX9KJZTLQGIPAPXUZ.pcm
SwiftExplicitDependencyGeneratePcm arm64 /Users/admin/builder/spi-builder-workspace/.derivedData/SDKExplicitPrecompiledModules/_Builtin_stdbool-B692L2PMR118794VVYBG37897.pcm
SwiftExplicitDependencyGeneratePcm arm64 /Users/admin/builder/spi-builder-workspace/.derivedData/SDKExplicitPrecompiledModules/_AvailabilityInternal-42EVAC8Q6P1ZT6G3A168N97G4.pcm
SwiftExplicitDependencyGeneratePcm arm64 /Users/admin/builder/spi-builder-workspace/.derivedData/SDKExplicitPrecompiledModules/_Builtin_stddef-5OH846KKUPSJJT7GCX9XU1TKG.pcm
SwiftExplicitDependencyGeneratePcm arm64 /Users/admin/builder/spi-builder-workspace/.derivedData/SDKExplicitPrecompiledModules/_DarwinFoundation1-7YQ9TVI7XTOGQU9OADRXP33D1.pcm
SwiftExplicitDependencyGeneratePcm arm64_32 /Users/admin/builder/spi-builder-workspace/.derivedData/SDKExplicitPrecompiledModules/_SwiftConcurrencyShims-58G4ISYSYDV3AT1DDGEE0QCUF.pcm
SwiftExplicitDependencyGeneratePcm arm64_32 /Users/admin/builder/spi-builder-workspace/.derivedData/SDKExplicitPrecompiledModules/_Builtin_stdarg-EYJP6DFYQL9GJLH1TJ84A8MHV.pcm
SwiftExplicitDependencyGeneratePcm arm64_32 /Users/admin/builder/spi-builder-workspace/.derivedData/SDKExplicitPrecompiledModules/SwiftShims-D9VBB138U50XYYGW2C2V21N3L.pcm
SwiftExplicitDependencyGeneratePcm arm64_32 /Users/admin/builder/spi-builder-workspace/.derivedData/SDKExplicitPrecompiledModules/_AvailabilityInternal-22ZP1ILSQW16KHXZS5GBZHOCS.pcm
SwiftExplicitDependencyGeneratePcm arm64_32 /Users/admin/builder/spi-builder-workspace/.derivedData/SDKExplicitPrecompiledModules/_Builtin_stdbool-84ZA1VDW90AGWZ2LF5KOCM8DZ.pcm
SwiftExplicitDependencyGeneratePcm arm64_32 /Users/admin/builder/spi-builder-workspace/.derivedData/SDKExplicitPrecompiledModules/ptrcheck-EAZ3I917ZFA9H6ZCL6PGLG4TR.pcm
SwiftExplicitDependencyGeneratePcm arm64_32 /Users/admin/builder/spi-builder-workspace/.derivedData/SDKExplicitPrecompiledModules/_Builtin_float-372PLGDQ1U3B6Z5EA5DJMDORJ.pcm
SwiftExplicitDependencyGeneratePcm arm64 /Users/admin/builder/spi-builder-workspace/.derivedData/SDKExplicitPrecompiledModules/SwiftShims-AJ4AZYHQNC33R5RLN7AGEIOMP.pcm
SwiftExplicitDependencyGeneratePcm arm64 /Users/admin/builder/spi-builder-workspace/.derivedData/SDKExplicitPrecompiledModules/ptrauth-C7VQASAJ967Q4Q6SRD4I3CFWZ.pcm
SwiftExplicitDependencyGeneratePcm arm64 /Users/admin/builder/spi-builder-workspace/.derivedData/SDKExplicitPrecompiledModules/_DarwinFoundation1-7YQ9TVI7XTOGQU9OADRXP33D1.pcm
SwiftExplicitDependencyGeneratePcm arm64_32 /Users/admin/builder/spi-builder-workspace/.derivedData/SDKExplicitPrecompiledModules/_DarwinFoundation2-FP2Q8F1Q2HR151SBYKTU6Q8B.pcm
SwiftExplicitDependencyGeneratePcm arm64 /Users/admin/builder/spi-builder-workspace/.derivedData/SDKExplicitPrecompiledModules/_Builtin_limits-75TRA1C7IHYOFCG3KJXQVTHJ4.pcm
SwiftExplicitDependencyGeneratePcm arm64 /Users/admin/builder/spi-builder-workspace/.derivedData/SDKExplicitPrecompiledModules/_DarwinFoundation2-CUPL4FH2SA95GMALQP4M6O8UA.pcm
SwiftExplicitDependencyGeneratePcm arm64_32 /Users/admin/builder/spi-builder-workspace/.derivedData/SDKExplicitPrecompiledModules/_Builtin_limits-AQMEC9CLG0FZQN6TLGDQ6WF78.pcm
SwiftExplicitDependencyGeneratePcm arm64_32 /Users/admin/builder/spi-builder-workspace/.derivedData/SDKExplicitPrecompiledModules/_DarwinFoundation1-5SNIO0SFHX9KJZTLQGIPAPXUZ.pcm
SwiftExplicitDependencyGeneratePcm arm64 /Users/admin/builder/spi-builder-workspace/.derivedData/SDKExplicitPrecompiledModules/_DarwinFoundation2-CUPL4FH2SA95GMALQP4M6O8UA.pcm
SwiftExplicitDependencyGeneratePcm arm64 /Users/admin/builder/spi-builder-workspace/.derivedData/SDKExplicitPrecompiledModules/_Builtin_limits-75TRA1C7IHYOFCG3KJXQVTHJ4.pcm
SwiftExplicitDependencyGeneratePcm arm64_32 /Users/admin/builder/spi-builder-workspace/.derivedData/SDKExplicitPrecompiledModules/sys_types-65NN51P1G7GN2GUAUPC53JJ7N.pcm
SwiftExplicitDependencyGeneratePcm arm64_32 /Users/admin/builder/spi-builder-workspace/.derivedData/SDKExplicitPrecompiledModules/_Builtin_stdint-6IWJLTRH2WB6RCG4THPA65RDS.pcm
SwiftExplicitDependencyGeneratePcm arm64_32 /Users/admin/builder/spi-builder-workspace/.derivedData/SDKExplicitPrecompiledModules/_Builtin_limits-AQMEC9CLG0FZQN6TLGDQ6WF78.pcm
SwiftExplicitDependencyGeneratePcm arm64_32 /Users/admin/builder/spi-builder-workspace/.derivedData/SDKExplicitPrecompiledModules/_DarwinFoundation2-FP2Q8F1Q2HR151SBYKTU6Q8B.pcm
SwiftExplicitDependencyGeneratePcm arm64 /Users/admin/builder/spi-builder-workspace/.derivedData/SDKExplicitPrecompiledModules/sys_types-9KPVYINL86WUSHF45TU8PWZZ1.pcm
SwiftExplicitDependencyGeneratePcm arm64 /Users/admin/builder/spi-builder-workspace/.derivedData/SDKExplicitPrecompiledModules/_Builtin_stdint-6TUACK4YPMARFT56PLIO388SJ.pcm
SwiftExplicitDependencyGeneratePcm arm64_32 /Users/admin/builder/spi-builder-workspace/.derivedData/SDKExplicitPrecompiledModules/_DarwinFoundation3-3YOBOPIW2MF1LRNQH7JBUBY4G.pcm
SwiftExplicitDependencyGeneratePcm arm64 /Users/admin/builder/spi-builder-workspace/.derivedData/SDKExplicitPrecompiledModules/sys_types-9KPVYINL86WUSHF45TU8PWZZ1.pcm
SwiftExplicitDependencyGeneratePcm arm64 /Users/admin/builder/spi-builder-workspace/.derivedData/SDKExplicitPrecompiledModules/string_h-4N9Z22C0HUO8GV7GFPCLZRZA2.pcm
SwiftExplicitDependencyGeneratePcm arm64 /Users/admin/builder/spi-builder-workspace/.derivedData/SDKExplicitPrecompiledModules/_Builtin_stdint-6TUACK4YPMARFT56PLIO388SJ.pcm
SwiftExplicitDependencyGeneratePcm arm64 /Users/admin/builder/spi-builder-workspace/.derivedData/SDKExplicitPrecompiledModules/_DarwinFoundation3-EJXZKD8LN9EYM9OWP9VLJ49PK.pcm
SwiftExplicitDependencyGeneratePcm arm64_32 /Users/admin/builder/spi-builder-workspace/.derivedData/SDKExplicitPrecompiledModules/sys_types-65NN51P1G7GN2GUAUPC53JJ7N.pcm
SwiftExplicitDependencyGeneratePcm arm64_32 /Users/admin/builder/spi-builder-workspace/.derivedData/SDKExplicitPrecompiledModules/string_h-8QY7P4ZQXQAF14WVDITTM4R70.pcm
SwiftExplicitDependencyGeneratePcm arm64_32 /Users/admin/builder/spi-builder-workspace/.derivedData/SDKExplicitPrecompiledModules/_Builtin_stdint-6IWJLTRH2WB6RCG4THPA65RDS.pcm
SwiftExplicitDependencyGeneratePcm arm64 /Users/admin/builder/spi-builder-workspace/.derivedData/SDKExplicitPrecompiledModules/_DarwinFoundation3-EJXZKD8LN9EYM9OWP9VLJ49PK.pcm
SwiftExplicitDependencyGeneratePcm arm64_32 /Users/admin/builder/spi-builder-workspace/.derivedData/SDKExplicitPrecompiledModules/_Builtin_inttypes-BPZJ68HW1IMYWSHROAZ0IMUJP.pcm
SwiftExplicitDependencyGeneratePcm arm64_32 /Users/admin/builder/spi-builder-workspace/.derivedData/SDKExplicitPrecompiledModules/_DarwinFoundation3-3YOBOPIW2MF1LRNQH7JBUBY4G.pcm
SwiftExplicitDependencyGeneratePcm arm64 /Users/admin/builder/spi-builder-workspace/.derivedData/SDKExplicitPrecompiledModules/_Builtin_inttypes-86YTNV5YADPJXFMJ82N3R4GWQ.pcm
SwiftExplicitDependencyGeneratePcm arm64_32 /Users/admin/builder/spi-builder-workspace/.derivedData/SDKExplicitPrecompiledModules/Darwin-10D35ZJWCWG7LJAF579U7I5V7.pcm
SwiftExplicitDependencyGeneratePcm arm64 /Users/admin/builder/spi-builder-workspace/.derivedData/SDKExplicitPrecompiledModules/_Builtin_inttypes-86YTNV5YADPJXFMJ82N3R4GWQ.pcm
SwiftExplicitDependencyGeneratePcm arm64 /Users/admin/builder/spi-builder-workspace/.derivedData/SDKExplicitPrecompiledModules/Darwin-CSB8C43KELVSFIQVR0803IZPN.pcm
SwiftExplicitDependencyGeneratePcm arm64_32 /Users/admin/builder/spi-builder-workspace/.derivedData/SDKExplicitPrecompiledModules/_Builtin_inttypes-BPZJ68HW1IMYWSHROAZ0IMUJP.pcm
SwiftExplicitDependencyGeneratePcm arm64 /Users/admin/builder/spi-builder-workspace/.derivedData/SDKExplicitPrecompiledModules/Darwin-CSB8C43KELVSFIQVR0803IZPN.pcm
SwiftExplicitDependencyGeneratePcm arm64_32 /Users/admin/builder/spi-builder-workspace/.derivedData/SDKExplicitPrecompiledModules/Darwin-10D35ZJWCWG7LJAF579U7I5V7.pcm
SwiftCompile normal arm64_32 Compiling\ Logger.swift /Users/admin/builder/spi-builder-workspace/.dependencies/checkouts/swift-log/Sources/Logging/Logger.swift (in target 'Logging' from project 'swift-log')
SwiftCompile normal arm64_32 /Users/admin/builder/spi-builder-workspace/.dependencies/checkouts/swift-log/Sources/Logging/Logger.swift (in target 'Logging' from project 'swift-log')
cd /Users/admin/builder/spi-builder-workspace/.swiftpm/xcode
builtin-SwiftPerFileCompile Logger.swift
SwiftCompile normal arm64_32 Compiling\ LoggingSystem.swift /Users/admin/builder/spi-builder-workspace/.dependencies/checkouts/swift-log/Sources/Logging/LoggingSystem.swift (in target 'Logging' from project 'swift-log')
SwiftCompile normal arm64_32 /Users/admin/builder/spi-builder-workspace/.dependencies/checkouts/swift-log/Sources/Logging/LoggingSystem.swift (in target 'Logging' from project 'swift-log')
cd /Users/admin/builder/spi-builder-workspace/.swiftpm/xcode
builtin-SwiftPerFileCompile LoggingSystem.swift
SwiftCompile normal arm64_32 Compiling\ Logger+Attributes.swift /Users/admin/builder/spi-builder-workspace/.dependencies/checkouts/swift-log/Sources/Logging/Logger+Attributes.swift (in target 'Logging' from project 'swift-log')
SwiftCompile normal arm64_32 /Users/admin/builder/spi-builder-workspace/.dependencies/checkouts/swift-log/Sources/Logging/Logger+Attributes.swift (in target 'Logging' from project 'swift-log')
cd /Users/admin/builder/spi-builder-workspace/.swiftpm/xcode
builtin-SwiftPerFileCompile Logger+Attributes.swift
SwiftCompile normal arm64_32 Compiling\ Logger+With.swift /Users/admin/builder/spi-builder-workspace/.dependencies/checkouts/swift-log/Sources/Logging/Logger+With.swift (in target 'Logging' from project 'swift-log')
SwiftCompile normal arm64_32 /Users/admin/builder/spi-builder-workspace/.dependencies/checkouts/swift-log/Sources/Logging/Logger+With.swift (in target 'Logging' from project 'swift-log')
cd /Users/admin/builder/spi-builder-workspace/.swiftpm/xcode
builtin-SwiftPerFileCompile Logger+With.swift
SwiftCompile normal arm64_32 Compiling\ MetadataProvider.swift /Users/admin/builder/spi-builder-workspace/.dependencies/checkouts/swift-log/Sources/Logging/MetadataProvider.swift (in target 'Logging' from project 'swift-log')
SwiftCompile normal arm64_32 /Users/admin/builder/spi-builder-workspace/.dependencies/checkouts/swift-log/Sources/Logging/MetadataProvider.swift (in target 'Logging' from project 'swift-log')
cd /Users/admin/builder/spi-builder-workspace/.swiftpm/xcode
builtin-SwiftPerFileCompile MetadataProvider.swift
SwiftEmitModule normal arm64_32 Emitting\ module\ for\ Logging (in target 'Logging' from project 'swift-log')
SwiftCompile normal arm64_32 (in target 'Logging' from project 'swift-log')
cd /Users/admin/builder/spi-builder-workspace/.swiftpm/xcode
SwiftCompile normal arm64_32 Compiling\ LogEvent.swift /Users/admin/builder/spi-builder-workspace/.dependencies/checkouts/swift-log/Sources/Logging/LogEvent.swift (in target 'Logging' from project 'swift-log')
SwiftCompile normal arm64_32 /Users/admin/builder/spi-builder-workspace/.dependencies/checkouts/swift-log/Sources/Logging/LogEvent.swift (in target 'Logging' from project 'swift-log')
cd /Users/admin/builder/spi-builder-workspace/.swiftpm/xcode
builtin-SwiftPerFileCompile LogEvent.swift
SwiftCompile normal arm64_32 Compiling\ SwiftLogNoOpLogHandler.swift /Users/admin/builder/spi-builder-workspace/.dependencies/checkouts/swift-log/Sources/Logging/Handlers/SwiftLogNoOpLogHandler.swift (in target 'Logging' from project 'swift-log')
SwiftCompile normal arm64_32 /Users/admin/builder/spi-builder-workspace/.dependencies/checkouts/swift-log/Sources/Logging/Handlers/SwiftLogNoOpLogHandler.swift (in target 'Logging' from project 'swift-log')
cd /Users/admin/builder/spi-builder-workspace/.swiftpm/xcode
builtin-SwiftPerFileCompile SwiftLogNoOpLogHandler.swift
SwiftEmitModule normal arm64 Emitting\ module\ for\ Logging (in target 'Logging' from project 'swift-log')
SwiftCompile normal arm64 (in target 'Logging' from project 'swift-log')
cd /Users/admin/builder/spi-builder-workspace/.swiftpm/xcode
SwiftExplicitDependencyGeneratePcm arm64 /Users/admin/builder/spi-builder-workspace/.derivedData/SDKExplicitPrecompiledModules/ObjectiveC-22CZPC4WYQC9G8T393WT2KKLW.pcm
SwiftExplicitDependencyGeneratePcm arm64_32 /Users/admin/builder/spi-builder-workspace/.derivedData/SDKExplicitPrecompiledModules/ObjectiveC-71AGZNHLBMR2QK817EJNUN54E.pcm
SwiftExplicitDependencyGeneratePcm arm64 /Users/admin/builder/spi-builder-workspace/.derivedData/SDKExplicitPrecompiledModules/os_object-6KYGGZ4DPVZ3BBAZ6QICZN8LI.pcm
SwiftExplicitDependencyGeneratePcm arm64_32 /Users/admin/builder/spi-builder-workspace/.derivedData/SDKExplicitPrecompiledModules/os_object-CTXVQBCWDOH6JHUXIFDUOWFRL.pcm
SwiftDriverJobDiscovery normal arm64_32 Emitting module for Logging (in target 'Logging' from project 'swift-log')
SwiftDriver\ Compilation\ Requirements Logging normal arm64_32 com.apple.xcode.tools.swift.compiler (in target 'Logging' from project 'swift-log')
cd /Users/admin/builder/spi-builder-workspace/.swiftpm/xcode
builtin-Swift-Compilation-Requirements -- /Applications/Xcode-27.0.0-Release.Candidate.app/Contents/Developer/Toolchains/XcodeDefault.xctoolchain/usr/bin/swiftc -parse-as-library -module-name Logging -Onone @/Users/admin/builder/spi-builder-workspace/.derivedData/Build/Intermediates.noindex/swift-log.build/Debug-watchos/Logging-t.build/Objects-normal/arm64_32/Logging.SwiftFileList -DSWIFT_PACKAGE -DDEBUG -DSWIFT_MODULE_RESOURCE_BUNDLE_UNAVAILABLE -DXcode -enable-upcoming-feature ExistentialAny -enable-upcoming-feature MemberImportVisibility -enable-upcoming-feature InternalImportsByDefault -enable-upcoming-feature NonisolatedNonsendingByDefault -Xfrontend -require-explicit-sendable -plugin-path /Applications/Xcode-27.0.0-Release.Candidate.app/Contents/Developer/Toolchains/XcodeDefault.xctoolchain/usr/lib/swift/host/plugins/testing -enable-experimental-feature DebugDescriptionMacro -sdk /Applications/Xcode-27.0.0-Release.Candidate.app/Contents/Developer/Platforms/WatchOS.platform/Developer/SDKs/WatchOS27.0.sdk -target arm64_32-apple-watchos9.0 -g -module-cache-path /Users/admin/builder/spi-builder-workspace/.derivedData/ModuleCache.noindex -Xfrontend -serialize-debugging-options -profile-coverage-mapping -profile-generate -enable-testing -suppress-warnings -index-store-path /Users/admin/builder/spi-builder-workspace/.derivedData/Index.noindex/DataStore -Xcc -D_LIBCPP_HARDENING_MODE\=_LIBCPP_HARDENING_MODE_DEBUG -swift-version 6 -I /Users/admin/builder/spi-builder-workspace/.derivedData/Build/Products/Debug-watchos -Isystem /Applications/Xcode-27.0.0-Release.Candidate.app/Contents/Developer/Platforms/WatchOS.platform/Developer/usr/lib -F /Users/admin/builder/spi-builder-workspace/.derivedData/Build/Products/Debug-watchos -F /Applications/Xcode-27.0.0-Release.Candidate.app/Contents/Developer/Platforms/WatchOS.platform/Developer/Library/Frameworks -F /Applications/Xcode-27.0.0-Release.Candidate.app/Contents/Developer/Platforms/WatchOS.platform/Developer/SDKs/WatchOS27.0.sdk/Developer/Library/Frameworks -c -j10 -enable-batch-mode -incremental -Xcc -ivfsstatcache -Xcc /Users/admin/builder/spi-builder-workspace/.derivedData/SDKStatCaches.noindex/watchos27.0-24R360-e829b21a6f8c9b70876ba0858053c04477534ef55a1706bf4c1112bbb242f0a2.sdkstatcache -output-file-map /Users/admin/builder/spi-builder-workspace/.derivedData/Build/Intermediates.noindex/swift-log.build/Debug-watchos/Logging-t.build/Objects-normal/arm64_32/Logging-OutputFileMap.json -save-temps -no-color-diagnostics -explicit-module-build -module-cache-path /Users/admin/builder/spi-builder-workspace/.derivedData/Build/Intermediates.noindex/SwiftExplicitPrecompiledModules -clang-scanner-module-cache-path /Users/admin/builder/spi-builder-workspace/.derivedData/ModuleCache.noindex -sdk-module-cache-path /Users/admin/builder/spi-builder-workspace/.derivedData/SDKExplicitPrecompiledModules -emit-dependencies -emit-module -emit-module-path /Users/admin/builder/spi-builder-workspace/.derivedData/Build/Intermediates.noindex/swift-log.build/Debug-watchos/Logging-t.build/Objects-normal/arm64_32/Logging.swiftmodule -serialize-diagnostics -dependency-scan-serialize-diagnostics-path /Users/admin/builder/spi-builder-workspace/.derivedData/Build/Intermediates.noindex/swift-log.build/Debug-watchos/Logging-t.build/Objects-normal/arm64_32/Logging-dependency-scan.dia -user-module-version 1.15.1 -validate-clang-modules-once -clang-build-session-file /Users/admin/builder/spi-builder-workspace/.derivedData/ModuleCache.noindex/Session.modulevalidation -Xcc -fmodules-prune-interval\=86400 -Xcc -fmodules-prune-after\=345600 -package-name swift_log -emit-const-values -const-gather-protocols-list /Users/admin/builder/spi-builder-workspace/.derivedData/Build/Intermediates.noindex/swift-log.build/Debug-watchos/Logging-t.build/Objects-normal/arm64_32/Logging_const_extract_protocols.json -Xcc -I/Users/admin/builder/spi-builder-workspace/.derivedData/Build/Products/Debug-watchos/include -Xcc -I/Users/admin/builder/spi-builder-workspace/.derivedData/Build/Intermediates.noindex/swift-log.build/Debug-watchos/Logging-t.build/DerivedSources-normal/arm64_32 -Xcc -I/Users/admin/builder/spi-builder-workspace/.derivedData/Build/Intermediates.noindex/swift-log.build/Debug-watchos/Logging-t.build/DerivedSources/arm64_32 -Xcc -I/Users/admin/builder/spi-builder-workspace/.derivedData/Build/Intermediates.noindex/swift-log.build/Debug-watchos/Logging-t.build/DerivedSources -Xcc -DSWIFT_PACKAGE -Xcc -DDEBUG\=1 -emit-objc-header -emit-objc-header-path /Users/admin/builder/spi-builder-workspace/.derivedData/Build/Intermediates.noindex/swift-log.build/Debug-watchos/Logging-t.build/Objects-normal/arm64_32/Logging-Swift.h -working-directory /Users/admin/builder/spi-builder-workspace/.swiftpm/xcode -experimental-emit-module-separately -disable-cmo
SwiftExplicitDependencyGeneratePcm arm64 /Users/admin/builder/spi-builder-workspace/.derivedData/SDKExplicitPrecompiledModules/os_workgroup-AHE7ULDQBKER38CYPIKDTZF4M.pcm
Copy /Users/admin/builder/spi-builder-workspace/.derivedData/Build/Products/Debug-watchos/Logging.swiftmodule/arm64_32-apple-watchos.swiftmodule /Users/admin/builder/spi-builder-workspace/.derivedData/Build/Intermediates.noindex/swift-log.build/Debug-watchos/Logging-t.build/Objects-normal/arm64_32/Logging.swiftmodule (in target 'Logging' from project 'swift-log')
cd /Users/admin/builder/spi-builder-workspace/.dependencies/checkouts/swift-log
builtin-copy -exclude .DS_Store -exclude CVS -exclude .svn -exclude .git -exclude .hg -resolve-src-symlinks -rename /Users/admin/builder/spi-builder-workspace/.derivedData/Build/Intermediates.noindex/swift-log.build/Debug-watchos/Logging-t.build/Objects-normal/arm64_32/Logging.swiftmodule /Users/admin/builder/spi-builder-workspace/.derivedData/Build/Products/Debug-watchos/Logging.swiftmodule/arm64_32-apple-watchos.swiftmodule
Copy /Users/admin/builder/spi-builder-workspace/.derivedData/Build/Products/Debug-watchos/Logging.swiftmodule/arm64_32-apple-watchos.swiftdoc /Users/admin/builder/spi-builder-workspace/.derivedData/Build/Intermediates.noindex/swift-log.build/Debug-watchos/Logging-t.build/Objects-normal/arm64_32/Logging.swiftdoc (in target 'Logging' from project 'swift-log')
cd /Users/admin/builder/spi-builder-workspace/.dependencies/checkouts/swift-log
builtin-copy -exclude .DS_Store -exclude CVS -exclude .svn -exclude .git -exclude .hg -resolve-src-symlinks -rename /Users/admin/builder/spi-builder-workspace/.derivedData/Build/Intermediates.noindex/swift-log.build/Debug-watchos/Logging-t.build/Objects-normal/arm64_32/Logging.swiftdoc /Users/admin/builder/spi-builder-workspace/.derivedData/Build/Products/Debug-watchos/Logging.swiftmodule/arm64_32-apple-watchos.swiftdoc
Copy /Users/admin/builder/spi-builder-workspace/.derivedData/Build/Products/Debug-watchos/Logging.swiftmodule/arm64_32-apple-watchos.abi.json /Users/admin/builder/spi-builder-workspace/.derivedData/Build/Intermediates.noindex/swift-log.build/Debug-watchos/Logging-t.build/Objects-normal/arm64_32/Logging.abi.json (in target 'Logging' from project 'swift-log')
cd /Users/admin/builder/spi-builder-workspace/.dependencies/checkouts/swift-log
builtin-copy -exclude .DS_Store -exclude CVS -exclude .svn -exclude .git -exclude .hg -resolve-src-symlinks -rename /Users/admin/builder/spi-builder-workspace/.derivedData/Build/Intermediates.noindex/swift-log.build/Debug-watchos/Logging-t.build/Objects-normal/arm64_32/Logging.abi.json /Users/admin/builder/spi-builder-workspace/.derivedData/Build/Products/Debug-watchos/Logging.swiftmodule/arm64_32-apple-watchos.abi.json
Copy /Users/admin/builder/spi-builder-workspace/.derivedData/Build/Products/Debug-watchos/Logging.swiftmodule/Project/arm64_32-apple-watchos.swiftsourceinfo /Users/admin/builder/spi-builder-workspace/.derivedData/Build/Intermediates.noindex/swift-log.build/Debug-watchos/Logging-t.build/Objects-normal/arm64_32/Logging.swiftsourceinfo (in target 'Logging' from project 'swift-log')
cd /Users/admin/builder/spi-builder-workspace/.dependencies/checkouts/swift-log
builtin-copy -exclude .DS_Store -exclude CVS -exclude .svn -exclude .git -exclude .hg -resolve-src-symlinks -rename /Users/admin/builder/spi-builder-workspace/.derivedData/Build/Intermediates.noindex/swift-log.build/Debug-watchos/Logging-t.build/Objects-normal/arm64_32/Logging.swiftsourceinfo /Users/admin/builder/spi-builder-workspace/.derivedData/Build/Products/Debug-watchos/Logging.swiftmodule/Project/arm64_32-apple-watchos.swiftsourceinfo
SwiftExplicitDependencyGeneratePcm arm64_32 /Users/admin/builder/spi-builder-workspace/.derivedData/SDKExplicitPrecompiledModules/os_workgroup-9L9R05BT5LTFRZ2NM68BZTVV2.pcm
SwiftCompile normal arm64 Compiling\ Locks.swift /Users/admin/builder/spi-builder-workspace/.dependencies/checkouts/swift-log/Sources/Logging/Locks.swift (in target 'Logging' from project 'swift-log')
SwiftCompile normal arm64 /Users/admin/builder/spi-builder-workspace/.dependencies/checkouts/swift-log/Sources/Logging/Locks.swift (in target 'Logging' from project 'swift-log')
cd /Users/admin/builder/spi-builder-workspace/.swiftpm/xcode
builtin-SwiftPerFileCompile Locks.swift
SwiftExplicitDependencyGeneratePcm arm64 /Users/admin/builder/spi-builder-workspace/.derivedData/SDKExplicitPrecompiledModules/Dispatch-39VR0G01IUJ09PQKMFGOHXZ4L.pcm
SwiftDriverJobDiscovery normal arm64 Emitting module for Logging (in target 'Logging' from project 'swift-log')
SwiftDriver\ Compilation\ Requirements Logging normal arm64 com.apple.xcode.tools.swift.compiler (in target 'Logging' from project 'swift-log')
cd /Users/admin/builder/spi-builder-workspace/.swiftpm/xcode
builtin-Swift-Compilation-Requirements -- /Applications/Xcode-27.0.0-Release.Candidate.app/Contents/Developer/Toolchains/XcodeDefault.xctoolchain/usr/bin/swiftc -parse-as-library -module-name Logging -Onone @/Users/admin/builder/spi-builder-workspace/.derivedData/Build/Intermediates.noindex/swift-log.build/Debug-watchos/Logging-t.build/Objects-normal/arm64/Logging.SwiftFileList -DSWIFT_PACKAGE -DDEBUG -DSWIFT_MODULE_RESOURCE_BUNDLE_UNAVAILABLE -DXcode -enable-upcoming-feature ExistentialAny -enable-upcoming-feature MemberImportVisibility -enable-upcoming-feature InternalImportsByDefault -enable-upcoming-feature NonisolatedNonsendingByDefault -Xfrontend -require-explicit-sendable -plugin-path /Applications/Xcode-27.0.0-Release.Candidate.app/Contents/Developer/Toolchains/XcodeDefault.xctoolchain/usr/lib/swift/host/plugins/testing -enable-experimental-feature DebugDescriptionMacro -sdk /Applications/Xcode-27.0.0-Release.Candidate.app/Contents/Developer/Platforms/WatchOS.platform/Developer/SDKs/WatchOS27.0.sdk -target arm64-apple-watchos9.0 -g -module-cache-path /Users/admin/builder/spi-builder-workspace/.derivedData/ModuleCache.noindex -Xfrontend -serialize-debugging-options -profile-coverage-mapping -profile-generate -enable-testing -suppress-warnings -index-store-path /Users/admin/builder/spi-builder-workspace/.derivedData/Index.noindex/DataStore -Xcc -D_LIBCPP_HARDENING_MODE\=_LIBCPP_HARDENING_MODE_DEBUG -swift-version 6 -I /Users/admin/builder/spi-builder-workspace/.derivedData/Build/Products/Debug-watchos -Isystem /Applications/Xcode-27.0.0-Release.Candidate.app/Contents/Developer/Platforms/WatchOS.platform/Developer/usr/lib -F /Users/admin/builder/spi-builder-workspace/.derivedData/Build/Products/Debug-watchos -F /Applications/Xcode-27.0.0-Release.Candidate.app/Contents/Developer/Platforms/WatchOS.platform/Developer/Library/Frameworks -F /Applications/Xcode-27.0.0-Release.Candidate.app/Contents/Developer/Platforms/WatchOS.platform/Developer/SDKs/WatchOS27.0.sdk/Developer/Library/Frameworks -c -j10 -enable-batch-mode -incremental -Xcc -ivfsstatcache -Xcc /Users/admin/builder/spi-builder-workspace/.derivedData/SDKStatCaches.noindex/watchos27.0-24R360-e829b21a6f8c9b70876ba0858053c04477534ef55a1706bf4c1112bbb242f0a2.sdkstatcache -output-file-map /Users/admin/builder/spi-builder-workspace/.derivedData/Build/Intermediates.noindex/swift-log.build/Debug-watchos/Logging-t.build/Objects-normal/arm64/Logging-OutputFileMap.json -save-temps -no-color-diagnostics -explicit-module-build -module-cache-path /Users/admin/builder/spi-builder-workspace/.derivedData/Build/Intermediates.noindex/SwiftExplicitPrecompiledModules -clang-scanner-module-cache-path /Users/admin/builder/spi-builder-workspace/.derivedData/ModuleCache.noindex -sdk-module-cache-path /Users/admin/builder/spi-builder-workspace/.derivedData/SDKExplicitPrecompiledModules -emit-dependencies -emit-module -emit-module-path /Users/admin/builder/spi-builder-workspace/.derivedData/Build/Intermediates.noindex/swift-log.build/Debug-watchos/Logging-t.build/Objects-normal/arm64/Logging.swiftmodule -serialize-diagnostics -dependency-scan-serialize-diagnostics-path /Users/admin/builder/spi-builder-workspace/.derivedData/Build/Intermediates.noindex/swift-log.build/Debug-watchos/Logging-t.build/Objects-normal/arm64/Logging-dependency-scan.dia -user-module-version 1.15.1 -validate-clang-modules-once -clang-build-session-file /Users/admin/builder/spi-builder-workspace/.derivedData/ModuleCache.noindex/Session.modulevalidation -Xcc -fmodules-prune-interval\=86400 -Xcc -fmodules-prune-after\=345600 -package-name swift_log -emit-const-values -const-gather-protocols-list /Users/admin/builder/spi-builder-workspace/.derivedData/Build/Intermediates.noindex/swift-log.build/Debug-watchos/Logging-t.build/Objects-normal/arm64/Logging_const_extract_protocols.json -Xcc -I/Users/admin/builder/spi-builder-workspace/.derivedData/Build/Products/Debug-watchos/include -Xcc -I/Users/admin/builder/spi-builder-workspace/.derivedData/Build/Intermediates.noindex/swift-log.build/Debug-watchos/Logging-t.build/DerivedSources-normal/arm64 -Xcc -I/Users/admin/builder/spi-builder-workspace/.derivedData/Build/Intermediates.noindex/swift-log.build/Debug-watchos/Logging-t.build/DerivedSources/arm64 -Xcc -I/Users/admin/builder/spi-builder-workspace/.derivedData/Build/Intermediates.noindex/swift-log.build/Debug-watchos/Logging-t.build/DerivedSources -Xcc -DSWIFT_PACKAGE -Xcc -DDEBUG\=1 -emit-objc-header -emit-objc-header-path /Users/admin/builder/spi-builder-workspace/.derivedData/Build/Intermediates.noindex/swift-log.build/Debug-watchos/Logging-t.build/Objects-normal/arm64/Logging-Swift.h -working-directory /Users/admin/builder/spi-builder-workspace/.swiftpm/xcode -experimental-emit-module-separately -disable-cmo
SwiftExplicitDependencyGeneratePcm arm64_32 /Users/admin/builder/spi-builder-workspace/.derivedData/SDKExplicitPrecompiledModules/Dispatch-CGIMI9KQKHNRQHR2IECIPRG14.pcm
SwiftMergeGeneratedHeaders /Users/admin/builder/spi-builder-workspace/.derivedData/Build/Intermediates.noindex/GeneratedModuleMaps-watchos/Logging-Swift.h /Users/admin/builder/spi-builder-workspace/.derivedData/Build/Intermediates.noindex/swift-log.build/Debug-watchos/Logging-t.build/Objects-normal/arm64/Logging-Swift.h /Users/admin/builder/spi-builder-workspace/.derivedData/Build/Intermediates.noindex/swift-log.build/Debug-watchos/Logging-t.build/Objects-normal/arm64_32/Logging-Swift.h (in target 'Logging' from project 'swift-log')
cd /Users/admin/builder/spi-builder-workspace/.dependencies/checkouts/swift-log
builtin-swiftHeaderTool -arch arm64 /Users/admin/builder/spi-builder-workspace/.derivedData/Build/Intermediates.noindex/swift-log.build/Debug-watchos/Logging-t.build/Objects-normal/arm64/Logging-Swift.h -arch arm64_32 /Users/admin/builder/spi-builder-workspace/.derivedData/Build/Intermediates.noindex/swift-log.build/Debug-watchos/Logging-t.build/Objects-normal/arm64_32/Logging-Swift.h -o /Users/admin/builder/spi-builder-workspace/.derivedData/Build/Intermediates.noindex/GeneratedModuleMaps-watchos/Logging-Swift.h
Copy /Users/admin/builder/spi-builder-workspace/.derivedData/Build/Products/Debug-watchos/Logging.swiftmodule/arm64-apple-watchos.swiftmodule /Users/admin/builder/spi-builder-workspace/.derivedData/Build/Intermediates.noindex/swift-log.build/Debug-watchos/Logging-t.build/Objects-normal/arm64/Logging.swiftmodule (in target 'Logging' from project 'swift-log')
cd /Users/admin/builder/spi-builder-workspace/.dependencies/checkouts/swift-log
builtin-copy -exclude .DS_Store -exclude CVS -exclude .svn -exclude .git -exclude .hg -resolve-src-symlinks -rename /Users/admin/builder/spi-builder-workspace/.derivedData/Build/Intermediates.noindex/swift-log.build/Debug-watchos/Logging-t.build/Objects-normal/arm64/Logging.swiftmodule /Users/admin/builder/spi-builder-workspace/.derivedData/Build/Products/Debug-watchos/Logging.swiftmodule/arm64-apple-watchos.swiftmodule
Copy /Users/admin/builder/spi-builder-workspace/.derivedData/Build/Products/Debug-watchos/Logging.swiftmodule/arm64-apple-watchos.swiftdoc /Users/admin/builder/spi-builder-workspace/.derivedData/Build/Intermediates.noindex/swift-log.build/Debug-watchos/Logging-t.build/Objects-normal/arm64/Logging.swiftdoc (in target 'Logging' from project 'swift-log')
cd /Users/admin/builder/spi-builder-workspace/.dependencies/checkouts/swift-log
builtin-copy -exclude .DS_Store -exclude CVS -exclude .svn -exclude .git -exclude .hg -resolve-src-symlinks -rename /Users/admin/builder/spi-builder-workspace/.derivedData/Build/Intermediates.noindex/swift-log.build/Debug-watchos/Logging-t.build/Objects-normal/arm64/Logging.swiftdoc /Users/admin/builder/spi-builder-workspace/.derivedData/Build/Products/Debug-watchos/Logging.swiftmodule/arm64-apple-watchos.swiftdoc
SwiftDriverJobDiscovery normal arm64_32 Compiling SwiftLogNoOpLogHandler.swift (in target 'Logging' from project 'swift-log')
Copy /Users/admin/builder/spi-builder-workspace/.derivedData/Build/Products/Debug-watchos/Logging.swiftmodule/arm64-apple-watchos.abi.json /Users/admin/builder/spi-builder-workspace/.derivedData/Build/Intermediates.noindex/swift-log.build/Debug-watchos/Logging-t.build/Objects-normal/arm64/Logging.abi.json (in target 'Logging' from project 'swift-log')
cd /Users/admin/builder/spi-builder-workspace/.dependencies/checkouts/swift-log
builtin-copy -exclude .DS_Store -exclude CVS -exclude .svn -exclude .git -exclude .hg -resolve-src-symlinks -rename /Users/admin/builder/spi-builder-workspace/.derivedData/Build/Intermediates.noindex/swift-log.build/Debug-watchos/Logging-t.build/Objects-normal/arm64/Logging.abi.json /Users/admin/builder/spi-builder-workspace/.derivedData/Build/Products/Debug-watchos/Logging.swiftmodule/arm64-apple-watchos.abi.json
Copy /Users/admin/builder/spi-builder-workspace/.derivedData/Build/Products/Debug-watchos/Logging.swiftmodule/Project/arm64-apple-watchos.swiftsourceinfo /Users/admin/builder/spi-builder-workspace/.derivedData/Build/Intermediates.noindex/swift-log.build/Debug-watchos/Logging-t.build/Objects-normal/arm64/Logging.swiftsourceinfo (in target 'Logging' from project 'swift-log')
cd /Users/admin/builder/spi-builder-workspace/.dependencies/checkouts/swift-log
builtin-copy -exclude .DS_Store -exclude CVS -exclude .svn -exclude .git -exclude .hg -resolve-src-symlinks -rename /Users/admin/builder/spi-builder-workspace/.derivedData/Build/Intermediates.noindex/swift-log.build/Debug-watchos/Logging-t.build/Objects-normal/arm64/Logging.swiftsourceinfo /Users/admin/builder/spi-builder-workspace/.derivedData/Build/Products/Debug-watchos/Logging.swiftmodule/Project/arm64-apple-watchos.swiftsourceinfo
SwiftExplicitDependencyGeneratePcm arm64 /Users/admin/builder/spi-builder-workspace/.derivedData/SDKExplicitPrecompiledModules/CoreFoundation-59XKO8YNRGGYNC5U5LK8B4EM.pcm
SwiftDriverJobDiscovery normal arm64_32 Compiling LogEvent.swift (in target 'Logging' from project 'swift-log')
SwiftExplicitDependencyGeneratePcm arm64 /Users/admin/builder/spi-builder-workspace/.derivedData/SDKExplicitPrecompiledModules/XPC-650JAZBTM6I0OMHYO6CKM0CWJ.pcm
SwiftCompile normal arm64 Compiling\ Logger+With.swift /Users/admin/builder/spi-builder-workspace/.dependencies/checkouts/swift-log/Sources/Logging/Logger+With.swift (in target 'Logging' from project 'swift-log')
SwiftCompile normal arm64 /Users/admin/builder/spi-builder-workspace/.dependencies/checkouts/swift-log/Sources/Logging/Logger+With.swift (in target 'Logging' from project 'swift-log')
cd /Users/admin/builder/spi-builder-workspace/.swiftpm/xcode
builtin-SwiftPerFileCompile Logger+With.swift
SwiftCompile normal arm64 Compiling\ MetadataProvider.swift /Users/admin/builder/spi-builder-workspace/.dependencies/checkouts/swift-log/Sources/Logging/MetadataProvider.swift (in target 'Logging' from project 'swift-log')
SwiftCompile normal arm64 /Users/admin/builder/spi-builder-workspace/.dependencies/checkouts/swift-log/Sources/Logging/MetadataProvider.swift (in target 'Logging' from project 'swift-log')
cd /Users/admin/builder/spi-builder-workspace/.swiftpm/xcode
builtin-SwiftPerFileCompile MetadataProvider.swift
SwiftDriverJobDiscovery normal arm64_32 Compiling LoggingSystem.swift (in target 'Logging' from project 'swift-log')
SwiftCompile normal arm64 Compiling\ Logger+Attributes.swift /Users/admin/builder/spi-builder-workspace/.dependencies/checkouts/swift-log/Sources/Logging/Logger+Attributes.swift (in target 'Logging' from project 'swift-log')
SwiftCompile normal arm64 /Users/admin/builder/spi-builder-workspace/.dependencies/checkouts/swift-log/Sources/Logging/Logger+Attributes.swift (in target 'Logging' from project 'swift-log')
cd /Users/admin/builder/spi-builder-workspace/.swiftpm/xcode
builtin-SwiftPerFileCompile Logger+Attributes.swift
SwiftCompile normal arm64 Compiling\ LoggingSystem.swift /Users/admin/builder/spi-builder-workspace/.dependencies/checkouts/swift-log/Sources/Logging/LoggingSystem.swift (in target 'Logging' from project 'swift-log')
SwiftCompile normal arm64 /Users/admin/builder/spi-builder-workspace/.dependencies/checkouts/swift-log/Sources/Logging/LoggingSystem.swift (in target 'Logging' from project 'swift-log')
cd /Users/admin/builder/spi-builder-workspace/.swiftpm/xcode
builtin-SwiftPerFileCompile LoggingSystem.swift
SwiftDriverJobDiscovery normal arm64_32 Compiling Logger+With.swift (in target 'Logging' from project 'swift-log')
SwiftExplicitDependencyGeneratePcm arm64_32 /Users/admin/builder/spi-builder-workspace/.derivedData/SDKExplicitPrecompiledModules/XPC-7SLKI45KYLKXH9QET2WYS3UZ4.pcm
SwiftDriverJobDiscovery normal arm64_32 Compiling Logger+Attributes.swift (in target 'Logging' from project 'swift-log')
SwiftExplicitDependencyGeneratePcm arm64_32 /Users/admin/builder/spi-builder-workspace/.derivedData/SDKExplicitPrecompiledModules/CoreFoundation-76B9WJP9MDYT33HZQVSNNZQZD.pcm
SwiftCompile normal arm64_32 Compiling\ MultiplexLogHandler.swift,\ StreamLogHandler.swift /Users/admin/builder/spi-builder-workspace/.dependencies/checkouts/swift-log/Sources/Logging/Handlers/MultiplexLogHandler.swift /Users/admin/builder/spi-builder-workspace/.dependencies/checkouts/swift-log/Sources/Logging/Handlers/StreamLogHandler.swift (in target 'Logging' from project 'swift-log')
SwiftCompile normal arm64_32 /Users/admin/builder/spi-builder-workspace/.dependencies/checkouts/swift-log/Sources/Logging/Handlers/MultiplexLogHandler.swift (in target 'Logging' from project 'swift-log')
cd /Users/admin/builder/spi-builder-workspace/.swiftpm/xcode
builtin-SwiftPerFileCompile MultiplexLogHandler.swift
SwiftCompile normal arm64_32 /Users/admin/builder/spi-builder-workspace/.dependencies/checkouts/swift-log/Sources/Logging/Handlers/StreamLogHandler.swift (in target 'Logging' from project 'swift-log')
cd /Users/admin/builder/spi-builder-workspace/.swiftpm/xcode
builtin-SwiftPerFileCompile StreamLogHandler.swift
SwiftDriverJobDiscovery normal arm64_32 Compiling Logger.swift (in target 'Logging' from project 'swift-log')
SwiftCompile normal arm64 Compiling\ LogEvent.swift /Users/admin/builder/spi-builder-workspace/.dependencies/checkouts/swift-log/Sources/Logging/LogEvent.swift (in target 'Logging' from project 'swift-log')
SwiftCompile normal arm64 /Users/admin/builder/spi-builder-workspace/.dependencies/checkouts/swift-log/Sources/Logging/LogEvent.swift (in target 'Logging' from project 'swift-log')
cd /Users/admin/builder/spi-builder-workspace/.swiftpm/xcode
builtin-SwiftPerFileCompile LogEvent.swift
SwiftCompile normal arm64_32 Compiling\ LogHandler.swift /Users/admin/builder/spi-builder-workspace/.dependencies/checkouts/swift-log/Sources/Logging/LogHandler.swift (in target 'Logging' from project 'swift-log')
SwiftCompile normal arm64_32 /Users/admin/builder/spi-builder-workspace/.dependencies/checkouts/swift-log/Sources/Logging/LogHandler.swift (in target 'Logging' from project 'swift-log')
cd /Users/admin/builder/spi-builder-workspace/.swiftpm/xcode
builtin-SwiftPerFileCompile LogHandler.swift
SwiftExplicitDependencyGeneratePcm arm64 /Users/admin/builder/spi-builder-workspace/.derivedData/SDKExplicitPrecompiledModules/Security-69WNGEAVQP55EDBQHP3BLE8QU.pcm
SwiftExplicitDependencyGeneratePcm arm64_32 /Users/admin/builder/spi-builder-workspace/.derivedData/SDKExplicitPrecompiledModules/Security-1W411BS4UH2UNMNII2341429S.pcm
SwiftDriverJobDiscovery normal arm64_32 Compiling MetadataProvider.swift (in target 'Logging' from project 'swift-log')
SwiftDriverJobDiscovery normal arm64_32 Compiling LogHandler.swift (in target 'Logging' from project 'swift-log')
SwiftCompile normal arm64 Compiling\ Logger.swift /Users/admin/builder/spi-builder-workspace/.dependencies/checkouts/swift-log/Sources/Logging/Logger.swift (in target 'Logging' from project 'swift-log')
SwiftCompile normal arm64 /Users/admin/builder/spi-builder-workspace/.dependencies/checkouts/swift-log/Sources/Logging/Logger.swift (in target 'Logging' from project 'swift-log')
cd /Users/admin/builder/spi-builder-workspace/.swiftpm/xcode
builtin-SwiftPerFileCompile Logger.swift
SwiftExplicitDependencyGeneratePcm arm64 /Users/admin/builder/spi-builder-workspace/.derivedData/SDKExplicitPrecompiledModules/Foundation-B3IXODHI7VO4VRX2RWRXLVJZT.pcm
SwiftExplicitDependencyGeneratePcm arm64_32 /Users/admin/builder/spi-builder-workspace/.derivedData/SDKExplicitPrecompiledModules/Foundation-AIQ30TCDC2B0LBUU6FPQZ0HWI.pcm
SwiftDriverJobDiscovery normal arm64 Compiling Logger+With.swift (in target 'Logging' from project 'swift-log')
SwiftCompile normal arm64_32 Compiling\ Locks.swift /Users/admin/builder/spi-builder-workspace/.dependencies/checkouts/swift-log/Sources/Logging/Locks.swift (in target 'Logging' from project 'swift-log')
SwiftCompile normal arm64_32 /Users/admin/builder/spi-builder-workspace/.dependencies/checkouts/swift-log/Sources/Logging/Locks.swift (in target 'Logging' from project 'swift-log')
cd /Users/admin/builder/spi-builder-workspace/.swiftpm/xcode
builtin-SwiftPerFileCompile Locks.swift
SwiftCompile normal arm64 Compiling\ SwiftLogNoOpLogHandler.swift /Users/admin/builder/spi-builder-workspace/.dependencies/checkouts/swift-log/Sources/Logging/Handlers/SwiftLogNoOpLogHandler.swift (in target 'Logging' from project 'swift-log')
SwiftCompile normal arm64 /Users/admin/builder/spi-builder-workspace/.dependencies/checkouts/swift-log/Sources/Logging/Handlers/SwiftLogNoOpLogHandler.swift (in target 'Logging' from project 'swift-log')
cd /Users/admin/builder/spi-builder-workspace/.swiftpm/xcode
builtin-SwiftPerFileCompile SwiftLogNoOpLogHandler.swift
SwiftDriverJobDiscovery normal arm64 Compiling LoggingSystem.swift (in target 'Logging' from project 'swift-log')
SwiftCompile normal arm64 Compiling\ LogHandler.swift /Users/admin/builder/spi-builder-workspace/.dependencies/checkouts/swift-log/Sources/Logging/LogHandler.swift (in target 'Logging' from project 'swift-log')
SwiftCompile normal arm64 /Users/admin/builder/spi-builder-workspace/.dependencies/checkouts/swift-log/Sources/Logging/LogHandler.swift (in target 'Logging' from project 'swift-log')
cd /Users/admin/builder/spi-builder-workspace/.swiftpm/xcode
builtin-SwiftPerFileCompile LogHandler.swift
SwiftDriverJobDiscovery normal arm64 Compiling LogEvent.swift (in target 'Logging' from project 'swift-log')
SwiftCompile normal arm64 Compiling\ MultiplexLogHandler.swift,\ StreamLogHandler.swift /Users/admin/builder/spi-builder-workspace/.dependencies/checkouts/swift-log/Sources/Logging/Handlers/MultiplexLogHandler.swift /Users/admin/builder/spi-builder-workspace/.dependencies/checkouts/swift-log/Sources/Logging/Handlers/StreamLogHandler.swift (in target 'Logging' from project 'swift-log')
SwiftCompile normal arm64 /Users/admin/builder/spi-builder-workspace/.dependencies/checkouts/swift-log/Sources/Logging/Handlers/MultiplexLogHandler.swift (in target 'Logging' from project 'swift-log')
cd /Users/admin/builder/spi-builder-workspace/.swiftpm/xcode
builtin-SwiftPerFileCompile MultiplexLogHandler.swift
SwiftCompile normal arm64 /Users/admin/builder/spi-builder-workspace/.dependencies/checkouts/swift-log/Sources/Logging/Handlers/StreamLogHandler.swift (in target 'Logging' from project 'swift-log')
cd /Users/admin/builder/spi-builder-workspace/.swiftpm/xcode
builtin-SwiftPerFileCompile StreamLogHandler.swift
SwiftDriverJobDiscovery normal arm64 Compiling MetadataProvider.swift (in target 'Logging' from project 'swift-log')
SwiftDriverJobDiscovery normal arm64_32 Compiling MultiplexLogHandler.swift, StreamLogHandler.swift (in target 'Logging' from project 'swift-log')
SwiftDriverJobDiscovery normal arm64 Compiling Locks.swift (in target 'Logging' from project 'swift-log')
SwiftDriverJobDiscovery normal arm64 Compiling Logger+Attributes.swift (in target 'Logging' from project 'swift-log')
SwiftDriverJobDiscovery normal arm64 Compiling Logger.swift (in target 'Logging' from project 'swift-log')
SwiftDriverJobDiscovery normal arm64 Compiling SwiftLogNoOpLogHandler.swift (in target 'Logging' from project 'swift-log')
SwiftDriverJobDiscovery normal arm64 Compiling LogHandler.swift (in target 'Logging' from project 'swift-log')
SwiftDriverJobDiscovery normal arm64_32 Compiling Locks.swift (in target 'Logging' from project 'swift-log')
SwiftDriver\ Compilation Logging normal arm64_32 com.apple.xcode.tools.swift.compiler (in target 'Logging' from project 'swift-log')
cd /Users/admin/builder/spi-builder-workspace/.swiftpm/xcode
builtin-Swift-Compilation -- /Applications/Xcode-27.0.0-Release.Candidate.app/Contents/Developer/Toolchains/XcodeDefault.xctoolchain/usr/bin/swiftc -parse-as-library -module-name Logging -Onone @/Users/admin/builder/spi-builder-workspace/.derivedData/Build/Intermediates.noindex/swift-log.build/Debug-watchos/Logging-t.build/Objects-normal/arm64_32/Logging.SwiftFileList -DSWIFT_PACKAGE -DDEBUG -DSWIFT_MODULE_RESOURCE_BUNDLE_UNAVAILABLE -DXcode -enable-upcoming-feature ExistentialAny -enable-upcoming-feature MemberImportVisibility -enable-upcoming-feature InternalImportsByDefault -enable-upcoming-feature NonisolatedNonsendingByDefault -Xfrontend -require-explicit-sendable -plugin-path /Applications/Xcode-27.0.0-Release.Candidate.app/Contents/Developer/Toolchains/XcodeDefault.xctoolchain/usr/lib/swift/host/plugins/testing -enable-experimental-feature DebugDescriptionMacro -sdk /Applications/Xcode-27.0.0-Release.Candidate.app/Contents/Developer/Platforms/WatchOS.platform/Developer/SDKs/WatchOS27.0.sdk -target arm64_32-apple-watchos9.0 -g -module-cache-path /Users/admin/builder/spi-builder-workspace/.derivedData/ModuleCache.noindex -Xfrontend -serialize-debugging-options -profile-coverage-mapping -profile-generate -enable-testing -suppress-warnings -index-store-path /Users/admin/builder/spi-builder-workspace/.derivedData/Index.noindex/DataStore -Xcc -D_LIBCPP_HARDENING_MODE\=_LIBCPP_HARDENING_MODE_DEBUG -swift-version 6 -I /Users/admin/builder/spi-builder-workspace/.derivedData/Build/Products/Debug-watchos -Isystem /Applications/Xcode-27.0.0-Release.Candidate.app/Contents/Developer/Platforms/WatchOS.platform/Developer/usr/lib -F /Users/admin/builder/spi-builder-workspace/.derivedData/Build/Products/Debug-watchos -F /Applications/Xcode-27.0.0-Release.Candidate.app/Contents/Developer/Platforms/WatchOS.platform/Developer/Library/Frameworks -F /Applications/Xcode-27.0.0-Release.Candidate.app/Contents/Developer/Platforms/WatchOS.platform/Developer/SDKs/WatchOS27.0.sdk/Developer/Library/Frameworks -c -j10 -enable-batch-mode -incremental -Xcc -ivfsstatcache -Xcc /Users/admin/builder/spi-builder-workspace/.derivedData/SDKStatCaches.noindex/watchos27.0-24R360-e829b21a6f8c9b70876ba0858053c04477534ef55a1706bf4c1112bbb242f0a2.sdkstatcache -output-file-map /Users/admin/builder/spi-builder-workspace/.derivedData/Build/Intermediates.noindex/swift-log.build/Debug-watchos/Logging-t.build/Objects-normal/arm64_32/Logging-OutputFileMap.json -save-temps -no-color-diagnostics -explicit-module-build -module-cache-path /Users/admin/builder/spi-builder-workspace/.derivedData/Build/Intermediates.noindex/SwiftExplicitPrecompiledModules -clang-scanner-module-cache-path /Users/admin/builder/spi-builder-workspace/.derivedData/ModuleCache.noindex -sdk-module-cache-path /Users/admin/builder/spi-builder-workspace/.derivedData/SDKExplicitPrecompiledModules -emit-dependencies -emit-module -emit-module-path /Users/admin/builder/spi-builder-workspace/.derivedData/Build/Intermediates.noindex/swift-log.build/Debug-watchos/Logging-t.build/Objects-normal/arm64_32/Logging.swiftmodule -serialize-diagnostics -dependency-scan-serialize-diagnostics-path /Users/admin/builder/spi-builder-workspace/.derivedData/Build/Intermediates.noindex/swift-log.build/Debug-watchos/Logging-t.build/Objects-normal/arm64_32/Logging-dependency-scan.dia -user-module-version 1.15.1 -validate-clang-modules-once -clang-build-session-file /Users/admin/builder/spi-builder-workspace/.derivedData/ModuleCache.noindex/Session.modulevalidation -Xcc -fmodules-prune-interval\=86400 -Xcc -fmodules-prune-after\=345600 -package-name swift_log -emit-const-values -const-gather-protocols-list /Users/admin/builder/spi-builder-workspace/.derivedData/Build/Intermediates.noindex/swift-log.build/Debug-watchos/Logging-t.build/Objects-normal/arm64_32/Logging_const_extract_protocols.json -Xcc -I/Users/admin/builder/spi-builder-workspace/.derivedData/Build/Products/Debug-watchos/include -Xcc -I/Users/admin/builder/spi-builder-workspace/.derivedData/Build/Intermediates.noindex/swift-log.build/Debug-watchos/Logging-t.build/DerivedSources-normal/arm64_32 -Xcc -I/Users/admin/builder/spi-builder-workspace/.derivedData/Build/Intermediates.noindex/swift-log.build/Debug-watchos/Logging-t.build/DerivedSources/arm64_32 -Xcc -I/Users/admin/builder/spi-builder-workspace/.derivedData/Build/Intermediates.noindex/swift-log.build/Debug-watchos/Logging-t.build/DerivedSources -Xcc -DSWIFT_PACKAGE -Xcc -DDEBUG\=1 -emit-objc-header -emit-objc-header-path /Users/admin/builder/spi-builder-workspace/.derivedData/Build/Intermediates.noindex/swift-log.build/Debug-watchos/Logging-t.build/Objects-normal/arm64_32/Logging-Swift.h -working-directory /Users/admin/builder/spi-builder-workspace/.swiftpm/xcode -experimental-emit-module-separately -disable-cmo
Ld /Users/admin/builder/spi-builder-workspace/.derivedData/Build/Intermediates.noindex/swift-log.build/Debug-watchos/Logging-t.build/Objects-normal/arm64_32/Binary/Logging.o normal arm64_32 (in target 'Logging' from project 'swift-log')
cd /Users/admin/builder/spi-builder-workspace/.dependencies/checkouts/swift-log
/Applications/Xcode-27.0.0-Release.Candidate.app/Contents/Developer/Toolchains/XcodeDefault.xctoolchain/usr/bin/clang -Xlinker -reproducible -target arm64_32-apple-watchos9.0 -r -isysroot /Applications/Xcode-27.0.0-Release.Candidate.app/Contents/Developer/Platforms/WatchOS.platform/Developer/SDKs/WatchOS27.0.sdk -O0 -w -Xlinker -no_warn_duplicate_libraries -F/Users/admin/builder/spi-builder-workspace/.derivedData/Build/Intermediates.noindex/EagerLinkingTBDs/Debug-watchos -F/Users/admin/builder/spi-builder-workspace/.derivedData/Build/Products/Debug-watchos -iframework /Applications/Xcode-27.0.0-Release.Candidate.app/Contents/Developer/Platforms/WatchOS.platform/Developer/Library/Frameworks -iframework /Applications/Xcode-27.0.0-Release.Candidate.app/Contents/Developer/Platforms/WatchOS.platform/Developer/SDKs/WatchOS27.0.sdk/Developer/Library/Frameworks -filelist /Users/admin/builder/spi-builder-workspace/.derivedData/Build/Intermediates.noindex/swift-log.build/Debug-watchos/Logging-t.build/Objects-normal/arm64_32/Logging.LinkFileList -nostdlib -Xlinker -object_path_lto -Xlinker /Users/admin/builder/spi-builder-workspace/.derivedData/Build/Intermediates.noindex/swift-log.build/Debug-watchos/Logging-t.build/Objects-normal/arm64_32/Logging_lto.o -Xlinker -no_deduplicate -Xlinker -debug_variant -Xlinker -dependency_info -Xlinker /Users/admin/builder/spi-builder-workspace/.derivedData/Build/Intermediates.noindex/swift-log.build/Debug-watchos/Logging-t.build/Objects-normal/arm64_32/Logging_dependency_info.dat -fobjc-link-runtime -L/Applications/Xcode-27.0.0-Release.Candidate.app/Contents/Developer/Toolchains/XcodeDefault.xctoolchain/usr/lib/swift/watchos -L/usr/lib/swift -Xlinker -add_ast_path -Xlinker /Users/admin/builder/spi-builder-workspace/.derivedData/Build/Intermediates.noindex/swift-log.build/Debug-watchos/Logging-t.build/Objects-normal/arm64_32/Logging.swiftmodule -o /Users/admin/builder/spi-builder-workspace/.derivedData/Build/Intermediates.noindex/swift-log.build/Debug-watchos/Logging-t.build/Objects-normal/arm64_32/Binary/Logging.o
SwiftEmitModule normal arm64 Emitting\ module\ for\ ActorRuntime (in target 'ActorRuntime' from project 'swift-actor-runtime')
SwiftCompile normal arm64 (in target 'ActorRuntime' from project 'swift-actor-runtime')
cd /Users/admin/builder/spi-builder-workspace/.swiftpm/xcode
SwiftCompile normal arm64 Compiling\ RuntimeError.swift /Users/admin/builder/spi-builder-workspace/.dependencies/checkouts/swift-actor-runtime/Sources/ActorRuntime/Core/RuntimeError.swift (in target 'ActorRuntime' from project 'swift-actor-runtime')
SwiftCompile normal arm64 /Users/admin/builder/spi-builder-workspace/.dependencies/checkouts/swift-actor-runtime/Sources/ActorRuntime/Core/RuntimeError.swift (in target 'ActorRuntime' from project 'swift-actor-runtime')
cd /Users/admin/builder/spi-builder-workspace/.swiftpm/xcode
builtin-SwiftPerFileCompile RuntimeError.swift
SwiftCompile normal arm64 Compiling\ CodableResultHandler.swift /Users/admin/builder/spi-builder-workspace/.dependencies/checkouts/swift-actor-runtime/Sources/ActorRuntime/Codec/CodableResultHandler.swift (in target 'ActorRuntime' from project 'swift-actor-runtime')
SwiftCompile normal arm64 /Users/admin/builder/spi-builder-workspace/.dependencies/checkouts/swift-actor-runtime/Sources/ActorRuntime/Codec/CodableResultHandler.swift (in target 'ActorRuntime' from project 'swift-actor-runtime')
cd /Users/admin/builder/spi-builder-workspace/.swiftpm/xcode
builtin-SwiftPerFileCompile CodableResultHandler.swift
SwiftCompile normal arm64 Compiling\ ActorRegistry.swift /Users/admin/builder/spi-builder-workspace/.dependencies/checkouts/swift-actor-runtime/Sources/ActorRuntime/Core/ActorRegistry.swift (in target 'ActorRuntime' from project 'swift-actor-runtime')
SwiftCompile normal arm64 /Users/admin/builder/spi-builder-workspace/.dependencies/checkouts/swift-actor-runtime/Sources/ActorRuntime/Core/ActorRegistry.swift (in target 'ActorRuntime' from project 'swift-actor-runtime')
cd /Users/admin/builder/spi-builder-workspace/.swiftpm/xcode
builtin-SwiftPerFileCompile ActorRegistry.swift
SwiftCompile normal arm64 Compiling\ CodableInvocationEncoder.swift /Users/admin/builder/spi-builder-workspace/.dependencies/checkouts/swift-actor-runtime/Sources/ActorRuntime/Codec/CodableInvocationEncoder.swift (in target 'ActorRuntime' from project 'swift-actor-runtime')
SwiftCompile normal arm64 /Users/admin/builder/spi-builder-workspace/.dependencies/checkouts/swift-actor-runtime/Sources/ActorRuntime/Codec/CodableInvocationEncoder.swift (in target 'ActorRuntime' from project 'swift-actor-runtime')
cd /Users/admin/builder/spi-builder-workspace/.swiftpm/xcode
builtin-SwiftPerFileCompile CodableInvocationEncoder.swift
SwiftCompile normal arm64 Compiling\ CodableInvocationDecoder.swift /Users/admin/builder/spi-builder-workspace/.dependencies/checkouts/swift-actor-runtime/Sources/ActorRuntime/Codec/CodableInvocationDecoder.swift (in target 'ActorRuntime' from project 'swift-actor-runtime')
SwiftCompile normal arm64 /Users/admin/builder/spi-builder-workspace/.dependencies/checkouts/swift-actor-runtime/Sources/ActorRuntime/Codec/CodableInvocationDecoder.swift (in target 'ActorRuntime' from project 'swift-actor-runtime')
cd /Users/admin/builder/spi-builder-workspace/.swiftpm/xcode
builtin-SwiftPerFileCompile CodableInvocationDecoder.swift
SwiftCompile normal arm64 Compiling\ Envelope.swift /Users/admin/builder/spi-builder-workspace/.dependencies/checkouts/swift-actor-runtime/Sources/ActorRuntime/Core/Envelope.swift (in target 'ActorRuntime' from project 'swift-actor-runtime')
SwiftCompile normal arm64 /Users/admin/builder/spi-builder-workspace/.dependencies/checkouts/swift-actor-runtime/Sources/ActorRuntime/Core/Envelope.swift (in target 'ActorRuntime' from project 'swift-actor-runtime')
cd /Users/admin/builder/spi-builder-workspace/.swiftpm/xcode
builtin-SwiftPerFileCompile Envelope.swift
SwiftCompile normal arm64 Compiling\ TransportProtocol.swift /Users/admin/builder/spi-builder-workspace/.dependencies/checkouts/swift-actor-runtime/Sources/ActorRuntime/Transport/TransportProtocol.swift (in target 'ActorRuntime' from project 'swift-actor-runtime')
SwiftCompile normal arm64 /Users/admin/builder/spi-builder-workspace/.dependencies/checkouts/swift-actor-runtime/Sources/ActorRuntime/Transport/TransportProtocol.swift (in target 'ActorRuntime' from project 'swift-actor-runtime')
cd /Users/admin/builder/spi-builder-workspace/.swiftpm/xcode
builtin-SwiftPerFileCompile TransportProtocol.swift
SwiftEmitModule normal arm64_32 Emitting\ module\ for\ ActorRuntime (in target 'ActorRuntime' from project 'swift-actor-runtime')
SwiftCompile normal arm64_32 (in target 'ActorRuntime' from project 'swift-actor-runtime')
cd /Users/admin/builder/spi-builder-workspace/.swiftpm/xcode
SwiftCompile normal arm64_32 Compiling\ RuntimeError.swift /Users/admin/builder/spi-builder-workspace/.dependencies/checkouts/swift-actor-runtime/Sources/ActorRuntime/Core/RuntimeError.swift (in target 'ActorRuntime' from project 'swift-actor-runtime')
SwiftCompile normal arm64_32 /Users/admin/builder/spi-builder-workspace/.dependencies/checkouts/swift-actor-runtime/Sources/ActorRuntime/Core/RuntimeError.swift (in target 'ActorRuntime' from project 'swift-actor-runtime')
cd /Users/admin/builder/spi-builder-workspace/.swiftpm/xcode
builtin-SwiftPerFileCompile RuntimeError.swift
SwiftDriverJobDiscovery normal arm64 Emitting module for ActorRuntime (in target 'ActorRuntime' from project 'swift-actor-runtime')
SwiftDriver\ Compilation\ Requirements ActorRuntime normal arm64 com.apple.xcode.tools.swift.compiler (in target 'ActorRuntime' from project 'swift-actor-runtime')
cd /Users/admin/builder/spi-builder-workspace/.swiftpm/xcode
builtin-Swift-Compilation-Requirements -- /Applications/Xcode-27.0.0-Release.Candidate.app/Contents/Developer/Toolchains/XcodeDefault.xctoolchain/usr/bin/swiftc -parse-as-library -module-name ActorRuntime -Onone @/Users/admin/builder/spi-builder-workspace/.derivedData/Build/Intermediates.noindex/swift-actor-runtime.build/Debug-watchos/ActorRuntime-t.build/Objects-normal/arm64/ActorRuntime.SwiftFileList -DSWIFT_PACKAGE -DDEBUG -DSWIFT_MODULE_RESOURCE_BUNDLE_UNAVAILABLE -DXcode -plugin-path /Applications/Xcode-27.0.0-Release.Candidate.app/Contents/Developer/Toolchains/XcodeDefault.xctoolchain/usr/lib/swift/host/plugins/testing -enable-experimental-feature DebugDescriptionMacro -sdk /Applications/Xcode-27.0.0-Release.Candidate.app/Contents/Developer/Platforms/WatchOS.platform/Developer/SDKs/WatchOS27.0.sdk -target arm64-apple-watchos11.0 -g -module-cache-path /Users/admin/builder/spi-builder-workspace/.derivedData/ModuleCache.noindex -Xfrontend -serialize-debugging-options -profile-coverage-mapping -profile-generate -enable-testing -suppress-warnings -index-store-path /Users/admin/builder/spi-builder-workspace/.derivedData/Index.noindex/DataStore -Xcc -D_LIBCPP_HARDENING_MODE\=_LIBCPP_HARDENING_MODE_DEBUG -swift-version 6 -I /Users/admin/builder/spi-builder-workspace/.derivedData/Build/Products/Debug-watchos -Isystem /Applications/Xcode-27.0.0-Release.Candidate.app/Contents/Developer/Platforms/WatchOS.platform/Developer/usr/lib -F /Users/admin/builder/spi-builder-workspace/.derivedData/Build/Products/Debug-watchos -F /Applications/Xcode-27.0.0-Release.Candidate.app/Contents/Developer/Platforms/WatchOS.platform/Developer/Library/Frameworks -F /Applications/Xcode-27.0.0-Release.Candidate.app/Contents/Developer/Platforms/WatchOS.platform/Developer/SDKs/WatchOS27.0.sdk/Developer/Library/Frameworks -c -j10 -enable-batch-mode -incremental -Xcc -ivfsstatcache -Xcc /Users/admin/builder/spi-builder-workspace/.derivedData/SDKStatCaches.noindex/watchos27.0-24R360-e829b21a6f8c9b70876ba0858053c04477534ef55a1706bf4c1112bbb242f0a2.sdkstatcache -output-file-map /Users/admin/builder/spi-builder-workspace/.derivedData/Build/Intermediates.noindex/swift-actor-runtime.build/Debug-watchos/ActorRuntime-t.build/Objects-normal/arm64/ActorRuntime-OutputFileMap.json -save-temps -no-color-diagnostics -explicit-module-build -module-cache-path /Users/admin/builder/spi-builder-workspace/.derivedData/Build/Intermediates.noindex/SwiftExplicitPrecompiledModules -clang-scanner-module-cache-path /Users/admin/builder/spi-builder-workspace/.derivedData/ModuleCache.noindex -sdk-module-cache-path /Users/admin/builder/spi-builder-workspace/.derivedData/SDKExplicitPrecompiledModules -emit-dependencies -emit-module -emit-module-path /Users/admin/builder/spi-builder-workspace/.derivedData/Build/Intermediates.noindex/swift-actor-runtime.build/Debug-watchos/ActorRuntime-t.build/Objects-normal/arm64/ActorRuntime.swiftmodule -serialize-diagnostics -dependency-scan-serialize-diagnostics-path /Users/admin/builder/spi-builder-workspace/.derivedData/Build/Intermediates.noindex/swift-actor-runtime.build/Debug-watchos/ActorRuntime-t.build/Objects-normal/arm64/ActorRuntime-dependency-scan.dia -user-module-version 0.5.0 -validate-clang-modules-once -clang-build-session-file /Users/admin/builder/spi-builder-workspace/.derivedData/ModuleCache.noindex/Session.modulevalidation -Xcc -fmodules-prune-interval\=86400 -Xcc -fmodules-prune-after\=345600 -package-name swift_actor_runtime -emit-const-values -const-gather-protocols-list /Users/admin/builder/spi-builder-workspace/.derivedData/Build/Intermediates.noindex/swift-actor-runtime.build/Debug-watchos/ActorRuntime-t.build/Objects-normal/arm64/ActorRuntime_const_extract_protocols.json -Xcc -I/Users/admin/builder/spi-builder-workspace/.derivedData/Build/Products/Debug-watchos/include -Xcc -I/Users/admin/builder/spi-builder-workspace/.derivedData/Build/Intermediates.noindex/swift-actor-runtime.build/Debug-watchos/ActorRuntime-t.build/DerivedSources-normal/arm64 -Xcc -I/Users/admin/builder/spi-builder-workspace/.derivedData/Build/Intermediates.noindex/swift-actor-runtime.build/Debug-watchos/ActorRuntime-t.build/DerivedSources/arm64 -Xcc -I/Users/admin/builder/spi-builder-workspace/.derivedData/Build/Intermediates.noindex/swift-actor-runtime.build/Debug-watchos/ActorRuntime-t.build/DerivedSources -Xcc -DSWIFT_PACKAGE -Xcc -DDEBUG\=1 -emit-objc-header -emit-objc-header-path /Users/admin/builder/spi-builder-workspace/.derivedData/Build/Intermediates.noindex/swift-actor-runtime.build/Debug-watchos/ActorRuntime-t.build/Objects-normal/arm64/ActorRuntime-Swift.h -working-directory /Users/admin/builder/spi-builder-workspace/.swiftpm/xcode -experimental-emit-module-separately -disable-cmo
SwiftDriverJobDiscovery normal arm64_32 Emitting module for ActorRuntime (in target 'ActorRuntime' from project 'swift-actor-runtime')
SwiftDriver\ Compilation\ Requirements ActorRuntime normal arm64_32 com.apple.xcode.tools.swift.compiler (in target 'ActorRuntime' from project 'swift-actor-runtime')
cd /Users/admin/builder/spi-builder-workspace/.swiftpm/xcode
builtin-Swift-Compilation-Requirements -- /Applications/Xcode-27.0.0-Release.Candidate.app/Contents/Developer/Toolchains/XcodeDefault.xctoolchain/usr/bin/swiftc -parse-as-library -module-name ActorRuntime -Onone @/Users/admin/builder/spi-builder-workspace/.derivedData/Build/Intermediates.noindex/swift-actor-runtime.build/Debug-watchos/ActorRuntime-t.build/Objects-normal/arm64_32/ActorRuntime.SwiftFileList -DSWIFT_PACKAGE -DDEBUG -DSWIFT_MODULE_RESOURCE_BUNDLE_UNAVAILABLE -DXcode -plugin-path /Applications/Xcode-27.0.0-Release.Candidate.app/Contents/Developer/Toolchains/XcodeDefault.xctoolchain/usr/lib/swift/host/plugins/testing -enable-experimental-feature DebugDescriptionMacro -sdk /Applications/Xcode-27.0.0-Release.Candidate.app/Contents/Developer/Platforms/WatchOS.platform/Developer/SDKs/WatchOS27.0.sdk -target arm64_32-apple-watchos11.0 -g -module-cache-path /Users/admin/builder/spi-builder-workspace/.derivedData/ModuleCache.noindex -Xfrontend -serialize-debugging-options -profile-coverage-mapping -profile-generate -enable-testing -suppress-warnings -index-store-path /Users/admin/builder/spi-builder-workspace/.derivedData/Index.noindex/DataStore -Xcc -D_LIBCPP_HARDENING_MODE\=_LIBCPP_HARDENING_MODE_DEBUG -swift-version 6 -I /Users/admin/builder/spi-builder-workspace/.derivedData/Build/Products/Debug-watchos -Isystem /Applications/Xcode-27.0.0-Release.Candidate.app/Contents/Developer/Platforms/WatchOS.platform/Developer/usr/lib -F /Users/admin/builder/spi-builder-workspace/.derivedData/Build/Products/Debug-watchos -F /Applications/Xcode-27.0.0-Release.Candidate.app/Contents/Developer/Platforms/WatchOS.platform/Developer/Library/Frameworks -F /Applications/Xcode-27.0.0-Release.Candidate.app/Contents/Developer/Platforms/WatchOS.platform/Developer/SDKs/WatchOS27.0.sdk/Developer/Library/Frameworks -c -j10 -enable-batch-mode -incremental -Xcc -ivfsstatcache -Xcc /Users/admin/builder/spi-builder-workspace/.derivedData/SDKStatCaches.noindex/watchos27.0-24R360-e829b21a6f8c9b70876ba0858053c04477534ef55a1706bf4c1112bbb242f0a2.sdkstatcache -output-file-map /Users/admin/builder/spi-builder-workspace/.derivedData/Build/Intermediates.noindex/swift-actor-runtime.build/Debug-watchos/ActorRuntime-t.build/Objects-normal/arm64_32/ActorRuntime-OutputFileMap.json -save-temps -no-color-diagnostics -explicit-module-build -module-cache-path /Users/admin/builder/spi-builder-workspace/.derivedData/Build/Intermediates.noindex/SwiftExplicitPrecompiledModules -clang-scanner-module-cache-path /Users/admin/builder/spi-builder-workspace/.derivedData/ModuleCache.noindex -sdk-module-cache-path /Users/admin/builder/spi-builder-workspace/.derivedData/SDKExplicitPrecompiledModules -emit-dependencies -emit-module -emit-module-path /Users/admin/builder/spi-builder-workspace/.derivedData/Build/Intermediates.noindex/swift-actor-runtime.build/Debug-watchos/ActorRuntime-t.build/Objects-normal/arm64_32/ActorRuntime.swiftmodule -serialize-diagnostics -dependency-scan-serialize-diagnostics-path /Users/admin/builder/spi-builder-workspace/.derivedData/Build/Intermediates.noindex/swift-actor-runtime.build/Debug-watchos/ActorRuntime-t.build/Objects-normal/arm64_32/ActorRuntime-dependency-scan.dia -user-module-version 0.5.0 -validate-clang-modules-once -clang-build-session-file /Users/admin/builder/spi-builder-workspace/.derivedData/ModuleCache.noindex/Session.modulevalidation -Xcc -fmodules-prune-interval\=86400 -Xcc -fmodules-prune-after\=345600 -package-name swift_actor_runtime -emit-const-values -const-gather-protocols-list /Users/admin/builder/spi-builder-workspace/.derivedData/Build/Intermediates.noindex/swift-actor-runtime.build/Debug-watchos/ActorRuntime-t.build/Objects-normal/arm64_32/ActorRuntime_const_extract_protocols.json -Xcc -I/Users/admin/builder/spi-builder-workspace/.derivedData/Build/Products/Debug-watchos/include -Xcc -I/Users/admin/builder/spi-builder-workspace/.derivedData/Build/Intermediates.noindex/swift-actor-runtime.build/Debug-watchos/ActorRuntime-t.build/DerivedSources-normal/arm64_32 -Xcc -I/Users/admin/builder/spi-builder-workspace/.derivedData/Build/Intermediates.noindex/swift-actor-runtime.build/Debug-watchos/ActorRuntime-t.build/DerivedSources/arm64_32 -Xcc -I/Users/admin/builder/spi-builder-workspace/.derivedData/Build/Intermediates.noindex/swift-actor-runtime.build/Debug-watchos/ActorRuntime-t.build/DerivedSources -Xcc -DSWIFT_PACKAGE -Xcc -DDEBUG\=1 -emit-objc-header -emit-objc-header-path /Users/admin/builder/spi-builder-workspace/.derivedData/Build/Intermediates.noindex/swift-actor-runtime.build/Debug-watchos/ActorRuntime-t.build/Objects-normal/arm64_32/ActorRuntime-Swift.h -working-directory /Users/admin/builder/spi-builder-workspace/.swiftpm/xcode -experimental-emit-module-separately -disable-cmo
SwiftDriverJobDiscovery normal arm64 Compiling MultiplexLogHandler.swift, StreamLogHandler.swift (in target 'Logging' from project 'swift-log')
SwiftCompile normal arm64_32 Compiling\ CodableInvocationEncoder.swift /Users/admin/builder/spi-builder-workspace/.dependencies/checkouts/swift-actor-runtime/Sources/ActorRuntime/Codec/CodableInvocationEncoder.swift (in target 'ActorRuntime' from project 'swift-actor-runtime')
SwiftCompile normal arm64_32 /Users/admin/builder/spi-builder-workspace/.dependencies/checkouts/swift-actor-runtime/Sources/ActorRuntime/Codec/CodableInvocationEncoder.swift (in target 'ActorRuntime' from project 'swift-actor-runtime')
cd /Users/admin/builder/spi-builder-workspace/.swiftpm/xcode
builtin-SwiftPerFileCompile CodableInvocationEncoder.swift
SwiftCompile normal arm64_32 Compiling\ CodableResultHandler.swift /Users/admin/builder/spi-builder-workspace/.dependencies/checkouts/swift-actor-runtime/Sources/ActorRuntime/Codec/CodableResultHandler.swift (in target 'ActorRuntime' from project 'swift-actor-runtime')
SwiftCompile normal arm64_32 /Users/admin/builder/spi-builder-workspace/.dependencies/checkouts/swift-actor-runtime/Sources/ActorRuntime/Codec/CodableResultHandler.swift (in target 'ActorRuntime' from project 'swift-actor-runtime')
cd /Users/admin/builder/spi-builder-workspace/.swiftpm/xcode
builtin-SwiftPerFileCompile CodableResultHandler.swift
SwiftMergeGeneratedHeaders /Users/admin/builder/spi-builder-workspace/.derivedData/Build/Intermediates.noindex/GeneratedModuleMaps-watchos/ActorRuntime-Swift.h /Users/admin/builder/spi-builder-workspace/.derivedData/Build/Intermediates.noindex/swift-actor-runtime.build/Debug-watchos/ActorRuntime-t.build/Objects-normal/arm64/ActorRuntime-Swift.h /Users/admin/builder/spi-builder-workspace/.derivedData/Build/Intermediates.noindex/swift-actor-runtime.build/Debug-watchos/ActorRuntime-t.build/Objects-normal/arm64_32/ActorRuntime-Swift.h (in target 'ActorRuntime' from project 'swift-actor-runtime')
cd /Users/admin/builder/spi-builder-workspace/.dependencies/checkouts/swift-actor-runtime
builtin-swiftHeaderTool -arch arm64 /Users/admin/builder/spi-builder-workspace/.derivedData/Build/Intermediates.noindex/swift-actor-runtime.build/Debug-watchos/ActorRuntime-t.build/Objects-normal/arm64/ActorRuntime-Swift.h -arch arm64_32 /Users/admin/builder/spi-builder-workspace/.derivedData/Build/Intermediates.noindex/swift-actor-runtime.build/Debug-watchos/ActorRuntime-t.build/Objects-normal/arm64_32/ActorRuntime-Swift.h -o /Users/admin/builder/spi-builder-workspace/.derivedData/Build/Intermediates.noindex/GeneratedModuleMaps-watchos/ActorRuntime-Swift.h
SwiftDriverJobDiscovery normal arm64 Compiling TransportProtocol.swift (in target 'ActorRuntime' from project 'swift-actor-runtime')
Copy /Users/admin/builder/spi-builder-workspace/.derivedData/Build/Products/Debug-watchos/ActorRuntime.swiftmodule/arm64_32-apple-watchos.swiftmodule /Users/admin/builder/spi-builder-workspace/.derivedData/Build/Intermediates.noindex/swift-actor-runtime.build/Debug-watchos/ActorRuntime-t.build/Objects-normal/arm64_32/ActorRuntime.swiftmodule (in target 'ActorRuntime' from project 'swift-actor-runtime')
cd /Users/admin/builder/spi-builder-workspace/.dependencies/checkouts/swift-actor-runtime
builtin-copy -exclude .DS_Store -exclude CVS -exclude .svn -exclude .git -exclude .hg -resolve-src-symlinks -rename /Users/admin/builder/spi-builder-workspace/.derivedData/Build/Intermediates.noindex/swift-actor-runtime.build/Debug-watchos/ActorRuntime-t.build/Objects-normal/arm64_32/ActorRuntime.swiftmodule /Users/admin/builder/spi-builder-workspace/.derivedData/Build/Products/Debug-watchos/ActorRuntime.swiftmodule/arm64_32-apple-watchos.swiftmodule
Copy /Users/admin/builder/spi-builder-workspace/.derivedData/Build/Products/Debug-watchos/ActorRuntime.swiftmodule/arm64_32-apple-watchos.swiftdoc /Users/admin/builder/spi-builder-workspace/.derivedData/Build/Intermediates.noindex/swift-actor-runtime.build/Debug-watchos/ActorRuntime-t.build/Objects-normal/arm64_32/ActorRuntime.swiftdoc (in target 'ActorRuntime' from project 'swift-actor-runtime')
cd /Users/admin/builder/spi-builder-workspace/.dependencies/checkouts/swift-actor-runtime
builtin-copy -exclude .DS_Store -exclude CVS -exclude .svn -exclude .git -exclude .hg -resolve-src-symlinks -rename /Users/admin/builder/spi-builder-workspace/.derivedData/Build/Intermediates.noindex/swift-actor-runtime.build/Debug-watchos/ActorRuntime-t.build/Objects-normal/arm64_32/ActorRuntime.swiftdoc /Users/admin/builder/spi-builder-workspace/.derivedData/Build/Products/Debug-watchos/ActorRuntime.swiftmodule/arm64_32-apple-watchos.swiftdoc
SwiftDriverJobDiscovery normal arm64 Compiling CodableInvocationDecoder.swift (in target 'ActorRuntime' from project 'swift-actor-runtime')
Copy /Users/admin/builder/spi-builder-workspace/.derivedData/Build/Products/Debug-watchos/ActorRuntime.swiftmodule/arm64_32-apple-watchos.abi.json /Users/admin/builder/spi-builder-workspace/.derivedData/Build/Intermediates.noindex/swift-actor-runtime.build/Debug-watchos/ActorRuntime-t.build/Objects-normal/arm64_32/ActorRuntime.abi.json (in target 'ActorRuntime' from project 'swift-actor-runtime')
cd /Users/admin/builder/spi-builder-workspace/.dependencies/checkouts/swift-actor-runtime
builtin-copy -exclude .DS_Store -exclude CVS -exclude .svn -exclude .git -exclude .hg -resolve-src-symlinks -rename /Users/admin/builder/spi-builder-workspace/.derivedData/Build/Intermediates.noindex/swift-actor-runtime.build/Debug-watchos/ActorRuntime-t.build/Objects-normal/arm64_32/ActorRuntime.abi.json /Users/admin/builder/spi-builder-workspace/.derivedData/Build/Products/Debug-watchos/ActorRuntime.swiftmodule/arm64_32-apple-watchos.abi.json
Copy /Users/admin/builder/spi-builder-workspace/.derivedData/Build/Products/Debug-watchos/ActorRuntime.swiftmodule/arm64-apple-watchos.swiftmodule /Users/admin/builder/spi-builder-workspace/.derivedData/Build/Intermediates.noindex/swift-actor-runtime.build/Debug-watchos/ActorRuntime-t.build/Objects-normal/arm64/ActorRuntime.swiftmodule (in target 'ActorRuntime' from project 'swift-actor-runtime')
cd /Users/admin/builder/spi-builder-workspace/.dependencies/checkouts/swift-actor-runtime
builtin-copy -exclude .DS_Store -exclude CVS -exclude .svn -exclude .git -exclude .hg -resolve-src-symlinks -rename /Users/admin/builder/spi-builder-workspace/.derivedData/Build/Intermediates.noindex/swift-actor-runtime.build/Debug-watchos/ActorRuntime-t.build/Objects-normal/arm64/ActorRuntime.swiftmodule /Users/admin/builder/spi-builder-workspace/.derivedData/Build/Products/Debug-watchos/ActorRuntime.swiftmodule/arm64-apple-watchos.swiftmodule
Copy /Users/admin/builder/spi-builder-workspace/.derivedData/Build/Products/Debug-watchos/ActorRuntime.swiftmodule/arm64-apple-watchos.swiftdoc /Users/admin/builder/spi-builder-workspace/.derivedData/Build/Intermediates.noindex/swift-actor-runtime.build/Debug-watchos/ActorRuntime-t.build/Objects-normal/arm64/ActorRuntime.swiftdoc (in target 'ActorRuntime' from project 'swift-actor-runtime')
cd /Users/admin/builder/spi-builder-workspace/.dependencies/checkouts/swift-actor-runtime
builtin-copy -exclude .DS_Store -exclude CVS -exclude .svn -exclude .git -exclude .hg -resolve-src-symlinks -rename /Users/admin/builder/spi-builder-workspace/.derivedData/Build/Intermediates.noindex/swift-actor-runtime.build/Debug-watchos/ActorRuntime-t.build/Objects-normal/arm64/ActorRuntime.swiftdoc /Users/admin/builder/spi-builder-workspace/.derivedData/Build/Products/Debug-watchos/ActorRuntime.swiftmodule/arm64-apple-watchos.swiftdoc
Copy /Users/admin/builder/spi-builder-workspace/.derivedData/Build/Products/Debug-watchos/ActorRuntime.swiftmodule/arm64-apple-watchos.abi.json /Users/admin/builder/spi-builder-workspace/.derivedData/Build/Intermediates.noindex/swift-actor-runtime.build/Debug-watchos/ActorRuntime-t.build/Objects-normal/arm64/ActorRuntime.abi.json (in target 'ActorRuntime' from project 'swift-actor-runtime')
cd /Users/admin/builder/spi-builder-workspace/.dependencies/checkouts/swift-actor-runtime
builtin-copy -exclude .DS_Store -exclude CVS -exclude .svn -exclude .git -exclude .hg -resolve-src-symlinks -rename /Users/admin/builder/spi-builder-workspace/.derivedData/Build/Intermediates.noindex/swift-actor-runtime.build/Debug-watchos/ActorRuntime-t.build/Objects-normal/arm64/ActorRuntime.abi.json /Users/admin/builder/spi-builder-workspace/.derivedData/Build/Products/Debug-watchos/ActorRuntime.swiftmodule/arm64-apple-watchos.abi.json
SwiftDriverJobDiscovery normal arm64 Compiling CodableResultHandler.swift (in target 'ActorRuntime' from project 'swift-actor-runtime')
Copy /Users/admin/builder/spi-builder-workspace/.derivedData/Build/Products/Debug-watchos/ActorRuntime.swiftmodule/Project/arm64_32-apple-watchos.swiftsourceinfo /Users/admin/builder/spi-builder-workspace/.derivedData/Build/Intermediates.noindex/swift-actor-runtime.build/Debug-watchos/ActorRuntime-t.build/Objects-normal/arm64_32/ActorRuntime.swiftsourceinfo (in target 'ActorRuntime' from project 'swift-actor-runtime')
cd /Users/admin/builder/spi-builder-workspace/.dependencies/checkouts/swift-actor-runtime
builtin-copy -exclude .DS_Store -exclude CVS -exclude .svn -exclude .git -exclude .hg -resolve-src-symlinks -rename /Users/admin/builder/spi-builder-workspace/.derivedData/Build/Intermediates.noindex/swift-actor-runtime.build/Debug-watchos/ActorRuntime-t.build/Objects-normal/arm64_32/ActorRuntime.swiftsourceinfo /Users/admin/builder/spi-builder-workspace/.derivedData/Build/Products/Debug-watchos/ActorRuntime.swiftmodule/Project/arm64_32-apple-watchos.swiftsourceinfo
Copy /Users/admin/builder/spi-builder-workspace/.derivedData/Build/Products/Debug-watchos/ActorRuntime.swiftmodule/Project/arm64-apple-watchos.swiftsourceinfo /Users/admin/builder/spi-builder-workspace/.derivedData/Build/Intermediates.noindex/swift-actor-runtime.build/Debug-watchos/ActorRuntime-t.build/Objects-normal/arm64/ActorRuntime.swiftsourceinfo (in target 'ActorRuntime' from project 'swift-actor-runtime')
cd /Users/admin/builder/spi-builder-workspace/.dependencies/checkouts/swift-actor-runtime
builtin-copy -exclude .DS_Store -exclude CVS -exclude .svn -exclude .git -exclude .hg -resolve-src-symlinks -rename /Users/admin/builder/spi-builder-workspace/.derivedData/Build/Intermediates.noindex/swift-actor-runtime.build/Debug-watchos/ActorRuntime-t.build/Objects-normal/arm64/ActorRuntime.swiftsourceinfo /Users/admin/builder/spi-builder-workspace/.derivedData/Build/Products/Debug-watchos/ActorRuntime.swiftmodule/Project/arm64-apple-watchos.swiftsourceinfo
SwiftCompile normal arm64_32 Compiling\ ActorRegistry.swift /Users/admin/builder/spi-builder-workspace/.dependencies/checkouts/swift-actor-runtime/Sources/ActorRuntime/Core/ActorRegistry.swift (in target 'ActorRuntime' from project 'swift-actor-runtime')
SwiftCompile normal arm64_32 /Users/admin/builder/spi-builder-workspace/.dependencies/checkouts/swift-actor-runtime/Sources/ActorRuntime/Core/ActorRegistry.swift (in target 'ActorRuntime' from project 'swift-actor-runtime')
cd /Users/admin/builder/spi-builder-workspace/.swiftpm/xcode
builtin-SwiftPerFileCompile ActorRegistry.swift
SwiftDriver\ Compilation Logging normal arm64 com.apple.xcode.tools.swift.compiler (in target 'Logging' from project 'swift-log')
cd /Users/admin/builder/spi-builder-workspace/.swiftpm/xcode
builtin-Swift-Compilation -- /Applications/Xcode-27.0.0-Release.Candidate.app/Contents/Developer/Toolchains/XcodeDefault.xctoolchain/usr/bin/swiftc -parse-as-library -module-name Logging -Onone @/Users/admin/builder/spi-builder-workspace/.derivedData/Build/Intermediates.noindex/swift-log.build/Debug-watchos/Logging-t.build/Objects-normal/arm64/Logging.SwiftFileList -DSWIFT_PACKAGE -DDEBUG -DSWIFT_MODULE_RESOURCE_BUNDLE_UNAVAILABLE -DXcode -enable-upcoming-feature ExistentialAny -enable-upcoming-feature MemberImportVisibility -enable-upcoming-feature InternalImportsByDefault -enable-upcoming-feature NonisolatedNonsendingByDefault -Xfrontend -require-explicit-sendable -plugin-path /Applications/Xcode-27.0.0-Release.Candidate.app/Contents/Developer/Toolchains/XcodeDefault.xctoolchain/usr/lib/swift/host/plugins/testing -enable-experimental-feature DebugDescriptionMacro -sdk /Applications/Xcode-27.0.0-Release.Candidate.app/Contents/Developer/Platforms/WatchOS.platform/Developer/SDKs/WatchOS27.0.sdk -target arm64-apple-watchos9.0 -g -module-cache-path /Users/admin/builder/spi-builder-workspace/.derivedData/ModuleCache.noindex -Xfrontend -serialize-debugging-options -profile-coverage-mapping -profile-generate -enable-testing -suppress-warnings -index-store-path /Users/admin/builder/spi-builder-workspace/.derivedData/Index.noindex/DataStore -Xcc -D_LIBCPP_HARDENING_MODE\=_LIBCPP_HARDENING_MODE_DEBUG -swift-version 6 -I /Users/admin/builder/spi-builder-workspace/.derivedData/Build/Products/Debug-watchos -Isystem /Applications/Xcode-27.0.0-Release.Candidate.app/Contents/Developer/Platforms/WatchOS.platform/Developer/usr/lib -F /Users/admin/builder/spi-builder-workspace/.derivedData/Build/Products/Debug-watchos -F /Applications/Xcode-27.0.0-Release.Candidate.app/Contents/Developer/Platforms/WatchOS.platform/Developer/Library/Frameworks -F /Applications/Xcode-27.0.0-Release.Candidate.app/Contents/Developer/Platforms/WatchOS.platform/Developer/SDKs/WatchOS27.0.sdk/Developer/Library/Frameworks -c -j10 -enable-batch-mode -incremental -Xcc -ivfsstatcache -Xcc /Users/admin/builder/spi-builder-workspace/.derivedData/SDKStatCaches.noindex/watchos27.0-24R360-e829b21a6f8c9b70876ba0858053c04477534ef55a1706bf4c1112bbb242f0a2.sdkstatcache -output-file-map /Users/admin/builder/spi-builder-workspace/.derivedData/Build/Intermediates.noindex/swift-log.build/Debug-watchos/Logging-t.build/Objects-normal/arm64/Logging-OutputFileMap.json -save-temps -no-color-diagnostics -explicit-module-build -module-cache-path /Users/admin/builder/spi-builder-workspace/.derivedData/Build/Intermediates.noindex/SwiftExplicitPrecompiledModules -clang-scanner-module-cache-path /Users/admin/builder/spi-builder-workspace/.derivedData/ModuleCache.noindex -sdk-module-cache-path /Users/admin/builder/spi-builder-workspace/.derivedData/SDKExplicitPrecompiledModules -emit-dependencies -emit-module -emit-module-path /Users/admin/builder/spi-builder-workspace/.derivedData/Build/Intermediates.noindex/swift-log.build/Debug-watchos/Logging-t.build/Objects-normal/arm64/Logging.swiftmodule -serialize-diagnostics -dependency-scan-serialize-diagnostics-path /Users/admin/builder/spi-builder-workspace/.derivedData/Build/Intermediates.noindex/swift-log.build/Debug-watchos/Logging-t.build/Objects-normal/arm64/Logging-dependency-scan.dia -user-module-version 1.15.1 -validate-clang-modules-once -clang-build-session-file /Users/admin/builder/spi-builder-workspace/.derivedData/ModuleCache.noindex/Session.modulevalidation -Xcc -fmodules-prune-interval\=86400 -Xcc -fmodules-prune-after\=345600 -package-name swift_log -emit-const-values -const-gather-protocols-list /Users/admin/builder/spi-builder-workspace/.derivedData/Build/Intermediates.noindex/swift-log.build/Debug-watchos/Logging-t.build/Objects-normal/arm64/Logging_const_extract_protocols.json -Xcc -I/Users/admin/builder/spi-builder-workspace/.derivedData/Build/Products/Debug-watchos/include -Xcc -I/Users/admin/builder/spi-builder-workspace/.derivedData/Build/Intermediates.noindex/swift-log.build/Debug-watchos/Logging-t.build/DerivedSources-normal/arm64 -Xcc -I/Users/admin/builder/spi-builder-workspace/.derivedData/Build/Intermediates.noindex/swift-log.build/Debug-watchos/Logging-t.build/DerivedSources/arm64 -Xcc -I/Users/admin/builder/spi-builder-workspace/.derivedData/Build/Intermediates.noindex/swift-log.build/Debug-watchos/Logging-t.build/DerivedSources -Xcc -DSWIFT_PACKAGE -Xcc -DDEBUG\=1 -emit-objc-header -emit-objc-header-path /Users/admin/builder/spi-builder-workspace/.derivedData/Build/Intermediates.noindex/swift-log.build/Debug-watchos/Logging-t.build/Objects-normal/arm64/Logging-Swift.h -working-directory /Users/admin/builder/spi-builder-workspace/.swiftpm/xcode -experimental-emit-module-separately -disable-cmo
SwiftDriverJobDiscovery normal arm64 Compiling ActorRegistry.swift (in target 'ActorRuntime' from project 'swift-actor-runtime')
SwiftCompile normal arm64_32 Compiling\ TransportProtocol.swift /Users/admin/builder/spi-builder-workspace/.dependencies/checkouts/swift-actor-runtime/Sources/ActorRuntime/Transport/TransportProtocol.swift (in target 'ActorRuntime' from project 'swift-actor-runtime')
SwiftCompile normal arm64_32 /Users/admin/builder/spi-builder-workspace/.dependencies/checkouts/swift-actor-runtime/Sources/ActorRuntime/Transport/TransportProtocol.swift (in target 'ActorRuntime' from project 'swift-actor-runtime')
cd /Users/admin/builder/spi-builder-workspace/.swiftpm/xcode
builtin-SwiftPerFileCompile TransportProtocol.swift
SwiftCompile normal arm64_32 Compiling\ CodableInvocationDecoder.swift /Users/admin/builder/spi-builder-workspace/.dependencies/checkouts/swift-actor-runtime/Sources/ActorRuntime/Codec/CodableInvocationDecoder.swift (in target 'ActorRuntime' from project 'swift-actor-runtime')
SwiftCompile normal arm64_32 /Users/admin/builder/spi-builder-workspace/.dependencies/checkouts/swift-actor-runtime/Sources/ActorRuntime/Codec/CodableInvocationDecoder.swift (in target 'ActorRuntime' from project 'swift-actor-runtime')
cd /Users/admin/builder/spi-builder-workspace/.swiftpm/xcode
builtin-SwiftPerFileCompile CodableInvocationDecoder.swift
SwiftCompile normal arm64_32 Compiling\ Envelope.swift /Users/admin/builder/spi-builder-workspace/.dependencies/checkouts/swift-actor-runtime/Sources/ActorRuntime/Core/Envelope.swift (in target 'ActorRuntime' from project 'swift-actor-runtime')
SwiftCompile normal arm64_32 /Users/admin/builder/spi-builder-workspace/.dependencies/checkouts/swift-actor-runtime/Sources/ActorRuntime/Core/Envelope.swift (in target 'ActorRuntime' from project 'swift-actor-runtime')
cd /Users/admin/builder/spi-builder-workspace/.swiftpm/xcode
builtin-SwiftPerFileCompile Envelope.swift
SwiftDriverJobDiscovery normal arm64 Compiling RuntimeError.swift (in target 'ActorRuntime' from project 'swift-actor-runtime')
SwiftDriverJobDiscovery normal arm64 Compiling CodableInvocationEncoder.swift (in target 'ActorRuntime' from project 'swift-actor-runtime')
Ld /Users/admin/builder/spi-builder-workspace/.derivedData/Build/Intermediates.noindex/swift-log.build/Debug-watchos/Logging-t.build/Objects-normal/arm64/Binary/Logging.o normal arm64 (in target 'Logging' from project 'swift-log')
cd /Users/admin/builder/spi-builder-workspace/.dependencies/checkouts/swift-log
/Applications/Xcode-27.0.0-Release.Candidate.app/Contents/Developer/Toolchains/XcodeDefault.xctoolchain/usr/bin/clang -Xlinker -reproducible -target arm64-apple-watchos9.0 -r -isysroot /Applications/Xcode-27.0.0-Release.Candidate.app/Contents/Developer/Platforms/WatchOS.platform/Developer/SDKs/WatchOS27.0.sdk -O0 -w -Xlinker -no_warn_duplicate_libraries -F/Users/admin/builder/spi-builder-workspace/.derivedData/Build/Intermediates.noindex/EagerLinkingTBDs/Debug-watchos -F/Users/admin/builder/spi-builder-workspace/.derivedData/Build/Products/Debug-watchos -iframework /Applications/Xcode-27.0.0-Release.Candidate.app/Contents/Developer/Platforms/WatchOS.platform/Developer/Library/Frameworks -iframework /Applications/Xcode-27.0.0-Release.Candidate.app/Contents/Developer/Platforms/WatchOS.platform/Developer/SDKs/WatchOS27.0.sdk/Developer/Library/Frameworks -filelist /Users/admin/builder/spi-builder-workspace/.derivedData/Build/Intermediates.noindex/swift-log.build/Debug-watchos/Logging-t.build/Objects-normal/arm64/Logging.LinkFileList -nostdlib -Xlinker -object_path_lto -Xlinker /Users/admin/builder/spi-builder-workspace/.derivedData/Build/Intermediates.noindex/swift-log.build/Debug-watchos/Logging-t.build/Objects-normal/arm64/Logging_lto.o -Xlinker -no_deduplicate -Xlinker -debug_variant -Xlinker -dependency_info -Xlinker /Users/admin/builder/spi-builder-workspace/.derivedData/Build/Intermediates.noindex/swift-log.build/Debug-watchos/Logging-t.build/Objects-normal/arm64/Logging_dependency_info.dat -fobjc-link-runtime -L/Applications/Xcode-27.0.0-Release.Candidate.app/Contents/Developer/Toolchains/XcodeDefault.xctoolchain/usr/lib/swift/watchos -L/usr/lib/swift -Xlinker -add_ast_path -Xlinker /Users/admin/builder/spi-builder-workspace/.derivedData/Build/Intermediates.noindex/swift-log.build/Debug-watchos/Logging-t.build/Objects-normal/arm64/Logging.swiftmodule -o /Users/admin/builder/spi-builder-workspace/.derivedData/Build/Intermediates.noindex/swift-log.build/Debug-watchos/Logging-t.build/Objects-normal/arm64/Binary/Logging.o
SwiftDriver Bleu normal arm64_32 com.apple.xcode.tools.swift.compiler (in target 'Bleu' from project 'Bleu')
cd /Users/admin/builder/spi-builder-workspace/.swiftpm/xcode
builtin-SwiftDriver -- /Applications/Xcode-27.0.0-Release.Candidate.app/Contents/Developer/Toolchains/XcodeDefault.xctoolchain/usr/bin/swiftc -parse-as-library -module-name Bleu -Onone @/Users/admin/builder/spi-builder-workspace/.derivedData/Build/Intermediates.noindex/Bleu.build/Debug-watchos/Bleu-t.build/Objects-normal/arm64_32/Bleu.SwiftFileList -DSWIFT_PACKAGE -DDEBUG -DSWIFT_MODULE_RESOURCE_BUNDLE_UNAVAILABLE -DXcode -plugin-path /Applications/Xcode-27.0.0-Release.Candidate.app/Contents/Developer/Toolchains/XcodeDefault.xctoolchain/usr/lib/swift/host/plugins/testing -enable-experimental-feature DebugDescriptionMacro -sdk /Applications/Xcode-27.0.0-Release.Candidate.app/Contents/Developer/Platforms/WatchOS.platform/Developer/SDKs/WatchOS27.0.sdk -target arm64_32-apple-watchos11.0 -g -module-cache-path /Users/admin/builder/spi-builder-workspace/.derivedData/ModuleCache.noindex -Xfrontend -serialize-debugging-options -profile-coverage-mapping -profile-generate -enable-testing -index-store-path /Users/admin/builder/spi-builder-workspace/.derivedData/Index.noindex/DataStore -Xcc -D_LIBCPP_HARDENING_MODE\=_LIBCPP_HARDENING_MODE_DEBUG -swift-version 6 -I /Users/admin/builder/spi-builder-workspace/.derivedData/Build/Products/Debug-watchos -Isystem /Applications/Xcode-27.0.0-Release.Candidate.app/Contents/Developer/Platforms/WatchOS.platform/Developer/usr/lib -F /Users/admin/builder/spi-builder-workspace/.derivedData/Build/Products/Debug-watchos/PackageFrameworks -F /Users/admin/builder/spi-builder-workspace/.derivedData/Build/Products/Debug-watchos -F /Applications/Xcode-27.0.0-Release.Candidate.app/Contents/Developer/Platforms/WatchOS.platform/Developer/Library/Frameworks -F /Applications/Xcode-27.0.0-Release.Candidate.app/Contents/Developer/Platforms/WatchOS.platform/Developer/SDKs/WatchOS27.0.sdk/Developer/Library/Frameworks -c -j10 -enable-batch-mode -incremental -Xcc -ivfsstatcache -Xcc /Users/admin/builder/spi-builder-workspace/.derivedData/SDKStatCaches.noindex/watchos27.0-24R360-e829b21a6f8c9b70876ba0858053c04477534ef55a1706bf4c1112bbb242f0a2.sdkstatcache -output-file-map /Users/admin/builder/spi-builder-workspace/.derivedData/Build/Intermediates.noindex/Bleu.build/Debug-watchos/Bleu-t.build/Objects-normal/arm64_32/Bleu-OutputFileMap.json -save-temps -no-color-diagnostics -explicit-module-build -module-cache-path /Users/admin/builder/spi-builder-workspace/.derivedData/Build/Intermediates.noindex/SwiftExplicitPrecompiledModules -clang-scanner-module-cache-path /Users/admin/builder/spi-builder-workspace/.derivedData/ModuleCache.noindex -sdk-module-cache-path /Users/admin/builder/spi-builder-workspace/.derivedData/SDKExplicitPrecompiledModules -emit-dependencies -emit-module -emit-module-path /Users/admin/builder/spi-builder-workspace/.derivedData/Build/Intermediates.noindex/Bleu.build/Debug-watchos/Bleu-t.build/Objects-normal/arm64_32/Bleu.swiftmodule -serialize-diagnostics -dependency-scan-serialize-diagnostics-path /Users/admin/builder/spi-builder-workspace/.derivedData/Build/Intermediates.noindex/Bleu.build/Debug-watchos/Bleu-t.build/Objects-normal/arm64_32/Bleu-dependency-scan.dia -validate-clang-modules-once -clang-build-session-file /Users/admin/builder/spi-builder-workspace/.derivedData/ModuleCache.noindex/Session.modulevalidation -Xcc -fmodules-prune-interval\=86400 -Xcc -fmodules-prune-after\=345600 -package-name spi_builder_workspace -emit-const-values -const-gather-protocols-list /Users/admin/builder/spi-builder-workspace/.derivedData/Build/Intermediates.noindex/Bleu.build/Debug-watchos/Bleu-t.build/Objects-normal/arm64_32/Bleu_const_extract_protocols.json -Xcc -I/Users/admin/builder/spi-builder-workspace/.derivedData/Build/Products/Debug-watchos/include -Xcc -I/Users/admin/builder/spi-builder-workspace/.derivedData/Build/Intermediates.noindex/Bleu.build/Debug-watchos/Bleu-t.build/DerivedSources-normal/arm64_32 -Xcc -I/Users/admin/builder/spi-builder-workspace/.derivedData/Build/Intermediates.noindex/Bleu.build/Debug-watchos/Bleu-t.build/DerivedSources/arm64_32 -Xcc -I/Users/admin/builder/spi-builder-workspace/.derivedData/Build/Intermediates.noindex/Bleu.build/Debug-watchos/Bleu-t.build/DerivedSources -Xcc -DSWIFT_PACKAGE -Xcc -DDEBUG\=1 -emit-objc-header -emit-objc-header-path /Users/admin/builder/spi-builder-workspace/.derivedData/Build/Intermediates.noindex/Bleu.build/Debug-watchos/Bleu-t.build/Objects-normal/arm64_32/Bleu-Swift.h -working-directory /Users/admin/builder/spi-builder-workspace/.swiftpm/xcode -experimental-emit-module-separately -disable-cmo
SwiftDriver Bleu normal arm64 com.apple.xcode.tools.swift.compiler (in target 'Bleu' from project 'Bleu')
cd /Users/admin/builder/spi-builder-workspace/.swiftpm/xcode
builtin-SwiftDriver -- /Applications/Xcode-27.0.0-Release.Candidate.app/Contents/Developer/Toolchains/XcodeDefault.xctoolchain/usr/bin/swiftc -parse-as-library -module-name Bleu -Onone @/Users/admin/builder/spi-builder-workspace/.derivedData/Build/Intermediates.noindex/Bleu.build/Debug-watchos/Bleu-t.build/Objects-normal/arm64/Bleu.SwiftFileList -DSWIFT_PACKAGE -DDEBUG -DSWIFT_MODULE_RESOURCE_BUNDLE_UNAVAILABLE -DXcode -plugin-path /Applications/Xcode-27.0.0-Release.Candidate.app/Contents/Developer/Toolchains/XcodeDefault.xctoolchain/usr/lib/swift/host/plugins/testing -enable-experimental-feature DebugDescriptionMacro -sdk /Applications/Xcode-27.0.0-Release.Candidate.app/Contents/Developer/Platforms/WatchOS.platform/Developer/SDKs/WatchOS27.0.sdk -target arm64-apple-watchos11.0 -g -module-cache-path /Users/admin/builder/spi-builder-workspace/.derivedData/ModuleCache.noindex -Xfrontend -serialize-debugging-options -profile-coverage-mapping -profile-generate -enable-testing -index-store-path /Users/admin/builder/spi-builder-workspace/.derivedData/Index.noindex/DataStore -Xcc -D_LIBCPP_HARDENING_MODE\=_LIBCPP_HARDENING_MODE_DEBUG -swift-version 6 -I /Users/admin/builder/spi-builder-workspace/.derivedData/Build/Products/Debug-watchos -Isystem /Applications/Xcode-27.0.0-Release.Candidate.app/Contents/Developer/Platforms/WatchOS.platform/Developer/usr/lib -F /Users/admin/builder/spi-builder-workspace/.derivedData/Build/Products/Debug-watchos/PackageFrameworks -F /Users/admin/builder/spi-builder-workspace/.derivedData/Build/Products/Debug-watchos -F /Applications/Xcode-27.0.0-Release.Candidate.app/Contents/Developer/Platforms/WatchOS.platform/Developer/Library/Frameworks -F /Applications/Xcode-27.0.0-Release.Candidate.app/Contents/Developer/Platforms/WatchOS.platform/Developer/SDKs/WatchOS27.0.sdk/Developer/Library/Frameworks -c -j10 -enable-batch-mode -incremental -Xcc -ivfsstatcache -Xcc /Users/admin/builder/spi-builder-workspace/.derivedData/SDKStatCaches.noindex/watchos27.0-24R360-e829b21a6f8c9b70876ba0858053c04477534ef55a1706bf4c1112bbb242f0a2.sdkstatcache -output-file-map /Users/admin/builder/spi-builder-workspace/.derivedData/Build/Intermediates.noindex/Bleu.build/Debug-watchos/Bleu-t.build/Objects-normal/arm64/Bleu-OutputFileMap.json -save-temps -no-color-diagnostics -explicit-module-build -module-cache-path /Users/admin/builder/spi-builder-workspace/.derivedData/Build/Intermediates.noindex/SwiftExplicitPrecompiledModules -clang-scanner-module-cache-path /Users/admin/builder/spi-builder-workspace/.derivedData/ModuleCache.noindex -sdk-module-cache-path /Users/admin/builder/spi-builder-workspace/.derivedData/SDKExplicitPrecompiledModules -emit-dependencies -emit-module -emit-module-path /Users/admin/builder/spi-builder-workspace/.derivedData/Build/Intermediates.noindex/Bleu.build/Debug-watchos/Bleu-t.build/Objects-normal/arm64/Bleu.swiftmodule -serialize-diagnostics -dependency-scan-serialize-diagnostics-path /Users/admin/builder/spi-builder-workspace/.derivedData/Build/Intermediates.noindex/Bleu.build/Debug-watchos/Bleu-t.build/Objects-normal/arm64/Bleu-dependency-scan.dia -validate-clang-modules-once -clang-build-session-file /Users/admin/builder/spi-builder-workspace/.derivedData/ModuleCache.noindex/Session.modulevalidation -Xcc -fmodules-prune-interval\=86400 -Xcc -fmodules-prune-after\=345600 -package-name spi_builder_workspace -emit-const-values -const-gather-protocols-list /Users/admin/builder/spi-builder-workspace/.derivedData/Build/Intermediates.noindex/Bleu.build/Debug-watchos/Bleu-t.build/Objects-normal/arm64/Bleu_const_extract_protocols.json -Xcc -I/Users/admin/builder/spi-builder-workspace/.derivedData/Build/Products/Debug-watchos/include -Xcc -I/Users/admin/builder/spi-builder-workspace/.derivedData/Build/Intermediates.noindex/Bleu.build/Debug-watchos/Bleu-t.build/DerivedSources-normal/arm64 -Xcc -I/Users/admin/builder/spi-builder-workspace/.derivedData/Build/Intermediates.noindex/Bleu.build/Debug-watchos/Bleu-t.build/DerivedSources/arm64 -Xcc -I/Users/admin/builder/spi-builder-workspace/.derivedData/Build/Intermediates.noindex/Bleu.build/Debug-watchos/Bleu-t.build/DerivedSources -Xcc -DSWIFT_PACKAGE -Xcc -DDEBUG\=1 -emit-objc-header -emit-objc-header-path /Users/admin/builder/spi-builder-workspace/.derivedData/Build/Intermediates.noindex/Bleu.build/Debug-watchos/Bleu-t.build/Objects-normal/arm64/Bleu-Swift.h -working-directory /Users/admin/builder/spi-builder-workspace/.swiftpm/xcode -experimental-emit-module-separately -disable-cmo
CreateUniversalBinary /Users/admin/builder/spi-builder-workspace/.derivedData/Build/Products/Debug-watchos/Logging.o normal arm64\ arm64_32 (in target 'Logging' from project 'swift-log')
cd /Users/admin/builder/spi-builder-workspace/.dependencies/checkouts/swift-log
/Applications/Xcode-27.0.0-Release.Candidate.app/Contents/Developer/Toolchains/XcodeDefault.xctoolchain/usr/bin/lipo -create /Users/admin/builder/spi-builder-workspace/.derivedData/Build/Intermediates.noindex/swift-log.build/Debug-watchos/Logging-t.build/Objects-normal/arm64/Binary/Logging.o /Users/admin/builder/spi-builder-workspace/.derivedData/Build/Intermediates.noindex/swift-log.build/Debug-watchos/Logging-t.build/Objects-normal/arm64_32/Binary/Logging.o -output /Users/admin/builder/spi-builder-workspace/.derivedData/Build/Products/Debug-watchos/Logging.o
SwiftDriverJobDiscovery normal arm64_32 Compiling CodableInvocationEncoder.swift (in target 'ActorRuntime' from project 'swift-actor-runtime')
SwiftDriverJobDiscovery normal arm64_32 Compiling CodableResultHandler.swift (in target 'ActorRuntime' from project 'swift-actor-runtime')
ExtractAppIntentsMetadata (in target 'Logging' from project 'swift-log')
cd /Users/admin/builder/spi-builder-workspace/.dependencies/checkouts/swift-log
/Applications/Xcode-27.0.0-Release.Candidate.app/Contents/Developer/Toolchains/XcodeDefault.xctoolchain/usr/bin/appintentsmetadataprocessor --toolchain-dir /var/run/com.apple.security.cryptexd/mnt/com.apple.MobileAsset.MetalToolchain-v27.1.266.1.IWrRUK/Metal.xctoolchain --module-name Logging --sdk-root /Applications/Xcode-27.0.0-Release.Candidate.app/Contents/Developer/Platforms/WatchOS.platform/Developer/SDKs/WatchOS27.0.sdk --xcode-version 27A266a --platform-family watchOS --deployment-target 9.0 --bundle-identifier swift-log.Logging --output /Users/admin/builder/spi-builder-workspace/.derivedData/Build/Products/Debug-watchos/Logging.appintents --target-triple arm64-apple-watchos9.0 --target-triple arm64_32-apple-watchos9.0 --binary-file /Users/admin/builder/spi-builder-workspace/.derivedData/Build/Products/Debug-watchos/Logging.o --dependency-file /Users/admin/builder/spi-builder-workspace/.derivedData/Build/Intermediates.noindex/swift-log.build/Debug-watchos/Logging-t.build/Objects-normal/arm64/Logging_dependency_info.dat --dependency-file /Users/admin/builder/spi-builder-workspace/.derivedData/Build/Intermediates.noindex/swift-log.build/Debug-watchos/Logging-t.build/Objects-normal/arm64_32/Logging_dependency_info.dat --stringsdata-file /Users/admin/builder/spi-builder-workspace/.derivedData/Build/Intermediates.noindex/swift-log.build/Debug-watchos/Logging-t.build/Objects-normal/arm64/ExtractedAppShortcutsMetadata.stringsdata --stringsdata-file /Users/admin/builder/spi-builder-workspace/.derivedData/Build/Intermediates.noindex/swift-log.build/Debug-watchos/Logging-t.build/Objects-normal/arm64_32/ExtractedAppShortcutsMetadata.stringsdata --source-file-list /Users/admin/builder/spi-builder-workspace/.derivedData/Build/Intermediates.noindex/swift-log.build/Debug-watchos/Logging-t.build/Objects-normal/arm64/Logging.SwiftFileList --source-file-list /Users/admin/builder/spi-builder-workspace/.derivedData/Build/Intermediates.noindex/swift-log.build/Debug-watchos/Logging-t.build/Objects-normal/arm64_32/Logging.SwiftFileList --metadata-file-list /Users/admin/builder/spi-builder-workspace/.derivedData/Build/Intermediates.noindex/swift-log.build/Debug-watchos/Logging-t.build/Logging.DependencyMetadataFileList --static-metadata-file-list /Users/admin/builder/spi-builder-workspace/.derivedData/Build/Intermediates.noindex/swift-log.build/Debug-watchos/Logging-t.build/Logging.DependencyStaticMetadataFileList --swift-const-vals-list /Users/admin/builder/spi-builder-workspace/.derivedData/Build/Intermediates.noindex/swift-log.build/Debug-watchos/Logging-t.build/Objects-normal/arm64/Logging.SwiftConstValuesFileList --swift-const-vals-list /Users/admin/builder/spi-builder-workspace/.derivedData/Build/Intermediates.noindex/swift-log.build/Debug-watchos/Logging-t.build/Objects-normal/arm64_32/Logging.SwiftConstValuesFileList --force --compile-time-extraction --deployment-aware-processing --no-app-shortcuts-localization
2026-09-25 00:32:25.009 appintentsmetadataprocessor[922:5141] Starting appintentsmetadataprocessor export
2026-09-25 00:32:25.108 appintentsmetadataprocessor[922:5141] Extracted no relevant App Intents symbols, skipping writing output
SwiftDriverJobDiscovery normal arm64_32 Compiling RuntimeError.swift (in target 'ActorRuntime' from project 'swift-actor-runtime')
SwiftDriverJobDiscovery normal arm64 Compiling Envelope.swift (in target 'ActorRuntime' from project 'swift-actor-runtime')
SwiftDriver\ Compilation ActorRuntime normal arm64 com.apple.xcode.tools.swift.compiler (in target 'ActorRuntime' from project 'swift-actor-runtime')
cd /Users/admin/builder/spi-builder-workspace/.swiftpm/xcode
builtin-Swift-Compilation -- /Applications/Xcode-27.0.0-Release.Candidate.app/Contents/Developer/Toolchains/XcodeDefault.xctoolchain/usr/bin/swiftc -parse-as-library -module-name ActorRuntime -Onone @/Users/admin/builder/spi-builder-workspace/.derivedData/Build/Intermediates.noindex/swift-actor-runtime.build/Debug-watchos/ActorRuntime-t.build/Objects-normal/arm64/ActorRuntime.SwiftFileList -DSWIFT_PACKAGE -DDEBUG -DSWIFT_MODULE_RESOURCE_BUNDLE_UNAVAILABLE -DXcode -plugin-path /Applications/Xcode-27.0.0-Release.Candidate.app/Contents/Developer/Toolchains/XcodeDefault.xctoolchain/usr/lib/swift/host/plugins/testing -enable-experimental-feature DebugDescriptionMacro -sdk /Applications/Xcode-27.0.0-Release.Candidate.app/Contents/Developer/Platforms/WatchOS.platform/Developer/SDKs/WatchOS27.0.sdk -target arm64-apple-watchos11.0 -g -module-cache-path /Users/admin/builder/spi-builder-workspace/.derivedData/ModuleCache.noindex -Xfrontend -serialize-debugging-options -profile-coverage-mapping -profile-generate -enable-testing -suppress-warnings -index-store-path /Users/admin/builder/spi-builder-workspace/.derivedData/Index.noindex/DataStore -Xcc -D_LIBCPP_HARDENING_MODE\=_LIBCPP_HARDENING_MODE_DEBUG -swift-version 6 -I /Users/admin/builder/spi-builder-workspace/.derivedData/Build/Products/Debug-watchos -Isystem /Applications/Xcode-27.0.0-Release.Candidate.app/Contents/Developer/Platforms/WatchOS.platform/Developer/usr/lib -F /Users/admin/builder/spi-builder-workspace/.derivedData/Build/Products/Debug-watchos -F /Applications/Xcode-27.0.0-Release.Candidate.app/Contents/Developer/Platforms/WatchOS.platform/Developer/Library/Frameworks -F /Applications/Xcode-27.0.0-Release.Candidate.app/Contents/Developer/Platforms/WatchOS.platform/Developer/SDKs/WatchOS27.0.sdk/Developer/Library/Frameworks -c -j10 -enable-batch-mode -incremental -Xcc -ivfsstatcache -Xcc /Users/admin/builder/spi-builder-workspace/.derivedData/SDKStatCaches.noindex/watchos27.0-24R360-e829b21a6f8c9b70876ba0858053c04477534ef55a1706bf4c1112bbb242f0a2.sdkstatcache -output-file-map /Users/admin/builder/spi-builder-workspace/.derivedData/Build/Intermediates.noindex/swift-actor-runtime.build/Debug-watchos/ActorRuntime-t.build/Objects-normal/arm64/ActorRuntime-OutputFileMap.json -save-temps -no-color-diagnostics -explicit-module-build -module-cache-path /Users/admin/builder/spi-builder-workspace/.derivedData/Build/Intermediates.noindex/SwiftExplicitPrecompiledModules -clang-scanner-module-cache-path /Users/admin/builder/spi-builder-workspace/.derivedData/ModuleCache.noindex -sdk-module-cache-path /Users/admin/builder/spi-builder-workspace/.derivedData/SDKExplicitPrecompiledModules -emit-dependencies -emit-module -emit-module-path /Users/admin/builder/spi-builder-workspace/.derivedData/Build/Intermediates.noindex/swift-actor-runtime.build/Debug-watchos/ActorRuntime-t.build/Objects-normal/arm64/ActorRuntime.swiftmodule -serialize-diagnostics -dependency-scan-serialize-diagnostics-path /Users/admin/builder/spi-builder-workspace/.derivedData/Build/Intermediates.noindex/swift-actor-runtime.build/Debug-watchos/ActorRuntime-t.build/Objects-normal/arm64/ActorRuntime-dependency-scan.dia -user-module-version 0.5.0 -validate-clang-modules-once -clang-build-session-file /Users/admin/builder/spi-builder-workspace/.derivedData/ModuleCache.noindex/Session.modulevalidation -Xcc -fmodules-prune-interval\=86400 -Xcc -fmodules-prune-after\=345600 -package-name swift_actor_runtime -emit-const-values -const-gather-protocols-list /Users/admin/builder/spi-builder-workspace/.derivedData/Build/Intermediates.noindex/swift-actor-runtime.build/Debug-watchos/ActorRuntime-t.build/Objects-normal/arm64/ActorRuntime_const_extract_protocols.json -Xcc -I/Users/admin/builder/spi-builder-workspace/.derivedData/Build/Products/Debug-watchos/include -Xcc -I/Users/admin/builder/spi-builder-workspace/.derivedData/Build/Intermediates.noindex/swift-actor-runtime.build/Debug-watchos/ActorRuntime-t.build/DerivedSources-normal/arm64 -Xcc -I/Users/admin/builder/spi-builder-workspace/.derivedData/Build/Intermediates.noindex/swift-actor-runtime.build/Debug-watchos/ActorRuntime-t.build/DerivedSources/arm64 -Xcc -I/Users/admin/builder/spi-builder-workspace/.derivedData/Build/Intermediates.noindex/swift-actor-runtime.build/Debug-watchos/ActorRuntime-t.build/DerivedSources -Xcc -DSWIFT_PACKAGE -Xcc -DDEBUG\=1 -emit-objc-header -emit-objc-header-path /Users/admin/builder/spi-builder-workspace/.derivedData/Build/Intermediates.noindex/swift-actor-runtime.build/Debug-watchos/ActorRuntime-t.build/Objects-normal/arm64/ActorRuntime-Swift.h -working-directory /Users/admin/builder/spi-builder-workspace/.swiftpm/xcode -experimental-emit-module-separately -disable-cmo
SwiftDriverJobDiscovery normal arm64_32 Compiling TransportProtocol.swift (in target 'ActorRuntime' from project 'swift-actor-runtime')
Ld /Users/admin/builder/spi-builder-workspace/.derivedData/Build/Intermediates.noindex/swift-actor-runtime.build/Debug-watchos/ActorRuntime-t.build/Objects-normal/arm64/Binary/ActorRuntime.o normal arm64 (in target 'ActorRuntime' from project 'swift-actor-runtime')
cd /Users/admin/builder/spi-builder-workspace/.dependencies/checkouts/swift-actor-runtime
/Applications/Xcode-27.0.0-Release.Candidate.app/Contents/Developer/Toolchains/XcodeDefault.xctoolchain/usr/bin/clang -Xlinker -reproducible -target arm64-apple-watchos11.0 -r -isysroot /Applications/Xcode-27.0.0-Release.Candidate.app/Contents/Developer/Platforms/WatchOS.platform/Developer/SDKs/WatchOS27.0.sdk -O0 -w -Xlinker -no_warn_duplicate_libraries -F/Users/admin/builder/spi-builder-workspace/.derivedData/Build/Intermediates.noindex/EagerLinkingTBDs/Debug-watchos -F/Users/admin/builder/spi-builder-workspace/.derivedData/Build/Products/Debug-watchos -iframework /Applications/Xcode-27.0.0-Release.Candidate.app/Contents/Developer/Platforms/WatchOS.platform/Developer/Library/Frameworks -iframework /Applications/Xcode-27.0.0-Release.Candidate.app/Contents/Developer/Platforms/WatchOS.platform/Developer/SDKs/WatchOS27.0.sdk/Developer/Library/Frameworks -filelist /Users/admin/builder/spi-builder-workspace/.derivedData/Build/Intermediates.noindex/swift-actor-runtime.build/Debug-watchos/ActorRuntime-t.build/Objects-normal/arm64/ActorRuntime.LinkFileList -nostdlib -Xlinker -object_path_lto -Xlinker /Users/admin/builder/spi-builder-workspace/.derivedData/Build/Intermediates.noindex/swift-actor-runtime.build/Debug-watchos/ActorRuntime-t.build/Objects-normal/arm64/ActorRuntime_lto.o -Xlinker -no_deduplicate -Xlinker -debug_variant -Xlinker -dependency_info -Xlinker /Users/admin/builder/spi-builder-workspace/.derivedData/Build/Intermediates.noindex/swift-actor-runtime.build/Debug-watchos/ActorRuntime-t.build/Objects-normal/arm64/ActorRuntime_dependency_info.dat -fobjc-link-runtime -L/Applications/Xcode-27.0.0-Release.Candidate.app/Contents/Developer/Toolchains/XcodeDefault.xctoolchain/usr/lib/swift/watchos -L/usr/lib/swift -Xlinker -add_ast_path -Xlinker /Users/admin/builder/spi-builder-workspace/.derivedData/Build/Intermediates.noindex/swift-actor-runtime.build/Debug-watchos/ActorRuntime-t.build/Objects-normal/arm64/ActorRuntime.swiftmodule -o /Users/admin/builder/spi-builder-workspace/.derivedData/Build/Intermediates.noindex/swift-actor-runtime.build/Debug-watchos/ActorRuntime-t.build/Objects-normal/arm64/Binary/ActorRuntime.o
SwiftDriverJobDiscovery normal arm64_32 Compiling ActorRegistry.swift (in target 'ActorRuntime' from project 'swift-actor-runtime')
SwiftDriverJobDiscovery normal arm64_32 Compiling CodableInvocationDecoder.swift (in target 'ActorRuntime' from project 'swift-actor-runtime')
SwiftExplicitDependencyGeneratePcm arm64_32 /Users/admin/builder/spi-builder-workspace/.derivedData/SDKExplicitPrecompiledModules/_Builtin_stdatomic-D2FE5M7JS5NQA5JDADVERWJM4.pcm
SwiftExplicitDependencyGeneratePcm arm64_32 /Users/admin/builder/spi-builder-workspace/.derivedData/SDKExplicitPrecompiledModules/MachO-F47JQRYVH1SLPOQSJD8RK9MSX.pcm
SwiftExplicitDependencyGeneratePcm arm64_32 /Users/admin/builder/spi-builder-workspace/.derivedData/SDKExplicitPrecompiledModules/LocalAuthentication-1XZC5548OHHHWETB1RPNV8QDG.pcm
SwiftExplicitDependencyGeneratePcm arm64_32 /Users/admin/builder/spi-builder-workspace/.derivedData/SDKExplicitPrecompiledModules/CoreBluetooth-B327NTNWPH8OMYFSFZMIMPVEL.pcm
SwiftExplicitDependencyGeneratePcm arm64 /Users/admin/builder/spi-builder-workspace/.derivedData/SDKExplicitPrecompiledModules/MachO-4RYXFVY68ZDEUZYFMVL57WEKU.pcm
SwiftExplicitDependencyGeneratePcm arm64 /Users/admin/builder/spi-builder-workspace/.derivedData/SDKExplicitPrecompiledModules/LocalAuthentication-B2TFMTPZVFFVZ7Y4SFJ4HJEBL.pcm
SwiftExplicitDependencyGeneratePcm arm64 /Users/admin/builder/spi-builder-workspace/.derivedData/SDKExplicitPrecompiledModules/CoreBluetooth-7S8SK3EEY9P2EHEAYCS8UO6DF.pcm
SwiftExplicitDependencyGeneratePcm arm64 /Users/admin/builder/spi-builder-workspace/.derivedData/SDKExplicitPrecompiledModules/_Builtin_stdatomic-25T9UW3XDYID74302F31PX0RP.pcm
SwiftExplicitDependencyGeneratePcm arm64_32 /Users/admin/builder/spi-builder-workspace/.derivedData/SDKExplicitPrecompiledModules/os-D9NWGT7PQGY2OD43XMA2KGLJK.pcm
SwiftExplicitDependencyGeneratePcm arm64 /Users/admin/builder/spi-builder-workspace/.derivedData/SDKExplicitPrecompiledModules/os-6BCTB8I5DCBBKFJ0Y0G4WQDDJ.pcm
SwiftDriverJobDiscovery normal arm64_32 Compiling Envelope.swift (in target 'ActorRuntime' from project 'swift-actor-runtime')
SwiftDriver\ Compilation ActorRuntime normal arm64_32 com.apple.xcode.tools.swift.compiler (in target 'ActorRuntime' from project 'swift-actor-runtime')
cd /Users/admin/builder/spi-builder-workspace/.swiftpm/xcode
builtin-Swift-Compilation -- /Applications/Xcode-27.0.0-Release.Candidate.app/Contents/Developer/Toolchains/XcodeDefault.xctoolchain/usr/bin/swiftc -parse-as-library -module-name ActorRuntime -Onone @/Users/admin/builder/spi-builder-workspace/.derivedData/Build/Intermediates.noindex/swift-actor-runtime.build/Debug-watchos/ActorRuntime-t.build/Objects-normal/arm64_32/ActorRuntime.SwiftFileList -DSWIFT_PACKAGE -DDEBUG -DSWIFT_MODULE_RESOURCE_BUNDLE_UNAVAILABLE -DXcode -plugin-path /Applications/Xcode-27.0.0-Release.Candidate.app/Contents/Developer/Toolchains/XcodeDefault.xctoolchain/usr/lib/swift/host/plugins/testing -enable-experimental-feature DebugDescriptionMacro -sdk /Applications/Xcode-27.0.0-Release.Candidate.app/Contents/Developer/Platforms/WatchOS.platform/Developer/SDKs/WatchOS27.0.sdk -target arm64_32-apple-watchos11.0 -g -module-cache-path /Users/admin/builder/spi-builder-workspace/.derivedData/ModuleCache.noindex -Xfrontend -serialize-debugging-options -profile-coverage-mapping -profile-generate -enable-testing -suppress-warnings -index-store-path /Users/admin/builder/spi-builder-workspace/.derivedData/Index.noindex/DataStore -Xcc -D_LIBCPP_HARDENING_MODE\=_LIBCPP_HARDENING_MODE_DEBUG -swift-version 6 -I /Users/admin/builder/spi-builder-workspace/.derivedData/Build/Products/Debug-watchos -Isystem /Applications/Xcode-27.0.0-Release.Candidate.app/Contents/Developer/Platforms/WatchOS.platform/Developer/usr/lib -F /Users/admin/builder/spi-builder-workspace/.derivedData/Build/Products/Debug-watchos -F /Applications/Xcode-27.0.0-Release.Candidate.app/Contents/Developer/Platforms/WatchOS.platform/Developer/Library/Frameworks -F /Applications/Xcode-27.0.0-Release.Candidate.app/Contents/Developer/Platforms/WatchOS.platform/Developer/SDKs/WatchOS27.0.sdk/Developer/Library/Frameworks -c -j10 -enable-batch-mode -incremental -Xcc -ivfsstatcache -Xcc /Users/admin/builder/spi-builder-workspace/.derivedData/SDKStatCaches.noindex/watchos27.0-24R360-e829b21a6f8c9b70876ba0858053c04477534ef55a1706bf4c1112bbb242f0a2.sdkstatcache -output-file-map /Users/admin/builder/spi-builder-workspace/.derivedData/Build/Intermediates.noindex/swift-actor-runtime.build/Debug-watchos/ActorRuntime-t.build/Objects-normal/arm64_32/ActorRuntime-OutputFileMap.json -save-temps -no-color-diagnostics -explicit-module-build -module-cache-path /Users/admin/builder/spi-builder-workspace/.derivedData/Build/Intermediates.noindex/SwiftExplicitPrecompiledModules -clang-scanner-module-cache-path /Users/admin/builder/spi-builder-workspace/.derivedData/ModuleCache.noindex -sdk-module-cache-path /Users/admin/builder/spi-builder-workspace/.derivedData/SDKExplicitPrecompiledModules -emit-dependencies -emit-module -emit-module-path /Users/admin/builder/spi-builder-workspace/.derivedData/Build/Intermediates.noindex/swift-actor-runtime.build/Debug-watchos/ActorRuntime-t.build/Objects-normal/arm64_32/ActorRuntime.swiftmodule -serialize-diagnostics -dependency-scan-serialize-diagnostics-path /Users/admin/builder/spi-builder-workspace/.derivedData/Build/Intermediates.noindex/swift-actor-runtime.build/Debug-watchos/ActorRuntime-t.build/Objects-normal/arm64_32/ActorRuntime-dependency-scan.dia -user-module-version 0.5.0 -validate-clang-modules-once -clang-build-session-file /Users/admin/builder/spi-builder-workspace/.derivedData/ModuleCache.noindex/Session.modulevalidation -Xcc -fmodules-prune-interval\=86400 -Xcc -fmodules-prune-after\=345600 -package-name swift_actor_runtime -emit-const-values -const-gather-protocols-list /Users/admin/builder/spi-builder-workspace/.derivedData/Build/Intermediates.noindex/swift-actor-runtime.build/Debug-watchos/ActorRuntime-t.build/Objects-normal/arm64_32/ActorRuntime_const_extract_protocols.json -Xcc -I/Users/admin/builder/spi-builder-workspace/.derivedData/Build/Products/Debug-watchos/include -Xcc -I/Users/admin/builder/spi-builder-workspace/.derivedData/Build/Intermediates.noindex/swift-actor-runtime.build/Debug-watchos/ActorRuntime-t.build/DerivedSources-normal/arm64_32 -Xcc -I/Users/admin/builder/spi-builder-workspace/.derivedData/Build/Intermediates.noindex/swift-actor-runtime.build/Debug-watchos/ActorRuntime-t.build/DerivedSources/arm64_32 -Xcc -I/Users/admin/builder/spi-builder-workspace/.derivedData/Build/Intermediates.noindex/swift-actor-runtime.build/Debug-watchos/ActorRuntime-t.build/DerivedSources -Xcc -DSWIFT_PACKAGE -Xcc -DDEBUG\=1 -emit-objc-header -emit-objc-header-path /Users/admin/builder/spi-builder-workspace/.derivedData/Build/Intermediates.noindex/swift-actor-runtime.build/Debug-watchos/ActorRuntime-t.build/Objects-normal/arm64_32/ActorRuntime-Swift.h -working-directory /Users/admin/builder/spi-builder-workspace/.swiftpm/xcode -experimental-emit-module-separately -disable-cmo
Ld /Users/admin/builder/spi-builder-workspace/.derivedData/Build/Intermediates.noindex/swift-actor-runtime.build/Debug-watchos/ActorRuntime-t.build/Objects-normal/arm64_32/Binary/ActorRuntime.o normal arm64_32 (in target 'ActorRuntime' from project 'swift-actor-runtime')
cd /Users/admin/builder/spi-builder-workspace/.dependencies/checkouts/swift-actor-runtime
/Applications/Xcode-27.0.0-Release.Candidate.app/Contents/Developer/Toolchains/XcodeDefault.xctoolchain/usr/bin/clang -Xlinker -reproducible -target arm64_32-apple-watchos11.0 -r -isysroot /Applications/Xcode-27.0.0-Release.Candidate.app/Contents/Developer/Platforms/WatchOS.platform/Developer/SDKs/WatchOS27.0.sdk -O0 -w -Xlinker -no_warn_duplicate_libraries -F/Users/admin/builder/spi-builder-workspace/.derivedData/Build/Intermediates.noindex/EagerLinkingTBDs/Debug-watchos -F/Users/admin/builder/spi-builder-workspace/.derivedData/Build/Products/Debug-watchos -iframework /Applications/Xcode-27.0.0-Release.Candidate.app/Contents/Developer/Platforms/WatchOS.platform/Developer/Library/Frameworks -iframework /Applications/Xcode-27.0.0-Release.Candidate.app/Contents/Developer/Platforms/WatchOS.platform/Developer/SDKs/WatchOS27.0.sdk/Developer/Library/Frameworks -filelist /Users/admin/builder/spi-builder-workspace/.derivedData/Build/Intermediates.noindex/swift-actor-runtime.build/Debug-watchos/ActorRuntime-t.build/Objects-normal/arm64_32/ActorRuntime.LinkFileList -nostdlib -Xlinker -object_path_lto -Xlinker /Users/admin/builder/spi-builder-workspace/.derivedData/Build/Intermediates.noindex/swift-actor-runtime.build/Debug-watchos/ActorRuntime-t.build/Objects-normal/arm64_32/ActorRuntime_lto.o -Xlinker -no_deduplicate -Xlinker -debug_variant -Xlinker -dependency_info -Xlinker /Users/admin/builder/spi-builder-workspace/.derivedData/Build/Intermediates.noindex/swift-actor-runtime.build/Debug-watchos/ActorRuntime-t.build/Objects-normal/arm64_32/ActorRuntime_dependency_info.dat -fobjc-link-runtime -L/Applications/Xcode-27.0.0-Release.Candidate.app/Contents/Developer/Toolchains/XcodeDefault.xctoolchain/usr/lib/swift/watchos -L/usr/lib/swift -Xlinker -add_ast_path -Xlinker /Users/admin/builder/spi-builder-workspace/.derivedData/Build/Intermediates.noindex/swift-actor-runtime.build/Debug-watchos/ActorRuntime-t.build/Objects-normal/arm64_32/ActorRuntime.swiftmodule -o /Users/admin/builder/spi-builder-workspace/.derivedData/Build/Intermediates.noindex/swift-actor-runtime.build/Debug-watchos/ActorRuntime-t.build/Objects-normal/arm64_32/Binary/ActorRuntime.o
SwiftCompile normal arm64_32 Compiling\ CoreBluetoothServiceSnapshot.swift,\ AsyncChannel.swift /Users/admin/builder/spi-builder-workspace/Sources/Bleu/Core/CoreBluetoothServiceSnapshot.swift /Users/admin/builder/spi-builder-workspace/Sources/Bleu/Extensions/AsyncChannel.swift (in target 'Bleu' from project 'Bleu')
SwiftCompile normal arm64_32 /Users/admin/builder/spi-builder-workspace/Sources/Bleu/Core/CoreBluetoothServiceSnapshot.swift (in target 'Bleu' from project 'Bleu')
cd /Users/admin/builder/spi-builder-workspace/.swiftpm/xcode
builtin-SwiftPerFileCompile CoreBluetoothServiceSnapshot.swift
SwiftCompile normal arm64_32 /Users/admin/builder/spi-builder-workspace/Sources/Bleu/Extensions/AsyncChannel.swift (in target 'Bleu' from project 'Bleu')
cd /Users/admin/builder/spi-builder-workspace/.swiftpm/xcode
builtin-SwiftPerFileCompile AsyncChannel.swift
SwiftCompile normal arm64_32 Compiling\ CBManagerState+Resolution.swift,\ CoreBluetoothCharacteristicSnapshot.swift /Users/admin/builder/spi-builder-workspace/Sources/Bleu/Core/CBManagerState+Resolution.swift /Users/admin/builder/spi-builder-workspace/Sources/Bleu/Core/CoreBluetoothCharacteristicSnapshot.swift (in target 'Bleu' from project 'Bleu')
SwiftCompile normal arm64_32 /Users/admin/builder/spi-builder-workspace/Sources/Bleu/Core/CBManagerState+Resolution.swift (in target 'Bleu' from project 'Bleu')
cd /Users/admin/builder/spi-builder-workspace/.swiftpm/xcode
builtin-SwiftPerFileCompile CBManagerState+Resolution.swift
SwiftCompile normal arm64_32 /Users/admin/builder/spi-builder-workspace/Sources/Bleu/Core/CoreBluetoothCharacteristicSnapshot.swift (in target 'Bleu' from project 'Bleu')
cd /Users/admin/builder/spi-builder-workspace/.swiftpm/xcode
builtin-SwiftPerFileCompile CoreBluetoothCharacteristicSnapshot.swift
SwiftEmitModule normal arm64_32 Emitting\ module\ for\ Bleu (in target 'Bleu' from project 'Bleu')
SwiftCompile normal arm64_32 (in target 'Bleu' from project 'Bleu')
cd /Users/admin/builder/spi-builder-workspace/.swiftpm/xcode
SwiftCompile normal arm64_32 Compiling\ UUID+Extensions.swift,\ CoreBluetoothCentralManager.swift /Users/admin/builder/spi-builder-workspace/Sources/Bleu/Extensions/UUID+Extensions.swift /Users/admin/builder/spi-builder-workspace/Sources/Bleu/Implementations/CoreBluetoothCentralManager.swift (in target 'Bleu' from project 'Bleu')
SwiftCompile normal arm64_32 /Users/admin/builder/spi-builder-workspace/Sources/Bleu/Extensions/UUID+Extensions.swift (in target 'Bleu' from project 'Bleu')
cd /Users/admin/builder/spi-builder-workspace/.swiftpm/xcode
builtin-SwiftPerFileCompile UUID+Extensions.swift
SwiftCompile normal arm64_32 /Users/admin/builder/spi-builder-workspace/Sources/Bleu/Implementations/CoreBluetoothCentralManager.swift (in target 'Bleu' from project 'Bleu')
cd /Users/admin/builder/spi-builder-workspace/.swiftpm/xcode
builtin-SwiftPerFileCompile CoreBluetoothCentralManager.swift
SwiftCompile normal arm64_32 Compiling\ BleuDiagnosticMetrics.swift,\ BleuDiagnostics.swift /Users/admin/builder/spi-builder-workspace/Sources/Bleu/Core/BleuDiagnosticMetrics.swift /Users/admin/builder/spi-builder-workspace/Sources/Bleu/Core/BleuDiagnostics.swift (in target 'Bleu' from project 'Bleu')
SwiftCompile normal arm64_32 /Users/admin/builder/spi-builder-workspace/Sources/Bleu/Core/BleuDiagnosticMetrics.swift (in target 'Bleu' from project 'Bleu')
cd /Users/admin/builder/spi-builder-workspace/.swiftpm/xcode
builtin-SwiftPerFileCompile BleuDiagnosticMetrics.swift
SwiftCompile normal arm64_32 /Users/admin/builder/spi-builder-workspace/Sources/Bleu/Core/BleuDiagnostics.swift (in target 'Bleu' from project 'Bleu')
cd /Users/admin/builder/spi-builder-workspace/.swiftpm/xcode
builtin-SwiftPerFileCompile BleuDiagnostics.swift
SwiftCompile normal arm64_32 Compiling\ CoreBluetoothPeripheralManager.swift,\ ServiceMapper.swift /Users/admin/builder/spi-builder-workspace/Sources/Bleu/Implementations/CoreBluetoothPeripheralManager.swift /Users/admin/builder/spi-builder-workspace/Sources/Bleu/Mapping/ServiceMapper.swift (in target 'Bleu' from project 'Bleu')
/Users/admin/builder/spi-builder-workspace/Sources/Bleu/Implementations/CoreBluetoothPeripheralManager.swift:40:29: error: 'init(delegate:queue:)' is unavailable in watchOS
38 | // TCC check occurs HERE when CBPeripheralManager is created
39 | delegateProxy = CoreBluetoothPeripheralManagerDelegateProxy(actor: self)
40 | peripheralManager = CBPeripheralManager(
| `- error: 'init(delegate:queue:)' is unavailable in watchOS
41 | delegate: delegateProxy,
42 | queue: nil
/Applications/Xcode-27.0.0-Release.Candidate.app/Contents/Developer/Platforms/WatchOS.platform/Developer/SDKs/WatchOS27.0.sdk/System/Library/Frameworks/CoreBluetooth.framework/Headers/CBPeripheralManager.h:144:1: note: 'init(delegate:queue:)' has been explicitly marked unavailable here
142 | */
143 |
144 | - (instancetype)initWithDelegate:(nullable id<CBPeripheralManagerDelegate>)delegate
| `- note: 'init(delegate:queue:)' has been explicitly marked unavailable here
145 | queue:(nullable dispatch_queue_t)queue API_AVAILABLE(ios(6.0), macos(10.9)) API_UNAVAILABLE(watchos, tvos)
146 | #if TARGET_OS_VISION
/Users/admin/builder/spi-builder-workspace/Sources/Bleu/Implementations/CoreBluetoothPeripheralManager.swift:82:25: error: 'init(type:primary:)' is unavailable in watchOS
80 |
81 | // Create service
82 | let cbService = CBMutableService(
| `- error: 'init(type:primary:)' is unavailable in watchOS
83 | type: CBUUID(nsuuid: service.uuid),
84 | primary: service.isPrimary
/Applications/Xcode-27.0.0-Release.Candidate.app/Contents/Developer/Platforms/WatchOS.platform/Developer/SDKs/WatchOS27.0.sdk/System/Library/Frameworks/CoreBluetooth.framework/Headers/CBService.h:92:1: note: 'init(type:primary:)' has been explicitly marked unavailable here
90 | *
91 | */
92 | - (instancetype)initWithType:(CBUUID *)UUID primary:(BOOL)isPrimary API_AVAILABLE(ios(6.0), macos(10.9)) API_UNAVAILABLE(watchos, tvos) NS_DESIGNATED_INITIALIZER
| `- note: 'init(type:primary:)' has been explicitly marked unavailable here
93 | #if TARGET_OS_VISION
94 | API_UNAVAILABLE(visionos)
/Users/admin/builder/spi-builder-workspace/Sources/Bleu/Implementations/CoreBluetoothPeripheralManager.swift:90:34: error: 'init(type:properties:value:permissions:)' is unavailable in watchOS
88 | var cbCharacteristics: [CBMutableCharacteristic] = []
89 | for charMetadata in service.characteristics {
90 | let characteristic = CBMutableCharacteristic(
| `- error: 'init(type:properties:value:permissions:)' is unavailable in watchOS
91 | type: CBUUID(nsuuid: charMetadata.uuid),
92 | properties: charMetadata.properties.cbProperties,
/Applications/Xcode-27.0.0-Release.Candidate.app/Contents/Developer/Platforms/WatchOS.platform/Developer/SDKs/WatchOS27.0.sdk/System/Library/Frameworks/CoreBluetooth.framework/Headers/CBCharacteristic.h:179:1: note: 'init(type:properties:value:permissions:)' has been explicitly marked unavailable here
177 | *
178 | */
179 | - (instancetype)initWithType:(CBUUID *)UUID properties:(CBCharacteristicProperties)properties value:(nullable NSData *)value permissions:(CBAttributePermissions)permissions API_AVAILABLE(ios(6.0), macos(10.9)) API_UNAVAILABLE(watchos, tvos) NS_DESIGNATED_INITIALIZER
| `- note: 'init(type:properties:value:permissions:)' has been explicitly marked unavailable here
180 | #if TARGET_OS_VISION
181 | API_UNAVAILABLE(visionos)
Failed frontend command:
/Applications/Xcode-27.0.0-Release.Candidate.app/Contents/Developer/Toolchains/XcodeDefault.xctoolchain/usr/bin/swift-frontend -frontend -c /Users/admin/builder/spi-builder-workspace/Sources/Bleu/Actors/PeripheralActor.swift /Users/admin/builder/spi-builder-workspace/Sources/Bleu/Core/BLEActorSystem.swift /Users/admin/builder/spi-builder-workspace/Sources/Bleu/Core/BleuConfiguration.swift /Users/admin/builder/spi-builder-workspace/Sources/Bleu/Core/BleuDiagnosticEvent.swift /Users/admin/builder/spi-builder-workspace/Sources/Bleu/Core/BleuDiagnosticMetrics.swift /Users/admin/builder/spi-builder-workspace/Sources/Bleu/Core/BleuDiagnostics.swift /Users/admin/builder/spi-builder-workspace/Sources/Bleu/Core/BleuError.swift /Users/admin/builder/spi-builder-workspace/Sources/Bleu/Core/BleuTypes.swift /Users/admin/builder/spi-builder-workspace/Sources/Bleu/Core/CBManagerState+Resolution.swift /Users/admin/builder/spi-builder-workspace/Sources/Bleu/Core/CoreBluetoothCharacteristicSnapshot.swift /Users/admin/builder/spi-builder-workspace/Sources/Bleu/Core/CoreBluetoothServiceSnapshot.swift /Users/admin/builder/spi-builder-workspace/Sources/Bleu/Extensions/AsyncChannel.swift /Users/admin/builder/spi-builder-workspace/Sources/Bleu/Extensions/UUID+Extensions.swift /Users/admin/builder/spi-builder-workspace/Sources/Bleu/Implementations/CoreBluetoothCentralManager.swift -primary-file /Users/admin/builder/spi-builder-workspace/Sources/Bleu/Implementations/CoreBluetoothPeripheralManager.swift -primary-file /Users/admin/builder/spi-builder-workspace/Sources/Bleu/Mapping/ServiceMapper.swift /Users/admin/builder/spi-builder-workspace/Sources/Bleu/Protocols/BLEManagerProtocols.swift /Users/admin/builder/spi-builder-workspace/Sources/Bleu/Transport/BLETransport.swift /Users/admin/builder/spi-builder-workspace/Sources/Bleu/Utils/BleuLogger.swift -emit-dependencies-path /Users/admin/builder/spi-builder-workspace/.derivedData/Build/Intermediates.noindex/Bleu.build/Debug-watchos/Bleu-t.build/Objects-normal/arm64_32/CoreBluetoothPeripheralManager.d -emit-const-values-path /Users/admin/builder/spi-builder-workspace/.derivedData/Build/Intermediates.noindex/Bleu.build/Debug-watchos/Bleu-t.build/Objects-normal/arm64_32/CoreBluetoothPeripheralManager.swiftconstvalues -emit-reference-dependencies-path /Users/admin/builder/spi-builder-workspace/.derivedData/Build/Intermediates.noindex/Bleu.build/Debug-watchos/Bleu-t.build/Objects-normal/arm64_32/CoreBluetoothPeripheralManager.swiftdeps -serialize-diagnostics-path /Users/admin/builder/spi-builder-workspace/.derivedData/Build/Intermediates.noindex/Bleu.build/Debug-watchos/Bleu-t.build/Objects-normal/arm64_32/CoreBluetoothPeripheralManager.dia -emit-dependencies-path /Users/admin/builder/spi-builder-workspace/.derivedData/Build/Intermediates.noindex/Bleu.build/Debug-watchos/Bleu-t.build/Objects-normal/arm64_32/ServiceMapper.d -emit-const-values-path /Users/admin/builder/spi-builder-workspace/.derivedData/Build/Intermediates.noindex/Bleu.build/Debug-watchos/Bleu-t.build/Objects-normal/arm64_32/ServiceMapper.swiftconstvalues -emit-reference-dependencies-path /Users/admin/builder/spi-builder-workspace/.derivedData/Build/Intermediates.noindex/Bleu.build/Debug-watchos/Bleu-t.build/Objects-normal/arm64_32/ServiceMapper.swiftdeps -serialize-diagnostics-path /Users/admin/builder/spi-builder-workspace/.derivedData/Build/Intermediates.noindex/Bleu.build/Debug-watchos/Bleu-t.build/Objects-normal/arm64_32/ServiceMapper.dia -target arm64_32-apple-watchos11.0 -disable-cross-import-overlay-search -load-resolved-plugin /Applications/Xcode-27.0.0-Release.Candidate.app/Contents/Developer/Platforms/WatchOS.platform/Developer/usr/lib/swift/host/plugins/libFoundationMacros.dylib\#/Applications/Xcode-27.0.0-Release.Candidate.app/Contents/Developer/Platforms/WatchOS.platform/Developer/usr/bin/swift-plugin-server\#FoundationMacros -load-resolved-plugin /Applications/Xcode-27.0.0-Release.Candidate.app/Contents/Developer/Platforms/WatchOS.platform/Developer/usr/lib/swift/host/plugins/libObservationMacros.dylib\#/Applications/Xcode-27.0.0-Release.Candidate.app/Contents/Developer/Platforms/WatchOS.platform/Developer/usr/bin/swift-plugin-server\#ObservationMacros -load-resolved-plugin /Applications/Xcode-27.0.0-Release.Candidate.app/Contents/Developer/Platforms/WatchOS.platform/Developer/usr/lib/swift/host/plugins/libSwiftMacros.dylib\#/Applications/Xcode-27.0.0-Release.Candidate.app/Contents/Developer/Platforms/WatchOS.platform/Developer/usr/bin/swift-plugin-server\#SwiftMacros -disable-implicit-swift-modules -Xcc -fno-implicit-modules -Xcc -fno-implicit-module-maps -explicit-swift-module-map-file /Users/admin/builder/spi-builder-workspace/.derivedData/Build/Intermediates.noindex/Bleu.build/Debug-watchos/Bleu-t.build/Objects-normal/arm64_32/Bleu-dependencies-1.json -enable-objc-interop -sdk /Applications/Xcode-27.0.0-Release.Candidate.app/Contents/Developer/Platforms/WatchOS.platform/Developer/SDKs/WatchOS27.0.sdk -I /Users/admin/builder/spi-builder-workspace/.derivedData/Build/Products/Debug-watchos -Isystem /Applications/Xcode-27.0.0-Release.Candidate.app/Contents/Developer/Platforms/WatchOS.platform/Developer/usr/lib -F /Users/admin/builder/spi-builder-workspace/.derivedData/Build/Products/Debug-watchos/PackageFrameworks -F /Users/admin/builder/spi-builder-workspace/.derivedData/Build/Products/Debug-watchos -F /Applications/Xcode-27.0.0-Release.Candidate.app/Contents/Developer/Platforms/WatchOS.platform/Developer/Library/Frameworks -F /Applications/Xcode-27.0.0-Release.Candidate.app/Contents/Developer/Platforms/WatchOS.platform/Developer/SDKs/WatchOS27.0.sdk/Developer/Library/Frameworks -module-cache-path /Users/admin/builder/spi-builder-workspace/.derivedData/Build/Intermediates.noindex/SwiftExplicitPrecompiledModules -no-color-diagnostics -Xcc -fno-color-diagnostics -enable-testing -g -debug-info-format\=dwarf -dwarf-version\=5 -profile-generate -profile-coverage-mapping -swift-version 6 -Onone -D SWIFT_PACKAGE -D DEBUG -D SWIFT_MODULE_RESOURCE_BUNDLE_UNAVAILABLE -D Xcode -serialize-debugging-options -enable-experimental-feature DebugDescriptionMacro -empty-abi-descriptor -validate-clang-modules-once -clang-build-session-file /Users/admin/builder/spi-builder-workspace/.derivedData/ModuleCache.noindex/Session.modulevalidation -Xcc -working-directory -Xcc /Users/admin/builder/spi-builder-workspace/.swiftpm/xcode -enable-anonymous-context-mangled-names -file-compilation-dir /Users/admin/builder/spi-builder-workspace/.swiftpm/xcode -Xcc -D_LIBCPP_HARDENING_MODE\=_LIBCPP_HARDENING_MODE_DEBUG -Xcc -ivfsstatcache -Xcc /Users/admin/builder/spi-builder-workspace/.derivedData/SDKStatCaches.noindex/watchos27.0-24R360-e829b21a6f8c9b70876ba0858053c04477534ef55a1706bf4c1112bbb242f0a2.sdkstatcache -Xcc -fmodules-prune-interval\=86400 -Xcc -fmodules-prune-after\=345600 -Xcc -I/Users/admin/builder/spi-builder-workspace/.derivedData/Build/Products/Debug-watchos/include -Xcc -I/Users/admin/builder/spi-builder-workspace/.derivedData/Build/Intermediates.noindex/Bleu.build/Debug-watchos/Bleu-t.build/DerivedSources-normal/arm64_32 -Xcc -I/Users/admin/builder/spi-builder-workspace/.derivedData/Build/Intermediates.noindex/Bleu.build/Debug-watchos/Bleu-t.build/DerivedSources/arm64_32 -Xcc -I/Users/admin/builder/spi-builder-workspace/.derivedData/Build/Intermediates.noindex/Bleu.build/Debug-watchos/Bleu-t.build/DerivedSources -Xcc -DSWIFT_PACKAGE -Xcc -DDEBUG\=1 -no-auto-bridging-header-chaining -module-name Bleu -package-name spi_builder_workspace -const-gather-protocols-file /Users/admin/builder/spi-builder-workspace/.derivedData/Build/Intermediates.noindex/Bleu.build/Debug-watchos/Bleu-t.build/Objects-normal/arm64_32/Bleu_const_extract_protocols.json -disable-clang-spi -clang-target arm64_32-apple-watchos27.0 -target-sdk-version 27.0 -target-sdk-name watchos27.0 -in-process-plugin-server-path /Applications/Xcode-27.0.0-Release.Candidate.app/Contents/Developer/Toolchains/XcodeDefault.xctoolchain/usr/lib/swift/host/libSwiftInProcPluginServer.dylib -parse-as-library -o /Users/admin/builder/spi-builder-workspace/.derivedData/Build/Intermediates.noindex/Bleu.build/Debug-watchos/Bleu-t.build/Objects-normal/arm64_32/CoreBluetoothPeripheralManager.o -o /Users/admin/builder/spi-builder-workspace/.derivedData/Build/Intermediates.noindex/Bleu.build/Debug-watchos/Bleu-t.build/Objects-normal/arm64_32/ServiceMapper.o -debug-module-path /Users/admin/builder/spi-builder-workspace/.derivedData/Build/Intermediates.noindex/Bleu.build/Debug-watchos/Bleu-t.build/Objects-normal/arm64_32/Bleu.swiftmodule -index-unit-output-path /Bleu.build/Debug-watchos/Bleu-t.build/Objects-normal/arm64_32/CoreBluetoothPeripheralManager.o -index-unit-output-path /Bleu.build/Debug-watchos/Bleu-t.build/Objects-normal/arm64_32/ServiceMapper.o -index-store-path /Users/admin/builder/spi-builder-workspace/.derivedData/Index.noindex/DataStore -index-system-modules
SwiftCompile normal arm64_32 /Users/admin/builder/spi-builder-workspace/Sources/Bleu/Implementations/CoreBluetoothPeripheralManager.swift (in target 'Bleu' from project 'Bleu')
cd /Users/admin/builder/spi-builder-workspace/.swiftpm/xcode
builtin-SwiftPerFileCompile CoreBluetoothPeripheralManager.swift
SwiftCompile normal arm64_32 /Users/admin/builder/spi-builder-workspace/Sources/Bleu/Mapping/ServiceMapper.swift (in target 'Bleu' from project 'Bleu')
cd /Users/admin/builder/spi-builder-workspace/.swiftpm/xcode
builtin-SwiftPerFileCompile ServiceMapper.swift
SwiftCompile normal arm64_32 Compiling\ BleuError.swift,\ BleuTypes.swift /Users/admin/builder/spi-builder-workspace/Sources/Bleu/Core/BleuError.swift /Users/admin/builder/spi-builder-workspace/Sources/Bleu/Core/BleuTypes.swift (in target 'Bleu' from project 'Bleu')
SwiftCompile normal arm64_32 /Users/admin/builder/spi-builder-workspace/Sources/Bleu/Core/BleuError.swift (in target 'Bleu' from project 'Bleu')
cd /Users/admin/builder/spi-builder-workspace/.swiftpm/xcode
builtin-SwiftPerFileCompile BleuError.swift
SwiftCompile normal arm64_32 /Users/admin/builder/spi-builder-workspace/Sources/Bleu/Core/BleuTypes.swift (in target 'Bleu' from project 'Bleu')
cd /Users/admin/builder/spi-builder-workspace/.swiftpm/xcode
builtin-SwiftPerFileCompile BleuTypes.swift
SwiftCompile normal arm64_32 Compiling\ BLEManagerProtocols.swift,\ BLETransport.swift /Users/admin/builder/spi-builder-workspace/Sources/Bleu/Protocols/BLEManagerProtocols.swift /Users/admin/builder/spi-builder-workspace/Sources/Bleu/Transport/BLETransport.swift (in target 'Bleu' from project 'Bleu')
SwiftCompile normal arm64_32 /Users/admin/builder/spi-builder-workspace/Sources/Bleu/Protocols/BLEManagerProtocols.swift (in target 'Bleu' from project 'Bleu')
cd /Users/admin/builder/spi-builder-workspace/.swiftpm/xcode
builtin-SwiftPerFileCompile BLEManagerProtocols.swift
SwiftCompile normal arm64_32 /Users/admin/builder/spi-builder-workspace/Sources/Bleu/Transport/BLETransport.swift (in target 'Bleu' from project 'Bleu')
cd /Users/admin/builder/spi-builder-workspace/.swiftpm/xcode
builtin-SwiftPerFileCompile BLETransport.swift
SwiftCompile normal arm64_32 Compiling\ PeripheralActor.swift,\ BLEActorSystem.swift /Users/admin/builder/spi-builder-workspace/Sources/Bleu/Actors/PeripheralActor.swift /Users/admin/builder/spi-builder-workspace/Sources/Bleu/Core/BLEActorSystem.swift (in target 'Bleu' from project 'Bleu')
SwiftCompile normal arm64_32 /Users/admin/builder/spi-builder-workspace/Sources/Bleu/Actors/PeripheralActor.swift (in target 'Bleu' from project 'Bleu')
cd /Users/admin/builder/spi-builder-workspace/.swiftpm/xcode
builtin-SwiftPerFileCompile PeripheralActor.swift
SwiftCompile normal arm64_32 /Users/admin/builder/spi-builder-workspace/Sources/Bleu/Core/BLEActorSystem.swift (in target 'Bleu' from project 'Bleu')
cd /Users/admin/builder/spi-builder-workspace/.swiftpm/xcode
builtin-SwiftPerFileCompile BLEActorSystem.swift
SwiftEmitModule normal arm64 Emitting\ module\ for\ Bleu (in target 'Bleu' from project 'Bleu')
SwiftCompile normal arm64 (in target 'Bleu' from project 'Bleu')
cd /Users/admin/builder/spi-builder-workspace/.swiftpm/xcode
CreateUniversalBinary /Users/admin/builder/spi-builder-workspace/.derivedData/Build/Products/Debug-watchos/ActorRuntime.o normal arm64\ arm64_32 (in target 'ActorRuntime' from project 'swift-actor-runtime')
cd /Users/admin/builder/spi-builder-workspace/.dependencies/checkouts/swift-actor-runtime
/Applications/Xcode-27.0.0-Release.Candidate.app/Contents/Developer/Toolchains/XcodeDefault.xctoolchain/usr/bin/lipo -create /Users/admin/builder/spi-builder-workspace/.derivedData/Build/Intermediates.noindex/swift-actor-runtime.build/Debug-watchos/ActorRuntime-t.build/Objects-normal/arm64/Binary/ActorRuntime.o /Users/admin/builder/spi-builder-workspace/.derivedData/Build/Intermediates.noindex/swift-actor-runtime.build/Debug-watchos/ActorRuntime-t.build/Objects-normal/arm64_32/Binary/ActorRuntime.o -output /Users/admin/builder/spi-builder-workspace/.derivedData/Build/Products/Debug-watchos/ActorRuntime.o
SwiftDriverJobDiscovery normal arm64_32 Compiling CBManagerState+Resolution.swift, CoreBluetoothCharacteristicSnapshot.swift (in target 'Bleu' from project 'Bleu')
SwiftCompile normal arm64 Compiling\ BleuConfiguration.swift,\ BleuDiagnosticEvent.swift /Users/admin/builder/spi-builder-workspace/Sources/Bleu/Core/BleuConfiguration.swift /Users/admin/builder/spi-builder-workspace/Sources/Bleu/Core/BleuDiagnosticEvent.swift (in target 'Bleu' from project 'Bleu')
SwiftCompile normal arm64 /Users/admin/builder/spi-builder-workspace/Sources/Bleu/Core/BleuConfiguration.swift (in target 'Bleu' from project 'Bleu')
cd /Users/admin/builder/spi-builder-workspace/.swiftpm/xcode
builtin-SwiftPerFileCompile BleuConfiguration.swift
SwiftCompile normal arm64 /Users/admin/builder/spi-builder-workspace/Sources/Bleu/Core/BleuDiagnosticEvent.swift (in target 'Bleu' from project 'Bleu')
cd /Users/admin/builder/spi-builder-workspace/.swiftpm/xcode
builtin-SwiftPerFileCompile BleuDiagnosticEvent.swift
SwiftCompile normal arm64 Compiling\ BLEManagerProtocols.swift,\ BLETransport.swift /Users/admin/builder/spi-builder-workspace/Sources/Bleu/Protocols/BLEManagerProtocols.swift /Users/admin/builder/spi-builder-workspace/Sources/Bleu/Transport/BLETransport.swift (in target 'Bleu' from project 'Bleu')
SwiftCompile normal arm64 /Users/admin/builder/spi-builder-workspace/Sources/Bleu/Protocols/BLEManagerProtocols.swift (in target 'Bleu' from project 'Bleu')
cd /Users/admin/builder/spi-builder-workspace/.swiftpm/xcode
builtin-SwiftPerFileCompile BLEManagerProtocols.swift
SwiftCompile normal arm64 /Users/admin/builder/spi-builder-workspace/Sources/Bleu/Transport/BLETransport.swift (in target 'Bleu' from project 'Bleu')
cd /Users/admin/builder/spi-builder-workspace/.swiftpm/xcode
builtin-SwiftPerFileCompile BLETransport.swift
SwiftDriverJobDiscovery normal arm64_32 Compiling BleuDiagnosticMetrics.swift, BleuDiagnostics.swift (in target 'Bleu' from project 'Bleu')
SwiftCompile normal arm64 Compiling\ BleuDiagnosticMetrics.swift,\ BleuDiagnostics.swift /Users/admin/builder/spi-builder-workspace/Sources/Bleu/Core/BleuDiagnosticMetrics.swift /Users/admin/builder/spi-builder-workspace/Sources/Bleu/Core/BleuDiagnostics.swift (in target 'Bleu' from project 'Bleu')
SwiftCompile normal arm64 /Users/admin/builder/spi-builder-workspace/Sources/Bleu/Core/BleuDiagnosticMetrics.swift (in target 'Bleu' from project 'Bleu')
cd /Users/admin/builder/spi-builder-workspace/.swiftpm/xcode
builtin-SwiftPerFileCompile BleuDiagnosticMetrics.swift
SwiftCompile normal arm64 /Users/admin/builder/spi-builder-workspace/Sources/Bleu/Core/BleuDiagnostics.swift (in target 'Bleu' from project 'Bleu')
cd /Users/admin/builder/spi-builder-workspace/.swiftpm/xcode
builtin-SwiftPerFileCompile BleuDiagnostics.swift
PruneExplicitPrecompiledModules /Users/admin/builder/spi-builder-workspace/.derivedData/Build/Intermediates.noindex/SwiftExplicitPrecompiledModules
PruneExplicitPrecompiledModules /Users/admin/builder/spi-builder-workspace/.derivedData/Build/Intermediates.noindex/ExplicitPrecompiledModules
PruneExplicitPrecompiledModules /Users/admin/builder/spi-builder-workspace/.derivedData/SDKExplicitPrecompiledModules
2026-09-25 00:32:19.451 xcodebuild[733:4284] [MT] IDERunDestination: Supported platforms for the buildables in the current scheme is empty.
** BUILD FAILED **
The following build commands failed:
SwiftCompile normal arm64_32 Compiling\ CoreBluetoothPeripheralManager.swift,\ ServiceMapper.swift /Users/admin/builder/spi-builder-workspace/Sources/Bleu/Implementations/CoreBluetoothPeripheralManager.swift /Users/admin/builder/spi-builder-workspace/Sources/Bleu/Mapping/ServiceMapper.swift (in target 'Bleu' from project 'Bleu')
SwiftCompile normal arm64_32 /Users/admin/builder/spi-builder-workspace/Sources/Bleu/Implementations/CoreBluetoothPeripheralManager.swift (in target 'Bleu' from project 'Bleu')
Building workspace Bleu with scheme Bleu
(3 failures)
Command line invocation:
/Applications/Xcode-27.0.0-Release.Candidate.app/Contents/Developer/usr/bin/xcodebuild -IDEClonedSourcePackagesDirPathOverride=/Users/admin/builder/spi-builder-workspace/.dependencies -resolvePackageDependencies
Resolve Package Graph
Resolved source packages:
swift-actor-runtime: https://github.com/1amageek/swift-actor-runtime @ 0.5.0
swift-log: https://github.com/apple/swift-log.git @ 1.15.1
Bleu: /Users/admin/builder/spi-builder-workspace
CoreBluetoothEmulator: https://github.com/1amageek/CoreBluetoothEmulator @ main (579963e)
resolved source packages: swift-actor-runtime, swift-log, Bleu, CoreBluetoothEmulator
2026-09-25 00:32:26.722 xcodebuild[950:5325] [MT] IDERunDestination: Supported platforms for the buildables in the current scheme is empty.
{
"dependencies" : [
{
"identity" : "swift-actor-runtime",
"requirement" : {
"exact" : [
"0.5.0"
]
},
"type" : "sourceControl",
"url" : "https://github.com/1amageek/swift-actor-runtime"
},
{
"identity" : "swift-log",
"requirement" : {
"range" : [
{
"lower_bound" : "1.6.4",
"upper_bound" : "2.0.0"
}
]
},
"type" : "sourceControl",
"url" : "https://github.com/apple/swift-log.git"
},
{
"identity" : "corebluetoothemulator",
"requirement" : {
"branch" : [
"main"
]
},
"type" : "sourceControl",
"url" : "https://github.com/1amageek/CoreBluetoothEmulator"
}
],
"manifest_display_name" : "Bleu",
"name" : "Bleu",
"path" : "/Users/admin/builder/spi-builder-workspace",
"platforms" : [
{
"name" : "ios",
"version" : "18.0"
},
{
"name" : "macos",
"version" : "15.0"
},
{
"name" : "watchos",
"version" : "11.0"
},
{
"name" : "tvos",
"version" : "18.0"
}
],
"products" : [
{
"name" : "Bleu",
"targets" : [
"Bleu"
],
"type" : {
"library" : [
"automatic"
]
}
}
],
"targets" : [
{
"c99name" : "BleuTests",
"module_type" : "SwiftTarget",
"name" : "BleuTests",
"path" : "Tests/BleuTests",
"product_dependencies" : [
"CoreBluetoothEmulator"
],
"sources" : [
"Hardware/RealBLETests.swift",
"Integration/ErrorHandlingTests.swift",
"Integration/FullWorkflowTests.swift",
"Integration/MinimalEmulatorTest.swift",
"Integration/MockActorSystemTests.swift",
"Integration/MultiProcessEmulatorTests.swift",
"Integration/ResolvableTests.swift",
"Mocks/Emulator/EmulatedBLECentralManager.swift",
"Mocks/Emulator/EmulatedBLEPeripheralManager.swift",
"Mocks/MockActorExamples.swift",
"Mocks/MockBLEActorSystem.swift",
"Mocks/MockBLEBridge.swift",
"Mocks/MockCentralManager.swift",
"Mocks/MockPeripheralManager.swift",
"Mocks/TestHelpers.swift",
"Unit/BleuV2SwiftTests.swift",
"Unit/RPCTests.swift",
"Unit/TransportLayerTests.swift",
"Unit/UnitTests.swift"
],
"target_dependencies" : [
"Bleu"
],
"type" : "test"
},
{
"c99name" : "Bleu",
"module_type" : "SwiftTarget",
"name" : "Bleu",
"path" : "Sources/Bleu",
"product_dependencies" : [
"ActorRuntime",
"Logging"
],
"product_memberships" : [
"Bleu"
],
"sources" : [
"Actors/PeripheralActor.swift",
"Core/BLEActorSystem.swift",
"Core/BleuConfiguration.swift",
"Core/BleuDiagnosticEvent.swift",
"Core/BleuDiagnosticMetrics.swift",
"Core/BleuDiagnostics.swift",
"Core/BleuError.swift",
"Core/BleuTypes.swift",
"Core/CBManagerState+Resolution.swift",
"Core/CoreBluetoothCharacteristicSnapshot.swift",
"Core/CoreBluetoothServiceSnapshot.swift",
"Extensions/AsyncChannel.swift",
"Extensions/UUID+Extensions.swift",
"Implementations/CoreBluetoothCentralManager.swift",
"Implementations/CoreBluetoothPeripheralManager.swift",
"Mapping/ServiceMapper.swift",
"Protocols/BLEManagerProtocols.swift",
"Transport/BLETransport.swift",
"Utils/BleuLogger.swift"
],
"type" : "library"
}
],
"tools_version" : "6.3"
}
{
"workspace" : {
"name" : "Bleu",
"schemes" : [
"Bleu"
]
}
}
2026-09-25 00:32:28.009 xcodebuild[958:5387] [MT] IDERunDestination: Supported platforms for the buildables in the current scheme is empty.
Running build ...
env DEVELOPER_DIR=/Applications/Xcode-27.0.0-Release.Candidate.app xcrun xcodebuild -IDEClonedSourcePackagesDirPathOverride=$PWD/.dependencies -skipMacroValidation -skipPackagePluginValidation -derivedDataPath $PWD/.derivedData build -scheme Bleu -destination generic/platform=watchOS
Command line invocation:
/Applications/Xcode-27.0.0-Release.Candidate.app/Contents/Developer/usr/bin/xcodebuild -IDEClonedSourcePackagesDirPathOverride=/Users/admin/builder/spi-builder-workspace/.dependencies -skipMacroValidation -skipPackagePluginValidation -derivedDataPath /Users/admin/builder/spi-builder-workspace/.derivedData build -scheme Bleu -destination generic/platform=watchOS
Resolve Package Graph
Resolved source packages:
swift-log: https://github.com/apple/swift-log.git @ 1.15.1
Bleu: /Users/admin/builder/spi-builder-workspace
CoreBluetoothEmulator: https://github.com/1amageek/CoreBluetoothEmulator @ main (579963e)
swift-actor-runtime: https://github.com/1amageek/swift-actor-runtime @ 0.5.0
ComputePackagePrebuildTargetDependencyGraph
Prepare packages
CreateBuildRequest
SendProjectDescription
CreateBuildOperation
ComputeTargetDependencyGraph
note: Building targets in dependency order
note: Target dependency graph (6 targets)
Target 'Bleu-product' in project 'Bleu'
➜ Explicit dependency on target 'Bleu' in project 'Bleu'
➜ Explicit dependency on target 'ActorRuntime-product' in project 'swift-actor-runtime'
➜ Explicit dependency on target 'Logging-product' in project 'swift-log'
Target 'Bleu' in project 'Bleu'
➜ Explicit dependency on target 'ActorRuntime-product' in project 'swift-actor-runtime'
➜ Explicit dependency on target 'Logging-product' in project 'swift-log'
Target 'Logging-product' in project 'swift-log'
➜ Explicit dependency on target 'Logging' in project 'swift-log'
Target 'Logging' in project 'swift-log' (no dependencies)
Target 'ActorRuntime-product' in project 'swift-actor-runtime'
➜ Explicit dependency on target 'ActorRuntime' in project 'swift-actor-runtime'
Target 'ActorRuntime' in project 'swift-actor-runtime' (no dependencies)
GatherProvisioningInputs
CreateBuildDescription
ClangStatCache /Applications/Xcode-27.0.0-Release.Candidate.app/Contents/Developer/Toolchains/XcodeDefault.xctoolchain/usr/bin/clang-stat-cache /Applications/Xcode-27.0.0-Release.Candidate.app/Contents/Developer/Platforms/WatchOS.platform/Developer/SDKs/WatchOS27.0.sdk /Users/admin/builder/spi-builder-workspace/.derivedData/SDKStatCaches.noindex/watchos27.0-24R360-e829b21a6f8c9b70876ba0858053c04477534ef55a1706bf4c1112bbb242f0a2.sdkstatcache
cd /Users/admin/builder/spi-builder-workspace/.swiftpm/xcode
/Applications/Xcode-27.0.0-Release.Candidate.app/Contents/Developer/Toolchains/XcodeDefault.xctoolchain/usr/bin/clang-stat-cache /Applications/Xcode-27.0.0-Release.Candidate.app/Contents/Developer/Platforms/WatchOS.platform/Developer/SDKs/WatchOS27.0.sdk -o /Users/admin/builder/spi-builder-workspace/.derivedData/SDKStatCaches.noindex/watchos27.0-24R360-e829b21a6f8c9b70876ba0858053c04477534ef55a1706bf4c1112bbb242f0a2.sdkstatcache
SwiftDriver Bleu normal arm64 com.apple.xcode.tools.swift.compiler (in target 'Bleu' from project 'Bleu')
cd /Users/admin/builder/spi-builder-workspace/.swiftpm/xcode
builtin-SwiftDriver -- /Applications/Xcode-27.0.0-Release.Candidate.app/Contents/Developer/Toolchains/XcodeDefault.xctoolchain/usr/bin/swiftc -parse-as-library -module-name Bleu -Onone @/Users/admin/builder/spi-builder-workspace/.derivedData/Build/Intermediates.noindex/Bleu.build/Debug-watchos/Bleu-t.build/Objects-normal/arm64/Bleu.SwiftFileList -DSWIFT_PACKAGE -DDEBUG -DSWIFT_MODULE_RESOURCE_BUNDLE_UNAVAILABLE -DXcode -plugin-path /Applications/Xcode-27.0.0-Release.Candidate.app/Contents/Developer/Toolchains/XcodeDefault.xctoolchain/usr/lib/swift/host/plugins/testing -enable-experimental-feature DebugDescriptionMacro -sdk /Applications/Xcode-27.0.0-Release.Candidate.app/Contents/Developer/Platforms/WatchOS.platform/Developer/SDKs/WatchOS27.0.sdk -target arm64-apple-watchos11.0 -g -module-cache-path /Users/admin/builder/spi-builder-workspace/.derivedData/ModuleCache.noindex -Xfrontend -serialize-debugging-options -profile-coverage-mapping -profile-generate -enable-testing -index-store-path /Users/admin/builder/spi-builder-workspace/.derivedData/Index.noindex/DataStore -Xcc -D_LIBCPP_HARDENING_MODE\=_LIBCPP_HARDENING_MODE_DEBUG -swift-version 6 -I /Users/admin/builder/spi-builder-workspace/.derivedData/Build/Products/Debug-watchos -Isystem /Applications/Xcode-27.0.0-Release.Candidate.app/Contents/Developer/Platforms/WatchOS.platform/Developer/usr/lib -F /Users/admin/builder/spi-builder-workspace/.derivedData/Build/Products/Debug-watchos/PackageFrameworks -F /Users/admin/builder/spi-builder-workspace/.derivedData/Build/Products/Debug-watchos -F /Applications/Xcode-27.0.0-Release.Candidate.app/Contents/Developer/Platforms/WatchOS.platform/Developer/Library/Frameworks -F /Applications/Xcode-27.0.0-Release.Candidate.app/Contents/Developer/Platforms/WatchOS.platform/Developer/SDKs/WatchOS27.0.sdk/Developer/Library/Frameworks -c -j10 -enable-batch-mode -incremental -Xcc -ivfsstatcache -Xcc /Users/admin/builder/spi-builder-workspace/.derivedData/SDKStatCaches.noindex/watchos27.0-24R360-e829b21a6f8c9b70876ba0858053c04477534ef55a1706bf4c1112bbb242f0a2.sdkstatcache -output-file-map /Users/admin/builder/spi-builder-workspace/.derivedData/Build/Intermediates.noindex/Bleu.build/Debug-watchos/Bleu-t.build/Objects-normal/arm64/Bleu-OutputFileMap.json -save-temps -no-color-diagnostics -explicit-module-build -module-cache-path /Users/admin/builder/spi-builder-workspace/.derivedData/Build/Intermediates.noindex/SwiftExplicitPrecompiledModules -clang-scanner-module-cache-path /Users/admin/builder/spi-builder-workspace/.derivedData/ModuleCache.noindex -sdk-module-cache-path /Users/admin/builder/spi-builder-workspace/.derivedData/SDKExplicitPrecompiledModules -emit-dependencies -emit-module -emit-module-path /Users/admin/builder/spi-builder-workspace/.derivedData/Build/Intermediates.noindex/Bleu.build/Debug-watchos/Bleu-t.build/Objects-normal/arm64/Bleu.swiftmodule -serialize-diagnostics -dependency-scan-serialize-diagnostics-path /Users/admin/builder/spi-builder-workspace/.derivedData/Build/Intermediates.noindex/Bleu.build/Debug-watchos/Bleu-t.build/Objects-normal/arm64/Bleu-dependency-scan.dia -validate-clang-modules-once -clang-build-session-file /Users/admin/builder/spi-builder-workspace/.derivedData/ModuleCache.noindex/Session.modulevalidation -Xcc -fmodules-prune-interval\=86400 -Xcc -fmodules-prune-after\=345600 -package-name spi_builder_workspace -emit-const-values -const-gather-protocols-list /Users/admin/builder/spi-builder-workspace/.derivedData/Build/Intermediates.noindex/Bleu.build/Debug-watchos/Bleu-t.build/Objects-normal/arm64/Bleu_const_extract_protocols.json -Xcc -I/Users/admin/builder/spi-builder-workspace/.derivedData/Build/Products/Debug-watchos/include -Xcc -I/Users/admin/builder/spi-builder-workspace/.derivedData/Build/Intermediates.noindex/Bleu.build/Debug-watchos/Bleu-t.build/DerivedSources-normal/arm64 -Xcc -I/Users/admin/builder/spi-builder-workspace/.derivedData/Build/Intermediates.noindex/Bleu.build/Debug-watchos/Bleu-t.build/DerivedSources/arm64 -Xcc -I/Users/admin/builder/spi-builder-workspace/.derivedData/Build/Intermediates.noindex/Bleu.build/Debug-watchos/Bleu-t.build/DerivedSources -Xcc -DSWIFT_PACKAGE -Xcc -DDEBUG\=1 -emit-objc-header -emit-objc-header-path /Users/admin/builder/spi-builder-workspace/.derivedData/Build/Intermediates.noindex/Bleu.build/Debug-watchos/Bleu-t.build/Objects-normal/arm64/Bleu-Swift.h -working-directory /Users/admin/builder/spi-builder-workspace/.swiftpm/xcode -experimental-emit-module-separately -disable-cmo
SwiftDriver Bleu normal arm64_32 com.apple.xcode.tools.swift.compiler (in target 'Bleu' from project 'Bleu')
cd /Users/admin/builder/spi-builder-workspace/.swiftpm/xcode
builtin-SwiftDriver -- /Applications/Xcode-27.0.0-Release.Candidate.app/Contents/Developer/Toolchains/XcodeDefault.xctoolchain/usr/bin/swiftc -parse-as-library -module-name Bleu -Onone @/Users/admin/builder/spi-builder-workspace/.derivedData/Build/Intermediates.noindex/Bleu.build/Debug-watchos/Bleu-t.build/Objects-normal/arm64_32/Bleu.SwiftFileList -DSWIFT_PACKAGE -DDEBUG -DSWIFT_MODULE_RESOURCE_BUNDLE_UNAVAILABLE -DXcode -plugin-path /Applications/Xcode-27.0.0-Release.Candidate.app/Contents/Developer/Toolchains/XcodeDefault.xctoolchain/usr/lib/swift/host/plugins/testing -enable-experimental-feature DebugDescriptionMacro -sdk /Applications/Xcode-27.0.0-Release.Candidate.app/Contents/Developer/Platforms/WatchOS.platform/Developer/SDKs/WatchOS27.0.sdk -target arm64_32-apple-watchos11.0 -g -module-cache-path /Users/admin/builder/spi-builder-workspace/.derivedData/ModuleCache.noindex -Xfrontend -serialize-debugging-options -profile-coverage-mapping -profile-generate -enable-testing -index-store-path /Users/admin/builder/spi-builder-workspace/.derivedData/Index.noindex/DataStore -Xcc -D_LIBCPP_HARDENING_MODE\=_LIBCPP_HARDENING_MODE_DEBUG -swift-version 6 -I /Users/admin/builder/spi-builder-workspace/.derivedData/Build/Products/Debug-watchos -Isystem /Applications/Xcode-27.0.0-Release.Candidate.app/Contents/Developer/Platforms/WatchOS.platform/Developer/usr/lib -F /Users/admin/builder/spi-builder-workspace/.derivedData/Build/Products/Debug-watchos/PackageFrameworks -F /Users/admin/builder/spi-builder-workspace/.derivedData/Build/Products/Debug-watchos -F /Applications/Xcode-27.0.0-Release.Candidate.app/Contents/Developer/Platforms/WatchOS.platform/Developer/Library/Frameworks -F /Applications/Xcode-27.0.0-Release.Candidate.app/Contents/Developer/Platforms/WatchOS.platform/Developer/SDKs/WatchOS27.0.sdk/Developer/Library/Frameworks -c -j10 -enable-batch-mode -incremental -Xcc -ivfsstatcache -Xcc /Users/admin/builder/spi-builder-workspace/.derivedData/SDKStatCaches.noindex/watchos27.0-24R360-e829b21a6f8c9b70876ba0858053c04477534ef55a1706bf4c1112bbb242f0a2.sdkstatcache -output-file-map /Users/admin/builder/spi-builder-workspace/.derivedData/Build/Intermediates.noindex/Bleu.build/Debug-watchos/Bleu-t.build/Objects-normal/arm64_32/Bleu-OutputFileMap.json -save-temps -no-color-diagnostics -explicit-module-build -module-cache-path /Users/admin/builder/spi-builder-workspace/.derivedData/Build/Intermediates.noindex/SwiftExplicitPrecompiledModules -clang-scanner-module-cache-path /Users/admin/builder/spi-builder-workspace/.derivedData/ModuleCache.noindex -sdk-module-cache-path /Users/admin/builder/spi-builder-workspace/.derivedData/SDKExplicitPrecompiledModules -emit-dependencies -emit-module -emit-module-path /Users/admin/builder/spi-builder-workspace/.derivedData/Build/Intermediates.noindex/Bleu.build/Debug-watchos/Bleu-t.build/Objects-normal/arm64_32/Bleu.swiftmodule -serialize-diagnostics -dependency-scan-serialize-diagnostics-path /Users/admin/builder/spi-builder-workspace/.derivedData/Build/Intermediates.noindex/Bleu.build/Debug-watchos/Bleu-t.build/Objects-normal/arm64_32/Bleu-dependency-scan.dia -validate-clang-modules-once -clang-build-session-file /Users/admin/builder/spi-builder-workspace/.derivedData/ModuleCache.noindex/Session.modulevalidation -Xcc -fmodules-prune-interval\=86400 -Xcc -fmodules-prune-after\=345600 -package-name spi_builder_workspace -emit-const-values -const-gather-protocols-list /Users/admin/builder/spi-builder-workspace/.derivedData/Build/Intermediates.noindex/Bleu.build/Debug-watchos/Bleu-t.build/Objects-normal/arm64_32/Bleu_const_extract_protocols.json -Xcc -I/Users/admin/builder/spi-builder-workspace/.derivedData/Build/Products/Debug-watchos/include -Xcc -I/Users/admin/builder/spi-builder-workspace/.derivedData/Build/Intermediates.noindex/Bleu.build/Debug-watchos/Bleu-t.build/DerivedSources-normal/arm64_32 -Xcc -I/Users/admin/builder/spi-builder-workspace/.derivedData/Build/Intermediates.noindex/Bleu.build/Debug-watchos/Bleu-t.build/DerivedSources/arm64_32 -Xcc -I/Users/admin/builder/spi-builder-workspace/.derivedData/Build/Intermediates.noindex/Bleu.build/Debug-watchos/Bleu-t.build/DerivedSources -Xcc -DSWIFT_PACKAGE -Xcc -DDEBUG\=1 -emit-objc-header -emit-objc-header-path /Users/admin/builder/spi-builder-workspace/.derivedData/Build/Intermediates.noindex/Bleu.build/Debug-watchos/Bleu-t.build/Objects-normal/arm64_32/Bleu-Swift.h -working-directory /Users/admin/builder/spi-builder-workspace/.swiftpm/xcode -experimental-emit-module-separately -disable-cmo
ExtractAppIntentsMetadata (in target 'ActorRuntime' from project 'swift-actor-runtime')
cd /Users/admin/builder/spi-builder-workspace/.dependencies/checkouts/swift-actor-runtime
/Applications/Xcode-27.0.0-Release.Candidate.app/Contents/Developer/Toolchains/XcodeDefault.xctoolchain/usr/bin/appintentsmetadataprocessor --toolchain-dir /var/run/com.apple.security.cryptexd/mnt/com.apple.MobileAsset.MetalToolchain-v27.1.266.1.IWrRUK/Metal.xctoolchain --module-name ActorRuntime --sdk-root /Applications/Xcode-27.0.0-Release.Candidate.app/Contents/Developer/Platforms/WatchOS.platform/Developer/SDKs/WatchOS27.0.sdk --xcode-version 27A266a --platform-family watchOS --deployment-target 11.0 --bundle-identifier swift-actor-runtime.ActorRuntime --output /Users/admin/builder/spi-builder-workspace/.derivedData/Build/Products/Debug-watchos/ActorRuntime.appintents --target-triple arm64-apple-watchos11.0 --target-triple arm64_32-apple-watchos11.0 --binary-file /Users/admin/builder/spi-builder-workspace/.derivedData/Build/Products/Debug-watchos/ActorRuntime.o --dependency-file /Users/admin/builder/spi-builder-workspace/.derivedData/Build/Intermediates.noindex/swift-actor-runtime.build/Debug-watchos/ActorRuntime-t.build/Objects-normal/arm64/ActorRuntime_dependency_info.dat --dependency-file /Users/admin/builder/spi-builder-workspace/.derivedData/Build/Intermediates.noindex/swift-actor-runtime.build/Debug-watchos/ActorRuntime-t.build/Objects-normal/arm64_32/ActorRuntime_dependency_info.dat --stringsdata-file /Users/admin/builder/spi-builder-workspace/.derivedData/Build/Intermediates.noindex/swift-actor-runtime.build/Debug-watchos/ActorRuntime-t.build/Objects-normal/arm64/ExtractedAppShortcutsMetadata.stringsdata --stringsdata-file /Users/admin/builder/spi-builder-workspace/.derivedData/Build/Intermediates.noindex/swift-actor-runtime.build/Debug-watchos/ActorRuntime-t.build/Objects-normal/arm64_32/ExtractedAppShortcutsMetadata.stringsdata --source-file-list /Users/admin/builder/spi-builder-workspace/.derivedData/Build/Intermediates.noindex/swift-actor-runtime.build/Debug-watchos/ActorRuntime-t.build/Objects-normal/arm64/ActorRuntime.SwiftFileList --source-file-list /Users/admin/builder/spi-builder-workspace/.derivedData/Build/Intermediates.noindex/swift-actor-runtime.build/Debug-watchos/ActorRuntime-t.build/Objects-normal/arm64_32/ActorRuntime.SwiftFileList --metadata-file-list /Users/admin/builder/spi-builder-workspace/.derivedData/Build/Intermediates.noindex/swift-actor-runtime.build/Debug-watchos/ActorRuntime-t.build/ActorRuntime.DependencyMetadataFileList --static-metadata-file-list /Users/admin/builder/spi-builder-workspace/.derivedData/Build/Intermediates.noindex/swift-actor-runtime.build/Debug-watchos/ActorRuntime-t.build/ActorRuntime.DependencyStaticMetadataFileList --swift-const-vals-list /Users/admin/builder/spi-builder-workspace/.derivedData/Build/Intermediates.noindex/swift-actor-runtime.build/Debug-watchos/ActorRuntime-t.build/Objects-normal/arm64/ActorRuntime.SwiftConstValuesFileList --swift-const-vals-list /Users/admin/builder/spi-builder-workspace/.derivedData/Build/Intermediates.noindex/swift-actor-runtime.build/Debug-watchos/ActorRuntime-t.build/Objects-normal/arm64_32/ActorRuntime.SwiftConstValuesFileList --force --compile-time-extraction --deployment-aware-processing --no-app-shortcuts-localization
2026-09-25 00:32:29.791 appintentsmetadataprocessor[962:5464] Starting appintentsmetadataprocessor export
2026-09-25 00:32:29.856 appintentsmetadataprocessor[962:5464] Extracted no relevant App Intents symbols, skipping writing output
SwiftCompile normal arm64 Compiling\ BleuConfiguration.swift,\ BleuDiagnosticEvent.swift /Users/admin/builder/spi-builder-workspace/Sources/Bleu/Core/BleuConfiguration.swift /Users/admin/builder/spi-builder-workspace/Sources/Bleu/Core/BleuDiagnosticEvent.swift (in target 'Bleu' from project 'Bleu')
SwiftCompile normal arm64 /Users/admin/builder/spi-builder-workspace/Sources/Bleu/Core/BleuConfiguration.swift (in target 'Bleu' from project 'Bleu')
cd /Users/admin/builder/spi-builder-workspace/.swiftpm/xcode
builtin-SwiftPerFileCompile BleuConfiguration.swift
SwiftCompile normal arm64 /Users/admin/builder/spi-builder-workspace/Sources/Bleu/Core/BleuDiagnosticEvent.swift (in target 'Bleu' from project 'Bleu')
cd /Users/admin/builder/spi-builder-workspace/.swiftpm/xcode
builtin-SwiftPerFileCompile BleuDiagnosticEvent.swift
SwiftCompile normal arm64 Compiling\ CBManagerState+Resolution.swift,\ CoreBluetoothCharacteristicSnapshot.swift /Users/admin/builder/spi-builder-workspace/Sources/Bleu/Core/CBManagerState+Resolution.swift /Users/admin/builder/spi-builder-workspace/Sources/Bleu/Core/CoreBluetoothCharacteristicSnapshot.swift (in target 'Bleu' from project 'Bleu')
SwiftCompile normal arm64 /Users/admin/builder/spi-builder-workspace/Sources/Bleu/Core/CBManagerState+Resolution.swift (in target 'Bleu' from project 'Bleu')
cd /Users/admin/builder/spi-builder-workspace/.swiftpm/xcode
builtin-SwiftPerFileCompile CBManagerState+Resolution.swift
SwiftCompile normal arm64 /Users/admin/builder/spi-builder-workspace/Sources/Bleu/Core/CoreBluetoothCharacteristicSnapshot.swift (in target 'Bleu' from project 'Bleu')
cd /Users/admin/builder/spi-builder-workspace/.swiftpm/xcode
builtin-SwiftPerFileCompile CoreBluetoothCharacteristicSnapshot.swift
SwiftCompile normal arm64 Compiling\ PeripheralActor.swift,\ BLEActorSystem.swift /Users/admin/builder/spi-builder-workspace/Sources/Bleu/Actors/PeripheralActor.swift /Users/admin/builder/spi-builder-workspace/Sources/Bleu/Core/BLEActorSystem.swift (in target 'Bleu' from project 'Bleu')
SwiftCompile normal arm64 /Users/admin/builder/spi-builder-workspace/Sources/Bleu/Actors/PeripheralActor.swift (in target 'Bleu' from project 'Bleu')
cd /Users/admin/builder/spi-builder-workspace/.swiftpm/xcode
builtin-SwiftPerFileCompile PeripheralActor.swift
SwiftCompile normal arm64 /Users/admin/builder/spi-builder-workspace/Sources/Bleu/Core/BLEActorSystem.swift (in target 'Bleu' from project 'Bleu')
cd /Users/admin/builder/spi-builder-workspace/.swiftpm/xcode
builtin-SwiftPerFileCompile BLEActorSystem.swift
SwiftCompile normal arm64 Compiling\ CoreBluetoothPeripheralManager.swift,\ ServiceMapper.swift /Users/admin/builder/spi-builder-workspace/Sources/Bleu/Implementations/CoreBluetoothPeripheralManager.swift /Users/admin/builder/spi-builder-workspace/Sources/Bleu/Mapping/ServiceMapper.swift (in target 'Bleu' from project 'Bleu')
/Users/admin/builder/spi-builder-workspace/Sources/Bleu/Implementations/CoreBluetoothPeripheralManager.swift:40:29: error: 'init(delegate:queue:)' is unavailable in watchOS
38 | // TCC check occurs HERE when CBPeripheralManager is created
39 | delegateProxy = CoreBluetoothPeripheralManagerDelegateProxy(actor: self)
40 | peripheralManager = CBPeripheralManager(
| `- error: 'init(delegate:queue:)' is unavailable in watchOS
41 | delegate: delegateProxy,
42 | queue: nil
/Applications/Xcode-27.0.0-Release.Candidate.app/Contents/Developer/Platforms/WatchOS.platform/Developer/SDKs/WatchOS27.0.sdk/System/Library/Frameworks/CoreBluetooth.framework/Headers/CBPeripheralManager.h:144:1: note: 'init(delegate:queue:)' has been explicitly marked unavailable here
142 | */
143 |
144 | - (instancetype)initWithDelegate:(nullable id<CBPeripheralManagerDelegate>)delegate
| `- note: 'init(delegate:queue:)' has been explicitly marked unavailable here
145 | queue:(nullable dispatch_queue_t)queue API_AVAILABLE(ios(6.0), macos(10.9)) API_UNAVAILABLE(watchos, tvos)
146 | #if TARGET_OS_VISION
/Users/admin/builder/spi-builder-workspace/Sources/Bleu/Implementations/CoreBluetoothPeripheralManager.swift:82:25: error: 'init(type:primary:)' is unavailable in watchOS
80 |
81 | // Create service
82 | let cbService = CBMutableService(
| `- error: 'init(type:primary:)' is unavailable in watchOS
83 | type: CBUUID(nsuuid: service.uuid),
84 | primary: service.isPrimary
/Applications/Xcode-27.0.0-Release.Candidate.app/Contents/Developer/Platforms/WatchOS.platform/Developer/SDKs/WatchOS27.0.sdk/System/Library/Frameworks/CoreBluetooth.framework/Headers/CBService.h:92:1: note: 'init(type:primary:)' has been explicitly marked unavailable here
90 | *
91 | */
92 | - (instancetype)initWithType:(CBUUID *)UUID primary:(BOOL)isPrimary API_AVAILABLE(ios(6.0), macos(10.9)) API_UNAVAILABLE(watchos, tvos) NS_DESIGNATED_INITIALIZER
| `- note: 'init(type:primary:)' has been explicitly marked unavailable here
93 | #if TARGET_OS_VISION
94 | API_UNAVAILABLE(visionos)
/Users/admin/builder/spi-builder-workspace/Sources/Bleu/Implementations/CoreBluetoothPeripheralManager.swift:90:34: error: 'init(type:properties:value:permissions:)' is unavailable in watchOS
88 | var cbCharacteristics: [CBMutableCharacteristic] = []
89 | for charMetadata in service.characteristics {
90 | let characteristic = CBMutableCharacteristic(
| `- error: 'init(type:properties:value:permissions:)' is unavailable in watchOS
91 | type: CBUUID(nsuuid: charMetadata.uuid),
92 | properties: charMetadata.properties.cbProperties,
/Applications/Xcode-27.0.0-Release.Candidate.app/Contents/Developer/Platforms/WatchOS.platform/Developer/SDKs/WatchOS27.0.sdk/System/Library/Frameworks/CoreBluetooth.framework/Headers/CBCharacteristic.h:179:1: note: 'init(type:properties:value:permissions:)' has been explicitly marked unavailable here
177 | *
178 | */
179 | - (instancetype)initWithType:(CBUUID *)UUID properties:(CBCharacteristicProperties)properties value:(nullable NSData *)value permissions:(CBAttributePermissions)permissions API_AVAILABLE(ios(6.0), macos(10.9)) API_UNAVAILABLE(watchos, tvos) NS_DESIGNATED_INITIALIZER
| `- note: 'init(type:properties:value:permissions:)' has been explicitly marked unavailable here
180 | #if TARGET_OS_VISION
181 | API_UNAVAILABLE(visionos)
Failed frontend command:
/Applications/Xcode-27.0.0-Release.Candidate.app/Contents/Developer/Toolchains/XcodeDefault.xctoolchain/usr/bin/swift-frontend -frontend -c /Users/admin/builder/spi-builder-workspace/Sources/Bleu/Actors/PeripheralActor.swift /Users/admin/builder/spi-builder-workspace/Sources/Bleu/Core/BLEActorSystem.swift /Users/admin/builder/spi-builder-workspace/Sources/Bleu/Core/BleuConfiguration.swift /Users/admin/builder/spi-builder-workspace/Sources/Bleu/Core/BleuDiagnosticEvent.swift /Users/admin/builder/spi-builder-workspace/Sources/Bleu/Core/BleuDiagnosticMetrics.swift /Users/admin/builder/spi-builder-workspace/Sources/Bleu/Core/BleuDiagnostics.swift /Users/admin/builder/spi-builder-workspace/Sources/Bleu/Core/BleuError.swift /Users/admin/builder/spi-builder-workspace/Sources/Bleu/Core/BleuTypes.swift /Users/admin/builder/spi-builder-workspace/Sources/Bleu/Core/CBManagerState+Resolution.swift /Users/admin/builder/spi-builder-workspace/Sources/Bleu/Core/CoreBluetoothCharacteristicSnapshot.swift /Users/admin/builder/spi-builder-workspace/Sources/Bleu/Core/CoreBluetoothServiceSnapshot.swift /Users/admin/builder/spi-builder-workspace/Sources/Bleu/Extensions/AsyncChannel.swift /Users/admin/builder/spi-builder-workspace/Sources/Bleu/Extensions/UUID+Extensions.swift /Users/admin/builder/spi-builder-workspace/Sources/Bleu/Implementations/CoreBluetoothCentralManager.swift -primary-file /Users/admin/builder/spi-builder-workspace/Sources/Bleu/Implementations/CoreBluetoothPeripheralManager.swift -primary-file /Users/admin/builder/spi-builder-workspace/Sources/Bleu/Mapping/ServiceMapper.swift /Users/admin/builder/spi-builder-workspace/Sources/Bleu/Protocols/BLEManagerProtocols.swift /Users/admin/builder/spi-builder-workspace/Sources/Bleu/Transport/BLETransport.swift /Users/admin/builder/spi-builder-workspace/Sources/Bleu/Utils/BleuLogger.swift -emit-dependencies-path /Users/admin/builder/spi-builder-workspace/.derivedData/Build/Intermediates.noindex/Bleu.build/Debug-watchos/Bleu-t.build/Objects-normal/arm64/CoreBluetoothPeripheralManager.d -emit-const-values-path /Users/admin/builder/spi-builder-workspace/.derivedData/Build/Intermediates.noindex/Bleu.build/Debug-watchos/Bleu-t.build/Objects-normal/arm64/CoreBluetoothPeripheralManager.swiftconstvalues -emit-reference-dependencies-path /Users/admin/builder/spi-builder-workspace/.derivedData/Build/Intermediates.noindex/Bleu.build/Debug-watchos/Bleu-t.build/Objects-normal/arm64/CoreBluetoothPeripheralManager.swiftdeps -serialize-diagnostics-path /Users/admin/builder/spi-builder-workspace/.derivedData/Build/Intermediates.noindex/Bleu.build/Debug-watchos/Bleu-t.build/Objects-normal/arm64/CoreBluetoothPeripheralManager.dia -emit-dependencies-path /Users/admin/builder/spi-builder-workspace/.derivedData/Build/Intermediates.noindex/Bleu.build/Debug-watchos/Bleu-t.build/Objects-normal/arm64/ServiceMapper.d -emit-const-values-path /Users/admin/builder/spi-builder-workspace/.derivedData/Build/Intermediates.noindex/Bleu.build/Debug-watchos/Bleu-t.build/Objects-normal/arm64/ServiceMapper.swiftconstvalues -emit-reference-dependencies-path /Users/admin/builder/spi-builder-workspace/.derivedData/Build/Intermediates.noindex/Bleu.build/Debug-watchos/Bleu-t.build/Objects-normal/arm64/ServiceMapper.swiftdeps -serialize-diagnostics-path /Users/admin/builder/spi-builder-workspace/.derivedData/Build/Intermediates.noindex/Bleu.build/Debug-watchos/Bleu-t.build/Objects-normal/arm64/ServiceMapper.dia -target arm64-apple-watchos11.0 -disable-cross-import-overlay-search -load-resolved-plugin /Applications/Xcode-27.0.0-Release.Candidate.app/Contents/Developer/Platforms/WatchOS.platform/Developer/usr/lib/swift/host/plugins/libFoundationMacros.dylib\#/Applications/Xcode-27.0.0-Release.Candidate.app/Contents/Developer/Platforms/WatchOS.platform/Developer/usr/bin/swift-plugin-server\#FoundationMacros -load-resolved-plugin /Applications/Xcode-27.0.0-Release.Candidate.app/Contents/Developer/Platforms/WatchOS.platform/Developer/usr/lib/swift/host/plugins/libObservationMacros.dylib\#/Applications/Xcode-27.0.0-Release.Candidate.app/Contents/Developer/Platforms/WatchOS.platform/Developer/usr/bin/swift-plugin-server\#ObservationMacros -load-resolved-plugin /Applications/Xcode-27.0.0-Release.Candidate.app/Contents/Developer/Platforms/WatchOS.platform/Developer/usr/lib/swift/host/plugins/libSwiftMacros.dylib\#/Applications/Xcode-27.0.0-Release.Candidate.app/Contents/Developer/Platforms/WatchOS.platform/Developer/usr/bin/swift-plugin-server\#SwiftMacros -disable-implicit-swift-modules -Xcc -fno-implicit-modules -Xcc -fno-implicit-module-maps -explicit-swift-module-map-file /Users/admin/builder/spi-builder-workspace/.derivedData/Build/Intermediates.noindex/Bleu.build/Debug-watchos/Bleu-t.build/Objects-normal/arm64/Bleu-dependencies-1.json -Xllvm -aarch64-use-tbi -enable-objc-interop -stack-check -sdk /Applications/Xcode-27.0.0-Release.Candidate.app/Contents/Developer/Platforms/WatchOS.platform/Developer/SDKs/WatchOS27.0.sdk -I /Users/admin/builder/spi-builder-workspace/.derivedData/Build/Products/Debug-watchos -Isystem /Applications/Xcode-27.0.0-Release.Candidate.app/Contents/Developer/Platforms/WatchOS.platform/Developer/usr/lib -F /Users/admin/builder/spi-builder-workspace/.derivedData/Build/Products/Debug-watchos/PackageFrameworks -F /Users/admin/builder/spi-builder-workspace/.derivedData/Build/Products/Debug-watchos -F /Applications/Xcode-27.0.0-Release.Candidate.app/Contents/Developer/Platforms/WatchOS.platform/Developer/Library/Frameworks -F /Applications/Xcode-27.0.0-Release.Candidate.app/Contents/Developer/Platforms/WatchOS.platform/Developer/SDKs/WatchOS27.0.sdk/Developer/Library/Frameworks -module-cache-path /Users/admin/builder/spi-builder-workspace/.derivedData/Build/Intermediates.noindex/SwiftExplicitPrecompiledModules -no-color-diagnostics -Xcc -fno-color-diagnostics -enable-testing -g -debug-info-format\=dwarf -dwarf-version\=5 -profile-generate -profile-coverage-mapping -swift-version 6 -Onone -D SWIFT_PACKAGE -D DEBUG -D SWIFT_MODULE_RESOURCE_BUNDLE_UNAVAILABLE -D Xcode -serialize-debugging-options -enable-experimental-feature DebugDescriptionMacro -empty-abi-descriptor -validate-clang-modules-once -clang-build-session-file /Users/admin/builder/spi-builder-workspace/.derivedData/ModuleCache.noindex/Session.modulevalidation -Xcc -working-directory -Xcc /Users/admin/builder/spi-builder-workspace/.swiftpm/xcode -enable-anonymous-context-mangled-names -file-compilation-dir /Users/admin/builder/spi-builder-workspace/.swiftpm/xcode -Xcc -D_LIBCPP_HARDENING_MODE\=_LIBCPP_HARDENING_MODE_DEBUG -Xcc -ivfsstatcache -Xcc /Users/admin/builder/spi-builder-workspace/.derivedData/SDKStatCaches.noindex/watchos27.0-24R360-e829b21a6f8c9b70876ba0858053c04477534ef55a1706bf4c1112bbb242f0a2.sdkstatcache -Xcc -fmodules-prune-interval\=86400 -Xcc -fmodules-prune-after\=345600 -Xcc -I/Users/admin/builder/spi-builder-workspace/.derivedData/Build/Products/Debug-watchos/include -Xcc -I/Users/admin/builder/spi-builder-workspace/.derivedData/Build/Intermediates.noindex/Bleu.build/Debug-watchos/Bleu-t.build/DerivedSources-normal/arm64 -Xcc -I/Users/admin/builder/spi-builder-workspace/.derivedData/Build/Intermediates.noindex/Bleu.build/Debug-watchos/Bleu-t.build/DerivedSources/arm64 -Xcc -I/Users/admin/builder/spi-builder-workspace/.derivedData/Build/Intermediates.noindex/Bleu.build/Debug-watchos/Bleu-t.build/DerivedSources -Xcc -DSWIFT_PACKAGE -Xcc -DDEBUG\=1 -no-auto-bridging-header-chaining -module-name Bleu -package-name spi_builder_workspace -const-gather-protocols-file /Users/admin/builder/spi-builder-workspace/.derivedData/Build/Intermediates.noindex/Bleu.build/Debug-watchos/Bleu-t.build/Objects-normal/arm64/Bleu_const_extract_protocols.json -disable-clang-spi -clang-target arm64-apple-watchos27.0 -target-sdk-version 27.0 -target-sdk-name watchos27.0 -in-process-plugin-server-path /Applications/Xcode-27.0.0-Release.Candidate.app/Contents/Developer/Toolchains/XcodeDefault.xctoolchain/usr/lib/swift/host/libSwiftInProcPluginServer.dylib -parse-as-library -o /Users/admin/builder/spi-builder-workspace/.derivedData/Build/Intermediates.noindex/Bleu.build/Debug-watchos/Bleu-t.build/Objects-normal/arm64/CoreBluetoothPeripheralManager.o -o /Users/admin/builder/spi-builder-workspace/.derivedData/Build/Intermediates.noindex/Bleu.build/Debug-watchos/Bleu-t.build/Objects-normal/arm64/ServiceMapper.o -debug-module-path /Users/admin/builder/spi-builder-workspace/.derivedData/Build/Intermediates.noindex/Bleu.build/Debug-watchos/Bleu-t.build/Objects-normal/arm64/Bleu.swiftmodule -index-unit-output-path /Bleu.build/Debug-watchos/Bleu-t.build/Objects-normal/arm64/CoreBluetoothPeripheralManager.o -index-unit-output-path /Bleu.build/Debug-watchos/Bleu-t.build/Objects-normal/arm64/ServiceMapper.o -index-store-path /Users/admin/builder/spi-builder-workspace/.derivedData/Index.noindex/DataStore -index-system-modules
SwiftCompile normal arm64 /Users/admin/builder/spi-builder-workspace/Sources/Bleu/Implementations/CoreBluetoothPeripheralManager.swift (in target 'Bleu' from project 'Bleu')
cd /Users/admin/builder/spi-builder-workspace/.swiftpm/xcode
builtin-SwiftPerFileCompile CoreBluetoothPeripheralManager.swift
SwiftCompile normal arm64 /Users/admin/builder/spi-builder-workspace/Sources/Bleu/Mapping/ServiceMapper.swift (in target 'Bleu' from project 'Bleu')
cd /Users/admin/builder/spi-builder-workspace/.swiftpm/xcode
builtin-SwiftPerFileCompile ServiceMapper.swift
SwiftCompile normal arm64 Compiling\ CoreBluetoothServiceSnapshot.swift,\ AsyncChannel.swift /Users/admin/builder/spi-builder-workspace/Sources/Bleu/Core/CoreBluetoothServiceSnapshot.swift /Users/admin/builder/spi-builder-workspace/Sources/Bleu/Extensions/AsyncChannel.swift (in target 'Bleu' from project 'Bleu')
SwiftCompile normal arm64 /Users/admin/builder/spi-builder-workspace/Sources/Bleu/Core/CoreBluetoothServiceSnapshot.swift (in target 'Bleu' from project 'Bleu')
cd /Users/admin/builder/spi-builder-workspace/.swiftpm/xcode
builtin-SwiftPerFileCompile CoreBluetoothServiceSnapshot.swift
SwiftCompile normal arm64 /Users/admin/builder/spi-builder-workspace/Sources/Bleu/Extensions/AsyncChannel.swift (in target 'Bleu' from project 'Bleu')
cd /Users/admin/builder/spi-builder-workspace/.swiftpm/xcode
builtin-SwiftPerFileCompile AsyncChannel.swift
SwiftCompile normal arm64 Compiling\ BleuError.swift,\ BleuTypes.swift /Users/admin/builder/spi-builder-workspace/Sources/Bleu/Core/BleuError.swift /Users/admin/builder/spi-builder-workspace/Sources/Bleu/Core/BleuTypes.swift (in target 'Bleu' from project 'Bleu')
SwiftCompile normal arm64 /Users/admin/builder/spi-builder-workspace/Sources/Bleu/Core/BleuError.swift (in target 'Bleu' from project 'Bleu')
cd /Users/admin/builder/spi-builder-workspace/.swiftpm/xcode
builtin-SwiftPerFileCompile BleuError.swift
SwiftCompile normal arm64 /Users/admin/builder/spi-builder-workspace/Sources/Bleu/Core/BleuTypes.swift (in target 'Bleu' from project 'Bleu')
cd /Users/admin/builder/spi-builder-workspace/.swiftpm/xcode
builtin-SwiftPerFileCompile BleuTypes.swift
SwiftCompile normal arm64 Compiling\ BleuDiagnosticMetrics.swift,\ BleuDiagnostics.swift /Users/admin/builder/spi-builder-workspace/Sources/Bleu/Core/BleuDiagnosticMetrics.swift /Users/admin/builder/spi-builder-workspace/Sources/Bleu/Core/BleuDiagnostics.swift (in target 'Bleu' from project 'Bleu')
SwiftCompile normal arm64 /Users/admin/builder/spi-builder-workspace/Sources/Bleu/Core/BleuDiagnosticMetrics.swift (in target 'Bleu' from project 'Bleu')
cd /Users/admin/builder/spi-builder-workspace/.swiftpm/xcode
builtin-SwiftPerFileCompile BleuDiagnosticMetrics.swift
SwiftCompile normal arm64 /Users/admin/builder/spi-builder-workspace/Sources/Bleu/Core/BleuDiagnostics.swift (in target 'Bleu' from project 'Bleu')
cd /Users/admin/builder/spi-builder-workspace/.swiftpm/xcode
builtin-SwiftPerFileCompile BleuDiagnostics.swift
SwiftCompile normal arm64 Compiling\ BleuLogger.swift /Users/admin/builder/spi-builder-workspace/Sources/Bleu/Utils/BleuLogger.swift (in target 'Bleu' from project 'Bleu')
SwiftCompile normal arm64 /Users/admin/builder/spi-builder-workspace/Sources/Bleu/Utils/BleuLogger.swift (in target 'Bleu' from project 'Bleu')
cd /Users/admin/builder/spi-builder-workspace/.swiftpm/xcode
builtin-SwiftPerFileCompile BleuLogger.swift
SwiftEmitModule normal arm64 Emitting\ module\ for\ Bleu (in target 'Bleu' from project 'Bleu')
SwiftCompile normal arm64 (in target 'Bleu' from project 'Bleu')
cd /Users/admin/builder/spi-builder-workspace/.swiftpm/xcode
SwiftEmitModule normal arm64_32 Emitting\ module\ for\ Bleu (in target 'Bleu' from project 'Bleu')
SwiftCompile normal arm64_32 (in target 'Bleu' from project 'Bleu')
cd /Users/admin/builder/spi-builder-workspace/.swiftpm/xcode
SwiftCompile normal arm64 Compiling\ BLEManagerProtocols.swift,\ BLETransport.swift /Users/admin/builder/spi-builder-workspace/Sources/Bleu/Protocols/BLEManagerProtocols.swift /Users/admin/builder/spi-builder-workspace/Sources/Bleu/Transport/BLETransport.swift (in target 'Bleu' from project 'Bleu')
SwiftCompile normal arm64 /Users/admin/builder/spi-builder-workspace/Sources/Bleu/Protocols/BLEManagerProtocols.swift (in target 'Bleu' from project 'Bleu')
cd /Users/admin/builder/spi-builder-workspace/.swiftpm/xcode
builtin-SwiftPerFileCompile BLEManagerProtocols.swift
SwiftCompile normal arm64 /Users/admin/builder/spi-builder-workspace/Sources/Bleu/Transport/BLETransport.swift (in target 'Bleu' from project 'Bleu')
cd /Users/admin/builder/spi-builder-workspace/.swiftpm/xcode
builtin-SwiftPerFileCompile BLETransport.swift
SwiftDriverJobDiscovery normal arm64 Compiling BleuLogger.swift (in target 'Bleu' from project 'Bleu')
SwiftCompile normal arm64_32 Compiling\ BleuError.swift,\ BleuTypes.swift /Users/admin/builder/spi-builder-workspace/Sources/Bleu/Core/BleuError.swift /Users/admin/builder/spi-builder-workspace/Sources/Bleu/Core/BleuTypes.swift (in target 'Bleu' from project 'Bleu')
SwiftCompile normal arm64_32 /Users/admin/builder/spi-builder-workspace/Sources/Bleu/Core/BleuError.swift (in target 'Bleu' from project 'Bleu')
cd /Users/admin/builder/spi-builder-workspace/.swiftpm/xcode
builtin-SwiftPerFileCompile BleuError.swift
SwiftCompile normal arm64_32 /Users/admin/builder/spi-builder-workspace/Sources/Bleu/Core/BleuTypes.swift (in target 'Bleu' from project 'Bleu')
cd /Users/admin/builder/spi-builder-workspace/.swiftpm/xcode
builtin-SwiftPerFileCompile BleuTypes.swift
SwiftDriverJobDiscovery normal arm64 Compiling CBManagerState+Resolution.swift, CoreBluetoothCharacteristicSnapshot.swift (in target 'Bleu' from project 'Bleu')
SwiftCompile normal arm64_32 Compiling\ BleuLogger.swift /Users/admin/builder/spi-builder-workspace/Sources/Bleu/Utils/BleuLogger.swift (in target 'Bleu' from project 'Bleu')
SwiftCompile normal arm64_32 /Users/admin/builder/spi-builder-workspace/Sources/Bleu/Utils/BleuLogger.swift (in target 'Bleu' from project 'Bleu')
cd /Users/admin/builder/spi-builder-workspace/.swiftpm/xcode
builtin-SwiftPerFileCompile BleuLogger.swift
SwiftDriverJobDiscovery normal arm64 Compiling BleuDiagnosticMetrics.swift, BleuDiagnostics.swift (in target 'Bleu' from project 'Bleu')
SwiftCompile normal arm64_32 Compiling\ BleuConfiguration.swift,\ BleuDiagnosticEvent.swift /Users/admin/builder/spi-builder-workspace/Sources/Bleu/Core/BleuConfiguration.swift /Users/admin/builder/spi-builder-workspace/Sources/Bleu/Core/BleuDiagnosticEvent.swift (in target 'Bleu' from project 'Bleu')
SwiftCompile normal arm64_32 /Users/admin/builder/spi-builder-workspace/Sources/Bleu/Core/BleuConfiguration.swift (in target 'Bleu' from project 'Bleu')
cd /Users/admin/builder/spi-builder-workspace/.swiftpm/xcode
builtin-SwiftPerFileCompile BleuConfiguration.swift
SwiftCompile normal arm64_32 /Users/admin/builder/spi-builder-workspace/Sources/Bleu/Core/BleuDiagnosticEvent.swift (in target 'Bleu' from project 'Bleu')
cd /Users/admin/builder/spi-builder-workspace/.swiftpm/xcode
builtin-SwiftPerFileCompile BleuDiagnosticEvent.swift
PruneExplicitPrecompiledModules /Users/admin/builder/spi-builder-workspace/.derivedData/Build/Intermediates.noindex/SwiftExplicitPrecompiledModules
PruneExplicitPrecompiledModules /Users/admin/builder/spi-builder-workspace/.derivedData/Build/Intermediates.noindex/ExplicitPrecompiledModules
PruneExplicitPrecompiledModules /Users/admin/builder/spi-builder-workspace/.derivedData/SDKExplicitPrecompiledModules
2026-09-25 00:32:29.037 xcodebuild[959:5414] [MT] IDERunDestination: Supported platforms for the buildables in the current scheme is empty.
** BUILD FAILED **
The following build commands failed:
SwiftCompile normal arm64 Compiling\ CoreBluetoothPeripheralManager.swift,\ ServiceMapper.swift /Users/admin/builder/spi-builder-workspace/Sources/Bleu/Implementations/CoreBluetoothPeripheralManager.swift /Users/admin/builder/spi-builder-workspace/Sources/Bleu/Mapping/ServiceMapper.swift (in target 'Bleu' from project 'Bleu')
SwiftCompile normal arm64 /Users/admin/builder/spi-builder-workspace/Sources/Bleu/Implementations/CoreBluetoothPeripheralManager.swift (in target 'Bleu' from project 'Bleu')
Building workspace Bleu with scheme Bleu
(3 failures)
BUILD FAILURE 6.4 watchOS