Build Information
Failed to build MapplsRasterCatalogue, reference main (155d61), with Swift 6.3 for watchOS using Xcode 26.4 on 12 Oct 2026 15:31:36 UTC.
Build Command
env DEVELOPER_DIR=/Applications/Xcode-26.5.0.app xcrun xcodebuild -IDEClonedSourcePackagesDirPathOverride=$PWD/.dependencies -skipMacroValidation -skipPackagePluginValidation -derivedDataPath $PWD/.derivedData build -scheme MapplsRasterCatalogue -destination generic/platform=watchOSBuild Log
========================================
RunAll
========================================
Builder version: 5.1.1
Interrupt handler set up.
========================================
Checkout
========================================
Clone URL: https://github.com/mappls-api/mappls-raster-catalogue-ios-distribution.git
Reference: main
Initialized empty Git repository in /Users/admin/builder/spi-builder-workspace/.git/
From https://github.com/mappls-api/mappls-raster-catalogue-ios-distribution
* branch main -> FETCH_HEAD
* [new branch] main -> origin/main
HEAD is now at 155d61a Release MapplsRasterCatalogue 1.0.1
Cloned https://github.com/mappls-api/mappls-raster-catalogue-ios-distribution.git
Revision (git rev-parse @):
155d61a971457d48ee9279e5c160215a18bbfa1b
SUCCESS checkout https://github.com/mappls-api/mappls-raster-catalogue-ios-distribution.git at main
========================================
Build
========================================
Selected platform: watchOS
Swift version: 6.3
Building package at path: $PWD
https://github.com/mappls-api/mappls-raster-catalogue-ios-distribution.git
Command line invocation:
/Applications/Xcode-26.5.0.app/Contents/Developer/usr/bin/xcodebuild -IDEClonedSourcePackagesDirPathOverride=/Users/admin/builder/spi-builder-workspace/.dependencies -resolvePackageDependencies
Resolve Package Graph
Resolve Package Graph
Resolve Package Graph
Resolved source packages:
MapplsRasterCatalogue: /Users/admin/builder/spi-builder-workspace
resolved source packages: MapplsRasterCatalogue
2026-10-12 11:31:23.413 xcodebuild[538:3096] [MT] IDERunDestination: Supported platforms for the buildables in the current scheme is empty.
{
"dependencies" : [
],
"manifest_display_name" : "MapplsRasterCatalogue",
"name" : "MapplsRasterCatalogue",
"path" : "/Users/admin/builder/spi-builder-workspace",
"platforms" : [
{
"name" : "ios",
"version" : "13.0"
}
],
"products" : [
{
"name" : "MapplsRasterCatalogue",
"targets" : [
"MapplsRasterCatalogue"
],
"type" : {
"library" : [
"automatic"
]
}
}
],
"targets" : [
{
"c99name" : "MapplsRasterCatalogue",
"module_type" : "BinaryTarget",
"name" : "MapplsRasterCatalogue",
"path" : "remote/archive/MapplsRasterCatalogue.xcframework-1.0.1.zip",
"product_memberships" : [
"MapplsRasterCatalogue"
],
"sources" : [
],
"type" : "binary"
}
],
"tools_version" : "5.9"
}
{
"workspace" : {
"name" : "spi-builder-workspace",
"schemes" : [
"MapplsRasterCatalogue"
]
}
}
2026-10-12 11:31:31.006 xcodebuild[667:3969] [MT] IDERunDestination: Supported platforms for the buildables in the current scheme is empty.
Running build ...
env DEVELOPER_DIR=/Applications/Xcode-26.5.0.app xcrun xcodebuild -IDEClonedSourcePackagesDirPathOverride=$PWD/.dependencies -skipMacroValidation -skipPackagePluginValidation -derivedDataPath $PWD/.derivedData build -scheme MapplsRasterCatalogue -destination generic/platform=watchOS
Command line invocation:
/Applications/Xcode-26.5.0.app/Contents/Developer/usr/bin/xcodebuild -IDEClonedSourcePackagesDirPathOverride=/Users/admin/builder/spi-builder-workspace/.dependencies -skipMacroValidation -skipPackagePluginValidation -derivedDataPath /Users/admin/builder/spi-builder-workspace/.derivedData build -scheme MapplsRasterCatalogue -destination generic/platform=watchOS
Resolve Package Graph
Resolved source packages:
MapplsRasterCatalogue: /Users/admin/builder/spi-builder-workspace
ComputePackagePrebuildTargetDependencyGraph
Prepare packages
CreateBuildRequest
SendProjectDescription
CreateBuildOperation
ComputeTargetDependencyGraph
note: Building targets in dependency order
note: Target dependency graph (1 target)
Target 'MapplsRasterCatalogue' in project 'MapplsRasterCatalogue' (no dependencies)
GatherProvisioningInputs
CreateBuildDescription
ExecuteExternalTool /Applications/Xcode-26.5.0.app/Contents/Developer/Toolchains/XcodeDefault.xctoolchain/usr/bin/clang -v -E -dM -isysroot /Applications/Xcode-26.5.0.app/Contents/Developer/Platforms/WatchOS.platform/Developer/SDKs/WatchOS26.5.sdk -x c -c /dev/null
Build description signature: ca6a758ea00edbd29c1bb1548acb7a53
Build description path: /Users/admin/builder/spi-builder-workspace/.derivedData/Build/Intermediates.noindex/XCBuildData/ca6a758ea00edbd29c1bb1548acb7a53.xcbuilddata
/Users/admin/builder/spi-builder-workspace/.dependencies/artifacts/spi-builder-workspace/MapplsRasterCatalogue/MapplsRasterCatalogue.xcframework:1:1: error: While building for watchOS, no library for this platform was found in '/Users/admin/builder/spi-builder-workspace/.dependencies/artifacts/spi-builder-workspace/MapplsRasterCatalogue/MapplsRasterCatalogue.xcframework'. (in target 'MapplsRasterCatalogue' from project 'MapplsRasterCatalogue')
2026-10-12 11:31:32.418 xcodebuild[674:4029] [MT] IDERunDestination: Supported platforms for the buildables in the current scheme is empty.
** BUILD FAILED **
The following build commands failed:
Building workspace spi-builder-workspace with scheme MapplsRasterCatalogue
(1 failure)
Command line invocation:
/Applications/Xcode-26.5.0.app/Contents/Developer/usr/bin/xcodebuild -IDEClonedSourcePackagesDirPathOverride=/Users/admin/builder/spi-builder-workspace/.dependencies -resolvePackageDependencies
Resolve Package Graph
Resolved source packages:
MapplsRasterCatalogue: /Users/admin/builder/spi-builder-workspace
resolved source packages: MapplsRasterCatalogue
2026-10-12 11:31:34.038 xcodebuild[688:4125] [MT] IDERunDestination: Supported platforms for the buildables in the current scheme is empty.
{
"dependencies" : [
],
"manifest_display_name" : "MapplsRasterCatalogue",
"name" : "MapplsRasterCatalogue",
"path" : "/Users/admin/builder/spi-builder-workspace",
"platforms" : [
{
"name" : "ios",
"version" : "13.0"
}
],
"products" : [
{
"name" : "MapplsRasterCatalogue",
"targets" : [
"MapplsRasterCatalogue"
],
"type" : {
"library" : [
"automatic"
]
}
}
],
"targets" : [
{
"c99name" : "MapplsRasterCatalogue",
"module_type" : "BinaryTarget",
"name" : "MapplsRasterCatalogue",
"path" : "remote/archive/MapplsRasterCatalogue.xcframework-1.0.1.zip",
"product_memberships" : [
"MapplsRasterCatalogue"
],
"sources" : [
],
"type" : "binary"
}
],
"tools_version" : "5.9"
}
{
"workspace" : {
"name" : "spi-builder-workspace",
"schemes" : [
"MapplsRasterCatalogue"
]
}
}
2026-10-12 11:31:35.086 xcodebuild[698:4189] [MT] IDERunDestination: Supported platforms for the buildables in the current scheme is empty.
Running build ...
env DEVELOPER_DIR=/Applications/Xcode-26.5.0.app xcrun xcodebuild -IDEClonedSourcePackagesDirPathOverride=$PWD/.dependencies -skipMacroValidation -skipPackagePluginValidation -derivedDataPath $PWD/.derivedData build -scheme MapplsRasterCatalogue -destination generic/platform=watchOS
Command line invocation:
/Applications/Xcode-26.5.0.app/Contents/Developer/usr/bin/xcodebuild -IDEClonedSourcePackagesDirPathOverride=/Users/admin/builder/spi-builder-workspace/.dependencies -skipMacroValidation -skipPackagePluginValidation -derivedDataPath /Users/admin/builder/spi-builder-workspace/.derivedData build -scheme MapplsRasterCatalogue -destination generic/platform=watchOS
Resolve Package Graph
Resolved source packages:
MapplsRasterCatalogue: /Users/admin/builder/spi-builder-workspace
ComputePackagePrebuildTargetDependencyGraph
Prepare packages
CreateBuildRequest
SendProjectDescription
CreateBuildOperation
ComputeTargetDependencyGraph
note: Building targets in dependency order
note: Target dependency graph (1 target)
Target 'MapplsRasterCatalogue' in project 'MapplsRasterCatalogue' (no dependencies)
GatherProvisioningInputs
CreateBuildDescription
ExecuteExternalTool /Applications/Xcode-26.5.0.app/Contents/Developer/Toolchains/XcodeDefault.xctoolchain/usr/bin/clang -v -E -dM -isysroot /Applications/Xcode-26.5.0.app/Contents/Developer/Platforms/WatchOS.platform/Developer/SDKs/WatchOS26.5.sdk -x c -c /dev/null
Build description signature: ca6a758ea00edbd29c1bb1548acb7a53
Build description path: /Users/admin/builder/spi-builder-workspace/.derivedData/Build/Intermediates.noindex/XCBuildData/ca6a758ea00edbd29c1bb1548acb7a53.xcbuilddata
/Users/admin/builder/spi-builder-workspace/.dependencies/artifacts/spi-builder-workspace/MapplsRasterCatalogue/MapplsRasterCatalogue.xcframework:1:1: error: While building for watchOS, no library for this platform was found in '/Users/admin/builder/spi-builder-workspace/.dependencies/artifacts/spi-builder-workspace/MapplsRasterCatalogue/MapplsRasterCatalogue.xcframework'. (in target 'MapplsRasterCatalogue' from project 'MapplsRasterCatalogue')
2026-10-12 11:31:35.914 xcodebuild[702:4243] [MT] IDERunDestination: Supported platforms for the buildables in the current scheme is empty.
** BUILD FAILED **
The following build commands failed:
Building workspace spi-builder-workspace with scheme MapplsRasterCatalogue
(1 failure)
BUILD FAILURE 6.3 watchOS