Build Information
Failed to build TestCommons, reference main (342059), with Swift 6.4 for watchOS using Xcode 27.0 on 24 Oct 2026 03:58:46 UTC.
Build Command
env DEVELOPER_DIR=/Applications/Xcode-27.0.0.app xcrun xcodebuild -IDEClonedSourcePackagesDirPathOverride=$PWD/.dependencies -skipMacroValidation -skipPackagePluginValidation -derivedDataPath $PWD/.derivedData build -scheme TestCommons-Package -destination generic/platform=watchOSBuild Log
SwiftDriver TestCommonsUI normal arm64 com.apple.xcode.tools.swift.compiler (in target 'TestCommonsUI' from project 'TestCommons')
cd /Users/admin/builder/spi-builder-workspace/.swiftpm/xcode
builtin-SwiftDriver -- /Applications/Xcode-27.0.0.app/Contents/Developer/Toolchains/XcodeDefault.xctoolchain/usr/bin/swiftc -parse-as-library -module-name TestCommonsUI -Onone @/Users/admin/builder/spi-builder-workspace/.derivedData/Build/Intermediates.noindex/TestCommons.build/Debug-watchos/TestCommonsUI-t.build/Objects-normal/arm64/TestCommonsUI.SwiftFileList -DSWIFT_PACKAGE -DDEBUG -DSWIFT_MODULE_RESOURCE_BUNDLE_UNAVAILABLE -DXcode -plugin-path /Applications/Xcode-27.0.0.app/Contents/Developer/Toolchains/XcodeDefault.xctoolchain/usr/lib/swift/host/plugins/testing -enable-experimental-feature DebugDescriptionMacro -sdk /Applications/Xcode-27.0.0.app/Contents/Developer/Platforms/WatchOS.platform/Developer/SDKs/WatchOS27.0.sdk -target arm64-apple-watchos11.0 -g -module-cache-path /Users/admin/builder/spi-builder-workspace/.derivedData/ModuleCache.noindex -Xfrontend -serialize-debugging-options -profile-coverage-mapping -profile-generate -enable-testing -index-store-path /Users/admin/builder/spi-builder-workspace/.derivedData/Index.noindex/DataStore -Xcc -D_LIBCPP_HARDENING_MODE\=_LIBCPP_HARDENING_MODE_DEBUG -swift-version 6 -I /Users/admin/builder/spi-builder-workspace/.derivedData/Build/Products/Debug-watchos -Isystem /Applications/Xcode-27.0.0.app/Contents/Developer/Platforms/WatchOS.platform/Developer/usr/lib -F /Users/admin/builder/spi-builder-workspace/.derivedData/Build/Products/Debug-watchos -F /Applications/Xcode-27.0.0.app/Contents/Developer/Platforms/WatchOS.platform/Developer/Library/Frameworks -F /Applications/Xcode-27.0.0.app/Contents/Developer/Platforms/WatchOS.platform/Developer/SDKs/WatchOS27.0.sdk/Developer/Library/Frameworks -c -j10 -enable-batch-mode -incremental -Xcc -ivfsstatcache -Xcc /Users/admin/builder/spi-builder-workspace/.derivedData/SDKStatCaches.noindex/watchos27.0-24R360-e829b21a6f8c9b70876ba0858053c044b9db9bc9c079ee3c7b5f3373b13d10bc.sdkstatcache -output-file-map /Users/admin/builder/spi-builder-workspace/.derivedData/Build/Intermediates.noindex/TestCommons.build/Debug-watchos/TestCommonsUI-t.build/Objects-normal/arm64/TestCommonsUI-OutputFileMap.json -save-temps -no-color-diagnostics -explicit-module-build -module-cache-path /Users/admin/builder/spi-builder-workspace/.derivedData/Build/Intermediates.noindex/SwiftExplicitPrecompiledModules -clang-scanner-module-cache-path /Users/admin/builder/spi-builder-workspace/.derivedData/ModuleCache.noindex -sdk-module-cache-path /Users/admin/builder/spi-builder-workspace/.derivedData/SDKExplicitPrecompiledModules -emit-dependencies -emit-module -emit-module-path /Users/admin/builder/spi-builder-workspace/.derivedData/Build/Intermediates.noindex/TestCommons.build/Debug-watchos/TestCommonsUI-t.build/Objects-normal/arm64/TestCommonsUI.swiftmodule -serialize-diagnostics -dependency-scan-serialize-diagnostics-path /Users/admin/builder/spi-builder-workspace/.derivedData/Build/Intermediates.noindex/TestCommons.build/Debug-watchos/TestCommonsUI-t.build/Objects-normal/arm64/TestCommonsUI-dependency-scan.dia -validate-clang-modules-once -clang-build-session-file /Users/admin/builder/spi-builder-workspace/.derivedData/ModuleCache.noindex/Session.modulevalidation -Xcc -fmodules-prune-interval\=86400 -Xcc -fmodules-prune-after\=345600 -package-name spi_builder_workspace -emit-const-values -const-gather-protocols-list /Users/admin/builder/spi-builder-workspace/.derivedData/Build/Intermediates.noindex/TestCommons.build/Debug-watchos/TestCommonsUI-t.build/Objects-normal/arm64/TestCommonsUI_const_extract_protocols.json -Xcc -I/Users/admin/builder/spi-builder-workspace/.derivedData/Build/Products/Debug-watchos/include -Xcc -I/Users/admin/builder/spi-builder-workspace/.derivedData/Build/Intermediates.noindex/TestCommons.build/Debug-watchos/TestCommonsUI-t.build/DerivedSources-normal/arm64 -Xcc -I/Users/admin/builder/spi-builder-workspace/.derivedData/Build/Intermediates.noindex/TestCommons.build/Debug-watchos/TestCommonsUI-t.build/DerivedSources/arm64 -Xcc -I/Users/admin/builder/spi-builder-workspace/.derivedData/Build/Intermediates.noindex/TestCommons.build/Debug-watchos/TestCommonsUI-t.build/DerivedSources -Xcc -DSWIFT_PACKAGE -Xcc -DDEBUG\=1 -emit-objc-header -emit-objc-header-path /Users/admin/builder/spi-builder-workspace/.derivedData/Build/Intermediates.noindex/TestCommons.build/Debug-watchos/TestCommonsUI-t.build/Objects-normal/arm64/TestCommonsUI-Swift.h -working-directory /Users/admin/builder/spi-builder-workspace/.swiftpm/xcode -experimental-emit-module-separately -disable-cmo
SwiftExplicitDependencyGeneratePcm arm64_32 /Users/admin/builder/spi-builder-workspace/.derivedData/SDKExplicitPrecompiledModules/ptrcheck-D11ZNSDYZRFEJJA53KWXZ702P.pcm
SwiftExplicitDependencyGeneratePcm arm64_32 /Users/admin/builder/spi-builder-workspace/.derivedData/SDKExplicitPrecompiledModules/_Builtin_stdarg-102WX5NAUESOXIXJSPGYHVM9S.pcm
SwiftExplicitDependencyGeneratePcm arm64_32 /Users/admin/builder/spi-builder-workspace/.derivedData/SDKExplicitPrecompiledModules/_Builtin_stddef-8VT85WZQKGACA68JZ07TP0Y0J.pcm
SwiftExplicitDependencyGeneratePcm arm64_32 /Users/admin/builder/spi-builder-workspace/.derivedData/SDKExplicitPrecompiledModules/_Builtin_stdbool-DHPYJAMN6KTVWD1S31Z90I6C9.pcm
SwiftExplicitDependencyGeneratePcm arm64_32 /Users/admin/builder/spi-builder-workspace/.derivedData/SDKExplicitPrecompiledModules/_Builtin_float-BJZXUCJSIX9PRVEKM14BGMJVY.pcm
SwiftExplicitDependencyGeneratePcm arm64_32 /Users/admin/builder/spi-builder-workspace/.derivedData/SDKExplicitPrecompiledModules/_AvailabilityInternal-BQQUK8V8SWJHTHJSVFJK2AKWW.pcm
SwiftExplicitDependencyGeneratePcm arm64_32 /Users/admin/builder/spi-builder-workspace/.derivedData/SDKExplicitPrecompiledModules/SwiftShims-4MNCVKZ1HKINJ0ZSNUCRO6CZ8.pcm
SwiftExplicitDependencyGeneratePcm arm64 /Users/admin/builder/spi-builder-workspace/.derivedData/SDKExplicitPrecompiledModules/_SwiftConcurrencyShims-2Q4BGBV41YFU7T8ZZ1LYOHHM8.pcm
SwiftExplicitDependencyGeneratePcm arm64 /Users/admin/builder/spi-builder-workspace/.derivedData/SDKExplicitPrecompiledModules/_Builtin_float-5MBXF8DKVHQBRUJNM16KVMIQC.pcm
SwiftExplicitDependencyGeneratePcm arm64 /Users/admin/builder/spi-builder-workspace/.derivedData/SDKExplicitPrecompiledModules/SwiftShims-D5RMRWG63RILSKWQ5872PCQT2.pcm
SwiftExplicitDependencyGeneratePcm arm64 /Users/admin/builder/spi-builder-workspace/.derivedData/SDKExplicitPrecompiledModules/_Builtin_stdbool-EIIY79CJBKY0CNDO2RQTENME.pcm
SwiftExplicitDependencyGeneratePcm arm64 /Users/admin/builder/spi-builder-workspace/.derivedData/SDKExplicitPrecompiledModules/_Builtin_stddef-8XIMPUPOCEKW43OJT6UFVW8YW.pcm
SwiftExplicitDependencyGeneratePcm arm64 /Users/admin/builder/spi-builder-workspace/.derivedData/SDKExplicitPrecompiledModules/_Builtin_stdarg-ES3WE6BADGYLJ1IBGV298L0ED.pcm
SwiftExplicitDependencyGeneratePcm arm64_32 /Users/admin/builder/spi-builder-workspace/.derivedData/SDKExplicitPrecompiledModules/_SwiftConcurrencyShims-AOFF2AEQJRI8DA66TEQ347NE7.pcm
SwiftExplicitDependencyGeneratePcm arm64_32 /Users/admin/builder/spi-builder-workspace/.derivedData/SDKExplicitPrecompiledModules/ptrauth-88RK1G9DAGJXQFP1AN1WL17RR.pcm
SwiftExplicitDependencyGeneratePcm arm64_32 /Users/admin/builder/spi-builder-workspace/.derivedData/SDKExplicitPrecompiledModules/_DarwinFoundation1-88RVECTIWIA3ZONBBWQIW1DJZ.pcm
SwiftExplicitDependencyGeneratePcm arm64 /Users/admin/builder/spi-builder-workspace/.derivedData/SDKExplicitPrecompiledModules/_AvailabilityInternal-F1LNUT9MK1HRUMT1GHZHQ1RLU.pcm
SwiftExplicitDependencyGeneratePcm arm64 /Users/admin/builder/spi-builder-workspace/.derivedData/SDKExplicitPrecompiledModules/ptrauth-75D2Q69SEU6TW661FC9T39G5T.pcm
SwiftExplicitDependencyGeneratePcm arm64 /Users/admin/builder/spi-builder-workspace/.derivedData/SDKExplicitPrecompiledModules/ptrcheck-2FDVY6UR0H40GBA6U2HDPB8SM.pcm
SwiftExplicitDependencyGeneratePcm arm64_32 /Users/admin/builder/spi-builder-workspace/.derivedData/SDKExplicitPrecompiledModules/_Builtin_limits-C136SD3CEQ3KB0CFUK32YJB19.pcm
SwiftExplicitDependencyGeneratePcm arm64_32 /Users/admin/builder/spi-builder-workspace/.derivedData/SDKExplicitPrecompiledModules/_DarwinFoundation2-44ZJFO85HR0BJ749M999B8LPA.pcm
SwiftExplicitDependencyGeneratePcm arm64 /Users/admin/builder/spi-builder-workspace/.derivedData/SDKExplicitPrecompiledModules/_DarwinFoundation1-C5AXMEYDFVMWI0AXBXZS13K0J.pcm
SwiftExplicitDependencyGeneratePcm arm64_32 /Users/admin/builder/spi-builder-workspace/.derivedData/SDKExplicitPrecompiledModules/string_h-5JIQF7F6QR5PADS6CIIQIXRFW.pcm
SwiftExplicitDependencyGeneratePcm arm64_32 /Users/admin/builder/spi-builder-workspace/.derivedData/SDKExplicitPrecompiledModules/sys_types-C3M5EX2O95KRM34PBYN44HPBI.pcm
SwiftExplicitDependencyGeneratePcm arm64_32 /Users/admin/builder/spi-builder-workspace/.derivedData/SDKExplicitPrecompiledModules/_Builtin_stdint-2Z10U0EB6591SMUSD1HCK6PI.pcm
SwiftExplicitDependencyGeneratePcm arm64 /Users/admin/builder/spi-builder-workspace/.derivedData/SDKExplicitPrecompiledModules/_Builtin_limits-D5KOXTTAIGWXE3DL0Q1NI089X.pcm
SwiftExplicitDependencyGeneratePcm arm64 /Users/admin/builder/spi-builder-workspace/.derivedData/SDKExplicitPrecompiledModules/_DarwinFoundation2-NYVMEQYGHBE0ZIL3ZJZSOEY1.pcm
SwiftExplicitDependencyGeneratePcm arm64_32 /Users/admin/builder/spi-builder-workspace/.derivedData/SDKExplicitPrecompiledModules/_DarwinFoundation3-F4AQTMWJJP4FVAZ08SHRNZXAM.pcm
SwiftExplicitDependencyGeneratePcm arm64 /Users/admin/builder/spi-builder-workspace/.derivedData/SDKExplicitPrecompiledModules/sys_types-ASTFSZ1DRYRY331XT4Z9KV73D.pcm
SwiftExplicitDependencyGeneratePcm arm64 /Users/admin/builder/spi-builder-workspace/.derivedData/SDKExplicitPrecompiledModules/string_h-4CSQOUX7AGTYYYGKC8M276OI9.pcm
SwiftExplicitDependencyGeneratePcm arm64 /Users/admin/builder/spi-builder-workspace/.derivedData/SDKExplicitPrecompiledModules/_Builtin_stdint-74NMYF5YUKK9X44SQHE76VBIQ.pcm
SwiftExplicitDependencyGeneratePcm arm64_32 /Users/admin/builder/spi-builder-workspace/.derivedData/SDKExplicitPrecompiledModules/_Builtin_intrinsics-959O5MVSMXRGS5ARHGPSM2J7C.pcm
SwiftExplicitDependencyGeneratePcm arm64_32 /Users/admin/builder/spi-builder-workspace/.derivedData/SDKExplicitPrecompiledModules/_Builtin_stdatomic-70890TXYRZ5DZ1JPU2XCV4YSX.pcm
SwiftExplicitDependencyGeneratePcm arm64_32 /Users/admin/builder/spi-builder-workspace/.derivedData/SDKExplicitPrecompiledModules/_Builtin_tgmath-9EIX6C0B946AJ5BO3J3W0E8YL.pcm
SwiftExplicitDependencyGeneratePcm arm64_32 /Users/admin/builder/spi-builder-workspace/.derivedData/SDKExplicitPrecompiledModules/DeveloperToolsSupport-2SDLA0C7KKCYWP8CD7XVQTHPR.pcm
SwiftExplicitDependencyGeneratePcm arm64 /Users/admin/builder/spi-builder-workspace/.derivedData/SDKExplicitPrecompiledModules/_Builtin_tgmath-1OJ1CVZRD1MGSKTENEG2SEKB2.pcm
SwiftExplicitDependencyGeneratePcm arm64_32 /Users/admin/builder/spi-builder-workspace/.derivedData/SDKExplicitPrecompiledModules/_Builtin_inttypes-BMQHYJQS69SCBJY3RFS64DBTV.pcm
SwiftExplicitDependencyGeneratePcm arm64 /Users/admin/builder/spi-builder-workspace/.derivedData/SDKExplicitPrecompiledModules/DeveloperToolsSupport-3A24UJC4NRK1KTKOC3ZZKBC85.pcm
SwiftExplicitDependencyGeneratePcm arm64 /Users/admin/builder/spi-builder-workspace/.derivedData/SDKExplicitPrecompiledModules/_Builtin_intrinsics-AQBT3I3HZ6WQLHM0XJXAYR4R2.pcm
SwiftExplicitDependencyGeneratePcm arm64 /Users/admin/builder/spi-builder-workspace/.derivedData/SDKExplicitPrecompiledModules/_Builtin_stdatomic-DFKZ8ZOUW5YM8P1GLT1U424GY.pcm
SwiftExplicitDependencyGeneratePcm arm64 /Users/admin/builder/spi-builder-workspace/.derivedData/SDKExplicitPrecompiledModules/_DarwinFoundation3-ANTW1ITQ0J9JQTH8BRFBZWI1Q.pcm
SwiftExplicitDependencyGeneratePcm arm64_32 /Users/admin/builder/spi-builder-workspace/.derivedData/SDKExplicitPrecompiledModules/Darwin-7UEVD02CQP1PVIKBVFQ49O3SD.pcm
SwiftExplicitDependencyGeneratePcm arm64 /Users/admin/builder/spi-builder-workspace/.derivedData/SDKExplicitPrecompiledModules/_Builtin_inttypes-6I92U55H5N26FLV9VYV8R3I6O.pcm
SwiftExplicitDependencyGeneratePcm arm64 /Users/admin/builder/spi-builder-workspace/.derivedData/SDKExplicitPrecompiledModules/Darwin-98ESD9QN5COC9NNCABFONVFP8.pcm
SwiftExplicitDependencyGeneratePcm arm64_32 /Users/admin/builder/spi-builder-workspace/.derivedData/SDKExplicitPrecompiledModules/simd-AF64M5Z1H71R1EGNAU05UY87.pcm
SwiftExplicitDependencyGeneratePcm arm64 /Users/admin/builder/spi-builder-workspace/.derivedData/SDKExplicitPrecompiledModules/simd-528GTDMDKZMZXSDX30KY5IDV3.pcm
SwiftExplicitDependencyGeneratePcm arm64_32 /Users/admin/builder/spi-builder-workspace/.derivedData/SDKExplicitPrecompiledModules/ObjectiveC-AJI1K6ZMESMAXDSQ8OKHJ72H7.pcm
SwiftExplicitDependencyGeneratePcm arm64_32 /Users/admin/builder/spi-builder-workspace/.derivedData/SDKExplicitPrecompiledModules/MachO-ACR45N7ZFEL35O7PB2TVKQT6F.pcm
SwiftExplicitDependencyGeneratePcm arm64_32 /Users/admin/builder/spi-builder-workspace/.derivedData/SDKExplicitPrecompiledModules/os_object-5TY9JM8WCIDWZD1H148JEBV2F.pcm
SwiftExplicitDependencyGeneratePcm arm64 /Users/admin/builder/spi-builder-workspace/.derivedData/SDKExplicitPrecompiledModules/MachO-15FQ9M0VC0V1FL7TPT2R7Q0R4.pcm
SwiftExplicitDependencyGeneratePcm arm64 /Users/admin/builder/spi-builder-workspace/.derivedData/SDKExplicitPrecompiledModules/ObjectiveC-DV0JE3OUNWO3O3UE1N347RY55.pcm
SwiftExplicitDependencyGeneratePcm arm64_32 /Users/admin/builder/spi-builder-workspace/.derivedData/SDKExplicitPrecompiledModules/os_workgroup-LKX7LZYC1IUZO27QQLWUANJE.pcm
SwiftExplicitDependencyGeneratePcm arm64 /Users/admin/builder/spi-builder-workspace/.derivedData/SDKExplicitPrecompiledModules/os_object-1JFESJBLQUD4RS3VL4N1KYEDU.pcm
SwiftExplicitDependencyGeneratePcm arm64_32 /Users/admin/builder/spi-builder-workspace/.derivedData/SDKExplicitPrecompiledModules/Dispatch-7K60THHWK3C851QMSWUUEEC2Q.pcm
SwiftExplicitDependencyGeneratePcm arm64 /Users/admin/builder/spi-builder-workspace/.derivedData/SDKExplicitPrecompiledModules/os_workgroup-65XNBX18CBCXC0KTSN0M6UNVT.pcm
SwiftExplicitDependencyGeneratePcm arm64_32 /Users/admin/builder/spi-builder-workspace/.derivedData/SDKExplicitPrecompiledModules/Spatial-8KUW3XOM48SC4KMH7TC7PGQBL.pcm
SwiftExplicitDependencyGeneratePcm arm64_32 /Users/admin/builder/spi-builder-workspace/.derivedData/SDKExplicitPrecompiledModules/XPC-CZIZYD8A7DCOUWGZRQ4DKZKSL.pcm
SwiftExplicitDependencyGeneratePcm arm64_32 /Users/admin/builder/spi-builder-workspace/.derivedData/SDKExplicitPrecompiledModules/CoreFoundation-89G5WX03B78NXYKER48PGSMVI.pcm
SwiftExplicitDependencyGeneratePcm arm64 /Users/admin/builder/spi-builder-workspace/.derivedData/SDKExplicitPrecompiledModules/Spatial-9MID3YIH729B1WBR3BU8WEG1D.pcm
SwiftExplicitDependencyGeneratePcm arm64 /Users/admin/builder/spi-builder-workspace/.derivedData/SDKExplicitPrecompiledModules/Dispatch-6D65D6EIW4AHX08JGF4J74MV9.pcm
SwiftExplicitDependencyGeneratePcm arm64_32 /Users/admin/builder/spi-builder-workspace/.derivedData/SDKExplicitPrecompiledModules/os-3K8UZAZIRDUH91EOFIWCRRSEM.pcm
SwiftExplicitDependencyGeneratePcm arm64 /Users/admin/builder/spi-builder-workspace/.derivedData/SDKExplicitPrecompiledModules/XPC-46U120GB61ZMOBIJJ669AYIXF.pcm
SwiftExplicitDependencyGeneratePcm arm64 /Users/admin/builder/spi-builder-workspace/.derivedData/SDKExplicitPrecompiledModules/CoreFoundation-8MLEPC68IRDBIK6YTJL7DNZH.pcm
SwiftExplicitDependencyGeneratePcm arm64_32 /Users/admin/builder/spi-builder-workspace/.derivedData/SDKExplicitPrecompiledModules/CoreAudioTypes-EH46BW0N9TQAFAM658KAXI2HK.pcm
SwiftExplicitDependencyGeneratePcm arm64_32 /Users/admin/builder/spi-builder-workspace/.derivedData/SDKExplicitPrecompiledModules/Security-C9W0029I4749M0FMG9UVPZUKU.pcm
SwiftExplicitDependencyGeneratePcm arm64_32 /Users/admin/builder/spi-builder-workspace/.derivedData/SDKExplicitPrecompiledModules/CoreGraphics-46XFDT15OA1UMAVA4P068AUXB.pcm
SwiftExplicitDependencyGeneratePcm arm64 /Users/admin/builder/spi-builder-workspace/.derivedData/SDKExplicitPrecompiledModules/os-2GDYECRIKV7Q8I9SYTO8ZHGYP.pcm
SwiftExplicitDependencyGeneratePcm arm64_32 /Users/admin/builder/spi-builder-workspace/.derivedData/SDKExplicitPrecompiledModules/CoreAudio-1D85LQBU32G9DAVFVJDRIIKVU.pcm
SwiftExplicitDependencyGeneratePcm arm64_32 /Users/admin/builder/spi-builder-workspace/.derivedData/SDKExplicitPrecompiledModules/Foundation-63KC4JQT5I8XAZ72WSG0A8C35.pcm
SwiftExplicitDependencyGeneratePcm arm64 /Users/admin/builder/spi-builder-workspace/.derivedData/SDKExplicitPrecompiledModules/CoreGraphics-5PBZKZGKBP8I3OSEUDR963CHA.pcm
SwiftExplicitDependencyGeneratePcm arm64 /Users/admin/builder/spi-builder-workspace/.derivedData/SDKExplicitPrecompiledModules/CoreAudioTypes-6S9P9W0OZSKT9SWE5WTT2ZKG7.pcm
SwiftExplicitDependencyGeneratePcm arm64 /Users/admin/builder/spi-builder-workspace/.derivedData/SDKExplicitPrecompiledModules/Security-B8EWSEMP4Z3IE155A3ILBKM2V.pcm
SwiftExplicitDependencyGeneratePcm arm64_32 /Users/admin/builder/spi-builder-workspace/.derivedData/SDKExplicitPrecompiledModules/CoreText-9SR0QSHMJLFSEX1SQHTJKGSL5.pcm
SwiftExplicitDependencyGeneratePcm arm64_32 /Users/admin/builder/spi-builder-workspace/.derivedData/SDKExplicitPrecompiledModules/CoreVideo-982R0MIIT4QZ7CNNYJRWDCVJZ.pcm
SwiftExplicitDependencyGeneratePcm arm64_32 /Users/admin/builder/spi-builder-workspace/.derivedData/SDKExplicitPrecompiledModules/ImageIO-EURB1OIS39T0DELCDL4LJ4QH8.pcm
SwiftExplicitDependencyGeneratePcm arm64 /Users/admin/builder/spi-builder-workspace/.derivedData/SDKExplicitPrecompiledModules/CoreAudio-AG4UGUIQ2S3L92SD9AJ5MTPM6.pcm
SwiftExplicitDependencyGeneratePcm arm64_32 /Users/admin/builder/spi-builder-workspace/.derivedData/SDKExplicitPrecompiledModules/CoreMedia-DIRRX6DLEO5M2R4N3ZWIHNQD4.pcm
SwiftExplicitDependencyGeneratePcm arm64 /Users/admin/builder/spi-builder-workspace/.derivedData/SDKExplicitPrecompiledModules/Foundation-93OAIR4R5IDN1SU1A5KNY63PA.pcm
SwiftExplicitDependencyGeneratePcm arm64 /Users/admin/builder/spi-builder-workspace/.derivedData/SDKExplicitPrecompiledModules/CoreText-C2OMK34E5UWXOOMMXM462Q23U.pcm
SwiftExplicitDependencyGeneratePcm arm64 /Users/admin/builder/spi-builder-workspace/.derivedData/SDKExplicitPrecompiledModules/CoreVideo-44ANF38Y9COF9WNQ4Z4TVH3HT.pcm
SwiftExplicitDependencyGeneratePcm arm64 /Users/admin/builder/spi-builder-workspace/.derivedData/SDKExplicitPrecompiledModules/ImageIO-6G5FIB3S3GGGAFTGDFSO62V0X.pcm
SwiftExplicitDependencyGeneratePcm arm64 /Users/admin/builder/spi-builder-workspace/.derivedData/SDKExplicitPrecompiledModules/CoreMedia-67TS8991WTJ4DNEII1DNQ0M3U.pcm
SwiftExplicitDependencyGeneratePcm arm64_32 /Users/admin/builder/spi-builder-workspace/.derivedData/SDKExplicitPrecompiledModules/Symbols-2ENRG72YSQC7AWU0CD2G85VCR.pcm
SwiftExplicitDependencyGeneratePcm arm64_32 /Users/admin/builder/spi-builder-workspace/.derivedData/SDKExplicitPrecompiledModules/SceneKit-8B7HHHTQ2WX4UCJPGYJNHAZXO.pcm
SwiftExplicitDependencyGeneratePcm arm64_32 /Users/admin/builder/spi-builder-workspace/.derivedData/SDKExplicitPrecompiledModules/DataDetection-2T8L1HB9S7KDCI3ZEAASNGW3.pcm
SwiftExplicitDependencyGeneratePcm arm64_32 /Users/admin/builder/spi-builder-workspace/.derivedData/SDKExplicitPrecompiledModules/QuartzCore-B38JYPKZ9JJSZZH09PD93UYGH.pcm
SwiftExplicitDependencyGeneratePcm arm64_32 /Users/admin/builder/spi-builder-workspace/.derivedData/SDKExplicitPrecompiledModules/_LocationEssentials-BCQ50OBW7GBDX1MPTAFKD09AZ.pcm
SwiftExplicitDependencyGeneratePcm arm64_32 /Users/admin/builder/spi-builder-workspace/.derivedData/SDKExplicitPrecompiledModules/OSLog-9Y6C28FUSEHZ0VUUKF2HBOUOC.pcm
SwiftExplicitDependencyGeneratePcm arm64_32 /Users/admin/builder/spi-builder-workspace/.derivedData/SDKExplicitPrecompiledModules/UIUtilities-CGRQYRG51XDGM33ZVEWF0FZ35.pcm
SwiftExplicitDependencyGeneratePcm arm64_32 /Users/admin/builder/spi-builder-workspace/.derivedData/SDKExplicitPrecompiledModules/UniformTypeIdentifiers-7HPV1K0BFGWF49HRB05L12Y0G.pcm
SwiftEmitModule normal arm64_32 Emitting\ module\ for\ TestCommons (in target 'TestCommons' from project 'TestCommons')
SwiftCompile normal arm64_32 (in target 'TestCommons' from project 'TestCommons')
cd /Users/admin/builder/spi-builder-workspace/.swiftpm/xcode
SwiftExplicitDependencyGeneratePcm arm64_32 /Users/admin/builder/spi-builder-workspace/.derivedData/SDKExplicitPrecompiledModules/UserNotifications-1PEWVA01YZLKTDUKQR5CHG2WA.pcm
SwiftExplicitDependencyGeneratePcm arm64_32 /Users/admin/builder/spi-builder-workspace/.derivedData/SDKExplicitPrecompiledModules/Accessibility-DIBKN45VPPKZ23QP6RIRRS0J.pcm
SwiftExplicitDependencyGeneratePcm arm64_32 /Users/admin/builder/spi-builder-workspace/.derivedData/SDKExplicitPrecompiledModules/CoreData-6Y9HVIU7TWJCVTQD1ZWWIXODI.pcm
SwiftExplicitDependencyGeneratePcm arm64_32 /Users/admin/builder/spi-builder-workspace/.derivedData/SDKExplicitPrecompiledModules/CoreTransferable-1U3A73F7D5AKXVOWIDJ9BE6E5.pcm
SwiftExplicitDependencyGeneratePcm arm64_32 /Users/admin/builder/spi-builder-workspace/.derivedData/SDKExplicitPrecompiledModules/CoreLocation-9AQCUG84MXK7QRA19UHUZ7COW.pcm
SwiftCompile normal arm64_32 Compiling\ StubbedURLSession.swift,\ TemporaryDirectory.swift /Users/admin/builder/spi-builder-workspace/Sources/TestCommons/StubbedURLSession.swift /Users/admin/builder/spi-builder-workspace/Sources/TestCommons/TemporaryDirectory.swift (in target 'TestCommons' from project 'TestCommons')
SwiftCompile normal arm64_32 /Users/admin/builder/spi-builder-workspace/Sources/TestCommons/StubbedURLSession.swift (in target 'TestCommons' from project 'TestCommons')
cd /Users/admin/builder/spi-builder-workspace/.swiftpm/xcode
builtin-SwiftPerFileCompile StubbedURLSession.swift
SwiftCompile normal arm64_32 /Users/admin/builder/spi-builder-workspace/Sources/TestCommons/TemporaryDirectory.swift (in target 'TestCommons' from project 'TestCommons')
cd /Users/admin/builder/spi-builder-workspace/.swiftpm/xcode
builtin-SwiftPerFileCompile TemporaryDirectory.swift
SwiftCompile normal arm64_32 Compiling\ ObserveStream.swift,\ ReadingDirection.swift,\ ReadingOrder.swift /Users/admin/builder/spi-builder-workspace/Sources/TestCommons/ObserveStream.swift /Users/admin/builder/spi-builder-workspace/Sources/TestCommons/ReadingDirection.swift /Users/admin/builder/spi-builder-workspace/Sources/TestCommons/ReadingOrder.swift (in target 'TestCommons' from project 'TestCommons')
SwiftCompile normal arm64_32 /Users/admin/builder/spi-builder-workspace/Sources/TestCommons/ObserveStream.swift (in target 'TestCommons' from project 'TestCommons')
cd /Users/admin/builder/spi-builder-workspace/.swiftpm/xcode
builtin-SwiftPerFileCompile ObserveStream.swift
SwiftCompile normal arm64_32 /Users/admin/builder/spi-builder-workspace/Sources/TestCommons/ReadingDirection.swift (in target 'TestCommons' from project 'TestCommons')
cd /Users/admin/builder/spi-builder-workspace/.swiftpm/xcode
builtin-SwiftPerFileCompile ReadingDirection.swift
SwiftCompile normal arm64_32 /Users/admin/builder/spi-builder-workspace/Sources/TestCommons/ReadingOrder.swift (in target 'TestCommons' from project 'TestCommons')
cd /Users/admin/builder/spi-builder-workspace/.swiftpm/xcode
builtin-SwiftPerFileCompile ReadingOrder.swift
SwiftEmitModule normal arm64 Emitting\ module\ for\ TestCommons (in target 'TestCommons' from project 'TestCommons')
SwiftCompile normal arm64 (in target 'TestCommons' from project 'TestCommons')
cd /Users/admin/builder/spi-builder-workspace/.swiftpm/xcode
SwiftExplicitDependencyGeneratePcm arm64 /Users/admin/builder/spi-builder-workspace/.derivedData/SDKExplicitPrecompiledModules/SceneKit-3DCWNSWKMHXAPF5B6UTK4HEM0.pcm
SwiftExplicitDependencyGeneratePcm arm64 /Users/admin/builder/spi-builder-workspace/.derivedData/SDKExplicitPrecompiledModules/UserNotifications-2AO17R2GNRDA2OMZ5W8PY02MP.pcm
SwiftExplicitDependencyGeneratePcm arm64 /Users/admin/builder/spi-builder-workspace/.derivedData/SDKExplicitPrecompiledModules/DataDetection-BU5I7ELEWG639KG0N6MNLXFNO.pcm
SwiftExplicitDependencyGeneratePcm arm64 /Users/admin/builder/spi-builder-workspace/.derivedData/SDKExplicitPrecompiledModules/Accessibility-3TNHG64JB39D1D5QZ377QJNC6.pcm
SwiftExplicitDependencyGeneratePcm arm64 /Users/admin/builder/spi-builder-workspace/.derivedData/SDKExplicitPrecompiledModules/OSLog-BTXJQEK6BKB6NQOIYRYP0MQYB.pcm
SwiftExplicitDependencyGeneratePcm arm64 /Users/admin/builder/spi-builder-workspace/.derivedData/SDKExplicitPrecompiledModules/UniformTypeIdentifiers-3ROI8ZFKQNP9FEJCLTAB3G3S6.pcm
SwiftExplicitDependencyGeneratePcm arm64 /Users/admin/builder/spi-builder-workspace/.derivedData/SDKExplicitPrecompiledModules/Symbols-9X6U62JAYVGTYK6610D3S514E.pcm
SwiftExplicitDependencyGeneratePcm arm64 /Users/admin/builder/spi-builder-workspace/.derivedData/SDKExplicitPrecompiledModules/UIUtilities-7ZIMMCI52YM1PP54E6HPMAX8Z.pcm
SwiftExplicitDependencyGeneratePcm arm64 /Users/admin/builder/spi-builder-workspace/.derivedData/SDKExplicitPrecompiledModules/CoreData-3CN8KB1YOLM0QLFHRWY1TM0I4.pcm
SwiftExplicitDependencyGeneratePcm arm64_32 /Users/admin/builder/spi-builder-workspace/.derivedData/SDKExplicitPrecompiledModules/CoreMotion-3JCK5DO7QLO4DSQD87NSMN3FO.pcm
SwiftExplicitDependencyGeneratePcm arm64 /Users/admin/builder/spi-builder-workspace/.derivedData/SDKExplicitPrecompiledModules/QuartzCore-3NILGGAZ5TSVKY4F7DWF68I34.pcm
SwiftExplicitDependencyGeneratePcm arm64 /Users/admin/builder/spi-builder-workspace/.derivedData/SDKExplicitPrecompiledModules/CoreTransferable-CUPPADLUY13ZK3BQZ1IYC67D4.pcm
SwiftExplicitDependencyGeneratePcm arm64_32 /Users/admin/builder/spi-builder-workspace/.derivedData/SDKExplicitPrecompiledModules/SwiftUICore-UYWG2UM50SUK6GUT85OJGGGU.pcm
SwiftExplicitDependencyGeneratePcm arm64 /Users/admin/builder/spi-builder-workspace/.derivedData/SDKExplicitPrecompiledModules/_LocationEssentials-AC3H2STDUT9P96FJO6DV48PNP.pcm
SwiftCompile normal arm64 Compiling\ StubbedURLSession.swift,\ TemporaryDirectory.swift /Users/admin/builder/spi-builder-workspace/Sources/TestCommons/StubbedURLSession.swift /Users/admin/builder/spi-builder-workspace/Sources/TestCommons/TemporaryDirectory.swift (in target 'TestCommons' from project 'TestCommons')
SwiftCompile normal arm64 /Users/admin/builder/spi-builder-workspace/Sources/TestCommons/StubbedURLSession.swift (in target 'TestCommons' from project 'TestCommons')
cd /Users/admin/builder/spi-builder-workspace/.swiftpm/xcode
builtin-SwiftPerFileCompile StubbedURLSession.swift
SwiftCompile normal arm64 /Users/admin/builder/spi-builder-workspace/Sources/TestCommons/TemporaryDirectory.swift (in target 'TestCommons' from project 'TestCommons')
cd /Users/admin/builder/spi-builder-workspace/.swiftpm/xcode
builtin-SwiftPerFileCompile TemporaryDirectory.swift
SwiftDriverJobDiscovery normal arm64_32 Emitting module for TestCommons (in target 'TestCommons' from project 'TestCommons')
SwiftDriver\ Compilation\ Requirements TestCommons normal arm64_32 com.apple.xcode.tools.swift.compiler (in target 'TestCommons' from project 'TestCommons')
cd /Users/admin/builder/spi-builder-workspace/.swiftpm/xcode
builtin-Swift-Compilation-Requirements -- /Applications/Xcode-27.0.0.app/Contents/Developer/Toolchains/XcodeDefault.xctoolchain/usr/bin/swiftc -parse-as-library -module-name TestCommons -Onone @/Users/admin/builder/spi-builder-workspace/.derivedData/Build/Intermediates.noindex/TestCommons.build/Debug-watchos/TestCommons-t.build/Objects-normal/arm64_32/TestCommons.SwiftFileList -DSWIFT_PACKAGE -DDEBUG -DSWIFT_MODULE_RESOURCE_BUNDLE_UNAVAILABLE -DXcode -plugin-path /Applications/Xcode-27.0.0.app/Contents/Developer/Toolchains/XcodeDefault.xctoolchain/usr/lib/swift/host/plugins/testing -enable-experimental-feature DebugDescriptionMacro -sdk /Applications/Xcode-27.0.0.app/Contents/Developer/Platforms/WatchOS.platform/Developer/SDKs/WatchOS27.0.sdk -target arm64_32-apple-watchos11.0 -g -module-cache-path /Users/admin/builder/spi-builder-workspace/.derivedData/ModuleCache.noindex -Xfrontend -serialize-debugging-options -profile-coverage-mapping -profile-generate -enable-testing -index-store-path /Users/admin/builder/spi-builder-workspace/.derivedData/Index.noindex/DataStore -Xcc -D_LIBCPP_HARDENING_MODE\=_LIBCPP_HARDENING_MODE_DEBUG -swift-version 6 -I /Users/admin/builder/spi-builder-workspace/.derivedData/Build/Products/Debug-watchos -Isystem /Applications/Xcode-27.0.0.app/Contents/Developer/Platforms/WatchOS.platform/Developer/usr/lib -F /Users/admin/builder/spi-builder-workspace/.derivedData/Build/Products/Debug-watchos -F /Applications/Xcode-27.0.0.app/Contents/Developer/Platforms/WatchOS.platform/Developer/Library/Frameworks -F /Applications/Xcode-27.0.0.app/Contents/Developer/Platforms/WatchOS.platform/Developer/SDKs/WatchOS27.0.sdk/Developer/Library/Frameworks -c -j10 -enable-batch-mode -incremental -Xcc -ivfsstatcache -Xcc /Users/admin/builder/spi-builder-workspace/.derivedData/SDKStatCaches.noindex/watchos27.0-24R360-e829b21a6f8c9b70876ba0858053c044b9db9bc9c079ee3c7b5f3373b13d10bc.sdkstatcache -output-file-map /Users/admin/builder/spi-builder-workspace/.derivedData/Build/Intermediates.noindex/TestCommons.build/Debug-watchos/TestCommons-t.build/Objects-normal/arm64_32/TestCommons-OutputFileMap.json -save-temps -no-color-diagnostics -explicit-module-build -module-cache-path /Users/admin/builder/spi-builder-workspace/.derivedData/Build/Intermediates.noindex/SwiftExplicitPrecompiledModules -clang-scanner-module-cache-path /Users/admin/builder/spi-builder-workspace/.derivedData/ModuleCache.noindex -sdk-module-cache-path /Users/admin/builder/spi-builder-workspace/.derivedData/SDKExplicitPrecompiledModules -emit-dependencies -emit-module -emit-module-path /Users/admin/builder/spi-builder-workspace/.derivedData/Build/Intermediates.noindex/TestCommons.build/Debug-watchos/TestCommons-t.build/Objects-normal/arm64_32/TestCommons.swiftmodule -serialize-diagnostics -dependency-scan-serialize-diagnostics-path /Users/admin/builder/spi-builder-workspace/.derivedData/Build/Intermediates.noindex/TestCommons.build/Debug-watchos/TestCommons-t.build/Objects-normal/arm64_32/TestCommons-dependency-scan.dia -validate-clang-modules-once -clang-build-session-file /Users/admin/builder/spi-builder-workspace/.derivedData/ModuleCache.noindex/Session.modulevalidation -Xcc -fmodules-prune-interval\=86400 -Xcc -fmodules-prune-after\=345600 -package-name spi_builder_workspace -emit-const-values -const-gather-protocols-list /Users/admin/builder/spi-builder-workspace/.derivedData/Build/Intermediates.noindex/TestCommons.build/Debug-watchos/TestCommons-t.build/Objects-normal/arm64_32/TestCommons_const_extract_protocols.json -Xcc -I/Users/admin/builder/spi-builder-workspace/.derivedData/Build/Products/Debug-watchos/include -Xcc -I/Users/admin/builder/spi-builder-workspace/.derivedData/Build/Intermediates.noindex/TestCommons.build/Debug-watchos/TestCommons-t.build/DerivedSources-normal/arm64_32 -Xcc -I/Users/admin/builder/spi-builder-workspace/.derivedData/Build/Intermediates.noindex/TestCommons.build/Debug-watchos/TestCommons-t.build/DerivedSources/arm64_32 -Xcc -I/Users/admin/builder/spi-builder-workspace/.derivedData/Build/Intermediates.noindex/TestCommons.build/Debug-watchos/TestCommons-t.build/DerivedSources -Xcc -DSWIFT_PACKAGE -Xcc -DDEBUG\=1 -emit-objc-header -emit-objc-header-path /Users/admin/builder/spi-builder-workspace/.derivedData/Build/Intermediates.noindex/TestCommons.build/Debug-watchos/TestCommons-t.build/Objects-normal/arm64_32/TestCommons-Swift.h -working-directory /Users/admin/builder/spi-builder-workspace/.swiftpm/xcode -experimental-emit-module-separately -disable-cmo
SwiftExplicitDependencyGeneratePcm arm64_32 /Users/admin/builder/spi-builder-workspace/.derivedData/SDKExplicitPrecompiledModules/UIKit-4XONMD0BX0LMIR90AS1OF9IWL.pcm
Copy /Users/admin/builder/spi-builder-workspace/.derivedData/Build/Products/Debug-watchos/TestCommons.swiftmodule/arm64_32-apple-watchos.swiftmodule /Users/admin/builder/spi-builder-workspace/.derivedData/Build/Intermediates.noindex/TestCommons.build/Debug-watchos/TestCommons-t.build/Objects-normal/arm64_32/TestCommons.swiftmodule (in target 'TestCommons' from project 'TestCommons')
cd /Users/admin/builder/spi-builder-workspace
builtin-copy -exclude .DS_Store -exclude CVS -exclude .svn -exclude .git -exclude .hg -resolve-src-symlinks -rename /Users/admin/builder/spi-builder-workspace/.derivedData/Build/Intermediates.noindex/TestCommons.build/Debug-watchos/TestCommons-t.build/Objects-normal/arm64_32/TestCommons.swiftmodule /Users/admin/builder/spi-builder-workspace/.derivedData/Build/Products/Debug-watchos/TestCommons.swiftmodule/arm64_32-apple-watchos.swiftmodule
Copy /Users/admin/builder/spi-builder-workspace/.derivedData/Build/Products/Debug-watchos/TestCommons.swiftmodule/arm64_32-apple-watchos.swiftdoc /Users/admin/builder/spi-builder-workspace/.derivedData/Build/Intermediates.noindex/TestCommons.build/Debug-watchos/TestCommons-t.build/Objects-normal/arm64_32/TestCommons.swiftdoc (in target 'TestCommons' from project 'TestCommons')
cd /Users/admin/builder/spi-builder-workspace
builtin-copy -exclude .DS_Store -exclude CVS -exclude .svn -exclude .git -exclude .hg -resolve-src-symlinks -rename /Users/admin/builder/spi-builder-workspace/.derivedData/Build/Intermediates.noindex/TestCommons.build/Debug-watchos/TestCommons-t.build/Objects-normal/arm64_32/TestCommons.swiftdoc /Users/admin/builder/spi-builder-workspace/.derivedData/Build/Products/Debug-watchos/TestCommons.swiftmodule/arm64_32-apple-watchos.swiftdoc
Copy /Users/admin/builder/spi-builder-workspace/.derivedData/Build/Products/Debug-watchos/TestCommons.swiftmodule/arm64_32-apple-watchos.abi.json /Users/admin/builder/spi-builder-workspace/.derivedData/Build/Intermediates.noindex/TestCommons.build/Debug-watchos/TestCommons-t.build/Objects-normal/arm64_32/TestCommons.abi.json (in target 'TestCommons' from project 'TestCommons')
cd /Users/admin/builder/spi-builder-workspace
builtin-copy -exclude .DS_Store -exclude CVS -exclude .svn -exclude .git -exclude .hg -resolve-src-symlinks -rename /Users/admin/builder/spi-builder-workspace/.derivedData/Build/Intermediates.noindex/TestCommons.build/Debug-watchos/TestCommons-t.build/Objects-normal/arm64_32/TestCommons.abi.json /Users/admin/builder/spi-builder-workspace/.derivedData/Build/Products/Debug-watchos/TestCommons.swiftmodule/arm64_32-apple-watchos.abi.json
Copy /Users/admin/builder/spi-builder-workspace/.derivedData/Build/Products/Debug-watchos/TestCommons.swiftmodule/Project/arm64_32-apple-watchos.swiftsourceinfo /Users/admin/builder/spi-builder-workspace/.derivedData/Build/Intermediates.noindex/TestCommons.build/Debug-watchos/TestCommons-t.build/Objects-normal/arm64_32/TestCommons.swiftsourceinfo (in target 'TestCommons' from project 'TestCommons')
cd /Users/admin/builder/spi-builder-workspace
builtin-copy -exclude .DS_Store -exclude CVS -exclude .svn -exclude .git -exclude .hg -resolve-src-symlinks -rename /Users/admin/builder/spi-builder-workspace/.derivedData/Build/Intermediates.noindex/TestCommons.build/Debug-watchos/TestCommons-t.build/Objects-normal/arm64_32/TestCommons.swiftsourceinfo /Users/admin/builder/spi-builder-workspace/.derivedData/Build/Products/Debug-watchos/TestCommons.swiftmodule/Project/arm64_32-apple-watchos.swiftsourceinfo
SwiftCompile normal arm64 Compiling\ AsyncGate.swift,\ CallRecorder.swift,\ ContainedFileURL.swift /Users/admin/builder/spi-builder-workspace/Sources/TestCommons/AsyncGate.swift /Users/admin/builder/spi-builder-workspace/Sources/TestCommons/CallRecorder.swift /Users/admin/builder/spi-builder-workspace/Sources/TestCommons/ContainedFileURL.swift (in target 'TestCommons' from project 'TestCommons')
SwiftCompile normal arm64 /Users/admin/builder/spi-builder-workspace/Sources/TestCommons/AsyncGate.swift (in target 'TestCommons' from project 'TestCommons')
cd /Users/admin/builder/spi-builder-workspace/.swiftpm/xcode
builtin-SwiftPerFileCompile AsyncGate.swift
SwiftCompile normal arm64 /Users/admin/builder/spi-builder-workspace/Sources/TestCommons/CallRecorder.swift (in target 'TestCommons' from project 'TestCommons')
cd /Users/admin/builder/spi-builder-workspace/.swiftpm/xcode
builtin-SwiftPerFileCompile CallRecorder.swift
SwiftCompile normal arm64 /Users/admin/builder/spi-builder-workspace/Sources/TestCommons/ContainedFileURL.swift (in target 'TestCommons' from project 'TestCommons')
cd /Users/admin/builder/spi-builder-workspace/.swiftpm/xcode
builtin-SwiftPerFileCompile ContainedFileURL.swift
SwiftCompile normal arm64 Compiling\ TemporaryUserDefaults.swift,\ TestError.swift /Users/admin/builder/spi-builder-workspace/Sources/TestCommons/TemporaryUserDefaults.swift /Users/admin/builder/spi-builder-workspace/Sources/TestCommons/TestError.swift (in target 'TestCommons' from project 'TestCommons')
SwiftCompile normal arm64 /Users/admin/builder/spi-builder-workspace/Sources/TestCommons/TemporaryUserDefaults.swift (in target 'TestCommons' from project 'TestCommons')
cd /Users/admin/builder/spi-builder-workspace/.swiftpm/xcode
builtin-SwiftPerFileCompile TemporaryUserDefaults.swift
SwiftCompile normal arm64 /Users/admin/builder/spi-builder-workspace/Sources/TestCommons/TestError.swift (in target 'TestCommons' from project 'TestCommons')
cd /Users/admin/builder/spi-builder-workspace/.swiftpm/xcode
builtin-SwiftPerFileCompile TestError.swift
SwiftCompile normal arm64_32 Compiling\ StubURLProtocol.swift,\ StubURLProtocolPool.swift /Users/admin/builder/spi-builder-workspace/Sources/TestCommons/StubURLProtocol.swift /Users/admin/builder/spi-builder-workspace/Sources/TestCommons/StubURLProtocolPool.swift (in target 'TestCommons' from project 'TestCommons')
SwiftCompile normal arm64_32 /Users/admin/builder/spi-builder-workspace/Sources/TestCommons/StubURLProtocol.swift (in target 'TestCommons' from project 'TestCommons')
cd /Users/admin/builder/spi-builder-workspace/.swiftpm/xcode
builtin-SwiftPerFileCompile StubURLProtocol.swift
SwiftCompile normal arm64_32 /Users/admin/builder/spi-builder-workspace/Sources/TestCommons/StubURLProtocolPool.swift (in target 'TestCommons' from project 'TestCommons')
cd /Users/admin/builder/spi-builder-workspace/.swiftpm/xcode
builtin-SwiftPerFileCompile StubURLProtocolPool.swift
SwiftCompile normal arm64_32 Compiling\ JSONRoundTrip.swift,\ ManualClock.swift,\ ObservationTimeout.swift /Users/admin/builder/spi-builder-workspace/Sources/TestCommons/JSONRoundTrip.swift /Users/admin/builder/spi-builder-workspace/Sources/TestCommons/ManualClock.swift /Users/admin/builder/spi-builder-workspace/Sources/TestCommons/ObservationTimeout.swift (in target 'TestCommons' from project 'TestCommons')
SwiftCompile normal arm64_32 /Users/admin/builder/spi-builder-workspace/Sources/TestCommons/JSONRoundTrip.swift (in target 'TestCommons' from project 'TestCommons')
cd /Users/admin/builder/spi-builder-workspace/.swiftpm/xcode
builtin-SwiftPerFileCompile JSONRoundTrip.swift
SwiftCompile normal arm64_32 /Users/admin/builder/spi-builder-workspace/Sources/TestCommons/ManualClock.swift (in target 'TestCommons' from project 'TestCommons')
cd /Users/admin/builder/spi-builder-workspace/.swiftpm/xcode
builtin-SwiftPerFileCompile ManualClock.swift
SwiftCompile normal arm64_32 /Users/admin/builder/spi-builder-workspace/Sources/TestCommons/ObservationTimeout.swift (in target 'TestCommons' from project 'TestCommons')
cd /Users/admin/builder/spi-builder-workspace/.swiftpm/xcode
builtin-SwiftPerFileCompile ObservationTimeout.swift
SwiftExplicitDependencyGeneratePcm arm64 /Users/admin/builder/spi-builder-workspace/.derivedData/SDKExplicitPrecompiledModules/CoreLocation-CT7IO6D7J2ZQGMTWKD2YA5BLV.pcm
SwiftExplicitDependencyGeneratePcm arm64 /Users/admin/builder/spi-builder-workspace/.derivedData/SDKExplicitPrecompiledModules/SwiftUICore-NS6C80YTAE6CMPAZ003V82QV.pcm
SwiftDriverJobDiscovery normal arm64 Emitting module for TestCommons (in target 'TestCommons' from project 'TestCommons')
SwiftDriver\ Compilation\ Requirements TestCommons normal arm64 com.apple.xcode.tools.swift.compiler (in target 'TestCommons' from project 'TestCommons')
cd /Users/admin/builder/spi-builder-workspace/.swiftpm/xcode
builtin-Swift-Compilation-Requirements -- /Applications/Xcode-27.0.0.app/Contents/Developer/Toolchains/XcodeDefault.xctoolchain/usr/bin/swiftc -parse-as-library -module-name TestCommons -Onone @/Users/admin/builder/spi-builder-workspace/.derivedData/Build/Intermediates.noindex/TestCommons.build/Debug-watchos/TestCommons-t.build/Objects-normal/arm64/TestCommons.SwiftFileList -DSWIFT_PACKAGE -DDEBUG -DSWIFT_MODULE_RESOURCE_BUNDLE_UNAVAILABLE -DXcode -plugin-path /Applications/Xcode-27.0.0.app/Contents/Developer/Toolchains/XcodeDefault.xctoolchain/usr/lib/swift/host/plugins/testing -enable-experimental-feature DebugDescriptionMacro -sdk /Applications/Xcode-27.0.0.app/Contents/Developer/Platforms/WatchOS.platform/Developer/SDKs/WatchOS27.0.sdk -target arm64-apple-watchos11.0 -g -module-cache-path /Users/admin/builder/spi-builder-workspace/.derivedData/ModuleCache.noindex -Xfrontend -serialize-debugging-options -profile-coverage-mapping -profile-generate -enable-testing -index-store-path /Users/admin/builder/spi-builder-workspace/.derivedData/Index.noindex/DataStore -Xcc -D_LIBCPP_HARDENING_MODE\=_LIBCPP_HARDENING_MODE_DEBUG -swift-version 6 -I /Users/admin/builder/spi-builder-workspace/.derivedData/Build/Products/Debug-watchos -Isystem /Applications/Xcode-27.0.0.app/Contents/Developer/Platforms/WatchOS.platform/Developer/usr/lib -F /Users/admin/builder/spi-builder-workspace/.derivedData/Build/Products/Debug-watchos -F /Applications/Xcode-27.0.0.app/Contents/Developer/Platforms/WatchOS.platform/Developer/Library/Frameworks -F /Applications/Xcode-27.0.0.app/Contents/Developer/Platforms/WatchOS.platform/Developer/SDKs/WatchOS27.0.sdk/Developer/Library/Frameworks -c -j10 -enable-batch-mode -incremental -Xcc -ivfsstatcache -Xcc /Users/admin/builder/spi-builder-workspace/.derivedData/SDKStatCaches.noindex/watchos27.0-24R360-e829b21a6f8c9b70876ba0858053c044b9db9bc9c079ee3c7b5f3373b13d10bc.sdkstatcache -output-file-map /Users/admin/builder/spi-builder-workspace/.derivedData/Build/Intermediates.noindex/TestCommons.build/Debug-watchos/TestCommons-t.build/Objects-normal/arm64/TestCommons-OutputFileMap.json -save-temps -no-color-diagnostics -explicit-module-build -module-cache-path /Users/admin/builder/spi-builder-workspace/.derivedData/Build/Intermediates.noindex/SwiftExplicitPrecompiledModules -clang-scanner-module-cache-path /Users/admin/builder/spi-builder-workspace/.derivedData/ModuleCache.noindex -sdk-module-cache-path /Users/admin/builder/spi-builder-workspace/.derivedData/SDKExplicitPrecompiledModules -emit-dependencies -emit-module -emit-module-path /Users/admin/builder/spi-builder-workspace/.derivedData/Build/Intermediates.noindex/TestCommons.build/Debug-watchos/TestCommons-t.build/Objects-normal/arm64/TestCommons.swiftmodule -serialize-diagnostics -dependency-scan-serialize-diagnostics-path /Users/admin/builder/spi-builder-workspace/.derivedData/Build/Intermediates.noindex/TestCommons.build/Debug-watchos/TestCommons-t.build/Objects-normal/arm64/TestCommons-dependency-scan.dia -validate-clang-modules-once -clang-build-session-file /Users/admin/builder/spi-builder-workspace/.derivedData/ModuleCache.noindex/Session.modulevalidation -Xcc -fmodules-prune-interval\=86400 -Xcc -fmodules-prune-after\=345600 -package-name spi_builder_workspace -emit-const-values -const-gather-protocols-list /Users/admin/builder/spi-builder-workspace/.derivedData/Build/Intermediates.noindex/TestCommons.build/Debug-watchos/TestCommons-t.build/Objects-normal/arm64/TestCommons_const_extract_protocols.json -Xcc -I/Users/admin/builder/spi-builder-workspace/.derivedData/Build/Products/Debug-watchos/include -Xcc -I/Users/admin/builder/spi-builder-workspace/.derivedData/Build/Intermediates.noindex/TestCommons.build/Debug-watchos/TestCommons-t.build/DerivedSources-normal/arm64 -Xcc -I/Users/admin/builder/spi-builder-workspace/.derivedData/Build/Intermediates.noindex/TestCommons.build/Debug-watchos/TestCommons-t.build/DerivedSources/arm64 -Xcc -I/Users/admin/builder/spi-builder-workspace/.derivedData/Build/Intermediates.noindex/TestCommons.build/Debug-watchos/TestCommons-t.build/DerivedSources -Xcc -DSWIFT_PACKAGE -Xcc -DDEBUG\=1 -emit-objc-header -emit-objc-header-path /Users/admin/builder/spi-builder-workspace/.derivedData/Build/Intermediates.noindex/TestCommons.build/Debug-watchos/TestCommons-t.build/Objects-normal/arm64/TestCommons-Swift.h -working-directory /Users/admin/builder/spi-builder-workspace/.swiftpm/xcode -experimental-emit-module-separately -disable-cmo
SwiftExplicitDependencyGeneratePcm arm64 /Users/admin/builder/spi-builder-workspace/.derivedData/SDKExplicitPrecompiledModules/CoreMotion-2LM13SKZR55U3ZSU2B92ETH7E.pcm
SwiftMergeGeneratedHeaders /Users/admin/builder/spi-builder-workspace/.derivedData/Build/Intermediates.noindex/GeneratedModuleMaps-watchos/TestCommons-Swift.h /Users/admin/builder/spi-builder-workspace/.derivedData/Build/Intermediates.noindex/TestCommons.build/Debug-watchos/TestCommons-t.build/Objects-normal/arm64/TestCommons-Swift.h /Users/admin/builder/spi-builder-workspace/.derivedData/Build/Intermediates.noindex/TestCommons.build/Debug-watchos/TestCommons-t.build/Objects-normal/arm64_32/TestCommons-Swift.h (in target 'TestCommons' from project 'TestCommons')
cd /Users/admin/builder/spi-builder-workspace
builtin-swiftHeaderTool -arch arm64 /Users/admin/builder/spi-builder-workspace/.derivedData/Build/Intermediates.noindex/TestCommons.build/Debug-watchos/TestCommons-t.build/Objects-normal/arm64/TestCommons-Swift.h -arch arm64_32 /Users/admin/builder/spi-builder-workspace/.derivedData/Build/Intermediates.noindex/TestCommons.build/Debug-watchos/TestCommons-t.build/Objects-normal/arm64_32/TestCommons-Swift.h -o /Users/admin/builder/spi-builder-workspace/.derivedData/Build/Intermediates.noindex/GeneratedModuleMaps-watchos/TestCommons-Swift.h
Copy /Users/admin/builder/spi-builder-workspace/.derivedData/Build/Products/Debug-watchos/TestCommons.swiftmodule/arm64-apple-watchos.swiftmodule /Users/admin/builder/spi-builder-workspace/.derivedData/Build/Intermediates.noindex/TestCommons.build/Debug-watchos/TestCommons-t.build/Objects-normal/arm64/TestCommons.swiftmodule (in target 'TestCommons' from project 'TestCommons')
cd /Users/admin/builder/spi-builder-workspace
builtin-copy -exclude .DS_Store -exclude CVS -exclude .svn -exclude .git -exclude .hg -resolve-src-symlinks -rename /Users/admin/builder/spi-builder-workspace/.derivedData/Build/Intermediates.noindex/TestCommons.build/Debug-watchos/TestCommons-t.build/Objects-normal/arm64/TestCommons.swiftmodule /Users/admin/builder/spi-builder-workspace/.derivedData/Build/Products/Debug-watchos/TestCommons.swiftmodule/arm64-apple-watchos.swiftmodule
Copy /Users/admin/builder/spi-builder-workspace/.derivedData/Build/Products/Debug-watchos/TestCommons.swiftmodule/arm64-apple-watchos.swiftdoc /Users/admin/builder/spi-builder-workspace/.derivedData/Build/Intermediates.noindex/TestCommons.build/Debug-watchos/TestCommons-t.build/Objects-normal/arm64/TestCommons.swiftdoc (in target 'TestCommons' from project 'TestCommons')
cd /Users/admin/builder/spi-builder-workspace
builtin-copy -exclude .DS_Store -exclude CVS -exclude .svn -exclude .git -exclude .hg -resolve-src-symlinks -rename /Users/admin/builder/spi-builder-workspace/.derivedData/Build/Intermediates.noindex/TestCommons.build/Debug-watchos/TestCommons-t.build/Objects-normal/arm64/TestCommons.swiftdoc /Users/admin/builder/spi-builder-workspace/.derivedData/Build/Products/Debug-watchos/TestCommons.swiftmodule/arm64-apple-watchos.swiftdoc
Copy /Users/admin/builder/spi-builder-workspace/.derivedData/Build/Products/Debug-watchos/TestCommons.swiftmodule/arm64-apple-watchos.abi.json /Users/admin/builder/spi-builder-workspace/.derivedData/Build/Intermediates.noindex/TestCommons.build/Debug-watchos/TestCommons-t.build/Objects-normal/arm64/TestCommons.abi.json (in target 'TestCommons' from project 'TestCommons')
cd /Users/admin/builder/spi-builder-workspace
builtin-copy -exclude .DS_Store -exclude CVS -exclude .svn -exclude .git -exclude .hg -resolve-src-symlinks -rename /Users/admin/builder/spi-builder-workspace/.derivedData/Build/Intermediates.noindex/TestCommons.build/Debug-watchos/TestCommons-t.build/Objects-normal/arm64/TestCommons.abi.json /Users/admin/builder/spi-builder-workspace/.derivedData/Build/Products/Debug-watchos/TestCommons.swiftmodule/arm64-apple-watchos.abi.json
Copy /Users/admin/builder/spi-builder-workspace/.derivedData/Build/Products/Debug-watchos/TestCommons.swiftmodule/Project/arm64-apple-watchos.swiftsourceinfo /Users/admin/builder/spi-builder-workspace/.derivedData/Build/Intermediates.noindex/TestCommons.build/Debug-watchos/TestCommons-t.build/Objects-normal/arm64/TestCommons.swiftsourceinfo (in target 'TestCommons' from project 'TestCommons')
cd /Users/admin/builder/spi-builder-workspace
builtin-copy -exclude .DS_Store -exclude CVS -exclude .svn -exclude .git -exclude .hg -resolve-src-symlinks -rename /Users/admin/builder/spi-builder-workspace/.derivedData/Build/Intermediates.noindex/TestCommons.build/Debug-watchos/TestCommons-t.build/Objects-normal/arm64/TestCommons.swiftsourceinfo /Users/admin/builder/spi-builder-workspace/.derivedData/Build/Products/Debug-watchos/TestCommons.swiftmodule/Project/arm64-apple-watchos.swiftsourceinfo
SwiftCompile normal arm64 Compiling\ SnapshotReferenceDirectory.swift,\ StreamObservation.swift,\ StubResponse.swift /Users/admin/builder/spi-builder-workspace/Sources/TestCommons/SnapshotReferenceDirectory.swift /Users/admin/builder/spi-builder-workspace/Sources/TestCommons/StreamObservation.swift /Users/admin/builder/spi-builder-workspace/Sources/TestCommons/StubResponse.swift (in target 'TestCommons' from project 'TestCommons')
SwiftCompile normal arm64 /Users/admin/builder/spi-builder-workspace/Sources/TestCommons/SnapshotReferenceDirectory.swift (in target 'TestCommons' from project 'TestCommons')
cd /Users/admin/builder/spi-builder-workspace/.swiftpm/xcode
builtin-SwiftPerFileCompile SnapshotReferenceDirectory.swift
SwiftCompile normal arm64 /Users/admin/builder/spi-builder-workspace/Sources/TestCommons/StreamObservation.swift (in target 'TestCommons' from project 'TestCommons')
cd /Users/admin/builder/spi-builder-workspace/.swiftpm/xcode
builtin-SwiftPerFileCompile StreamObservation.swift
SwiftCompile normal arm64 /Users/admin/builder/spi-builder-workspace/Sources/TestCommons/StubResponse.swift (in target 'TestCommons' from project 'TestCommons')
cd /Users/admin/builder/spi-builder-workspace/.swiftpm/xcode
builtin-SwiftPerFileCompile StubResponse.swift
SwiftExplicitDependencyGeneratePcm arm64 /Users/admin/builder/spi-builder-workspace/.derivedData/SDKExplicitPrecompiledModules/UIKit-3NXNXJMGTIGLSPCUMJYECGUT2.pcm
SwiftExplicitDependencyGeneratePcm arm64_32 /Users/admin/builder/spi-builder-workspace/.derivedData/SDKExplicitPrecompiledModules/HomeKit-3G28JPRBYVFDNVGP3N1AJIRON.pcm
SwiftExplicitDependencyGeneratePcm arm64_32 /Users/admin/builder/spi-builder-workspace/.derivedData/SDKExplicitPrecompiledModules/MapKit-4QHO9971BNK7Z8ZV3IM0Z8JHM.pcm
SwiftExplicitDependencyGeneratePcm arm64 /Users/admin/builder/spi-builder-workspace/.derivedData/SDKExplicitPrecompiledModules/HomeKit-828DN93JSOQ52ZA4QA4J38CD.pcm
SwiftExplicitDependencyGeneratePcm arm64 /Users/admin/builder/spi-builder-workspace/.derivedData/SDKExplicitPrecompiledModules/MapKit-CY0HYXY78Y7MKX7HHJKLHZHSE.pcm
SwiftDriverJobDiscovery normal arm64_32 Compiling StubbedURLSession.swift, TemporaryDirectory.swift (in target 'TestCommons' from project 'TestCommons')
SwiftDriverJobDiscovery normal arm64_32 Compiling StubURLProtocol.swift, StubURLProtocolPool.swift (in target 'TestCommons' from project 'TestCommons')
SwiftCompile normal arm64 Compiling\ TestValueBox.swift,\ WaitUntil.swift /Users/admin/builder/spi-builder-workspace/Sources/TestCommons/TestValueBox.swift /Users/admin/builder/spi-builder-workspace/Sources/TestCommons/WaitUntil.swift (in target 'TestCommons' from project 'TestCommons')
SwiftCompile normal arm64 /Users/admin/builder/spi-builder-workspace/Sources/TestCommons/TestValueBox.swift (in target 'TestCommons' from project 'TestCommons')
cd /Users/admin/builder/spi-builder-workspace/.swiftpm/xcode
builtin-SwiftPerFileCompile TestValueBox.swift
SwiftCompile normal arm64 /Users/admin/builder/spi-builder-workspace/Sources/TestCommons/WaitUntil.swift (in target 'TestCommons' from project 'TestCommons')
cd /Users/admin/builder/spi-builder-workspace/.swiftpm/xcode
builtin-SwiftPerFileCompile WaitUntil.swift
SwiftDriverJobDiscovery normal arm64_32 Compiling JSONRoundTrip.swift, ManualClock.swift, ObservationTimeout.swift (in target 'TestCommons' from project 'TestCommons')
SwiftCompile normal arm64_32 Compiling\ TestValueBox.swift,\ WaitUntil.swift /Users/admin/builder/spi-builder-workspace/Sources/TestCommons/TestValueBox.swift /Users/admin/builder/spi-builder-workspace/Sources/TestCommons/WaitUntil.swift (in target 'TestCommons' from project 'TestCommons')
SwiftCompile normal arm64_32 /Users/admin/builder/spi-builder-workspace/Sources/TestCommons/TestValueBox.swift (in target 'TestCommons' from project 'TestCommons')
cd /Users/admin/builder/spi-builder-workspace/.swiftpm/xcode
builtin-SwiftPerFileCompile TestValueBox.swift
SwiftCompile normal arm64_32 /Users/admin/builder/spi-builder-workspace/Sources/TestCommons/WaitUntil.swift (in target 'TestCommons' from project 'TestCommons')
cd /Users/admin/builder/spi-builder-workspace/.swiftpm/xcode
builtin-SwiftPerFileCompile WaitUntil.swift
SwiftCompile normal arm64_32 Compiling\ TemporaryUserDefaults.swift,\ TestError.swift /Users/admin/builder/spi-builder-workspace/Sources/TestCommons/TemporaryUserDefaults.swift /Users/admin/builder/spi-builder-workspace/Sources/TestCommons/TestError.swift (in target 'TestCommons' from project 'TestCommons')
SwiftCompile normal arm64_32 /Users/admin/builder/spi-builder-workspace/Sources/TestCommons/TemporaryUserDefaults.swift (in target 'TestCommons' from project 'TestCommons')
cd /Users/admin/builder/spi-builder-workspace/.swiftpm/xcode
builtin-SwiftPerFileCompile TemporaryUserDefaults.swift
SwiftCompile normal arm64_32 /Users/admin/builder/spi-builder-workspace/Sources/TestCommons/TestError.swift (in target 'TestCommons' from project 'TestCommons')
cd /Users/admin/builder/spi-builder-workspace/.swiftpm/xcode
builtin-SwiftPerFileCompile TestError.swift
SwiftExplicitDependencyGeneratePcm arm64_32 /Users/admin/builder/spi-builder-workspace/.derivedData/SDKExplicitPrecompiledModules/WatchKit-52R8D796YDUMWDJVUEFB445DC.pcm
SwiftDriverJobDiscovery normal arm64_32 Compiling ObserveStream.swift, ReadingDirection.swift, ReadingOrder.swift (in target 'TestCommons' from project 'TestCommons')
SwiftCompile normal arm64 Compiling\ JSONRoundTrip.swift,\ ManualClock.swift,\ ObservationTimeout.swift /Users/admin/builder/spi-builder-workspace/Sources/TestCommons/JSONRoundTrip.swift /Users/admin/builder/spi-builder-workspace/Sources/TestCommons/ManualClock.swift /Users/admin/builder/spi-builder-workspace/Sources/TestCommons/ObservationTimeout.swift (in target 'TestCommons' from project 'TestCommons')
SwiftCompile normal arm64 /Users/admin/builder/spi-builder-workspace/Sources/TestCommons/JSONRoundTrip.swift (in target 'TestCommons' from project 'TestCommons')
cd /Users/admin/builder/spi-builder-workspace/.swiftpm/xcode
builtin-SwiftPerFileCompile JSONRoundTrip.swift
SwiftCompile normal arm64 /Users/admin/builder/spi-builder-workspace/Sources/TestCommons/ManualClock.swift (in target 'TestCommons' from project 'TestCommons')
cd /Users/admin/builder/spi-builder-workspace/.swiftpm/xcode
builtin-SwiftPerFileCompile ManualClock.swift
SwiftCompile normal arm64 /Users/admin/builder/spi-builder-workspace/Sources/TestCommons/ObservationTimeout.swift (in target 'TestCommons' from project 'TestCommons')
cd /Users/admin/builder/spi-builder-workspace/.swiftpm/xcode
builtin-SwiftPerFileCompile ObservationTimeout.swift
SwiftCompile normal arm64 Compiling\ RouteTable.swift,\ ScriptedResponder.swift,\ ScriptedValues.swift /Users/admin/builder/spi-builder-workspace/Sources/TestCommons/RouteTable.swift /Users/admin/builder/spi-builder-workspace/Sources/TestCommons/ScriptedResponder.swift /Users/admin/builder/spi-builder-workspace/Sources/TestCommons/ScriptedValues.swift (in target 'TestCommons' from project 'TestCommons')
SwiftCompile normal arm64 /Users/admin/builder/spi-builder-workspace/Sources/TestCommons/RouteTable.swift (in target 'TestCommons' from project 'TestCommons')
cd /Users/admin/builder/spi-builder-workspace/.swiftpm/xcode
builtin-SwiftPerFileCompile RouteTable.swift
SwiftCompile normal arm64 /Users/admin/builder/spi-builder-workspace/Sources/TestCommons/ScriptedResponder.swift (in target 'TestCommons' from project 'TestCommons')
cd /Users/admin/builder/spi-builder-workspace/.swiftpm/xcode
builtin-SwiftPerFileCompile ScriptedResponder.swift
SwiftCompile normal arm64 /Users/admin/builder/spi-builder-workspace/Sources/TestCommons/ScriptedValues.swift (in target 'TestCommons' from project 'TestCommons')
cd /Users/admin/builder/spi-builder-workspace/.swiftpm/xcode
builtin-SwiftPerFileCompile ScriptedValues.swift
SwiftExplicitDependencyGeneratePcm arm64 /Users/admin/builder/spi-builder-workspace/.derivedData/SDKExplicitPrecompiledModules/WatchKit-BO78WUD7ZRCBRY95H7ENJBBSS.pcm
SwiftDriverJobDiscovery normal arm64 Compiling TestValueBox.swift, WaitUntil.swift (in target 'TestCommons' from project 'TestCommons')
SwiftCompile normal arm64_32 Compiling\ FixtureDirectory.swift,\ FixtureEnvironment.swift,\ FrameGeometry.swift /Users/admin/builder/spi-builder-workspace/Sources/TestCommons/FixtureDirectory.swift /Users/admin/builder/spi-builder-workspace/Sources/TestCommons/FixtureEnvironment.swift /Users/admin/builder/spi-builder-workspace/Sources/TestCommons/FrameGeometry.swift (in target 'TestCommons' from project 'TestCommons')
SwiftCompile normal arm64_32 /Users/admin/builder/spi-builder-workspace/Sources/TestCommons/FixtureDirectory.swift (in target 'TestCommons' from project 'TestCommons')
cd /Users/admin/builder/spi-builder-workspace/.swiftpm/xcode
builtin-SwiftPerFileCompile FixtureDirectory.swift
SwiftCompile normal arm64_32 /Users/admin/builder/spi-builder-workspace/Sources/TestCommons/FixtureEnvironment.swift (in target 'TestCommons' from project 'TestCommons')
cd /Users/admin/builder/spi-builder-workspace/.swiftpm/xcode
builtin-SwiftPerFileCompile FixtureEnvironment.swift
SwiftCompile normal arm64_32 /Users/admin/builder/spi-builder-workspace/Sources/TestCommons/FrameGeometry.swift (in target 'TestCommons' from project 'TestCommons')
cd /Users/admin/builder/spi-builder-workspace/.swiftpm/xcode
builtin-SwiftPerFileCompile FrameGeometry.swift
SwiftDriverJobDiscovery normal arm64 Compiling SnapshotReferenceDirectory.swift, StreamObservation.swift, StubResponse.swift (in target 'TestCommons' from project 'TestCommons')
SwiftCompile normal arm64_32 Compiling\ AsyncGate.swift,\ CallRecorder.swift,\ ContainedFileURL.swift /Users/admin/builder/spi-builder-workspace/Sources/TestCommons/AsyncGate.swift /Users/admin/builder/spi-builder-workspace/Sources/TestCommons/CallRecorder.swift /Users/admin/builder/spi-builder-workspace/Sources/TestCommons/ContainedFileURL.swift (in target 'TestCommons' from project 'TestCommons')
SwiftCompile normal arm64_32 /Users/admin/builder/spi-builder-workspace/Sources/TestCommons/AsyncGate.swift (in target 'TestCommons' from project 'TestCommons')
cd /Users/admin/builder/spi-builder-workspace/.swiftpm/xcode
builtin-SwiftPerFileCompile AsyncGate.swift
SwiftCompile normal arm64_32 /Users/admin/builder/spi-builder-workspace/Sources/TestCommons/CallRecorder.swift (in target 'TestCommons' from project 'TestCommons')
cd /Users/admin/builder/spi-builder-workspace/.swiftpm/xcode
builtin-SwiftPerFileCompile CallRecorder.swift
SwiftCompile normal arm64_32 /Users/admin/builder/spi-builder-workspace/Sources/TestCommons/ContainedFileURL.swift (in target 'TestCommons' from project 'TestCommons')
cd /Users/admin/builder/spi-builder-workspace/.swiftpm/xcode
builtin-SwiftPerFileCompile ContainedFileURL.swift
SwiftDriverJobDiscovery normal arm64 Compiling TemporaryUserDefaults.swift, TestError.swift (in target 'TestCommons' from project 'TestCommons')
SwiftCompile normal arm64 Compiling\ StubURLProtocol.swift,\ StubURLProtocolPool.swift /Users/admin/builder/spi-builder-workspace/Sources/TestCommons/StubURLProtocol.swift /Users/admin/builder/spi-builder-workspace/Sources/TestCommons/StubURLProtocolPool.swift (in target 'TestCommons' from project 'TestCommons')
SwiftCompile normal arm64 /Users/admin/builder/spi-builder-workspace/Sources/TestCommons/StubURLProtocol.swift (in target 'TestCommons' from project 'TestCommons')
cd /Users/admin/builder/spi-builder-workspace/.swiftpm/xcode
builtin-SwiftPerFileCompile StubURLProtocol.swift
SwiftCompile normal arm64 /Users/admin/builder/spi-builder-workspace/Sources/TestCommons/StubURLProtocolPool.swift (in target 'TestCommons' from project 'TestCommons')
cd /Users/admin/builder/spi-builder-workspace/.swiftpm/xcode
builtin-SwiftPerFileCompile StubURLProtocolPool.swift
SwiftDriverJobDiscovery normal arm64 Compiling StubbedURLSession.swift, TemporaryDirectory.swift (in target 'TestCommons' from project 'TestCommons')
SwiftCompile normal arm64 Compiling\ ObserveStream.swift,\ ReadingDirection.swift,\ ReadingOrder.swift /Users/admin/builder/spi-builder-workspace/Sources/TestCommons/ObserveStream.swift /Users/admin/builder/spi-builder-workspace/Sources/TestCommons/ReadingDirection.swift /Users/admin/builder/spi-builder-workspace/Sources/TestCommons/ReadingOrder.swift (in target 'TestCommons' from project 'TestCommons')
SwiftCompile normal arm64 /Users/admin/builder/spi-builder-workspace/Sources/TestCommons/ObserveStream.swift (in target 'TestCommons' from project 'TestCommons')
cd /Users/admin/builder/spi-builder-workspace/.swiftpm/xcode
builtin-SwiftPerFileCompile ObserveStream.swift
SwiftCompile normal arm64 /Users/admin/builder/spi-builder-workspace/Sources/TestCommons/ReadingDirection.swift (in target 'TestCommons' from project 'TestCommons')
cd /Users/admin/builder/spi-builder-workspace/.swiftpm/xcode
builtin-SwiftPerFileCompile ReadingDirection.swift
SwiftCompile normal arm64 /Users/admin/builder/spi-builder-workspace/Sources/TestCommons/ReadingOrder.swift (in target 'TestCommons' from project 'TestCommons')
cd /Users/admin/builder/spi-builder-workspace/.swiftpm/xcode
builtin-SwiftPerFileCompile ReadingOrder.swift
SwiftDriverJobDiscovery normal arm64_32 Compiling TemporaryUserDefaults.swift, TestError.swift (in target 'TestCommons' from project 'TestCommons')
SwiftCompile normal arm64 Compiling\ FixtureDirectory.swift,\ FixtureEnvironment.swift,\ FrameGeometry.swift /Users/admin/builder/spi-builder-workspace/Sources/TestCommons/FixtureDirectory.swift /Users/admin/builder/spi-builder-workspace/Sources/TestCommons/FixtureEnvironment.swift /Users/admin/builder/spi-builder-workspace/Sources/TestCommons/FrameGeometry.swift (in target 'TestCommons' from project 'TestCommons')
SwiftCompile normal arm64 /Users/admin/builder/spi-builder-workspace/Sources/TestCommons/FixtureDirectory.swift (in target 'TestCommons' from project 'TestCommons')
cd /Users/admin/builder/spi-builder-workspace/.swiftpm/xcode
builtin-SwiftPerFileCompile FixtureDirectory.swift
SwiftCompile normal arm64 /Users/admin/builder/spi-builder-workspace/Sources/TestCommons/FixtureEnvironment.swift (in target 'TestCommons' from project 'TestCommons')
cd /Users/admin/builder/spi-builder-workspace/.swiftpm/xcode
builtin-SwiftPerFileCompile FixtureEnvironment.swift
SwiftCompile normal arm64 /Users/admin/builder/spi-builder-workspace/Sources/TestCommons/FrameGeometry.swift (in target 'TestCommons' from project 'TestCommons')
cd /Users/admin/builder/spi-builder-workspace/.swiftpm/xcode
builtin-SwiftPerFileCompile FrameGeometry.swift
SwiftDriverJobDiscovery normal arm64 Compiling AsyncGate.swift, CallRecorder.swift, ContainedFileURL.swift (in target 'TestCommons' from project 'TestCommons')
SwiftCompile normal arm64_32 Compiling\ SnapshotReferenceDirectory.swift,\ StreamObservation.swift,\ StubResponse.swift /Users/admin/builder/spi-builder-workspace/Sources/TestCommons/SnapshotReferenceDirectory.swift /Users/admin/builder/spi-builder-workspace/Sources/TestCommons/StreamObservation.swift /Users/admin/builder/spi-builder-workspace/Sources/TestCommons/StubResponse.swift (in target 'TestCommons' from project 'TestCommons')
SwiftCompile normal arm64_32 /Users/admin/builder/spi-builder-workspace/Sources/TestCommons/SnapshotReferenceDirectory.swift (in target 'TestCommons' from project 'TestCommons')
cd /Users/admin/builder/spi-builder-workspace/.swiftpm/xcode
builtin-SwiftPerFileCompile SnapshotReferenceDirectory.swift
SwiftCompile normal arm64_32 /Users/admin/builder/spi-builder-workspace/Sources/TestCommons/StreamObservation.swift (in target 'TestCommons' from project 'TestCommons')
cd /Users/admin/builder/spi-builder-workspace/.swiftpm/xcode
builtin-SwiftPerFileCompile StreamObservation.swift
SwiftCompile normal arm64_32 /Users/admin/builder/spi-builder-workspace/Sources/TestCommons/StubResponse.swift (in target 'TestCommons' from project 'TestCommons')
cd /Users/admin/builder/spi-builder-workspace/.swiftpm/xcode
builtin-SwiftPerFileCompile StubResponse.swift
SwiftDriverJobDiscovery normal arm64_32 Compiling TestValueBox.swift, WaitUntil.swift (in target 'TestCommons' from project 'TestCommons')
SwiftCompile normal arm64_32 Compiling\ RouteTable.swift,\ ScriptedResponder.swift,\ ScriptedValues.swift /Users/admin/builder/spi-builder-workspace/Sources/TestCommons/RouteTable.swift /Users/admin/builder/spi-builder-workspace/Sources/TestCommons/ScriptedResponder.swift /Users/admin/builder/spi-builder-workspace/Sources/TestCommons/ScriptedValues.swift (in target 'TestCommons' from project 'TestCommons')
SwiftCompile normal arm64_32 /Users/admin/builder/spi-builder-workspace/Sources/TestCommons/RouteTable.swift (in target 'TestCommons' from project 'TestCommons')
cd /Users/admin/builder/spi-builder-workspace/.swiftpm/xcode
builtin-SwiftPerFileCompile RouteTable.swift
SwiftCompile normal arm64_32 /Users/admin/builder/spi-builder-workspace/Sources/TestCommons/ScriptedResponder.swift (in target 'TestCommons' from project 'TestCommons')
cd /Users/admin/builder/spi-builder-workspace/.swiftpm/xcode
builtin-SwiftPerFileCompile ScriptedResponder.swift
SwiftCompile normal arm64_32 /Users/admin/builder/spi-builder-workspace/Sources/TestCommons/ScriptedValues.swift (in target 'TestCommons' from project 'TestCommons')
cd /Users/admin/builder/spi-builder-workspace/.swiftpm/xcode
builtin-SwiftPerFileCompile ScriptedValues.swift
SwiftExplicitDependencyGeneratePcm arm64_32 /Users/admin/builder/spi-builder-workspace/.derivedData/SDKExplicitPrecompiledModules/SwiftUI-1RR011ILX8M637U24HKCUKH2G.pcm
SwiftExplicitDependencyGeneratePcm arm64 /Users/admin/builder/spi-builder-workspace/.derivedData/SDKExplicitPrecompiledModules/SwiftUI-50RGMSU3855RUN43JPITBT2Y9.pcm
SwiftEmitModule normal arm64_32 Emitting\ module\ for\ TestCommonsUI (in target 'TestCommonsUI' from project 'TestCommons')
/Users/admin/builder/spi-builder-workspace/Sources/TestCommonsUI/HostedView.swift:35:33: error: cannot find type 'UIHostingController' in scope
33 | #elseif canImport(UIKit)
34 | /// The hosted view or controller; retain its window while observing it.
35 | public let hosting: UIHostingController<Content>
| `- error: cannot find type 'UIHostingController' in scope
36 | /// The owned platform window; use `close()` for coordinated cleanup.
37 | public let window: UIWindow
/Users/admin/builder/spi-builder-workspace/Sources/TestCommonsUI/HostedView.swift:37:32: error: 'UIWindow' is unavailable in watchOS
35 | public let hosting: UIHostingController<Content>
36 | /// The owned platform window; use `close()` for coordinated cleanup.
37 | public let window: UIWindow
| `- error: 'UIWindow' is unavailable in watchOS
38 | #endif
39 | private let scale: CGFloat?
/Applications/Xcode-27.0.0.app/Contents/Developer/Platforms/WatchOS.platform/Developer/SDKs/WatchOS27.0.sdk/System/Library/Frameworks/UIKit.framework/Headers/UIWindow.h:22:12: note: 'UIWindow' has been explicitly marked unavailable here
20 |
21 | UIKIT_EXTERN API_AVAILABLE(ios(2.0)) API_UNAVAILABLE(watchos) NS_SWIFT_UI_ACTOR
22 | @interface UIWindow : UIView
| `- note: 'UIWindow' has been explicitly marked unavailable here
23 |
24 | // instantiate a UIWindow already associated with a given UIWindowScene instance, with matching frame & interface orientations.
/Users/admin/builder/spi-builder-workspace/Sources/TestCommonsUI/RenderableView.swift:9:43: error: 'UIView' is unavailable in watchOS
7 | import UIKit
8 | /// A platform view rendered by the hosted-view helpers.
9 | public typealias RenderableView = UIView
| `- error: 'UIView' is unavailable in watchOS
10 | #endif
11 | #endif
/Applications/Xcode-27.0.0.app/Contents/Developer/Platforms/WatchOS.platform/Developer/SDKs/WatchOS27.0.sdk/System/Library/Frameworks/UIKit.framework/Headers/UIView.h:152:12: note: 'UIView' has been explicitly marked unavailable here
150 |
151 | UIKIT_EXTERN API_AVAILABLE(ios(2.0)) API_UNAVAILABLE(watchos) NS_SWIFT_UI_ACTOR
152 | @interface UIView : UIResponder <NSCoding, UIAppearance, UIAppearanceContainer, UIDynamicItem, UITraitEnvironment, UICoordinateSpace, UIFocusItem, UIFocusItemContainer, CALayerDelegate>
| `- note: 'UIView' has been explicitly marked unavailable here
153 |
154 | @property(class, nonatomic, readonly) Class layerClass; // default is [CALayer class]. Used when creating the underlying layer for the view.
Failed frontend command:
/Applications/Xcode-27.0.0.app/Contents/Developer/Toolchains/XcodeDefault.xctoolchain/usr/bin/swift-frontend -frontend -emit-module -experimental-skip-non-inlinable-function-bodies-without-types /Users/admin/builder/spi-builder-workspace/Sources/TestCommonsUI/HostedView.swift /Users/admin/builder/spi-builder-workspace/Sources/TestCommonsUI/RenderableView.swift /Users/admin/builder/spi-builder-workspace/Sources/TestCommonsUI/StableFrameObservation.swift /Users/admin/builder/spi-builder-workspace/Sources/TestCommonsUI/ViewRendering.swift -target arm64_32-apple-watchos11.0 -module-can-import-version SwiftUI 8.0.84.1 8.0.84 -module-can-import-version UIKit 9127.0.84.1 9127.0.84 -disable-cross-import-overlay-search -load-resolved-plugin /Applications/Xcode-27.0.0.app/Contents/Developer/Platforms/WatchOS.platform/Developer/usr/lib/swift/host/plugins/libFoundationMacros.dylib\#/Applications/Xcode-27.0.0.app/Contents/Developer/Platforms/WatchOS.platform/Developer/usr/bin/swift-plugin-server\#FoundationMacros -load-resolved-plugin /Applications/Xcode-27.0.0.app/Contents/Developer/Platforms/WatchOS.platform/Developer/usr/lib/swift/host/plugins/libObservationMacros.dylib\#/Applications/Xcode-27.0.0.app/Contents/Developer/Platforms/WatchOS.platform/Developer/usr/bin/swift-plugin-server\#ObservationMacros -load-resolved-plugin /Applications/Xcode-27.0.0.app/Contents/Developer/Platforms/WatchOS.platform/Developer/usr/lib/swift/host/plugins/libPreviewsMacros.dylib\#/Applications/Xcode-27.0.0.app/Contents/Developer/Platforms/WatchOS.platform/Developer/usr/bin/swift-plugin-server\#PreviewsMacros -load-resolved-plugin /Applications/Xcode-27.0.0.app/Contents/Developer/Platforms/WatchOS.platform/Developer/usr/lib/swift/host/plugins/libSwiftMacros.dylib\#/Applications/Xcode-27.0.0.app/Contents/Developer/Platforms/WatchOS.platform/Developer/usr/bin/swift-plugin-server\#SwiftMacros -load-resolved-plugin /Applications/Xcode-27.0.0.app/Contents/Developer/Platforms/WatchOS.platform/Developer/usr/lib/swift/host/plugins/libSwiftUIMacros.dylib\#/Applications/Xcode-27.0.0.app/Contents/Developer/Platforms/WatchOS.platform/Developer/usr/bin/swift-plugin-server\#SwiftUIMacros -disable-implicit-swift-modules -Xcc -fno-implicit-modules -Xcc -fno-implicit-module-maps -explicit-swift-module-map-file /Users/admin/builder/spi-builder-workspace/.derivedData/Build/Intermediates.noindex/TestCommons.build/Debug-watchos/TestCommonsUI-t.build/Objects-normal/arm64_32/TestCommonsUI-dependencies-1.json -enable-objc-interop -sdk /Applications/Xcode-27.0.0.app/Contents/Developer/Platforms/WatchOS.platform/Developer/SDKs/WatchOS27.0.sdk -I /Users/admin/builder/spi-builder-workspace/.derivedData/Build/Products/Debug-watchos -Isystem /Applications/Xcode-27.0.0.app/Contents/Developer/Platforms/WatchOS.platform/Developer/usr/lib -F /Users/admin/builder/spi-builder-workspace/.derivedData/Build/Products/Debug-watchos -F /Applications/Xcode-27.0.0.app/Contents/Developer/Platforms/WatchOS.platform/Developer/Library/Frameworks -F /Applications/Xcode-27.0.0.app/Contents/Developer/Platforms/WatchOS.platform/Developer/SDKs/WatchOS27.0.sdk/Developer/Library/Frameworks -module-cache-path /Users/admin/builder/spi-builder-workspace/.derivedData/Build/Intermediates.noindex/SwiftExplicitPrecompiledModules -no-color-diagnostics -Xcc -fno-color-diagnostics -enable-testing -g -debug-info-format\=dwarf -dwarf-version\=5 -profile-generate -profile-coverage-mapping -swift-version 6 -Onone -D SWIFT_PACKAGE -D DEBUG -D SWIFT_MODULE_RESOURCE_BUNDLE_UNAVAILABLE -D Xcode -serialize-debugging-options -enable-experimental-feature DebugDescriptionMacro -empty-abi-descriptor -validate-clang-modules-once -clang-build-session-file /Users/admin/builder/spi-builder-workspace/.derivedData/ModuleCache.noindex/Session.modulevalidation -Xcc -working-directory -Xcc /Users/admin/builder/spi-builder-workspace/.swiftpm/xcode -enable-anonymous-context-mangled-names -file-compilation-dir /Users/admin/builder/spi-builder-workspace/.swiftpm/xcode -Xcc -D_LIBCPP_HARDENING_MODE\=_LIBCPP_HARDENING_MODE_DEBUG -Xcc -ivfsstatcache -Xcc /Users/admin/builder/spi-builder-workspace/.derivedData/SDKStatCaches.noindex/watchos27.0-24R360-e829b21a6f8c9b70876ba0858053c044b9db9bc9c079ee3c7b5f3373b13d10bc.sdkstatcache -Xcc -fmodules-prune-interval\=86400 -Xcc -fmodules-prune-after\=345600 -Xcc -I/Users/admin/builder/spi-builder-workspace/.derivedData/Build/Products/Debug-watchos/include -Xcc -I/Users/admin/builder/spi-builder-workspace/.derivedData/Build/Intermediates.noindex/TestCommons.build/Debug-watchos/TestCommonsUI-t.build/DerivedSources-normal/arm64_32 -Xcc -I/Users/admin/builder/spi-builder-workspace/.derivedData/Build/Intermediates.noindex/TestCommons.build/Debug-watchos/TestCommonsUI-t.build/DerivedSources/arm64_32 -Xcc -I/Users/admin/builder/spi-builder-workspace/.derivedData/Build/Intermediates.noindex/TestCommons.build/Debug-watchos/TestCommonsUI-t.build/DerivedSources -Xcc -DSWIFT_PACKAGE -Xcc -DDEBUG\=1 -no-auto-bridging-header-chaining -module-name TestCommonsUI -package-name spi_builder_workspace -const-gather-protocols-file /Users/admin/builder/spi-builder-workspace/.derivedData/Build/Intermediates.noindex/TestCommons.build/Debug-watchos/TestCommonsUI-t.build/Objects-normal/arm64_32/TestCommonsUI_const_extract_protocols.json -disable-clang-spi -clang-target arm64_32-apple-watchos27.0 -target-sdk-version 27.0 -target-sdk-name watchos27.0 -in-process-plugin-server-path /Applications/Xcode-27.0.0.app/Contents/Developer/Toolchains/XcodeDefault.xctoolchain/usr/lib/swift/host/libSwiftInProcPluginServer.dylib -emit-module-doc-path /Users/admin/builder/spi-builder-workspace/.derivedData/Build/Intermediates.noindex/TestCommons.build/Debug-watchos/TestCommonsUI-t.build/Objects-normal/arm64_32/TestCommonsUI.swiftdoc -emit-module-source-info-path /Users/admin/builder/spi-builder-workspace/.derivedData/Build/Intermediates.noindex/TestCommons.build/Debug-watchos/TestCommonsUI-t.build/Objects-normal/arm64_32/TestCommonsUI.swiftsourceinfo -emit-objc-header-path /Users/admin/builder/spi-builder-workspace/.derivedData/Build/Intermediates.noindex/TestCommons.build/Debug-watchos/TestCommonsUI-t.build/Objects-normal/arm64_32/TestCommonsUI-Swift.h -serialize-diagnostics-path /Users/admin/builder/spi-builder-workspace/.derivedData/Build/Intermediates.noindex/TestCommons.build/Debug-watchos/TestCommonsUI-t.build/Objects-normal/arm64_32/TestCommonsUI-primary-emit-module.dia -emit-dependencies-path /Users/admin/builder/spi-builder-workspace/.derivedData/Build/Intermediates.noindex/TestCommons.build/Debug-watchos/TestCommonsUI-t.build/Objects-normal/arm64_32/TestCommonsUI-primary-emit-module.d -parse-as-library -o /Users/admin/builder/spi-builder-workspace/.derivedData/Build/Intermediates.noindex/TestCommons.build/Debug-watchos/TestCommonsUI-t.build/Objects-normal/arm64_32/TestCommonsUI.swiftmodule -emit-abi-descriptor-path /Users/admin/builder/spi-builder-workspace/.derivedData/Build/Intermediates.noindex/TestCommons.build/Debug-watchos/TestCommonsUI-t.build/Objects-normal/arm64_32/TestCommonsUI.abi.json
SwiftCompile normal arm64_32 (in target 'TestCommonsUI' from project 'TestCommons')
cd /Users/admin/builder/spi-builder-workspace/.swiftpm/xcode
SwiftDriverJobDiscovery normal arm64 Compiling JSONRoundTrip.swift, ManualClock.swift, ObservationTimeout.swift (in target 'TestCommons' from project 'TestCommons')
SwiftCompile normal arm64_32 Compiling\ RenderableView.swift /Users/admin/builder/spi-builder-workspace/Sources/TestCommonsUI/RenderableView.swift (in target 'TestCommonsUI' from project 'TestCommons')
SwiftCompile normal arm64_32 /Users/admin/builder/spi-builder-workspace/Sources/TestCommonsUI/RenderableView.swift (in target 'TestCommonsUI' from project 'TestCommons')
cd /Users/admin/builder/spi-builder-workspace/.swiftpm/xcode
builtin-SwiftPerFileCompile RenderableView.swift
SwiftDriverJobDiscovery normal arm64 Compiling RouteTable.swift, ScriptedResponder.swift, ScriptedValues.swift (in target 'TestCommons' from project 'TestCommons')
SwiftCompile normal arm64_32 Compiling\ HostedView.swift /Users/admin/builder/spi-builder-workspace/Sources/TestCommonsUI/HostedView.swift (in target 'TestCommonsUI' from project 'TestCommons')
SwiftCompile normal arm64_32 /Users/admin/builder/spi-builder-workspace/Sources/TestCommonsUI/HostedView.swift (in target 'TestCommonsUI' from project 'TestCommons')
cd /Users/admin/builder/spi-builder-workspace/.swiftpm/xcode
builtin-SwiftPerFileCompile HostedView.swift
/Users/admin/builder/spi-builder-workspace/Sources/TestCommonsUI/HostedView.swift:35:33: error: cannot find type 'UIHostingController' in scope
33 | #elseif canImport(UIKit)
34 | /// The hosted view or controller; retain its window while observing it.
35 | public let hosting: UIHostingController<Content>
| `- error: cannot find type 'UIHostingController' in scope
36 | /// The owned platform window; use `close()` for coordinated cleanup.
37 | public let window: UIWindow
/Users/admin/builder/spi-builder-workspace/Sources/TestCommonsUI/HostedView.swift:37:32: error: 'UIWindow' is unavailable in watchOS
35 | public let hosting: UIHostingController<Content>
36 | /// The owned platform window; use `close()` for coordinated cleanup.
37 | public let window: UIWindow
| `- error: 'UIWindow' is unavailable in watchOS
38 | #endif
39 | private let scale: CGFloat?
/Applications/Xcode-27.0.0.app/Contents/Developer/Platforms/WatchOS.platform/Developer/SDKs/WatchOS27.0.sdk/System/Library/Frameworks/UIKit.framework/Headers/UIWindow.h:22:12: note: 'UIWindow' has been explicitly marked unavailable here
20 |
21 | UIKIT_EXTERN API_AVAILABLE(ios(2.0)) API_UNAVAILABLE(watchos) NS_SWIFT_UI_ACTOR
22 | @interface UIWindow : UIView
| `- note: 'UIWindow' has been explicitly marked unavailable here
23 |
24 | // instantiate a UIWindow already associated with a given UIWindowScene instance, with matching frame & interface orientations.
/Users/admin/builder/spi-builder-workspace/Sources/TestCommonsUI/HostedView.swift:65:27: error: cannot find 'UIHostingController' in scope
63 | hosting.layoutSubtreeIfNeeded()
64 | #elseif canImport(UIKit)
65 | hosting = UIHostingController(rootView: content)
| `- error: cannot find 'UIHostingController' in scope
66 | hosting.view.frame = CGRect(origin: .zero, size: size)
67 | // In a scene-based host app, a window without a scene is never displayed.
SwiftDriverJobDiscovery normal arm64_32 Compiling FixtureDirectory.swift, FixtureEnvironment.swift, FrameGeometry.swift (in target 'TestCommons' from project 'TestCommons')
SwiftCompile normal arm64_32 Compiling\ ViewRendering.swift /Users/admin/builder/spi-builder-workspace/Sources/TestCommonsUI/ViewRendering.swift (in target 'TestCommonsUI' from project 'TestCommons')
SwiftCompile normal arm64_32 /Users/admin/builder/spi-builder-workspace/Sources/TestCommonsUI/ViewRendering.swift (in target 'TestCommonsUI' from project 'TestCommons')
cd /Users/admin/builder/spi-builder-workspace/.swiftpm/xcode
builtin-SwiftPerFileCompile ViewRendering.swift
/Users/admin/builder/spi-builder-workspace/Sources/TestCommonsUI/ViewRendering.swift:75:30: error: 'UIGraphicsImageRendererFormat' is unavailable in watchOS
73 | view.layoutIfNeeded()
74 | guard !view.bounds.isEmpty else { return nil }
75 | let format = UIGraphicsImageRendererFormat.preferred()
| `- error: 'UIGraphicsImageRendererFormat' is unavailable in watchOS
76 | if let scale {
77 | format.scale = scale
/Applications/Xcode-27.0.0.app/Contents/Developer/Platforms/WatchOS.platform/Developer/SDKs/WatchOS27.0.sdk/System/Library/Frameworks/UIKit.framework/Headers/UIGraphicsImageRenderer.h:27:12: note: 'UIGraphicsImageRendererFormat' has been explicitly marked unavailable here
25 |
26 | UIKIT_EXTERN API_AVAILABLE(ios(10.0)) API_UNAVAILABLE(watchos)
27 | @interface UIGraphicsImageRendererFormat : UIGraphicsRendererFormat
| `- note: 'UIGraphicsImageRendererFormat' has been explicitly marked unavailable here
28 |
29 | @property (nonatomic) CGFloat scale; // display scale of the context. The preferredFormat uses the scale most appropriate for the main screen's current configuration.
/Users/admin/builder/spi-builder-workspace/Sources/TestCommonsUI/ViewRendering.swift:75:60: error: 'preferred()' is unavailable in watchOS
73 | view.layoutIfNeeded()
74 | guard !view.bounds.isEmpty else { return nil }
75 | let format = UIGraphicsImageRendererFormat.preferred()
| `- error: 'preferred()' is unavailable in watchOS
76 | if let scale {
77 | format.scale = scale
/Applications/Xcode-27.0.0.app/Contents/Developer/Platforms/WatchOS.platform/Developer/SDKs/WatchOS27.0.sdk/System/Library/Frameworks/UIKit.framework/Headers/UIGraphicsRenderer.h:28:1: note: 'preferred()' has been explicitly marked unavailable here
26 |
27 | // Returns a new format object best suited for the main screen’s current configuration.
28 | + (instancetype)preferredFormat API_AVAILABLE(ios(11.0), tvos(11.0)) API_UNAVAILABLE(watchos);
| `- note: 'preferred()' has been explicitly marked unavailable here
29 |
30 | // returns the bounds for drawing into the owning UIGraphicsRendererContext.
SwiftDriverJobDiscovery normal arm64_32 Compiling SnapshotReferenceDirectory.swift, StreamObservation.swift, StubResponse.swift (in target 'TestCommons' from project 'TestCommons')
SwiftCompile normal arm64_32 Compiling\ StableFrameObservation.swift /Users/admin/builder/spi-builder-workspace/Sources/TestCommonsUI/StableFrameObservation.swift (in target 'TestCommonsUI' from project 'TestCommons')
SwiftCompile normal arm64_32 /Users/admin/builder/spi-builder-workspace/Sources/TestCommonsUI/StableFrameObservation.swift (in target 'TestCommonsUI' from project 'TestCommons')
cd /Users/admin/builder/spi-builder-workspace/.swiftpm/xcode
builtin-SwiftPerFileCompile StableFrameObservation.swift
SwiftDriverJobDiscovery normal arm64_32 Compiling AsyncGate.swift, CallRecorder.swift, ContainedFileURL.swift (in target 'TestCommons' from project 'TestCommons')
SwiftEmitModule normal arm64 Emitting\ module\ for\ TestCommonsUI (in target 'TestCommonsUI' from project 'TestCommons')
/Users/admin/builder/spi-builder-workspace/Sources/TestCommonsUI/HostedView.swift:35:33: error: cannot find type 'UIHostingController' in scope
33 | #elseif canImport(UIKit)
34 | /// The hosted view or controller; retain its window while observing it.
35 | public let hosting: UIHostingController<Content>
| `- error: cannot find type 'UIHostingController' in scope
36 | /// The owned platform window; use `close()` for coordinated cleanup.
37 | public let window: UIWindow
SwiftCompile normal arm64 (in target 'TestCommonsUI' from project 'TestCommons')
cd /Users/admin/builder/spi-builder-workspace/.swiftpm/xcode
SwiftCompile normal arm64 Compiling\ ViewRendering.swift /Users/admin/builder/spi-builder-workspace/Sources/TestCommonsUI/ViewRendering.swift (in target 'TestCommonsUI' from project 'TestCommons')
SwiftCompile normal arm64 /Users/admin/builder/spi-builder-workspace/Sources/TestCommonsUI/ViewRendering.swift (in target 'TestCommonsUI' from project 'TestCommons')
cd /Users/admin/builder/spi-builder-workspace/.swiftpm/xcode
builtin-SwiftPerFileCompile ViewRendering.swift
SwiftDriverJobDiscovery normal arm64 Compiling FixtureDirectory.swift, FixtureEnvironment.swift, FrameGeometry.swift (in target 'TestCommons' from project 'TestCommons')
SwiftCompile normal arm64 Compiling\ StableFrameObservation.swift /Users/admin/builder/spi-builder-workspace/Sources/TestCommonsUI/StableFrameObservation.swift (in target 'TestCommonsUI' from project 'TestCommons')
SwiftCompile normal arm64 /Users/admin/builder/spi-builder-workspace/Sources/TestCommonsUI/StableFrameObservation.swift (in target 'TestCommonsUI' from project 'TestCommons')
cd /Users/admin/builder/spi-builder-workspace/.swiftpm/xcode
builtin-SwiftPerFileCompile StableFrameObservation.swift
SwiftDriverJobDiscovery normal arm64_32 Compiling RouteTable.swift, ScriptedResponder.swift, ScriptedValues.swift (in target 'TestCommons' from project 'TestCommons')
SwiftCompile normal arm64 Compiling\ RenderableView.swift /Users/admin/builder/spi-builder-workspace/Sources/TestCommonsUI/RenderableView.swift (in target 'TestCommonsUI' from project 'TestCommons')
SwiftCompile normal arm64 /Users/admin/builder/spi-builder-workspace/Sources/TestCommonsUI/RenderableView.swift (in target 'TestCommonsUI' from project 'TestCommons')
cd /Users/admin/builder/spi-builder-workspace/.swiftpm/xcode
builtin-SwiftPerFileCompile RenderableView.swift
SwiftDriverJobDiscovery normal arm64 Compiling ObserveStream.swift, ReadingDirection.swift, ReadingOrder.swift (in target 'TestCommons' from project 'TestCommons')
SwiftCompile normal arm64 Compiling\ HostedView.swift /Users/admin/builder/spi-builder-workspace/Sources/TestCommonsUI/HostedView.swift (in target 'TestCommonsUI' from project 'TestCommons')
SwiftCompile normal arm64 /Users/admin/builder/spi-builder-workspace/Sources/TestCommonsUI/HostedView.swift (in target 'TestCommonsUI' from project 'TestCommons')
cd /Users/admin/builder/spi-builder-workspace/.swiftpm/xcode
builtin-SwiftPerFileCompile HostedView.swift
PruneExplicitPrecompiledModules /Users/admin/builder/spi-builder-workspace/.derivedData/SDKExplicitPrecompiledModules
PruneExplicitPrecompiledModules /Users/admin/builder/spi-builder-workspace/.derivedData/Build/Intermediates.noindex/SwiftExplicitPrecompiledModules
PruneExplicitPrecompiledModules /Users/admin/builder/spi-builder-workspace/.derivedData/Build/Intermediates.noindex/ExplicitPrecompiledModules
2026-10-23 23:58:35.284 xcodebuild[628:3877] [MT] IDERunDestination: Supported platforms for the buildables in the current scheme is empty.
** BUILD FAILED **
The following build commands failed:
SwiftEmitModule normal arm64_32 Emitting\ module\ for\ TestCommonsUI (in target 'TestCommonsUI' from project 'TestCommons')
SwiftCompile normal arm64_32 (in target 'TestCommonsUI' from project 'TestCommons')
Building workspace TestCommons with scheme TestCommons-Package
(3 failures)
Command line invocation:
/Applications/Xcode-27.0.0.app/Contents/Developer/usr/bin/xcodebuild -IDEClonedSourcePackagesDirPathOverride=/Users/admin/builder/spi-builder-workspace/.dependencies -resolvePackageDependencies
Resolve Package Graph
Resolved source packages:
TestCommons: /Users/admin/builder/spi-builder-workspace
resolved source packages: TestCommons
2026-10-23 23:58:42.811 xcodebuild[817:4772] [MT] IDERunDestination: Supported platforms for the buildables in the current scheme is empty.
{
"dependencies" : [
],
"manifest_display_name" : "TestCommons",
"name" : "TestCommons",
"path" : "/Users/admin/builder/spi-builder-workspace",
"platforms" : [
{
"name" : "macos",
"version" : "15.0"
},
{
"name" : "ios",
"version" : "18.0"
}
],
"products" : [
{
"name" : "TestCommons",
"targets" : [
"TestCommons"
],
"type" : {
"library" : [
"automatic"
]
}
},
{
"name" : "TestCommonsXCUI",
"targets" : [
"TestCommonsXCUI"
],
"type" : {
"library" : [
"automatic"
]
}
},
{
"name" : "TestCommonsUI",
"targets" : [
"TestCommonsUI"
],
"type" : {
"library" : [
"automatic"
]
}
}
],
"swift_languages_versions" : [
"6"
],
"targets" : [
{
"c99name" : "TestCommonsXCUITests",
"module_type" : "SwiftTarget",
"name" : "TestCommonsXCUITests",
"path" : "Tests/TestCommonsXCUITests",
"sources" : [
"ConfigureLocaleTests.swift",
"ElementConditionTests.swift",
"ReadingOrderAssertionTests.swift",
"ReplaceTextTests.swift",
"ScrollingTests.swift",
"VerticalScrollDragTests.swift"
],
"target_dependencies" : [
"TestCommonsXCUI"
],
"type" : "test"
},
{
"c99name" : "TestCommonsXCUI",
"module_type" : "SwiftTarget",
"name" : "TestCommonsXCUI",
"path" : "Sources/TestCommonsXCUI",
"product_memberships" : [
"TestCommonsXCUI"
],
"sources" : [
"AttachDiagnostics.swift",
"ConfigureLocale.swift",
"ElementAssertions.swift",
"ElementCondition.swift",
"ReadingOrderAssertions.swift",
"ReplaceText.swift",
"Scrolling.swift",
"UniqueHittableElement.swift",
"VerticalScrollDrag.swift"
],
"target_dependencies" : [
"TestCommons"
],
"type" : "library"
},
{
"c99name" : "TestCommonsUITests",
"module_type" : "SwiftTarget",
"name" : "TestCommonsUITests",
"path" : "Tests/TestCommonsUITests",
"sources" : [
"HostedViewTests.swift",
"PNGPixelSize.swift",
"RenderingTests.swift",
"ViewRenderingTests.swift"
],
"target_dependencies" : [
"TestCommonsUI"
],
"type" : "test"
},
{
"c99name" : "TestCommonsUI",
"module_type" : "SwiftTarget",
"name" : "TestCommonsUI",
"path" : "Sources/TestCommonsUI",
"product_memberships" : [
"TestCommonsUI"
],
"sources" : [
"HostedView.swift",
"RenderableView.swift",
"StableFrameObservation.swift",
"ViewRendering.swift"
],
"type" : "library"
},
{
"c99name" : "TestCommonsTests",
"module_type" : "SwiftTarget",
"name" : "TestCommonsTests",
"path" : "Tests/TestCommonsTests",
"sources" : [
"AsyncGateTests.swift",
"CallRecorderTests.swift",
"ContainedFileURLTests.swift",
"FixtureDirectoryTests.swift",
"FixtureEnvironmentTests.swift",
"FrameGeometryTests.swift",
"JSONRoundTripTests.swift",
"ManualClockTests.swift",
"ObservationTimeoutTests.swift",
"ObserveStreamTests.swift",
"ReadingOrderTests.swift",
"RouteTableTests.swift",
"ScriptedResponderTests.swift",
"ScriptedValuesTests.swift",
"SnapshotReferenceDirectoryTests.swift",
"StubURLProtocolTests.swift",
"StubbedURLSessionTests.swift",
"TemporaryDirectoryTests.swift",
"TemporaryUserDefaultsTests.swift",
"TestValueBoxTests.swift",
"WaitUntilTests.swift"
],
"target_dependencies" : [
"TestCommons"
],
"type" : "test"
},
{
"c99name" : "TestCommons",
"module_type" : "SwiftTarget",
"name" : "TestCommons",
"path" : "Sources/TestCommons",
"product_memberships" : [
"TestCommons",
"TestCommonsXCUI"
],
"sources" : [
"AsyncGate.swift",
"CallRecorder.swift",
"ContainedFileURL.swift",
"FixtureDirectory.swift",
"FixtureEnvironment.swift",
"FrameGeometry.swift",
"JSONRoundTrip.swift",
"ManualClock.swift",
"ObservationTimeout.swift",
"ObserveStream.swift",
"ReadingDirection.swift",
"ReadingOrder.swift",
"RouteTable.swift",
"ScriptedResponder.swift",
"ScriptedValues.swift",
"SnapshotReferenceDirectory.swift",
"StreamObservation.swift",
"StubResponse.swift",
"StubURLProtocol.swift",
"StubURLProtocolPool.swift",
"StubbedURLSession.swift",
"TemporaryDirectory.swift",
"TemporaryUserDefaults.swift",
"TestError.swift",
"TestValueBox.swift",
"WaitUntil.swift"
],
"type" : "library"
}
],
"tools_version" : "6.2"
}
{
"workspace" : {
"name" : "TestCommons",
"schemes" : [
"TestCommons",
"TestCommons-Package",
"TestCommonsUI",
"TestCommonsXCUI"
]
}
}
2026-10-23 23:58:44.059 xcodebuild[825:4843] [MT] IDERunDestination: Supported platforms for the buildables in the current scheme is empty.
Running build ...
env DEVELOPER_DIR=/Applications/Xcode-27.0.0.app xcrun xcodebuild -IDEClonedSourcePackagesDirPathOverride=$PWD/.dependencies -skipMacroValidation -skipPackagePluginValidation -derivedDataPath $PWD/.derivedData build -scheme TestCommons-Package -destination generic/platform=watchOS
Command line invocation:
/Applications/Xcode-27.0.0.app/Contents/Developer/usr/bin/xcodebuild -IDEClonedSourcePackagesDirPathOverride=/Users/admin/builder/spi-builder-workspace/.dependencies -skipMacroValidation -skipPackagePluginValidation -derivedDataPath /Users/admin/builder/spi-builder-workspace/.derivedData build -scheme TestCommons-Package -destination generic/platform=watchOS
Resolve Package Graph
Resolved source packages:
TestCommons: /Users/admin/builder/spi-builder-workspace
ComputePackagePrebuildTargetDependencyGraph
Prepare packages
CreateBuildRequest
SendProjectDescription
CreateBuildOperation
ComputeTargetDependencyGraph
note: Building targets in dependency order
note: Target dependency graph (6 targets)
Target 'TestCommonsUI-product' in project 'TestCommons'
➜ Explicit dependency on target 'TestCommonsUI' in project 'TestCommons'
Target 'TestCommonsUI' in project 'TestCommons' (no dependencies)
Target 'TestCommonsXCUI-product' in project 'TestCommons'
➜ Explicit dependency on target 'TestCommonsXCUI' in project 'TestCommons'
➜ Explicit dependency on target 'TestCommons' in project 'TestCommons'
Target 'TestCommonsXCUI' in project 'TestCommons'
➜ Explicit dependency on target 'TestCommons' in project 'TestCommons'
Target 'TestCommons-product' in project 'TestCommons'
➜ Explicit dependency on target 'TestCommons' in project 'TestCommons'
Target 'TestCommons' in project 'TestCommons' (no dependencies)
GatherProvisioningInputs
CreateBuildDescription
ClangStatCache /Applications/Xcode-27.0.0.app/Contents/Developer/Toolchains/XcodeDefault.xctoolchain/usr/bin/clang-stat-cache /Applications/Xcode-27.0.0.app/Contents/Developer/Platforms/WatchOS.platform/Developer/SDKs/WatchOS27.0.sdk /Users/admin/builder/spi-builder-workspace/.derivedData/SDKStatCaches.noindex/watchos27.0-24R360-e829b21a6f8c9b70876ba0858053c044b9db9bc9c079ee3c7b5f3373b13d10bc.sdkstatcache
cd /Users/admin/builder/spi-builder-workspace/.swiftpm/xcode
/Applications/Xcode-27.0.0.app/Contents/Developer/Toolchains/XcodeDefault.xctoolchain/usr/bin/clang-stat-cache /Applications/Xcode-27.0.0.app/Contents/Developer/Platforms/WatchOS.platform/Developer/SDKs/WatchOS27.0.sdk -o /Users/admin/builder/spi-builder-workspace/.derivedData/SDKStatCaches.noindex/watchos27.0-24R360-e829b21a6f8c9b70876ba0858053c044b9db9bc9c079ee3c7b5f3373b13d10bc.sdkstatcache
SwiftDriver TestCommonsUI normal arm64_32 com.apple.xcode.tools.swift.compiler (in target 'TestCommonsUI' from project 'TestCommons')
cd /Users/admin/builder/spi-builder-workspace/.swiftpm/xcode
builtin-SwiftDriver -- /Applications/Xcode-27.0.0.app/Contents/Developer/Toolchains/XcodeDefault.xctoolchain/usr/bin/swiftc -parse-as-library -module-name TestCommonsUI -Onone @/Users/admin/builder/spi-builder-workspace/.derivedData/Build/Intermediates.noindex/TestCommons.build/Debug-watchos/TestCommonsUI-t.build/Objects-normal/arm64_32/TestCommonsUI.SwiftFileList -DSWIFT_PACKAGE -DDEBUG -DSWIFT_MODULE_RESOURCE_BUNDLE_UNAVAILABLE -DXcode -plugin-path /Applications/Xcode-27.0.0.app/Contents/Developer/Toolchains/XcodeDefault.xctoolchain/usr/lib/swift/host/plugins/testing -enable-experimental-feature DebugDescriptionMacro -sdk /Applications/Xcode-27.0.0.app/Contents/Developer/Platforms/WatchOS.platform/Developer/SDKs/WatchOS27.0.sdk -target arm64_32-apple-watchos11.0 -g -module-cache-path /Users/admin/builder/spi-builder-workspace/.derivedData/ModuleCache.noindex -Xfrontend -serialize-debugging-options -profile-coverage-mapping -profile-generate -enable-testing -index-store-path /Users/admin/builder/spi-builder-workspace/.derivedData/Index.noindex/DataStore -Xcc -D_LIBCPP_HARDENING_MODE\=_LIBCPP_HARDENING_MODE_DEBUG -swift-version 6 -I /Users/admin/builder/spi-builder-workspace/.derivedData/Build/Products/Debug-watchos -Isystem /Applications/Xcode-27.0.0.app/Contents/Developer/Platforms/WatchOS.platform/Developer/usr/lib -F /Users/admin/builder/spi-builder-workspace/.derivedData/Build/Products/Debug-watchos -F /Applications/Xcode-27.0.0.app/Contents/Developer/Platforms/WatchOS.platform/Developer/Library/Frameworks -F /Applications/Xcode-27.0.0.app/Contents/Developer/Platforms/WatchOS.platform/Developer/SDKs/WatchOS27.0.sdk/Developer/Library/Frameworks -c -j10 -enable-batch-mode -incremental -Xcc -ivfsstatcache -Xcc /Users/admin/builder/spi-builder-workspace/.derivedData/SDKStatCaches.noindex/watchos27.0-24R360-e829b21a6f8c9b70876ba0858053c044b9db9bc9c079ee3c7b5f3373b13d10bc.sdkstatcache -output-file-map /Users/admin/builder/spi-builder-workspace/.derivedData/Build/Intermediates.noindex/TestCommons.build/Debug-watchos/TestCommonsUI-t.build/Objects-normal/arm64_32/TestCommonsUI-OutputFileMap.json -save-temps -no-color-diagnostics -explicit-module-build -module-cache-path /Users/admin/builder/spi-builder-workspace/.derivedData/Build/Intermediates.noindex/SwiftExplicitPrecompiledModules -clang-scanner-module-cache-path /Users/admin/builder/spi-builder-workspace/.derivedData/ModuleCache.noindex -sdk-module-cache-path /Users/admin/builder/spi-builder-workspace/.derivedData/SDKExplicitPrecompiledModules -emit-dependencies -emit-module -emit-module-path /Users/admin/builder/spi-builder-workspace/.derivedData/Build/Intermediates.noindex/TestCommons.build/Debug-watchos/TestCommonsUI-t.build/Objects-normal/arm64_32/TestCommonsUI.swiftmodule -serialize-diagnostics -dependency-scan-serialize-diagnostics-path /Users/admin/builder/spi-builder-workspace/.derivedData/Build/Intermediates.noindex/TestCommons.build/Debug-watchos/TestCommonsUI-t.build/Objects-normal/arm64_32/TestCommonsUI-dependency-scan.dia -validate-clang-modules-once -clang-build-session-file /Users/admin/builder/spi-builder-workspace/.derivedData/ModuleCache.noindex/Session.modulevalidation -Xcc -fmodules-prune-interval\=86400 -Xcc -fmodules-prune-after\=345600 -package-name spi_builder_workspace -emit-const-values -const-gather-protocols-list /Users/admin/builder/spi-builder-workspace/.derivedData/Build/Intermediates.noindex/TestCommons.build/Debug-watchos/TestCommonsUI-t.build/Objects-normal/arm64_32/TestCommonsUI_const_extract_protocols.json -Xcc -I/Users/admin/builder/spi-builder-workspace/.derivedData/Build/Products/Debug-watchos/include -Xcc -I/Users/admin/builder/spi-builder-workspace/.derivedData/Build/Intermediates.noindex/TestCommons.build/Debug-watchos/TestCommonsUI-t.build/DerivedSources-normal/arm64_32 -Xcc -I/Users/admin/builder/spi-builder-workspace/.derivedData/Build/Intermediates.noindex/TestCommons.build/Debug-watchos/TestCommonsUI-t.build/DerivedSources/arm64_32 -Xcc -I/Users/admin/builder/spi-builder-workspace/.derivedData/Build/Intermediates.noindex/TestCommons.build/Debug-watchos/TestCommonsUI-t.build/DerivedSources -Xcc -DSWIFT_PACKAGE -Xcc -DDEBUG\=1 -emit-objc-header -emit-objc-header-path /Users/admin/builder/spi-builder-workspace/.derivedData/Build/Intermediates.noindex/TestCommons.build/Debug-watchos/TestCommonsUI-t.build/Objects-normal/arm64_32/TestCommonsUI-Swift.h -working-directory /Users/admin/builder/spi-builder-workspace/.swiftpm/xcode -experimental-emit-module-separately -disable-cmo
SwiftDriver TestCommons normal arm64_32 com.apple.xcode.tools.swift.compiler (in target 'TestCommons' from project 'TestCommons')
cd /Users/admin/builder/spi-builder-workspace/.swiftpm/xcode
builtin-SwiftDriver -- /Applications/Xcode-27.0.0.app/Contents/Developer/Toolchains/XcodeDefault.xctoolchain/usr/bin/swiftc -parse-as-library -module-name TestCommons -Onone @/Users/admin/builder/spi-builder-workspace/.derivedData/Build/Intermediates.noindex/TestCommons.build/Debug-watchos/TestCommons-t.build/Objects-normal/arm64_32/TestCommons.SwiftFileList -DSWIFT_PACKAGE -DDEBUG -DSWIFT_MODULE_RESOURCE_BUNDLE_UNAVAILABLE -DXcode -plugin-path /Applications/Xcode-27.0.0.app/Contents/Developer/Toolchains/XcodeDefault.xctoolchain/usr/lib/swift/host/plugins/testing -enable-experimental-feature DebugDescriptionMacro -sdk /Applications/Xcode-27.0.0.app/Contents/Developer/Platforms/WatchOS.platform/Developer/SDKs/WatchOS27.0.sdk -target arm64_32-apple-watchos11.0 -g -module-cache-path /Users/admin/builder/spi-builder-workspace/.derivedData/ModuleCache.noindex -Xfrontend -serialize-debugging-options -profile-coverage-mapping -profile-generate -enable-testing -index-store-path /Users/admin/builder/spi-builder-workspace/.derivedData/Index.noindex/DataStore -Xcc -D_LIBCPP_HARDENING_MODE\=_LIBCPP_HARDENING_MODE_DEBUG -swift-version 6 -I /Users/admin/builder/spi-builder-workspace/.derivedData/Build/Products/Debug-watchos -Isystem /Applications/Xcode-27.0.0.app/Contents/Developer/Platforms/WatchOS.platform/Developer/usr/lib -F /Users/admin/builder/spi-builder-workspace/.derivedData/Build/Products/Debug-watchos -F /Applications/Xcode-27.0.0.app/Contents/Developer/Platforms/WatchOS.platform/Developer/Library/Frameworks -F /Applications/Xcode-27.0.0.app/Contents/Developer/Platforms/WatchOS.platform/Developer/SDKs/WatchOS27.0.sdk/Developer/Library/Frameworks -c -j10 -enable-batch-mode -incremental -Xcc -ivfsstatcache -Xcc /Users/admin/builder/spi-builder-workspace/.derivedData/SDKStatCaches.noindex/watchos27.0-24R360-e829b21a6f8c9b70876ba0858053c044b9db9bc9c079ee3c7b5f3373b13d10bc.sdkstatcache -output-file-map /Users/admin/builder/spi-builder-workspace/.derivedData/Build/Intermediates.noindex/TestCommons.build/Debug-watchos/TestCommons-t.build/Objects-normal/arm64_32/TestCommons-OutputFileMap.json -save-temps -no-color-diagnostics -explicit-module-build -module-cache-path /Users/admin/builder/spi-builder-workspace/.derivedData/Build/Intermediates.noindex/SwiftExplicitPrecompiledModules -clang-scanner-module-cache-path /Users/admin/builder/spi-builder-workspace/.derivedData/ModuleCache.noindex -sdk-module-cache-path /Users/admin/builder/spi-builder-workspace/.derivedData/SDKExplicitPrecompiledModules -emit-dependencies -emit-module -emit-module-path /Users/admin/builder/spi-builder-workspace/.derivedData/Build/Intermediates.noindex/TestCommons.build/Debug-watchos/TestCommons-t.build/Objects-normal/arm64_32/TestCommons.swiftmodule -serialize-diagnostics -dependency-scan-serialize-diagnostics-path /Users/admin/builder/spi-builder-workspace/.derivedData/Build/Intermediates.noindex/TestCommons.build/Debug-watchos/TestCommons-t.build/Objects-normal/arm64_32/TestCommons-dependency-scan.dia -validate-clang-modules-once -clang-build-session-file /Users/admin/builder/spi-builder-workspace/.derivedData/ModuleCache.noindex/Session.modulevalidation -Xcc -fmodules-prune-interval\=86400 -Xcc -fmodules-prune-after\=345600 -package-name spi_builder_workspace -emit-const-values -const-gather-protocols-list /Users/admin/builder/spi-builder-workspace/.derivedData/Build/Intermediates.noindex/TestCommons.build/Debug-watchos/TestCommons-t.build/Objects-normal/arm64_32/TestCommons_const_extract_protocols.json -Xcc -I/Users/admin/builder/spi-builder-workspace/.derivedData/Build/Products/Debug-watchos/include -Xcc -I/Users/admin/builder/spi-builder-workspace/.derivedData/Build/Intermediates.noindex/TestCommons.build/Debug-watchos/TestCommons-t.build/DerivedSources-normal/arm64_32 -Xcc -I/Users/admin/builder/spi-builder-workspace/.derivedData/Build/Intermediates.noindex/TestCommons.build/Debug-watchos/TestCommons-t.build/DerivedSources/arm64_32 -Xcc -I/Users/admin/builder/spi-builder-workspace/.derivedData/Build/Intermediates.noindex/TestCommons.build/Debug-watchos/TestCommons-t.build/DerivedSources -Xcc -DSWIFT_PACKAGE -Xcc -DDEBUG\=1 -emit-objc-header -emit-objc-header-path /Users/admin/builder/spi-builder-workspace/.derivedData/Build/Intermediates.noindex/TestCommons.build/Debug-watchos/TestCommons-t.build/Objects-normal/arm64_32/TestCommons-Swift.h -working-directory /Users/admin/builder/spi-builder-workspace/.swiftpm/xcode -experimental-emit-module-separately -disable-cmo
SwiftDriver TestCommons normal arm64 com.apple.xcode.tools.swift.compiler (in target 'TestCommons' from project 'TestCommons')
cd /Users/admin/builder/spi-builder-workspace/.swiftpm/xcode
builtin-SwiftDriver -- /Applications/Xcode-27.0.0.app/Contents/Developer/Toolchains/XcodeDefault.xctoolchain/usr/bin/swiftc -parse-as-library -module-name TestCommons -Onone @/Users/admin/builder/spi-builder-workspace/.derivedData/Build/Intermediates.noindex/TestCommons.build/Debug-watchos/TestCommons-t.build/Objects-normal/arm64/TestCommons.SwiftFileList -DSWIFT_PACKAGE -DDEBUG -DSWIFT_MODULE_RESOURCE_BUNDLE_UNAVAILABLE -DXcode -plugin-path /Applications/Xcode-27.0.0.app/Contents/Developer/Toolchains/XcodeDefault.xctoolchain/usr/lib/swift/host/plugins/testing -enable-experimental-feature DebugDescriptionMacro -sdk /Applications/Xcode-27.0.0.app/Contents/Developer/Platforms/WatchOS.platform/Developer/SDKs/WatchOS27.0.sdk -target arm64-apple-watchos11.0 -g -module-cache-path /Users/admin/builder/spi-builder-workspace/.derivedData/ModuleCache.noindex -Xfrontend -serialize-debugging-options -profile-coverage-mapping -profile-generate -enable-testing -index-store-path /Users/admin/builder/spi-builder-workspace/.derivedData/Index.noindex/DataStore -Xcc -D_LIBCPP_HARDENING_MODE\=_LIBCPP_HARDENING_MODE_DEBUG -swift-version 6 -I /Users/admin/builder/spi-builder-workspace/.derivedData/Build/Products/Debug-watchos -Isystem /Applications/Xcode-27.0.0.app/Contents/Developer/Platforms/WatchOS.platform/Developer/usr/lib -F /Users/admin/builder/spi-builder-workspace/.derivedData/Build/Products/Debug-watchos -F /Applications/Xcode-27.0.0.app/Contents/Developer/Platforms/WatchOS.platform/Developer/Library/Frameworks -F /Applications/Xcode-27.0.0.app/Contents/Developer/Platforms/WatchOS.platform/Developer/SDKs/WatchOS27.0.sdk/Developer/Library/Frameworks -c -j10 -enable-batch-mode -incremental -Xcc -ivfsstatcache -Xcc /Users/admin/builder/spi-builder-workspace/.derivedData/SDKStatCaches.noindex/watchos27.0-24R360-e829b21a6f8c9b70876ba0858053c044b9db9bc9c079ee3c7b5f3373b13d10bc.sdkstatcache -output-file-map /Users/admin/builder/spi-builder-workspace/.derivedData/Build/Intermediates.noindex/TestCommons.build/Debug-watchos/TestCommons-t.build/Objects-normal/arm64/TestCommons-OutputFileMap.json -save-temps -no-color-diagnostics -explicit-module-build -module-cache-path /Users/admin/builder/spi-builder-workspace/.derivedData/Build/Intermediates.noindex/SwiftExplicitPrecompiledModules -clang-scanner-module-cache-path /Users/admin/builder/spi-builder-workspace/.derivedData/ModuleCache.noindex -sdk-module-cache-path /Users/admin/builder/spi-builder-workspace/.derivedData/SDKExplicitPrecompiledModules -emit-dependencies -emit-module -emit-module-path /Users/admin/builder/spi-builder-workspace/.derivedData/Build/Intermediates.noindex/TestCommons.build/Debug-watchos/TestCommons-t.build/Objects-normal/arm64/TestCommons.swiftmodule -serialize-diagnostics -dependency-scan-serialize-diagnostics-path /Users/admin/builder/spi-builder-workspace/.derivedData/Build/Intermediates.noindex/TestCommons.build/Debug-watchos/TestCommons-t.build/Objects-normal/arm64/TestCommons-dependency-scan.dia -validate-clang-modules-once -clang-build-session-file /Users/admin/builder/spi-builder-workspace/.derivedData/ModuleCache.noindex/Session.modulevalidation -Xcc -fmodules-prune-interval\=86400 -Xcc -fmodules-prune-after\=345600 -package-name spi_builder_workspace -emit-const-values -const-gather-protocols-list /Users/admin/builder/spi-builder-workspace/.derivedData/Build/Intermediates.noindex/TestCommons.build/Debug-watchos/TestCommons-t.build/Objects-normal/arm64/TestCommons_const_extract_protocols.json -Xcc -I/Users/admin/builder/spi-builder-workspace/.derivedData/Build/Products/Debug-watchos/include -Xcc -I/Users/admin/builder/spi-builder-workspace/.derivedData/Build/Intermediates.noindex/TestCommons.build/Debug-watchos/TestCommons-t.build/DerivedSources-normal/arm64 -Xcc -I/Users/admin/builder/spi-builder-workspace/.derivedData/Build/Intermediates.noindex/TestCommons.build/Debug-watchos/TestCommons-t.build/DerivedSources/arm64 -Xcc -I/Users/admin/builder/spi-builder-workspace/.derivedData/Build/Intermediates.noindex/TestCommons.build/Debug-watchos/TestCommons-t.build/DerivedSources -Xcc -DSWIFT_PACKAGE -Xcc -DDEBUG\=1 -emit-objc-header -emit-objc-header-path /Users/admin/builder/spi-builder-workspace/.derivedData/Build/Intermediates.noindex/TestCommons.build/Debug-watchos/TestCommons-t.build/Objects-normal/arm64/TestCommons-Swift.h -working-directory /Users/admin/builder/spi-builder-workspace/.swiftpm/xcode -experimental-emit-module-separately -disable-cmo
SwiftDriver TestCommonsUI normal arm64 com.apple.xcode.tools.swift.compiler (in target 'TestCommonsUI' from project 'TestCommons')
cd /Users/admin/builder/spi-builder-workspace/.swiftpm/xcode
builtin-SwiftDriver -- /Applications/Xcode-27.0.0.app/Contents/Developer/Toolchains/XcodeDefault.xctoolchain/usr/bin/swiftc -parse-as-library -module-name TestCommonsUI -Onone @/Users/admin/builder/spi-builder-workspace/.derivedData/Build/Intermediates.noindex/TestCommons.build/Debug-watchos/TestCommonsUI-t.build/Objects-normal/arm64/TestCommonsUI.SwiftFileList -DSWIFT_PACKAGE -DDEBUG -DSWIFT_MODULE_RESOURCE_BUNDLE_UNAVAILABLE -DXcode -plugin-path /Applications/Xcode-27.0.0.app/Contents/Developer/Toolchains/XcodeDefault.xctoolchain/usr/lib/swift/host/plugins/testing -enable-experimental-feature DebugDescriptionMacro -sdk /Applications/Xcode-27.0.0.app/Contents/Developer/Platforms/WatchOS.platform/Developer/SDKs/WatchOS27.0.sdk -target arm64-apple-watchos11.0 -g -module-cache-path /Users/admin/builder/spi-builder-workspace/.derivedData/ModuleCache.noindex -Xfrontend -serialize-debugging-options -profile-coverage-mapping -profile-generate -enable-testing -index-store-path /Users/admin/builder/spi-builder-workspace/.derivedData/Index.noindex/DataStore -Xcc -D_LIBCPP_HARDENING_MODE\=_LIBCPP_HARDENING_MODE_DEBUG -swift-version 6 -I /Users/admin/builder/spi-builder-workspace/.derivedData/Build/Products/Debug-watchos -Isystem /Applications/Xcode-27.0.0.app/Contents/Developer/Platforms/WatchOS.platform/Developer/usr/lib -F /Users/admin/builder/spi-builder-workspace/.derivedData/Build/Products/Debug-watchos -F /Applications/Xcode-27.0.0.app/Contents/Developer/Platforms/WatchOS.platform/Developer/Library/Frameworks -F /Applications/Xcode-27.0.0.app/Contents/Developer/Platforms/WatchOS.platform/Developer/SDKs/WatchOS27.0.sdk/Developer/Library/Frameworks -c -j10 -enable-batch-mode -incremental -Xcc -ivfsstatcache -Xcc /Users/admin/builder/spi-builder-workspace/.derivedData/SDKStatCaches.noindex/watchos27.0-24R360-e829b21a6f8c9b70876ba0858053c044b9db9bc9c079ee3c7b5f3373b13d10bc.sdkstatcache -output-file-map /Users/admin/builder/spi-builder-workspace/.derivedData/Build/Intermediates.noindex/TestCommons.build/Debug-watchos/TestCommonsUI-t.build/Objects-normal/arm64/TestCommonsUI-OutputFileMap.json -save-temps -no-color-diagnostics -explicit-module-build -module-cache-path /Users/admin/builder/spi-builder-workspace/.derivedData/Build/Intermediates.noindex/SwiftExplicitPrecompiledModules -clang-scanner-module-cache-path /Users/admin/builder/spi-builder-workspace/.derivedData/ModuleCache.noindex -sdk-module-cache-path /Users/admin/builder/spi-builder-workspace/.derivedData/SDKExplicitPrecompiledModules -emit-dependencies -emit-module -emit-module-path /Users/admin/builder/spi-builder-workspace/.derivedData/Build/Intermediates.noindex/TestCommons.build/Debug-watchos/TestCommonsUI-t.build/Objects-normal/arm64/TestCommonsUI.swiftmodule -serialize-diagnostics -dependency-scan-serialize-diagnostics-path /Users/admin/builder/spi-builder-workspace/.derivedData/Build/Intermediates.noindex/TestCommons.build/Debug-watchos/TestCommonsUI-t.build/Objects-normal/arm64/TestCommonsUI-dependency-scan.dia -validate-clang-modules-once -clang-build-session-file /Users/admin/builder/spi-builder-workspace/.derivedData/ModuleCache.noindex/Session.modulevalidation -Xcc -fmodules-prune-interval\=86400 -Xcc -fmodules-prune-after\=345600 -package-name spi_builder_workspace -emit-const-values -const-gather-protocols-list /Users/admin/builder/spi-builder-workspace/.derivedData/Build/Intermediates.noindex/TestCommons.build/Debug-watchos/TestCommonsUI-t.build/Objects-normal/arm64/TestCommonsUI_const_extract_protocols.json -Xcc -I/Users/admin/builder/spi-builder-workspace/.derivedData/Build/Products/Debug-watchos/include -Xcc -I/Users/admin/builder/spi-builder-workspace/.derivedData/Build/Intermediates.noindex/TestCommons.build/Debug-watchos/TestCommonsUI-t.build/DerivedSources-normal/arm64 -Xcc -I/Users/admin/builder/spi-builder-workspace/.derivedData/Build/Intermediates.noindex/TestCommons.build/Debug-watchos/TestCommonsUI-t.build/DerivedSources/arm64 -Xcc -I/Users/admin/builder/spi-builder-workspace/.derivedData/Build/Intermediates.noindex/TestCommons.build/Debug-watchos/TestCommonsUI-t.build/DerivedSources -Xcc -DSWIFT_PACKAGE -Xcc -DDEBUG\=1 -emit-objc-header -emit-objc-header-path /Users/admin/builder/spi-builder-workspace/.derivedData/Build/Intermediates.noindex/TestCommons.build/Debug-watchos/TestCommonsUI-t.build/Objects-normal/arm64/TestCommonsUI-Swift.h -working-directory /Users/admin/builder/spi-builder-workspace/.swiftpm/xcode -experimental-emit-module-separately -disable-cmo
SwiftDriver TestCommonsXCUI normal arm64_32 com.apple.xcode.tools.swift.compiler (in target 'TestCommonsXCUI' from project 'TestCommons')
cd /Users/admin/builder/spi-builder-workspace/.swiftpm/xcode
builtin-SwiftDriver -- /Applications/Xcode-27.0.0.app/Contents/Developer/Toolchains/XcodeDefault.xctoolchain/usr/bin/swiftc -parse-as-library -module-name TestCommonsXCUI -Onone @/Users/admin/builder/spi-builder-workspace/.derivedData/Build/Intermediates.noindex/TestCommons.build/Debug-watchos/TestCommonsXCUI-t.build/Objects-normal/arm64_32/TestCommonsXCUI.SwiftFileList -DSWIFT_PACKAGE -DDEBUG -DSWIFT_MODULE_RESOURCE_BUNDLE_UNAVAILABLE -DXcode -plugin-path /Applications/Xcode-27.0.0.app/Contents/Developer/Toolchains/XcodeDefault.xctoolchain/usr/lib/swift/host/plugins/testing -enable-experimental-feature DebugDescriptionMacro -sdk /Applications/Xcode-27.0.0.app/Contents/Developer/Platforms/WatchOS.platform/Developer/SDKs/WatchOS27.0.sdk -target arm64_32-apple-watchos11.0 -g -module-cache-path /Users/admin/builder/spi-builder-workspace/.derivedData/ModuleCache.noindex -Xfrontend -serialize-debugging-options -profile-coverage-mapping -profile-generate -enable-testing -index-store-path /Users/admin/builder/spi-builder-workspace/.derivedData/Index.noindex/DataStore -Xcc -D_LIBCPP_HARDENING_MODE\=_LIBCPP_HARDENING_MODE_DEBUG -swift-version 6 -I /Users/admin/builder/spi-builder-workspace/.derivedData/Build/Products/Debug-watchos -Isystem /Applications/Xcode-27.0.0.app/Contents/Developer/Platforms/WatchOS.platform/Developer/usr/lib -F /Users/admin/builder/spi-builder-workspace/.derivedData/Build/Products/Debug-watchos/PackageFrameworks -F /Users/admin/builder/spi-builder-workspace/.derivedData/Build/Products/Debug-watchos -F /Applications/Xcode-27.0.0.app/Contents/Developer/Platforms/WatchOS.platform/Developer/Library/Frameworks -F /Applications/Xcode-27.0.0.app/Contents/Developer/Platforms/WatchOS.platform/Developer/SDKs/WatchOS27.0.sdk/Developer/Library/Frameworks -c -j10 -enable-batch-mode -incremental -Xcc -ivfsstatcache -Xcc /Users/admin/builder/spi-builder-workspace/.derivedData/SDKStatCaches.noindex/watchos27.0-24R360-e829b21a6f8c9b70876ba0858053c044b9db9bc9c079ee3c7b5f3373b13d10bc.sdkstatcache -output-file-map /Users/admin/builder/spi-builder-workspace/.derivedData/Build/Intermediates.noindex/TestCommons.build/Debug-watchos/TestCommonsXCUI-t.build/Objects-normal/arm64_32/TestCommonsXCUI-OutputFileMap.json -save-temps -no-color-diagnostics -explicit-module-build -module-cache-path /Users/admin/builder/spi-builder-workspace/.derivedData/Build/Intermediates.noindex/SwiftExplicitPrecompiledModules -clang-scanner-module-cache-path /Users/admin/builder/spi-builder-workspace/.derivedData/ModuleCache.noindex -sdk-module-cache-path /Users/admin/builder/spi-builder-workspace/.derivedData/SDKExplicitPrecompiledModules -emit-dependencies -emit-module -emit-module-path /Users/admin/builder/spi-builder-workspace/.derivedData/Build/Intermediates.noindex/TestCommons.build/Debug-watchos/TestCommonsXCUI-t.build/Objects-normal/arm64_32/TestCommonsXCUI.swiftmodule -serialize-diagnostics -dependency-scan-serialize-diagnostics-path /Users/admin/builder/spi-builder-workspace/.derivedData/Build/Intermediates.noindex/TestCommons.build/Debug-watchos/TestCommonsXCUI-t.build/Objects-normal/arm64_32/TestCommonsXCUI-dependency-scan.dia -validate-clang-modules-once -clang-build-session-file /Users/admin/builder/spi-builder-workspace/.derivedData/ModuleCache.noindex/Session.modulevalidation -Xcc -fmodules-prune-interval\=86400 -Xcc -fmodules-prune-after\=345600 -package-name spi_builder_workspace -emit-const-values -const-gather-protocols-list /Users/admin/builder/spi-builder-workspace/.derivedData/Build/Intermediates.noindex/TestCommons.build/Debug-watchos/TestCommonsXCUI-t.build/Objects-normal/arm64_32/TestCommonsXCUI_const_extract_protocols.json -Xcc -I/Users/admin/builder/spi-builder-workspace/.derivedData/Build/Products/Debug-watchos/include -Xcc -I/Users/admin/builder/spi-builder-workspace/.derivedData/Build/Intermediates.noindex/TestCommons.build/Debug-watchos/TestCommonsXCUI-t.build/DerivedSources-normal/arm64_32 -Xcc -I/Users/admin/builder/spi-builder-workspace/.derivedData/Build/Intermediates.noindex/TestCommons.build/Debug-watchos/TestCommonsXCUI-t.build/DerivedSources/arm64_32 -Xcc -I/Users/admin/builder/spi-builder-workspace/.derivedData/Build/Intermediates.noindex/TestCommons.build/Debug-watchos/TestCommonsXCUI-t.build/DerivedSources -Xcc -DSWIFT_PACKAGE -Xcc -DDEBUG\=1 -emit-objc-header -emit-objc-header-path /Users/admin/builder/spi-builder-workspace/.derivedData/Build/Intermediates.noindex/TestCommons.build/Debug-watchos/TestCommonsXCUI-t.build/Objects-normal/arm64_32/TestCommonsXCUI-Swift.h -working-directory /Users/admin/builder/spi-builder-workspace/.swiftpm/xcode -experimental-emit-module-separately -disable-cmo
SwiftDriver TestCommonsXCUI normal arm64 com.apple.xcode.tools.swift.compiler (in target 'TestCommonsXCUI' from project 'TestCommons')
cd /Users/admin/builder/spi-builder-workspace/.swiftpm/xcode
builtin-SwiftDriver -- /Applications/Xcode-27.0.0.app/Contents/Developer/Toolchains/XcodeDefault.xctoolchain/usr/bin/swiftc -parse-as-library -module-name TestCommonsXCUI -Onone @/Users/admin/builder/spi-builder-workspace/.derivedData/Build/Intermediates.noindex/TestCommons.build/Debug-watchos/TestCommonsXCUI-t.build/Objects-normal/arm64/TestCommonsXCUI.SwiftFileList -DSWIFT_PACKAGE -DDEBUG -DSWIFT_MODULE_RESOURCE_BUNDLE_UNAVAILABLE -DXcode -plugin-path /Applications/Xcode-27.0.0.app/Contents/Developer/Toolchains/XcodeDefault.xctoolchain/usr/lib/swift/host/plugins/testing -enable-experimental-feature DebugDescriptionMacro -sdk /Applications/Xcode-27.0.0.app/Contents/Developer/Platforms/WatchOS.platform/Developer/SDKs/WatchOS27.0.sdk -target arm64-apple-watchos11.0 -g -module-cache-path /Users/admin/builder/spi-builder-workspace/.derivedData/ModuleCache.noindex -Xfrontend -serialize-debugging-options -profile-coverage-mapping -profile-generate -enable-testing -index-store-path /Users/admin/builder/spi-builder-workspace/.derivedData/Index.noindex/DataStore -Xcc -D_LIBCPP_HARDENING_MODE\=_LIBCPP_HARDENING_MODE_DEBUG -swift-version 6 -I /Users/admin/builder/spi-builder-workspace/.derivedData/Build/Products/Debug-watchos -Isystem /Applications/Xcode-27.0.0.app/Contents/Developer/Platforms/WatchOS.platform/Developer/usr/lib -F /Users/admin/builder/spi-builder-workspace/.derivedData/Build/Products/Debug-watchos/PackageFrameworks -F /Users/admin/builder/spi-builder-workspace/.derivedData/Build/Products/Debug-watchos -F /Applications/Xcode-27.0.0.app/Contents/Developer/Platforms/WatchOS.platform/Developer/Library/Frameworks -F /Applications/Xcode-27.0.0.app/Contents/Developer/Platforms/WatchOS.platform/Developer/SDKs/WatchOS27.0.sdk/Developer/Library/Frameworks -c -j10 -enable-batch-mode -incremental -Xcc -ivfsstatcache -Xcc /Users/admin/builder/spi-builder-workspace/.derivedData/SDKStatCaches.noindex/watchos27.0-24R360-e829b21a6f8c9b70876ba0858053c044b9db9bc9c079ee3c7b5f3373b13d10bc.sdkstatcache -output-file-map /Users/admin/builder/spi-builder-workspace/.derivedData/Build/Intermediates.noindex/TestCommons.build/Debug-watchos/TestCommonsXCUI-t.build/Objects-normal/arm64/TestCommonsXCUI-OutputFileMap.json -save-temps -no-color-diagnostics -explicit-module-build -module-cache-path /Users/admin/builder/spi-builder-workspace/.derivedData/Build/Intermediates.noindex/SwiftExplicitPrecompiledModules -clang-scanner-module-cache-path /Users/admin/builder/spi-builder-workspace/.derivedData/ModuleCache.noindex -sdk-module-cache-path /Users/admin/builder/spi-builder-workspace/.derivedData/SDKExplicitPrecompiledModules -emit-dependencies -emit-module -emit-module-path /Users/admin/builder/spi-builder-workspace/.derivedData/Build/Intermediates.noindex/TestCommons.build/Debug-watchos/TestCommonsXCUI-t.build/Objects-normal/arm64/TestCommonsXCUI.swiftmodule -serialize-diagnostics -dependency-scan-serialize-diagnostics-path /Users/admin/builder/spi-builder-workspace/.derivedData/Build/Intermediates.noindex/TestCommons.build/Debug-watchos/TestCommonsXCUI-t.build/Objects-normal/arm64/TestCommonsXCUI-dependency-scan.dia -validate-clang-modules-once -clang-build-session-file /Users/admin/builder/spi-builder-workspace/.derivedData/ModuleCache.noindex/Session.modulevalidation -Xcc -fmodules-prune-interval\=86400 -Xcc -fmodules-prune-after\=345600 -package-name spi_builder_workspace -emit-const-values -const-gather-protocols-list /Users/admin/builder/spi-builder-workspace/.derivedData/Build/Intermediates.noindex/TestCommons.build/Debug-watchos/TestCommonsXCUI-t.build/Objects-normal/arm64/TestCommonsXCUI_const_extract_protocols.json -Xcc -I/Users/admin/builder/spi-builder-workspace/.derivedData/Build/Products/Debug-watchos/include -Xcc -I/Users/admin/builder/spi-builder-workspace/.derivedData/Build/Intermediates.noindex/TestCommons.build/Debug-watchos/TestCommonsXCUI-t.build/DerivedSources-normal/arm64 -Xcc -I/Users/admin/builder/spi-builder-workspace/.derivedData/Build/Intermediates.noindex/TestCommons.build/Debug-watchos/TestCommonsXCUI-t.build/DerivedSources/arm64 -Xcc -I/Users/admin/builder/spi-builder-workspace/.derivedData/Build/Intermediates.noindex/TestCommons.build/Debug-watchos/TestCommonsXCUI-t.build/DerivedSources -Xcc -DSWIFT_PACKAGE -Xcc -DDEBUG\=1 -emit-objc-header -emit-objc-header-path /Users/admin/builder/spi-builder-workspace/.derivedData/Build/Intermediates.noindex/TestCommons.build/Debug-watchos/TestCommonsXCUI-t.build/Objects-normal/arm64/TestCommonsXCUI-Swift.h -working-directory /Users/admin/builder/spi-builder-workspace/.swiftpm/xcode -experimental-emit-module-separately -disable-cmo
SwiftEmitModule normal arm64 Emitting\ module\ for\ TestCommonsXCUI (in target 'TestCommonsXCUI' from project 'TestCommons')
SwiftCompile normal arm64 (in target 'TestCommonsXCUI' from project 'TestCommons')
cd /Users/admin/builder/spi-builder-workspace/.swiftpm/xcode
SwiftEmitModule normal arm64_32 Emitting\ module\ for\ TestCommonsXCUI (in target 'TestCommonsXCUI' from project 'TestCommons')
SwiftCompile normal arm64_32 (in target 'TestCommonsXCUI' from project 'TestCommons')
cd /Users/admin/builder/spi-builder-workspace/.swiftpm/xcode
SwiftCompile normal arm64 Compiling\ VerticalScrollDrag.swift /Users/admin/builder/spi-builder-workspace/Sources/TestCommonsXCUI/VerticalScrollDrag.swift (in target 'TestCommonsXCUI' from project 'TestCommons')
SwiftCompile normal arm64 /Users/admin/builder/spi-builder-workspace/Sources/TestCommonsXCUI/VerticalScrollDrag.swift (in target 'TestCommonsXCUI' from project 'TestCommons')
cd /Users/admin/builder/spi-builder-workspace/.swiftpm/xcode
builtin-SwiftPerFileCompile VerticalScrollDrag.swift
SwiftCompile normal arm64 Compiling\ AttachDiagnostics.swift /Users/admin/builder/spi-builder-workspace/Sources/TestCommonsXCUI/AttachDiagnostics.swift (in target 'TestCommonsXCUI' from project 'TestCommons')
SwiftCompile normal arm64 /Users/admin/builder/spi-builder-workspace/Sources/TestCommonsXCUI/AttachDiagnostics.swift (in target 'TestCommonsXCUI' from project 'TestCommons')
cd /Users/admin/builder/spi-builder-workspace/.swiftpm/xcode
builtin-SwiftPerFileCompile AttachDiagnostics.swift
SwiftCompile normal arm64_32 Compiling\ ElementCondition.swift /Users/admin/builder/spi-builder-workspace/Sources/TestCommonsXCUI/ElementCondition.swift (in target 'TestCommonsXCUI' from project 'TestCommons')
SwiftCompile normal arm64_32 /Users/admin/builder/spi-builder-workspace/Sources/TestCommonsXCUI/ElementCondition.swift (in target 'TestCommonsXCUI' from project 'TestCommons')
cd /Users/admin/builder/spi-builder-workspace/.swiftpm/xcode
builtin-SwiftPerFileCompile ElementCondition.swift
SwiftCompile normal arm64 Compiling\ ConfigureLocale.swift /Users/admin/builder/spi-builder-workspace/Sources/TestCommonsXCUI/ConfigureLocale.swift (in target 'TestCommonsXCUI' from project 'TestCommons')
SwiftCompile normal arm64 /Users/admin/builder/spi-builder-workspace/Sources/TestCommonsXCUI/ConfigureLocale.swift (in target 'TestCommonsXCUI' from project 'TestCommons')
cd /Users/admin/builder/spi-builder-workspace/.swiftpm/xcode
builtin-SwiftPerFileCompile ConfigureLocale.swift
SwiftCompile normal arm64 Compiling\ Scrolling.swift /Users/admin/builder/spi-builder-workspace/Sources/TestCommonsXCUI/Scrolling.swift (in target 'TestCommonsXCUI' from project 'TestCommons')
SwiftCompile normal arm64 /Users/admin/builder/spi-builder-workspace/Sources/TestCommonsXCUI/Scrolling.swift (in target 'TestCommonsXCUI' from project 'TestCommons')
cd /Users/admin/builder/spi-builder-workspace/.swiftpm/xcode
builtin-SwiftPerFileCompile Scrolling.swift
SwiftDriverJobDiscovery normal arm64 Emitting module for TestCommonsXCUI (in target 'TestCommonsXCUI' from project 'TestCommons')
SwiftDriver\ Compilation\ Requirements TestCommonsXCUI normal arm64 com.apple.xcode.tools.swift.compiler (in target 'TestCommonsXCUI' from project 'TestCommons')
cd /Users/admin/builder/spi-builder-workspace/.swiftpm/xcode
builtin-Swift-Compilation-Requirements -- /Applications/Xcode-27.0.0.app/Contents/Developer/Toolchains/XcodeDefault.xctoolchain/usr/bin/swiftc -parse-as-library -module-name TestCommonsXCUI -Onone @/Users/admin/builder/spi-builder-workspace/.derivedData/Build/Intermediates.noindex/TestCommons.build/Debug-watchos/TestCommonsXCUI-t.build/Objects-normal/arm64/TestCommonsXCUI.SwiftFileList -DSWIFT_PACKAGE -DDEBUG -DSWIFT_MODULE_RESOURCE_BUNDLE_UNAVAILABLE -DXcode -plugin-path /Applications/Xcode-27.0.0.app/Contents/Developer/Toolchains/XcodeDefault.xctoolchain/usr/lib/swift/host/plugins/testing -enable-experimental-feature DebugDescriptionMacro -sdk /Applications/Xcode-27.0.0.app/Contents/Developer/Platforms/WatchOS.platform/Developer/SDKs/WatchOS27.0.sdk -target arm64-apple-watchos11.0 -g -module-cache-path /Users/admin/builder/spi-builder-workspace/.derivedData/ModuleCache.noindex -Xfrontend -serialize-debugging-options -profile-coverage-mapping -profile-generate -enable-testing -index-store-path /Users/admin/builder/spi-builder-workspace/.derivedData/Index.noindex/DataStore -Xcc -D_LIBCPP_HARDENING_MODE\=_LIBCPP_HARDENING_MODE_DEBUG -swift-version 6 -I /Users/admin/builder/spi-builder-workspace/.derivedData/Build/Products/Debug-watchos -Isystem /Applications/Xcode-27.0.0.app/Contents/Developer/Platforms/WatchOS.platform/Developer/usr/lib -F /Users/admin/builder/spi-builder-workspace/.derivedData/Build/Products/Debug-watchos/PackageFrameworks -F /Users/admin/builder/spi-builder-workspace/.derivedData/Build/Products/Debug-watchos -F /Applications/Xcode-27.0.0.app/Contents/Developer/Platforms/WatchOS.platform/Developer/Library/Frameworks -F /Applications/Xcode-27.0.0.app/Contents/Developer/Platforms/WatchOS.platform/Developer/SDKs/WatchOS27.0.sdk/Developer/Library/Frameworks -c -j10 -enable-batch-mode -incremental -Xcc -ivfsstatcache -Xcc /Users/admin/builder/spi-builder-workspace/.derivedData/SDKStatCaches.noindex/watchos27.0-24R360-e829b21a6f8c9b70876ba0858053c044b9db9bc9c079ee3c7b5f3373b13d10bc.sdkstatcache -output-file-map /Users/admin/builder/spi-builder-workspace/.derivedData/Build/Intermediates.noindex/TestCommons.build/Debug-watchos/TestCommonsXCUI-t.build/Objects-normal/arm64/TestCommonsXCUI-OutputFileMap.json -save-temps -no-color-diagnostics -explicit-module-build -module-cache-path /Users/admin/builder/spi-builder-workspace/.derivedData/Build/Intermediates.noindex/SwiftExplicitPrecompiledModules -clang-scanner-module-cache-path /Users/admin/builder/spi-builder-workspace/.derivedData/ModuleCache.noindex -sdk-module-cache-path /Users/admin/builder/spi-builder-workspace/.derivedData/SDKExplicitPrecompiledModules -emit-dependencies -emit-module -emit-module-path /Users/admin/builder/spi-builder-workspace/.derivedData/Build/Intermediates.noindex/TestCommons.build/Debug-watchos/TestCommonsXCUI-t.build/Objects-normal/arm64/TestCommonsXCUI.swiftmodule -serialize-diagnostics -dependency-scan-serialize-diagnostics-path /Users/admin/builder/spi-builder-workspace/.derivedData/Build/Intermediates.noindex/TestCommons.build/Debug-watchos/TestCommonsXCUI-t.build/Objects-normal/arm64/TestCommonsXCUI-dependency-scan.dia -validate-clang-modules-once -clang-build-session-file /Users/admin/builder/spi-builder-workspace/.derivedData/ModuleCache.noindex/Session.modulevalidation -Xcc -fmodules-prune-interval\=86400 -Xcc -fmodules-prune-after\=345600 -package-name spi_builder_workspace -emit-const-values -const-gather-protocols-list /Users/admin/builder/spi-builder-workspace/.derivedData/Build/Intermediates.noindex/TestCommons.build/Debug-watchos/TestCommonsXCUI-t.build/Objects-normal/arm64/TestCommonsXCUI_const_extract_protocols.json -Xcc -I/Users/admin/builder/spi-builder-workspace/.derivedData/Build/Products/Debug-watchos/include -Xcc -I/Users/admin/builder/spi-builder-workspace/.derivedData/Build/Intermediates.noindex/TestCommons.build/Debug-watchos/TestCommonsXCUI-t.build/DerivedSources-normal/arm64 -Xcc -I/Users/admin/builder/spi-builder-workspace/.derivedData/Build/Intermediates.noindex/TestCommons.build/Debug-watchos/TestCommonsXCUI-t.build/DerivedSources/arm64 -Xcc -I/Users/admin/builder/spi-builder-workspace/.derivedData/Build/Intermediates.noindex/TestCommons.build/Debug-watchos/TestCommonsXCUI-t.build/DerivedSources -Xcc -DSWIFT_PACKAGE -Xcc -DDEBUG\=1 -emit-objc-header -emit-objc-header-path /Users/admin/builder/spi-builder-workspace/.derivedData/Build/Intermediates.noindex/TestCommons.build/Debug-watchos/TestCommonsXCUI-t.build/Objects-normal/arm64/TestCommonsXCUI-Swift.h -working-directory /Users/admin/builder/spi-builder-workspace/.swiftpm/xcode -experimental-emit-module-separately -disable-cmo
SwiftDriverJobDiscovery normal arm64_32 Emitting module for TestCommonsXCUI (in target 'TestCommonsXCUI' from project 'TestCommons')
SwiftDriver\ Compilation\ Requirements TestCommonsXCUI normal arm64_32 com.apple.xcode.tools.swift.compiler (in target 'TestCommonsXCUI' from project 'TestCommons')
cd /Users/admin/builder/spi-builder-workspace/.swiftpm/xcode
builtin-Swift-Compilation-Requirements -- /Applications/Xcode-27.0.0.app/Contents/Developer/Toolchains/XcodeDefault.xctoolchain/usr/bin/swiftc -parse-as-library -module-name TestCommonsXCUI -Onone @/Users/admin/builder/spi-builder-workspace/.derivedData/Build/Intermediates.noindex/TestCommons.build/Debug-watchos/TestCommonsXCUI-t.build/Objects-normal/arm64_32/TestCommonsXCUI.SwiftFileList -DSWIFT_PACKAGE -DDEBUG -DSWIFT_MODULE_RESOURCE_BUNDLE_UNAVAILABLE -DXcode -plugin-path /Applications/Xcode-27.0.0.app/Contents/Developer/Toolchains/XcodeDefault.xctoolchain/usr/lib/swift/host/plugins/testing -enable-experimental-feature DebugDescriptionMacro -sdk /Applications/Xcode-27.0.0.app/Contents/Developer/Platforms/WatchOS.platform/Developer/SDKs/WatchOS27.0.sdk -target arm64_32-apple-watchos11.0 -g -module-cache-path /Users/admin/builder/spi-builder-workspace/.derivedData/ModuleCache.noindex -Xfrontend -serialize-debugging-options -profile-coverage-mapping -profile-generate -enable-testing -index-store-path /Users/admin/builder/spi-builder-workspace/.derivedData/Index.noindex/DataStore -Xcc -D_LIBCPP_HARDENING_MODE\=_LIBCPP_HARDENING_MODE_DEBUG -swift-version 6 -I /Users/admin/builder/spi-builder-workspace/.derivedData/Build/Products/Debug-watchos -Isystem /Applications/Xcode-27.0.0.app/Contents/Developer/Platforms/WatchOS.platform/Developer/usr/lib -F /Users/admin/builder/spi-builder-workspace/.derivedData/Build/Products/Debug-watchos/PackageFrameworks -F /Users/admin/builder/spi-builder-workspace/.derivedData/Build/Products/Debug-watchos -F /Applications/Xcode-27.0.0.app/Contents/Developer/Platforms/WatchOS.platform/Developer/Library/Frameworks -F /Applications/Xcode-27.0.0.app/Contents/Developer/Platforms/WatchOS.platform/Developer/SDKs/WatchOS27.0.sdk/Developer/Library/Frameworks -c -j10 -enable-batch-mode -incremental -Xcc -ivfsstatcache -Xcc /Users/admin/builder/spi-builder-workspace/.derivedData/SDKStatCaches.noindex/watchos27.0-24R360-e829b21a6f8c9b70876ba0858053c044b9db9bc9c079ee3c7b5f3373b13d10bc.sdkstatcache -output-file-map /Users/admin/builder/spi-builder-workspace/.derivedData/Build/Intermediates.noindex/TestCommons.build/Debug-watchos/TestCommonsXCUI-t.build/Objects-normal/arm64_32/TestCommonsXCUI-OutputFileMap.json -save-temps -no-color-diagnostics -explicit-module-build -module-cache-path /Users/admin/builder/spi-builder-workspace/.derivedData/Build/Intermediates.noindex/SwiftExplicitPrecompiledModules -clang-scanner-module-cache-path /Users/admin/builder/spi-builder-workspace/.derivedData/ModuleCache.noindex -sdk-module-cache-path /Users/admin/builder/spi-builder-workspace/.derivedData/SDKExplicitPrecompiledModules -emit-dependencies -emit-module -emit-module-path /Users/admin/builder/spi-builder-workspace/.derivedData/Build/Intermediates.noindex/TestCommons.build/Debug-watchos/TestCommonsXCUI-t.build/Objects-normal/arm64_32/TestCommonsXCUI.swiftmodule -serialize-diagnostics -dependency-scan-serialize-diagnostics-path /Users/admin/builder/spi-builder-workspace/.derivedData/Build/Intermediates.noindex/TestCommons.build/Debug-watchos/TestCommonsXCUI-t.build/Objects-normal/arm64_32/TestCommonsXCUI-dependency-scan.dia -validate-clang-modules-once -clang-build-session-file /Users/admin/builder/spi-builder-workspace/.derivedData/ModuleCache.noindex/Session.modulevalidation -Xcc -fmodules-prune-interval\=86400 -Xcc -fmodules-prune-after\=345600 -package-name spi_builder_workspace -emit-const-values -const-gather-protocols-list /Users/admin/builder/spi-builder-workspace/.derivedData/Build/Intermediates.noindex/TestCommons.build/Debug-watchos/TestCommonsXCUI-t.build/Objects-normal/arm64_32/TestCommonsXCUI_const_extract_protocols.json -Xcc -I/Users/admin/builder/spi-builder-workspace/.derivedData/Build/Products/Debug-watchos/include -Xcc -I/Users/admin/builder/spi-builder-workspace/.derivedData/Build/Intermediates.noindex/TestCommons.build/Debug-watchos/TestCommonsXCUI-t.build/DerivedSources-normal/arm64_32 -Xcc -I/Users/admin/builder/spi-builder-workspace/.derivedData/Build/Intermediates.noindex/TestCommons.build/Debug-watchos/TestCommonsXCUI-t.build/DerivedSources/arm64_32 -Xcc -I/Users/admin/builder/spi-builder-workspace/.derivedData/Build/Intermediates.noindex/TestCommons.build/Debug-watchos/TestCommonsXCUI-t.build/DerivedSources -Xcc -DSWIFT_PACKAGE -Xcc -DDEBUG\=1 -emit-objc-header -emit-objc-header-path /Users/admin/builder/spi-builder-workspace/.derivedData/Build/Intermediates.noindex/TestCommons.build/Debug-watchos/TestCommonsXCUI-t.build/Objects-normal/arm64_32/TestCommonsXCUI-Swift.h -working-directory /Users/admin/builder/spi-builder-workspace/.swiftpm/xcode -experimental-emit-module-separately -disable-cmo
Copy /Users/admin/builder/spi-builder-workspace/.derivedData/Build/Products/Debug-watchos/TestCommonsXCUI.swiftmodule/arm64-apple-watchos.swiftmodule /Users/admin/builder/spi-builder-workspace/.derivedData/Build/Intermediates.noindex/TestCommons.build/Debug-watchos/TestCommonsXCUI-t.build/Objects-normal/arm64/TestCommonsXCUI.swiftmodule (in target 'TestCommonsXCUI' from project 'TestCommons')
cd /Users/admin/builder/spi-builder-workspace
builtin-copy -exclude .DS_Store -exclude CVS -exclude .svn -exclude .git -exclude .hg -resolve-src-symlinks -rename /Users/admin/builder/spi-builder-workspace/.derivedData/Build/Intermediates.noindex/TestCommons.build/Debug-watchos/TestCommonsXCUI-t.build/Objects-normal/arm64/TestCommonsXCUI.swiftmodule /Users/admin/builder/spi-builder-workspace/.derivedData/Build/Products/Debug-watchos/TestCommonsXCUI.swiftmodule/arm64-apple-watchos.swiftmodule
SwiftMergeGeneratedHeaders /Users/admin/builder/spi-builder-workspace/.derivedData/Build/Intermediates.noindex/GeneratedModuleMaps-watchos/TestCommonsXCUI-Swift.h /Users/admin/builder/spi-builder-workspace/.derivedData/Build/Intermediates.noindex/TestCommons.build/Debug-watchos/TestCommonsXCUI-t.build/Objects-normal/arm64/TestCommonsXCUI-Swift.h /Users/admin/builder/spi-builder-workspace/.derivedData/Build/Intermediates.noindex/TestCommons.build/Debug-watchos/TestCommonsXCUI-t.build/Objects-normal/arm64_32/TestCommonsXCUI-Swift.h (in target 'TestCommonsXCUI' from project 'TestCommons')
cd /Users/admin/builder/spi-builder-workspace
builtin-swiftHeaderTool -arch arm64 /Users/admin/builder/spi-builder-workspace/.derivedData/Build/Intermediates.noindex/TestCommons.build/Debug-watchos/TestCommonsXCUI-t.build/Objects-normal/arm64/TestCommonsXCUI-Swift.h -arch arm64_32 /Users/admin/builder/spi-builder-workspace/.derivedData/Build/Intermediates.noindex/TestCommons.build/Debug-watchos/TestCommonsXCUI-t.build/Objects-normal/arm64_32/TestCommonsXCUI-Swift.h -o /Users/admin/builder/spi-builder-workspace/.derivedData/Build/Intermediates.noindex/GeneratedModuleMaps-watchos/TestCommonsXCUI-Swift.h
SwiftDriverJobDiscovery normal arm64 Compiling VerticalScrollDrag.swift (in target 'TestCommonsXCUI' from project 'TestCommons')
Copy /Users/admin/builder/spi-builder-workspace/.derivedData/Build/Products/Debug-watchos/TestCommonsXCUI.swiftmodule/arm64_32-apple-watchos.swiftmodule /Users/admin/builder/spi-builder-workspace/.derivedData/Build/Intermediates.noindex/TestCommons.build/Debug-watchos/TestCommonsXCUI-t.build/Objects-normal/arm64_32/TestCommonsXCUI.swiftmodule (in target 'TestCommonsXCUI' from project 'TestCommons')
cd /Users/admin/builder/spi-builder-workspace
builtin-copy -exclude .DS_Store -exclude CVS -exclude .svn -exclude .git -exclude .hg -resolve-src-symlinks -rename /Users/admin/builder/spi-builder-workspace/.derivedData/Build/Intermediates.noindex/TestCommons.build/Debug-watchos/TestCommonsXCUI-t.build/Objects-normal/arm64_32/TestCommonsXCUI.swiftmodule /Users/admin/builder/spi-builder-workspace/.derivedData/Build/Products/Debug-watchos/TestCommonsXCUI.swiftmodule/arm64_32-apple-watchos.swiftmodule
Copy /Users/admin/builder/spi-builder-workspace/.derivedData/Build/Products/Debug-watchos/TestCommonsXCUI.swiftmodule/arm64_32-apple-watchos.swiftdoc /Users/admin/builder/spi-builder-workspace/.derivedData/Build/Intermediates.noindex/TestCommons.build/Debug-watchos/TestCommonsXCUI-t.build/Objects-normal/arm64_32/TestCommonsXCUI.swiftdoc (in target 'TestCommonsXCUI' from project 'TestCommons')
cd /Users/admin/builder/spi-builder-workspace
builtin-copy -exclude .DS_Store -exclude CVS -exclude .svn -exclude .git -exclude .hg -resolve-src-symlinks -rename /Users/admin/builder/spi-builder-workspace/.derivedData/Build/Intermediates.noindex/TestCommons.build/Debug-watchos/TestCommonsXCUI-t.build/Objects-normal/arm64_32/TestCommonsXCUI.swiftdoc /Users/admin/builder/spi-builder-workspace/.derivedData/Build/Products/Debug-watchos/TestCommonsXCUI.swiftmodule/arm64_32-apple-watchos.swiftdoc
Copy /Users/admin/builder/spi-builder-workspace/.derivedData/Build/Products/Debug-watchos/TestCommonsXCUI.swiftmodule/arm64_32-apple-watchos.abi.json /Users/admin/builder/spi-builder-workspace/.derivedData/Build/Intermediates.noindex/TestCommons.build/Debug-watchos/TestCommonsXCUI-t.build/Objects-normal/arm64_32/TestCommonsXCUI.abi.json (in target 'TestCommonsXCUI' from project 'TestCommons')
cd /Users/admin/builder/spi-builder-workspace
builtin-copy -exclude .DS_Store -exclude CVS -exclude .svn -exclude .git -exclude .hg -resolve-src-symlinks -rename /Users/admin/builder/spi-builder-workspace/.derivedData/Build/Intermediates.noindex/TestCommons.build/Debug-watchos/TestCommonsXCUI-t.build/Objects-normal/arm64_32/TestCommonsXCUI.abi.json /Users/admin/builder/spi-builder-workspace/.derivedData/Build/Products/Debug-watchos/TestCommonsXCUI.swiftmodule/arm64_32-apple-watchos.abi.json
SwiftDriverJobDiscovery normal arm64 Compiling ConfigureLocale.swift (in target 'TestCommonsXCUI' from project 'TestCommons')
Copy /Users/admin/builder/spi-builder-workspace/.derivedData/Build/Products/Debug-watchos/TestCommonsXCUI.swiftmodule/arm64-apple-watchos.swiftdoc /Users/admin/builder/spi-builder-workspace/.derivedData/Build/Intermediates.noindex/TestCommons.build/Debug-watchos/TestCommonsXCUI-t.build/Objects-normal/arm64/TestCommonsXCUI.swiftdoc (in target 'TestCommonsXCUI' from project 'TestCommons')
cd /Users/admin/builder/spi-builder-workspace
builtin-copy -exclude .DS_Store -exclude CVS -exclude .svn -exclude .git -exclude .hg -resolve-src-symlinks -rename /Users/admin/builder/spi-builder-workspace/.derivedData/Build/Intermediates.noindex/TestCommons.build/Debug-watchos/TestCommonsXCUI-t.build/Objects-normal/arm64/TestCommonsXCUI.swiftdoc /Users/admin/builder/spi-builder-workspace/.derivedData/Build/Products/Debug-watchos/TestCommonsXCUI.swiftmodule/arm64-apple-watchos.swiftdoc
Copy /Users/admin/builder/spi-builder-workspace/.derivedData/Build/Products/Debug-watchos/TestCommonsXCUI.swiftmodule/arm64-apple-watchos.abi.json /Users/admin/builder/spi-builder-workspace/.derivedData/Build/Intermediates.noindex/TestCommons.build/Debug-watchos/TestCommonsXCUI-t.build/Objects-normal/arm64/TestCommonsXCUI.abi.json (in target 'TestCommonsXCUI' from project 'TestCommons')
cd /Users/admin/builder/spi-builder-workspace
builtin-copy -exclude .DS_Store -exclude CVS -exclude .svn -exclude .git -exclude .hg -resolve-src-symlinks -rename /Users/admin/builder/spi-builder-workspace/.derivedData/Build/Intermediates.noindex/TestCommons.build/Debug-watchos/TestCommonsXCUI-t.build/Objects-normal/arm64/TestCommonsXCUI.abi.json /Users/admin/builder/spi-builder-workspace/.derivedData/Build/Products/Debug-watchos/TestCommonsXCUI.swiftmodule/arm64-apple-watchos.abi.json
Copy /Users/admin/builder/spi-builder-workspace/.derivedData/Build/Products/Debug-watchos/TestCommonsXCUI.swiftmodule/Project/arm64_32-apple-watchos.swiftsourceinfo /Users/admin/builder/spi-builder-workspace/.derivedData/Build/Intermediates.noindex/TestCommons.build/Debug-watchos/TestCommonsXCUI-t.build/Objects-normal/arm64_32/TestCommonsXCUI.swiftsourceinfo (in target 'TestCommonsXCUI' from project 'TestCommons')
cd /Users/admin/builder/spi-builder-workspace
builtin-copy -exclude .DS_Store -exclude CVS -exclude .svn -exclude .git -exclude .hg -resolve-src-symlinks -rename /Users/admin/builder/spi-builder-workspace/.derivedData/Build/Intermediates.noindex/TestCommons.build/Debug-watchos/TestCommonsXCUI-t.build/Objects-normal/arm64_32/TestCommonsXCUI.swiftsourceinfo /Users/admin/builder/spi-builder-workspace/.derivedData/Build/Products/Debug-watchos/TestCommonsXCUI.swiftmodule/Project/arm64_32-apple-watchos.swiftsourceinfo
Copy /Users/admin/builder/spi-builder-workspace/.derivedData/Build/Products/Debug-watchos/TestCommonsXCUI.swiftmodule/Project/arm64-apple-watchos.swiftsourceinfo /Users/admin/builder/spi-builder-workspace/.derivedData/Build/Intermediates.noindex/TestCommons.build/Debug-watchos/TestCommonsXCUI-t.build/Objects-normal/arm64/TestCommonsXCUI.swiftsourceinfo (in target 'TestCommonsXCUI' from project 'TestCommons')
cd /Users/admin/builder/spi-builder-workspace
builtin-copy -exclude .DS_Store -exclude CVS -exclude .svn -exclude .git -exclude .hg -resolve-src-symlinks -rename /Users/admin/builder/spi-builder-workspace/.derivedData/Build/Intermediates.noindex/TestCommons.build/Debug-watchos/TestCommonsXCUI-t.build/Objects-normal/arm64/TestCommonsXCUI.swiftsourceinfo /Users/admin/builder/spi-builder-workspace/.derivedData/Build/Products/Debug-watchos/TestCommonsXCUI.swiftmodule/Project/arm64-apple-watchos.swiftsourceinfo
SwiftDriverJobDiscovery normal arm64 Compiling AttachDiagnostics.swift (in target 'TestCommonsXCUI' from project 'TestCommons')
SwiftCompile normal arm64_32 Compiling\ ConfigureLocale.swift /Users/admin/builder/spi-builder-workspace/Sources/TestCommonsXCUI/ConfigureLocale.swift (in target 'TestCommonsXCUI' from project 'TestCommons')
SwiftCompile normal arm64_32 /Users/admin/builder/spi-builder-workspace/Sources/TestCommonsXCUI/ConfigureLocale.swift (in target 'TestCommonsXCUI' from project 'TestCommons')
cd /Users/admin/builder/spi-builder-workspace/.swiftpm/xcode
builtin-SwiftPerFileCompile ConfigureLocale.swift
SwiftDriverJobDiscovery normal arm64_32 Compiling ElementCondition.swift (in target 'TestCommonsXCUI' from project 'TestCommons')
SwiftCompile normal arm64_32 Compiling\ UniqueHittableElement.swift /Users/admin/builder/spi-builder-workspace/Sources/TestCommonsXCUI/UniqueHittableElement.swift (in target 'TestCommonsXCUI' from project 'TestCommons')
SwiftCompile normal arm64_32 /Users/admin/builder/spi-builder-workspace/Sources/TestCommonsXCUI/UniqueHittableElement.swift (in target 'TestCommonsXCUI' from project 'TestCommons')
cd /Users/admin/builder/spi-builder-workspace/.swiftpm/xcode
builtin-SwiftPerFileCompile UniqueHittableElement.swift
SwiftCompile normal arm64 Compiling\ ElementAssertions.swift /Users/admin/builder/spi-builder-workspace/Sources/TestCommonsXCUI/ElementAssertions.swift (in target 'TestCommonsXCUI' from project 'TestCommons')
SwiftCompile normal arm64 /Users/admin/builder/spi-builder-workspace/Sources/TestCommonsXCUI/ElementAssertions.swift (in target 'TestCommonsXCUI' from project 'TestCommons')
cd /Users/admin/builder/spi-builder-workspace/.swiftpm/xcode
builtin-SwiftPerFileCompile ElementAssertions.swift
SwiftCompile normal arm64_32 Compiling\ Scrolling.swift /Users/admin/builder/spi-builder-workspace/Sources/TestCommonsXCUI/Scrolling.swift (in target 'TestCommonsXCUI' from project 'TestCommons')
SwiftCompile normal arm64_32 /Users/admin/builder/spi-builder-workspace/Sources/TestCommonsXCUI/Scrolling.swift (in target 'TestCommonsXCUI' from project 'TestCommons')
cd /Users/admin/builder/spi-builder-workspace/.swiftpm/xcode
builtin-SwiftPerFileCompile Scrolling.swift
SwiftCompile normal arm64_32 Compiling\ AttachDiagnostics.swift /Users/admin/builder/spi-builder-workspace/Sources/TestCommonsXCUI/AttachDiagnostics.swift (in target 'TestCommonsXCUI' from project 'TestCommons')
SwiftCompile normal arm64_32 /Users/admin/builder/spi-builder-workspace/Sources/TestCommonsXCUI/AttachDiagnostics.swift (in target 'TestCommonsXCUI' from project 'TestCommons')
cd /Users/admin/builder/spi-builder-workspace/.swiftpm/xcode
builtin-SwiftPerFileCompile AttachDiagnostics.swift
SwiftDriverJobDiscovery normal arm64 Compiling Scrolling.swift (in target 'TestCommonsXCUI' from project 'TestCommons')
SwiftCompile normal arm64 Compiling\ ReadingOrderAssertions.swift /Users/admin/builder/spi-builder-workspace/Sources/TestCommonsXCUI/ReadingOrderAssertions.swift (in target 'TestCommonsXCUI' from project 'TestCommons')
SwiftCompile normal arm64 /Users/admin/builder/spi-builder-workspace/Sources/TestCommonsXCUI/ReadingOrderAssertions.swift (in target 'TestCommonsXCUI' from project 'TestCommons')
cd /Users/admin/builder/spi-builder-workspace/.swiftpm/xcode
builtin-SwiftPerFileCompile ReadingOrderAssertions.swift
SwiftDriverJobDiscovery normal arm64_32 Compiling ConfigureLocale.swift (in target 'TestCommonsXCUI' from project 'TestCommons')
SwiftCompile normal arm64_32 Compiling\ ElementAssertions.swift /Users/admin/builder/spi-builder-workspace/Sources/TestCommonsXCUI/ElementAssertions.swift (in target 'TestCommonsXCUI' from project 'TestCommons')
SwiftCompile normal arm64_32 /Users/admin/builder/spi-builder-workspace/Sources/TestCommonsXCUI/ElementAssertions.swift (in target 'TestCommonsXCUI' from project 'TestCommons')
cd /Users/admin/builder/spi-builder-workspace/.swiftpm/xcode
builtin-SwiftPerFileCompile ElementAssertions.swift
SwiftDriverJobDiscovery normal arm64_32 Compiling Scrolling.swift (in target 'TestCommonsXCUI' from project 'TestCommons')
SwiftCompile normal arm64 Compiling\ UniqueHittableElement.swift /Users/admin/builder/spi-builder-workspace/Sources/TestCommonsXCUI/UniqueHittableElement.swift (in target 'TestCommonsXCUI' from project 'TestCommons')
SwiftCompile normal arm64 /Users/admin/builder/spi-builder-workspace/Sources/TestCommonsXCUI/UniqueHittableElement.swift (in target 'TestCommonsXCUI' from project 'TestCommons')
cd /Users/admin/builder/spi-builder-workspace/.swiftpm/xcode
builtin-SwiftPerFileCompile UniqueHittableElement.swift
SwiftCompile normal arm64_32 Compiling\ VerticalScrollDrag.swift /Users/admin/builder/spi-builder-workspace/Sources/TestCommonsXCUI/VerticalScrollDrag.swift (in target 'TestCommonsXCUI' from project 'TestCommons')
SwiftCompile normal arm64_32 /Users/admin/builder/spi-builder-workspace/Sources/TestCommonsXCUI/VerticalScrollDrag.swift (in target 'TestCommonsXCUI' from project 'TestCommons')
cd /Users/admin/builder/spi-builder-workspace/.swiftpm/xcode
builtin-SwiftPerFileCompile VerticalScrollDrag.swift
SwiftCompile normal arm64 Compiling\ ReplaceText.swift /Users/admin/builder/spi-builder-workspace/Sources/TestCommonsXCUI/ReplaceText.swift (in target 'TestCommonsXCUI' from project 'TestCommons')
SwiftCompile normal arm64 /Users/admin/builder/spi-builder-workspace/Sources/TestCommonsXCUI/ReplaceText.swift (in target 'TestCommonsXCUI' from project 'TestCommons')
cd /Users/admin/builder/spi-builder-workspace/.swiftpm/xcode
builtin-SwiftPerFileCompile ReplaceText.swift
SwiftCompile normal arm64 Compiling\ ElementCondition.swift /Users/admin/builder/spi-builder-workspace/Sources/TestCommonsXCUI/ElementCondition.swift (in target 'TestCommonsXCUI' from project 'TestCommons')
SwiftCompile normal arm64 /Users/admin/builder/spi-builder-workspace/Sources/TestCommonsXCUI/ElementCondition.swift (in target 'TestCommonsXCUI' from project 'TestCommons')
cd /Users/admin/builder/spi-builder-workspace/.swiftpm/xcode
builtin-SwiftPerFileCompile ElementCondition.swift
SwiftDriverJobDiscovery normal arm64_32 Compiling UniqueHittableElement.swift (in target 'TestCommonsXCUI' from project 'TestCommons')
SwiftDriverJobDiscovery normal arm64_32 Compiling AttachDiagnostics.swift (in target 'TestCommonsXCUI' from project 'TestCommons')
SwiftDriverJobDiscovery normal arm64 Compiling ElementAssertions.swift (in target 'TestCommonsXCUI' from project 'TestCommons')
SwiftDriverJobDiscovery normal arm64 Compiling ReadingOrderAssertions.swift (in target 'TestCommonsXCUI' from project 'TestCommons')
SwiftCompile normal arm64_32 Compiling\ ReadingOrderAssertions.swift /Users/admin/builder/spi-builder-workspace/Sources/TestCommonsXCUI/ReadingOrderAssertions.swift (in target 'TestCommonsXCUI' from project 'TestCommons')
SwiftCompile normal arm64_32 /Users/admin/builder/spi-builder-workspace/Sources/TestCommonsXCUI/ReadingOrderAssertions.swift (in target 'TestCommonsXCUI' from project 'TestCommons')
cd /Users/admin/builder/spi-builder-workspace/.swiftpm/xcode
builtin-SwiftPerFileCompile ReadingOrderAssertions.swift
SwiftCompile normal arm64_32 Compiling\ ReplaceText.swift /Users/admin/builder/spi-builder-workspace/Sources/TestCommonsXCUI/ReplaceText.swift (in target 'TestCommonsXCUI' from project 'TestCommons')
SwiftCompile normal arm64_32 /Users/admin/builder/spi-builder-workspace/Sources/TestCommonsXCUI/ReplaceText.swift (in target 'TestCommonsXCUI' from project 'TestCommons')
cd /Users/admin/builder/spi-builder-workspace/.swiftpm/xcode
builtin-SwiftPerFileCompile ReplaceText.swift
SwiftDriver\ Compilation TestCommons normal arm64_32 com.apple.xcode.tools.swift.compiler (in target 'TestCommons' from project 'TestCommons')
cd /Users/admin/builder/spi-builder-workspace/.swiftpm/xcode
builtin-Swift-Compilation -- /Applications/Xcode-27.0.0.app/Contents/Developer/Toolchains/XcodeDefault.xctoolchain/usr/bin/swiftc -parse-as-library -module-name TestCommons -Onone @/Users/admin/builder/spi-builder-workspace/.derivedData/Build/Intermediates.noindex/TestCommons.build/Debug-watchos/TestCommons-t.build/Objects-normal/arm64_32/TestCommons.SwiftFileList -DSWIFT_PACKAGE -DDEBUG -DSWIFT_MODULE_RESOURCE_BUNDLE_UNAVAILABLE -DXcode -plugin-path /Applications/Xcode-27.0.0.app/Contents/Developer/Toolchains/XcodeDefault.xctoolchain/usr/lib/swift/host/plugins/testing -enable-experimental-feature DebugDescriptionMacro -sdk /Applications/Xcode-27.0.0.app/Contents/Developer/Platforms/WatchOS.platform/Developer/SDKs/WatchOS27.0.sdk -target arm64_32-apple-watchos11.0 -g -module-cache-path /Users/admin/builder/spi-builder-workspace/.derivedData/ModuleCache.noindex -Xfrontend -serialize-debugging-options -profile-coverage-mapping -profile-generate -enable-testing -index-store-path /Users/admin/builder/spi-builder-workspace/.derivedData/Index.noindex/DataStore -Xcc -D_LIBCPP_HARDENING_MODE\=_LIBCPP_HARDENING_MODE_DEBUG -swift-version 6 -I /Users/admin/builder/spi-builder-workspace/.derivedData/Build/Products/Debug-watchos -Isystem /Applications/Xcode-27.0.0.app/Contents/Developer/Platforms/WatchOS.platform/Developer/usr/lib -F /Users/admin/builder/spi-builder-workspace/.derivedData/Build/Products/Debug-watchos -F /Applications/Xcode-27.0.0.app/Contents/Developer/Platforms/WatchOS.platform/Developer/Library/Frameworks -F /Applications/Xcode-27.0.0.app/Contents/Developer/Platforms/WatchOS.platform/Developer/SDKs/WatchOS27.0.sdk/Developer/Library/Frameworks -c -j10 -enable-batch-mode -incremental -Xcc -ivfsstatcache -Xcc /Users/admin/builder/spi-builder-workspace/.derivedData/SDKStatCaches.noindex/watchos27.0-24R360-e829b21a6f8c9b70876ba0858053c044b9db9bc9c079ee3c7b5f3373b13d10bc.sdkstatcache -output-file-map /Users/admin/builder/spi-builder-workspace/.derivedData/Build/Intermediates.noindex/TestCommons.build/Debug-watchos/TestCommons-t.build/Objects-normal/arm64_32/TestCommons-OutputFileMap.json -save-temps -no-color-diagnostics -explicit-module-build -module-cache-path /Users/admin/builder/spi-builder-workspace/.derivedData/Build/Intermediates.noindex/SwiftExplicitPrecompiledModules -clang-scanner-module-cache-path /Users/admin/builder/spi-builder-workspace/.derivedData/ModuleCache.noindex -sdk-module-cache-path /Users/admin/builder/spi-builder-workspace/.derivedData/SDKExplicitPrecompiledModules -emit-dependencies -emit-module -emit-module-path /Users/admin/builder/spi-builder-workspace/.derivedData/Build/Intermediates.noindex/TestCommons.build/Debug-watchos/TestCommons-t.build/Objects-normal/arm64_32/TestCommons.swiftmodule -serialize-diagnostics -dependency-scan-serialize-diagnostics-path /Users/admin/builder/spi-builder-workspace/.derivedData/Build/Intermediates.noindex/TestCommons.build/Debug-watchos/TestCommons-t.build/Objects-normal/arm64_32/TestCommons-dependency-scan.dia -validate-clang-modules-once -clang-build-session-file /Users/admin/builder/spi-builder-workspace/.derivedData/ModuleCache.noindex/Session.modulevalidation -Xcc -fmodules-prune-interval\=86400 -Xcc -fmodules-prune-after\=345600 -package-name spi_builder_workspace -emit-const-values -const-gather-protocols-list /Users/admin/builder/spi-builder-workspace/.derivedData/Build/Intermediates.noindex/TestCommons.build/Debug-watchos/TestCommons-t.build/Objects-normal/arm64_32/TestCommons_const_extract_protocols.json -Xcc -I/Users/admin/builder/spi-builder-workspace/.derivedData/Build/Products/Debug-watchos/include -Xcc -I/Users/admin/builder/spi-builder-workspace/.derivedData/Build/Intermediates.noindex/TestCommons.build/Debug-watchos/TestCommons-t.build/DerivedSources-normal/arm64_32 -Xcc -I/Users/admin/builder/spi-builder-workspace/.derivedData/Build/Intermediates.noindex/TestCommons.build/Debug-watchos/TestCommons-t.build/DerivedSources/arm64_32 -Xcc -I/Users/admin/builder/spi-builder-workspace/.derivedData/Build/Intermediates.noindex/TestCommons.build/Debug-watchos/TestCommons-t.build/DerivedSources -Xcc -DSWIFT_PACKAGE -Xcc -DDEBUG\=1 -emit-objc-header -emit-objc-header-path /Users/admin/builder/spi-builder-workspace/.derivedData/Build/Intermediates.noindex/TestCommons.build/Debug-watchos/TestCommons-t.build/Objects-normal/arm64_32/TestCommons-Swift.h -working-directory /Users/admin/builder/spi-builder-workspace/.swiftpm/xcode -experimental-emit-module-separately -disable-cmo
SwiftEmitModule normal arm64 Emitting\ module\ for\ TestCommons (in target 'TestCommons' from project 'TestCommons')
SwiftCompile normal arm64 (in target 'TestCommons' from project 'TestCommons')
cd /Users/admin/builder/spi-builder-workspace/.swiftpm/xcode
SwiftDriverJobDiscovery normal arm64_32 Compiling ElementAssertions.swift (in target 'TestCommonsXCUI' from project 'TestCommons')
Ld /Users/admin/builder/spi-builder-workspace/.derivedData/Build/Intermediates.noindex/TestCommons.build/Debug-watchos/TestCommons-t.build/Objects-normal/arm64_32/Binary/TestCommons.o normal arm64_32 (in target 'TestCommons' from project 'TestCommons')
cd /Users/admin/builder/spi-builder-workspace
/Applications/Xcode-27.0.0.app/Contents/Developer/Toolchains/XcodeDefault.xctoolchain/usr/bin/clang -Xlinker -reproducible -target arm64_32-apple-watchos11.0 -r -isysroot /Applications/Xcode-27.0.0.app/Contents/Developer/Platforms/WatchOS.platform/Developer/SDKs/WatchOS27.0.sdk -O0 -Xlinker -no_warn_duplicate_libraries -F/Users/admin/builder/spi-builder-workspace/.derivedData/Build/Intermediates.noindex/EagerLinkingTBDs/Debug-watchos -F/Users/admin/builder/spi-builder-workspace/.derivedData/Build/Products/Debug-watchos -iframework /Applications/Xcode-27.0.0.app/Contents/Developer/Platforms/WatchOS.platform/Developer/Library/Frameworks -iframework /Applications/Xcode-27.0.0.app/Contents/Developer/Platforms/WatchOS.platform/Developer/SDKs/WatchOS27.0.sdk/Developer/Library/Frameworks -filelist /Users/admin/builder/spi-builder-workspace/.derivedData/Build/Intermediates.noindex/TestCommons.build/Debug-watchos/TestCommons-t.build/Objects-normal/arm64_32/TestCommons.LinkFileList -nostdlib -Xlinker -object_path_lto -Xlinker /Users/admin/builder/spi-builder-workspace/.derivedData/Build/Intermediates.noindex/TestCommons.build/Debug-watchos/TestCommons-t.build/Objects-normal/arm64_32/TestCommons_lto.o -Xlinker -no_deduplicate -Xlinker -debug_variant -Xlinker -dependency_info -Xlinker /Users/admin/builder/spi-builder-workspace/.derivedData/Build/Intermediates.noindex/TestCommons.build/Debug-watchos/TestCommons-t.build/Objects-normal/arm64_32/TestCommons_dependency_info.dat -fobjc-link-runtime -L/Applications/Xcode-27.0.0.app/Contents/Developer/Toolchains/XcodeDefault.xctoolchain/usr/lib/swift/watchos -L/usr/lib/swift -Xlinker -add_ast_path -Xlinker /Users/admin/builder/spi-builder-workspace/.derivedData/Build/Intermediates.noindex/TestCommons.build/Debug-watchos/TestCommons-t.build/Objects-normal/arm64_32/TestCommons.swiftmodule -o /Users/admin/builder/spi-builder-workspace/.derivedData/Build/Intermediates.noindex/TestCommons.build/Debug-watchos/TestCommons-t.build/Objects-normal/arm64_32/Binary/TestCommons.o
SwiftCompile normal arm64 Compiling\ StubURLProtocolPool.swift /Users/admin/builder/spi-builder-workspace/Sources/TestCommons/StubURLProtocolPool.swift (in target 'TestCommons' from project 'TestCommons')
SwiftCompile normal arm64 /Users/admin/builder/spi-builder-workspace/Sources/TestCommons/StubURLProtocolPool.swift (in target 'TestCommons' from project 'TestCommons')
cd /Users/admin/builder/spi-builder-workspace/.swiftpm/xcode
builtin-SwiftPerFileCompile StubURLProtocolPool.swift
SwiftDriverJobDiscovery normal arm64_32 Compiling VerticalScrollDrag.swift (in target 'TestCommonsXCUI' from project 'TestCommons')
SwiftCompile normal arm64 Compiling\ StubURLProtocol.swift /Users/admin/builder/spi-builder-workspace/Sources/TestCommons/StubURLProtocol.swift (in target 'TestCommons' from project 'TestCommons')
SwiftCompile normal arm64 /Users/admin/builder/spi-builder-workspace/Sources/TestCommons/StubURLProtocol.swift (in target 'TestCommons' from project 'TestCommons')
cd /Users/admin/builder/spi-builder-workspace/.swiftpm/xcode
builtin-SwiftPerFileCompile StubURLProtocol.swift
SwiftDriverJobDiscovery normal arm64 Compiling ReplaceText.swift (in target 'TestCommonsXCUI' from project 'TestCommons')
SwiftDriverJobDiscovery normal arm64 Compiling ElementCondition.swift (in target 'TestCommonsXCUI' from project 'TestCommons')
SwiftDriverJobDiscovery normal arm64 Compiling UniqueHittableElement.swift (in target 'TestCommonsXCUI' from project 'TestCommons')
SwiftDriver\ Compilation TestCommonsXCUI normal arm64 com.apple.xcode.tools.swift.compiler (in target 'TestCommonsXCUI' from project 'TestCommons')
cd /Users/admin/builder/spi-builder-workspace/.swiftpm/xcode
builtin-Swift-Compilation -- /Applications/Xcode-27.0.0.app/Contents/Developer/Toolchains/XcodeDefault.xctoolchain/usr/bin/swiftc -parse-as-library -module-name TestCommonsXCUI -Onone @/Users/admin/builder/spi-builder-workspace/.derivedData/Build/Intermediates.noindex/TestCommons.build/Debug-watchos/TestCommonsXCUI-t.build/Objects-normal/arm64/TestCommonsXCUI.SwiftFileList -DSWIFT_PACKAGE -DDEBUG -DSWIFT_MODULE_RESOURCE_BUNDLE_UNAVAILABLE -DXcode -plugin-path /Applications/Xcode-27.0.0.app/Contents/Developer/Toolchains/XcodeDefault.xctoolchain/usr/lib/swift/host/plugins/testing -enable-experimental-feature DebugDescriptionMacro -sdk /Applications/Xcode-27.0.0.app/Contents/Developer/Platforms/WatchOS.platform/Developer/SDKs/WatchOS27.0.sdk -target arm64-apple-watchos11.0 -g -module-cache-path /Users/admin/builder/spi-builder-workspace/.derivedData/ModuleCache.noindex -Xfrontend -serialize-debugging-options -profile-coverage-mapping -profile-generate -enable-testing -index-store-path /Users/admin/builder/spi-builder-workspace/.derivedData/Index.noindex/DataStore -Xcc -D_LIBCPP_HARDENING_MODE\=_LIBCPP_HARDENING_MODE_DEBUG -swift-version 6 -I /Users/admin/builder/spi-builder-workspace/.derivedData/Build/Products/Debug-watchos -Isystem /Applications/Xcode-27.0.0.app/Contents/Developer/Platforms/WatchOS.platform/Developer/usr/lib -F /Users/admin/builder/spi-builder-workspace/.derivedData/Build/Products/Debug-watchos/PackageFrameworks -F /Users/admin/builder/spi-builder-workspace/.derivedData/Build/Products/Debug-watchos -F /Applications/Xcode-27.0.0.app/Contents/Developer/Platforms/WatchOS.platform/Developer/Library/Frameworks -F /Applications/Xcode-27.0.0.app/Contents/Developer/Platforms/WatchOS.platform/Developer/SDKs/WatchOS27.0.sdk/Developer/Library/Frameworks -c -j10 -enable-batch-mode -incremental -Xcc -ivfsstatcache -Xcc /Users/admin/builder/spi-builder-workspace/.derivedData/SDKStatCaches.noindex/watchos27.0-24R360-e829b21a6f8c9b70876ba0858053c044b9db9bc9c079ee3c7b5f3373b13d10bc.sdkstatcache -output-file-map /Users/admin/builder/spi-builder-workspace/.derivedData/Build/Intermediates.noindex/TestCommons.build/Debug-watchos/TestCommonsXCUI-t.build/Objects-normal/arm64/TestCommonsXCUI-OutputFileMap.json -save-temps -no-color-diagnostics -explicit-module-build -module-cache-path /Users/admin/builder/spi-builder-workspace/.derivedData/Build/Intermediates.noindex/SwiftExplicitPrecompiledModules -clang-scanner-module-cache-path /Users/admin/builder/spi-builder-workspace/.derivedData/ModuleCache.noindex -sdk-module-cache-path /Users/admin/builder/spi-builder-workspace/.derivedData/SDKExplicitPrecompiledModules -emit-dependencies -emit-module -emit-module-path /Users/admin/builder/spi-builder-workspace/.derivedData/Build/Intermediates.noindex/TestCommons.build/Debug-watchos/TestCommonsXCUI-t.build/Objects-normal/arm64/TestCommonsXCUI.swiftmodule -serialize-diagnostics -dependency-scan-serialize-diagnostics-path /Users/admin/builder/spi-builder-workspace/.derivedData/Build/Intermediates.noindex/TestCommons.build/Debug-watchos/TestCommonsXCUI-t.build/Objects-normal/arm64/TestCommonsXCUI-dependency-scan.dia -validate-clang-modules-once -clang-build-session-file /Users/admin/builder/spi-builder-workspace/.derivedData/ModuleCache.noindex/Session.modulevalidation -Xcc -fmodules-prune-interval\=86400 -Xcc -fmodules-prune-after\=345600 -package-name spi_builder_workspace -emit-const-values -const-gather-protocols-list /Users/admin/builder/spi-builder-workspace/.derivedData/Build/Intermediates.noindex/TestCommons.build/Debug-watchos/TestCommonsXCUI-t.build/Objects-normal/arm64/TestCommonsXCUI_const_extract_protocols.json -Xcc -I/Users/admin/builder/spi-builder-workspace/.derivedData/Build/Products/Debug-watchos/include -Xcc -I/Users/admin/builder/spi-builder-workspace/.derivedData/Build/Intermediates.noindex/TestCommons.build/Debug-watchos/TestCommonsXCUI-t.build/DerivedSources-normal/arm64 -Xcc -I/Users/admin/builder/spi-builder-workspace/.derivedData/Build/Intermediates.noindex/TestCommons.build/Debug-watchos/TestCommonsXCUI-t.build/DerivedSources/arm64 -Xcc -I/Users/admin/builder/spi-builder-workspace/.derivedData/Build/Intermediates.noindex/TestCommons.build/Debug-watchos/TestCommonsXCUI-t.build/DerivedSources -Xcc -DSWIFT_PACKAGE -Xcc -DDEBUG\=1 -emit-objc-header -emit-objc-header-path /Users/admin/builder/spi-builder-workspace/.derivedData/Build/Intermediates.noindex/TestCommons.build/Debug-watchos/TestCommonsXCUI-t.build/Objects-normal/arm64/TestCommonsXCUI-Swift.h -working-directory /Users/admin/builder/spi-builder-workspace/.swiftpm/xcode -experimental-emit-module-separately -disable-cmo
SwiftEmitModule normal arm64_32 Emitting\ module\ for\ TestCommonsUI (in target 'TestCommonsUI' from project 'TestCommons')
/Users/admin/builder/spi-builder-workspace/Sources/TestCommonsUI/HostedView.swift:35:33: error: cannot find type 'UIHostingController' in scope
33 | #elseif canImport(UIKit)
34 | /// The hosted view or controller; retain its window while observing it.
35 | public let hosting: UIHostingController<Content>
| `- error: cannot find type 'UIHostingController' in scope
36 | /// The owned platform window; use `close()` for coordinated cleanup.
37 | public let window: UIWindow
/Users/admin/builder/spi-builder-workspace/Sources/TestCommonsUI/HostedView.swift:37:32: error: 'UIWindow' is unavailable in watchOS
35 | public let hosting: UIHostingController<Content>
36 | /// The owned platform window; use `close()` for coordinated cleanup.
37 | public let window: UIWindow
| `- error: 'UIWindow' is unavailable in watchOS
38 | #endif
39 | private let scale: CGFloat?
/Applications/Xcode-27.0.0.app/Contents/Developer/Platforms/WatchOS.platform/Developer/SDKs/WatchOS27.0.sdk/System/Library/Frameworks/UIKit.framework/Headers/UIWindow.h:22:12: note: 'UIWindow' has been explicitly marked unavailable here
20 |
21 | UIKIT_EXTERN API_AVAILABLE(ios(2.0)) API_UNAVAILABLE(watchos) NS_SWIFT_UI_ACTOR
22 | @interface UIWindow : UIView
| `- note: 'UIWindow' has been explicitly marked unavailable here
23 |
24 | // instantiate a UIWindow already associated with a given UIWindowScene instance, with matching frame & interface orientations.
/Users/admin/builder/spi-builder-workspace/Sources/TestCommonsUI/RenderableView.swift:9:43: error: 'UIView' is unavailable in watchOS
7 | import UIKit
8 | /// A platform view rendered by the hosted-view helpers.
9 | public typealias RenderableView = UIView
| `- error: 'UIView' is unavailable in watchOS
10 | #endif
11 | #endif
/Applications/Xcode-27.0.0.app/Contents/Developer/Platforms/WatchOS.platform/Developer/SDKs/WatchOS27.0.sdk/System/Library/Frameworks/UIKit.framework/Headers/UIView.h:152:12: note: 'UIView' has been explicitly marked unavailable here
150 |
151 | UIKIT_EXTERN API_AVAILABLE(ios(2.0)) API_UNAVAILABLE(watchos) NS_SWIFT_UI_ACTOR
152 | @interface UIView : UIResponder <NSCoding, UIAppearance, UIAppearanceContainer, UIDynamicItem, UITraitEnvironment, UICoordinateSpace, UIFocusItem, UIFocusItemContainer, CALayerDelegate>
| `- note: 'UIView' has been explicitly marked unavailable here
153 |
154 | @property(class, nonatomic, readonly) Class layerClass; // default is [CALayer class]. Used when creating the underlying layer for the view.
Failed frontend command:
/Applications/Xcode-27.0.0.app/Contents/Developer/Toolchains/XcodeDefault.xctoolchain/usr/bin/swift-frontend -frontend -emit-module -experimental-skip-non-inlinable-function-bodies-without-types /Users/admin/builder/spi-builder-workspace/Sources/TestCommonsUI/HostedView.swift /Users/admin/builder/spi-builder-workspace/Sources/TestCommonsUI/RenderableView.swift /Users/admin/builder/spi-builder-workspace/Sources/TestCommonsUI/StableFrameObservation.swift /Users/admin/builder/spi-builder-workspace/Sources/TestCommonsUI/ViewRendering.swift -target arm64_32-apple-watchos11.0 -module-can-import-version SwiftUI 8.0.84.1 8.0.84 -module-can-import-version UIKit 9127.0.84.1 9127.0.84 -disable-cross-import-overlay-search -load-resolved-plugin /Applications/Xcode-27.0.0.app/Contents/Developer/Platforms/WatchOS.platform/Developer/usr/lib/swift/host/plugins/libFoundationMacros.dylib\#/Applications/Xcode-27.0.0.app/Contents/Developer/Platforms/WatchOS.platform/Developer/usr/bin/swift-plugin-server\#FoundationMacros -load-resolved-plugin /Applications/Xcode-27.0.0.app/Contents/Developer/Platforms/WatchOS.platform/Developer/usr/lib/swift/host/plugins/libObservationMacros.dylib\#/Applications/Xcode-27.0.0.app/Contents/Developer/Platforms/WatchOS.platform/Developer/usr/bin/swift-plugin-server\#ObservationMacros -load-resolved-plugin /Applications/Xcode-27.0.0.app/Contents/Developer/Platforms/WatchOS.platform/Developer/usr/lib/swift/host/plugins/libPreviewsMacros.dylib\#/Applications/Xcode-27.0.0.app/Contents/Developer/Platforms/WatchOS.platform/Developer/usr/bin/swift-plugin-server\#PreviewsMacros -load-resolved-plugin /Applications/Xcode-27.0.0.app/Contents/Developer/Platforms/WatchOS.platform/Developer/usr/lib/swift/host/plugins/libSwiftMacros.dylib\#/Applications/Xcode-27.0.0.app/Contents/Developer/Platforms/WatchOS.platform/Developer/usr/bin/swift-plugin-server\#SwiftMacros -load-resolved-plugin /Applications/Xcode-27.0.0.app/Contents/Developer/Platforms/WatchOS.platform/Developer/usr/lib/swift/host/plugins/libSwiftUIMacros.dylib\#/Applications/Xcode-27.0.0.app/Contents/Developer/Platforms/WatchOS.platform/Developer/usr/bin/swift-plugin-server\#SwiftUIMacros -disable-implicit-swift-modules -Xcc -fno-implicit-modules -Xcc -fno-implicit-module-maps -explicit-swift-module-map-file /Users/admin/builder/spi-builder-workspace/.derivedData/Build/Intermediates.noindex/TestCommons.build/Debug-watchos/TestCommonsUI-t.build/Objects-normal/arm64_32/TestCommonsUI-dependencies-1.json -enable-objc-interop -sdk /Applications/Xcode-27.0.0.app/Contents/Developer/Platforms/WatchOS.platform/Developer/SDKs/WatchOS27.0.sdk -I /Users/admin/builder/spi-builder-workspace/.derivedData/Build/Products/Debug-watchos -Isystem /Applications/Xcode-27.0.0.app/Contents/Developer/Platforms/WatchOS.platform/Developer/usr/lib -F /Users/admin/builder/spi-builder-workspace/.derivedData/Build/Products/Debug-watchos -F /Applications/Xcode-27.0.0.app/Contents/Developer/Platforms/WatchOS.platform/Developer/Library/Frameworks -F /Applications/Xcode-27.0.0.app/Contents/Developer/Platforms/WatchOS.platform/Developer/SDKs/WatchOS27.0.sdk/Developer/Library/Frameworks -module-cache-path /Users/admin/builder/spi-builder-workspace/.derivedData/Build/Intermediates.noindex/SwiftExplicitPrecompiledModules -no-color-diagnostics -Xcc -fno-color-diagnostics -enable-testing -g -debug-info-format\=dwarf -dwarf-version\=5 -profile-generate -profile-coverage-mapping -swift-version 6 -Onone -D SWIFT_PACKAGE -D DEBUG -D SWIFT_MODULE_RESOURCE_BUNDLE_UNAVAILABLE -D Xcode -serialize-debugging-options -enable-experimental-feature DebugDescriptionMacro -empty-abi-descriptor -validate-clang-modules-once -clang-build-session-file /Users/admin/builder/spi-builder-workspace/.derivedData/ModuleCache.noindex/Session.modulevalidation -Xcc -working-directory -Xcc /Users/admin/builder/spi-builder-workspace/.swiftpm/xcode -enable-anonymous-context-mangled-names -file-compilation-dir /Users/admin/builder/spi-builder-workspace/.swiftpm/xcode -Xcc -D_LIBCPP_HARDENING_MODE\=_LIBCPP_HARDENING_MODE_DEBUG -Xcc -ivfsstatcache -Xcc /Users/admin/builder/spi-builder-workspace/.derivedData/SDKStatCaches.noindex/watchos27.0-24R360-e829b21a6f8c9b70876ba0858053c044b9db9bc9c079ee3c7b5f3373b13d10bc.sdkstatcache -Xcc -fmodules-prune-interval\=86400 -Xcc -fmodules-prune-after\=345600 -Xcc -I/Users/admin/builder/spi-builder-workspace/.derivedData/Build/Products/Debug-watchos/include -Xcc -I/Users/admin/builder/spi-builder-workspace/.derivedData/Build/Intermediates.noindex/TestCommons.build/Debug-watchos/TestCommonsUI-t.build/DerivedSources-normal/arm64_32 -Xcc -I/Users/admin/builder/spi-builder-workspace/.derivedData/Build/Intermediates.noindex/TestCommons.build/Debug-watchos/TestCommonsUI-t.build/DerivedSources/arm64_32 -Xcc -I/Users/admin/builder/spi-builder-workspace/.derivedData/Build/Intermediates.noindex/TestCommons.build/Debug-watchos/TestCommonsUI-t.build/DerivedSources -Xcc -DSWIFT_PACKAGE -Xcc -DDEBUG\=1 -no-auto-bridging-header-chaining -module-name TestCommonsUI -package-name spi_builder_workspace -const-gather-protocols-file /Users/admin/builder/spi-builder-workspace/.derivedData/Build/Intermediates.noindex/TestCommons.build/Debug-watchos/TestCommonsUI-t.build/Objects-normal/arm64_32/TestCommonsUI_const_extract_protocols.json -disable-clang-spi -clang-target arm64_32-apple-watchos27.0 -target-sdk-version 27.0 -target-sdk-name watchos27.0 -in-process-plugin-server-path /Applications/Xcode-27.0.0.app/Contents/Developer/Toolchains/XcodeDefault.xctoolchain/usr/lib/swift/host/libSwiftInProcPluginServer.dylib -emit-module-doc-path /Users/admin/builder/spi-builder-workspace/.derivedData/Build/Intermediates.noindex/TestCommons.build/Debug-watchos/TestCommonsUI-t.build/Objects-normal/arm64_32/TestCommonsUI.swiftdoc -emit-module-source-info-path /Users/admin/builder/spi-builder-workspace/.derivedData/Build/Intermediates.noindex/TestCommons.build/Debug-watchos/TestCommonsUI-t.build/Objects-normal/arm64_32/TestCommonsUI.swiftsourceinfo -emit-objc-header-path /Users/admin/builder/spi-builder-workspace/.derivedData/Build/Intermediates.noindex/TestCommons.build/Debug-watchos/TestCommonsUI-t.build/Objects-normal/arm64_32/TestCommonsUI-Swift.h -serialize-diagnostics-path /Users/admin/builder/spi-builder-workspace/.derivedData/Build/Intermediates.noindex/TestCommons.build/Debug-watchos/TestCommonsUI-t.build/Objects-normal/arm64_32/TestCommonsUI-primary-emit-module.dia -emit-dependencies-path /Users/admin/builder/spi-builder-workspace/.derivedData/Build/Intermediates.noindex/TestCommons.build/Debug-watchos/TestCommonsUI-t.build/Objects-normal/arm64_32/TestCommonsUI-primary-emit-module.d -parse-as-library -o /Users/admin/builder/spi-builder-workspace/.derivedData/Build/Intermediates.noindex/TestCommons.build/Debug-watchos/TestCommonsUI-t.build/Objects-normal/arm64_32/TestCommonsUI.swiftmodule -emit-abi-descriptor-path /Users/admin/builder/spi-builder-workspace/.derivedData/Build/Intermediates.noindex/TestCommons.build/Debug-watchos/TestCommonsUI-t.build/Objects-normal/arm64_32/TestCommonsUI.abi.json
SwiftCompile normal arm64_32 (in target 'TestCommonsUI' from project 'TestCommons')
cd /Users/admin/builder/spi-builder-workspace/.swiftpm/xcode
SwiftCompile normal arm64_32 Compiling\ RenderableView.swift /Users/admin/builder/spi-builder-workspace/Sources/TestCommonsUI/RenderableView.swift (in target 'TestCommonsUI' from project 'TestCommons')
SwiftCompile normal arm64_32 /Users/admin/builder/spi-builder-workspace/Sources/TestCommonsUI/RenderableView.swift (in target 'TestCommonsUI' from project 'TestCommons')
cd /Users/admin/builder/spi-builder-workspace/.swiftpm/xcode
builtin-SwiftPerFileCompile RenderableView.swift
SwiftCompile normal arm64_32 Compiling\ StableFrameObservation.swift /Users/admin/builder/spi-builder-workspace/Sources/TestCommonsUI/StableFrameObservation.swift (in target 'TestCommonsUI' from project 'TestCommons')
SwiftCompile normal arm64_32 /Users/admin/builder/spi-builder-workspace/Sources/TestCommonsUI/StableFrameObservation.swift (in target 'TestCommonsUI' from project 'TestCommons')
cd /Users/admin/builder/spi-builder-workspace/.swiftpm/xcode
builtin-SwiftPerFileCompile StableFrameObservation.swift
SwiftCompile normal arm64_32 Compiling\ ViewRendering.swift /Users/admin/builder/spi-builder-workspace/Sources/TestCommonsUI/ViewRendering.swift (in target 'TestCommonsUI' from project 'TestCommons')
/Users/admin/builder/spi-builder-workspace/Sources/TestCommonsUI/ViewRendering.swift:75:30: error: 'UIGraphicsImageRendererFormat' is unavailable in watchOS
73 | view.layoutIfNeeded()
74 | guard !view.bounds.isEmpty else { return nil }
75 | let format = UIGraphicsImageRendererFormat.preferred()
| `- error: 'UIGraphicsImageRendererFormat' is unavailable in watchOS
76 | if let scale {
77 | format.scale = scale
/Applications/Xcode-27.0.0.app/Contents/Developer/Platforms/WatchOS.platform/Developer/SDKs/WatchOS27.0.sdk/System/Library/Frameworks/UIKit.framework/Headers/UIGraphicsImageRenderer.h:27:12: note: 'UIGraphicsImageRendererFormat' has been explicitly marked unavailable here
25 |
26 | UIKIT_EXTERN API_AVAILABLE(ios(10.0)) API_UNAVAILABLE(watchos)
27 | @interface UIGraphicsImageRendererFormat : UIGraphicsRendererFormat
| `- note: 'UIGraphicsImageRendererFormat' has been explicitly marked unavailable here
28 |
29 | @property (nonatomic) CGFloat scale; // display scale of the context. The preferredFormat uses the scale most appropriate for the main screen's current configuration.
/Users/admin/builder/spi-builder-workspace/Sources/TestCommonsUI/ViewRendering.swift:75:60: error: 'preferred()' is unavailable in watchOS
73 | view.layoutIfNeeded()
74 | guard !view.bounds.isEmpty else { return nil }
75 | let format = UIGraphicsImageRendererFormat.preferred()
| `- error: 'preferred()' is unavailable in watchOS
76 | if let scale {
77 | format.scale = scale
/Applications/Xcode-27.0.0.app/Contents/Developer/Platforms/WatchOS.platform/Developer/SDKs/WatchOS27.0.sdk/System/Library/Frameworks/UIKit.framework/Headers/UIGraphicsRenderer.h:28:1: note: 'preferred()' has been explicitly marked unavailable here
26 |
27 | // Returns a new format object best suited for the main screen’s current configuration.
28 | + (instancetype)preferredFormat API_AVAILABLE(ios(11.0), tvos(11.0)) API_UNAVAILABLE(watchos);
| `- note: 'preferred()' has been explicitly marked unavailable here
29 |
30 | // returns the bounds for drawing into the owning UIGraphicsRendererContext.
SwiftCompile normal arm64_32 /Users/admin/builder/spi-builder-workspace/Sources/TestCommonsUI/ViewRendering.swift (in target 'TestCommonsUI' from project 'TestCommons')
cd /Users/admin/builder/spi-builder-workspace/.swiftpm/xcode
builtin-SwiftPerFileCompile ViewRendering.swift
SwiftEmitModule normal arm64 Emitting\ module\ for\ TestCommonsUI (in target 'TestCommonsUI' from project 'TestCommons')
/Users/admin/builder/spi-builder-workspace/Sources/TestCommonsUI/HostedView.swift:35:33: error: cannot find type 'UIHostingController' in scope
33 | #elseif canImport(UIKit)
34 | /// The hosted view or controller; retain its window while observing it.
35 | public let hosting: UIHostingController<Content>
| `- error: cannot find type 'UIHostingController' in scope
36 | /// The owned platform window; use `close()` for coordinated cleanup.
37 | public let window: UIWindow
/Users/admin/builder/spi-builder-workspace/Sources/TestCommonsUI/HostedView.swift:37:32: error: 'UIWindow' is unavailable in watchOS
35 | public let hosting: UIHostingController<Content>
36 | /// The owned platform window; use `close()` for coordinated cleanup.
37 | public let window: UIWindow
| `- error: 'UIWindow' is unavailable in watchOS
38 | #endif
39 | private let scale: CGFloat?
/Applications/Xcode-27.0.0.app/Contents/Developer/Platforms/WatchOS.platform/Developer/SDKs/WatchOS27.0.sdk/System/Library/Frameworks/UIKit.framework/Headers/UIWindow.h:22:12: note: 'UIWindow' has been explicitly marked unavailable here
20 |
21 | UIKIT_EXTERN API_AVAILABLE(ios(2.0)) API_UNAVAILABLE(watchos) NS_SWIFT_UI_ACTOR
22 | @interface UIWindow : UIView
| `- note: 'UIWindow' has been explicitly marked unavailable here
23 |
24 | // instantiate a UIWindow already associated with a given UIWindowScene instance, with matching frame & interface orientations.
/Users/admin/builder/spi-builder-workspace/Sources/TestCommonsUI/RenderableView.swift:9:43: error: 'UIView' is unavailable in watchOS
7 | import UIKit
8 | /// A platform view rendered by the hosted-view helpers.
9 | public typealias RenderableView = UIView
| `- error: 'UIView' is unavailable in watchOS
10 | #endif
11 | #endif
/Applications/Xcode-27.0.0.app/Contents/Developer/Platforms/WatchOS.platform/Developer/SDKs/WatchOS27.0.sdk/System/Library/Frameworks/UIKit.framework/Headers/UIView.h:152:12: note: 'UIView' has been explicitly marked unavailable here
150 |
151 | UIKIT_EXTERN API_AVAILABLE(ios(2.0)) API_UNAVAILABLE(watchos) NS_SWIFT_UI_ACTOR
152 | @interface UIView : UIResponder <NSCoding, UIAppearance, UIAppearanceContainer, UIDynamicItem, UITraitEnvironment, UICoordinateSpace, UIFocusItem, UIFocusItemContainer, CALayerDelegate>
| `- note: 'UIView' has been explicitly marked unavailable here
153 |
154 | @property(class, nonatomic, readonly) Class layerClass; // default is [CALayer class]. Used when creating the underlying layer for the view.
SwiftCompile normal arm64 (in target 'TestCommonsUI' from project 'TestCommons')
cd /Users/admin/builder/spi-builder-workspace/.swiftpm/xcode
SwiftDriverJobDiscovery normal arm64_32 Compiling ReadingOrderAssertions.swift (in target 'TestCommonsXCUI' from project 'TestCommons')
SwiftCompile normal arm64 Compiling\ ViewRendering.swift /Users/admin/builder/spi-builder-workspace/Sources/TestCommonsUI/ViewRendering.swift (in target 'TestCommonsUI' from project 'TestCommons')
/Users/admin/builder/spi-builder-workspace/Sources/TestCommonsUI/ViewRendering.swift:75:30: error: 'UIGraphicsImageRendererFormat' is unavailable in watchOS
73 | view.layoutIfNeeded()
74 | guard !view.bounds.isEmpty else { return nil }
75 | let format = UIGraphicsImageRendererFormat.preferred()
| `- error: 'UIGraphicsImageRendererFormat' is unavailable in watchOS
76 | if let scale {
77 | format.scale = scale
/Applications/Xcode-27.0.0.app/Contents/Developer/Platforms/WatchOS.platform/Developer/SDKs/WatchOS27.0.sdk/System/Library/Frameworks/UIKit.framework/Headers/UIGraphicsImageRenderer.h:27:12: note: 'UIGraphicsImageRendererFormat' has been explicitly marked unavailable here
25 |
26 | UIKIT_EXTERN API_AVAILABLE(ios(10.0)) API_UNAVAILABLE(watchos)
27 | @interface UIGraphicsImageRendererFormat : UIGraphicsRendererFormat
| `- note: 'UIGraphicsImageRendererFormat' has been explicitly marked unavailable here
28 |
29 | @property (nonatomic) CGFloat scale; // display scale of the context. The preferredFormat uses the scale most appropriate for the main screen's current configuration.
/Users/admin/builder/spi-builder-workspace/Sources/TestCommonsUI/ViewRendering.swift:75:60: error: 'preferred()' is unavailable in watchOS
73 | view.layoutIfNeeded()
74 | guard !view.bounds.isEmpty else { return nil }
75 | let format = UIGraphicsImageRendererFormat.preferred()
| `- error: 'preferred()' is unavailable in watchOS
76 | if let scale {
77 | format.scale = scale
/Applications/Xcode-27.0.0.app/Contents/Developer/Platforms/WatchOS.platform/Developer/SDKs/WatchOS27.0.sdk/System/Library/Frameworks/UIKit.framework/Headers/UIGraphicsRenderer.h:28:1: note: 'preferred()' has been explicitly marked unavailable here
26 |
27 | // Returns a new format object best suited for the main screen’s current configuration.
28 | + (instancetype)preferredFormat API_AVAILABLE(ios(11.0), tvos(11.0)) API_UNAVAILABLE(watchos);
| `- note: 'preferred()' has been explicitly marked unavailable here
29 |
30 | // returns the bounds for drawing into the owning UIGraphicsRendererContext.
SwiftCompile normal arm64 /Users/admin/builder/spi-builder-workspace/Sources/TestCommonsUI/ViewRendering.swift (in target 'TestCommonsUI' from project 'TestCommons')
cd /Users/admin/builder/spi-builder-workspace/.swiftpm/xcode
builtin-SwiftPerFileCompile ViewRendering.swift
SwiftDriverJobDiscovery normal arm64_32 Compiling ReplaceText.swift (in target 'TestCommonsXCUI' from project 'TestCommons')
SwiftDriver\ Compilation TestCommonsXCUI normal arm64_32 com.apple.xcode.tools.swift.compiler (in target 'TestCommonsXCUI' from project 'TestCommons')
cd /Users/admin/builder/spi-builder-workspace/.swiftpm/xcode
builtin-Swift-Compilation -- /Applications/Xcode-27.0.0.app/Contents/Developer/Toolchains/XcodeDefault.xctoolchain/usr/bin/swiftc -parse-as-library -module-name TestCommonsXCUI -Onone @/Users/admin/builder/spi-builder-workspace/.derivedData/Build/Intermediates.noindex/TestCommons.build/Debug-watchos/TestCommonsXCUI-t.build/Objects-normal/arm64_32/TestCommonsXCUI.SwiftFileList -DSWIFT_PACKAGE -DDEBUG -DSWIFT_MODULE_RESOURCE_BUNDLE_UNAVAILABLE -DXcode -plugin-path /Applications/Xcode-27.0.0.app/Contents/Developer/Toolchains/XcodeDefault.xctoolchain/usr/lib/swift/host/plugins/testing -enable-experimental-feature DebugDescriptionMacro -sdk /Applications/Xcode-27.0.0.app/Contents/Developer/Platforms/WatchOS.platform/Developer/SDKs/WatchOS27.0.sdk -target arm64_32-apple-watchos11.0 -g -module-cache-path /Users/admin/builder/spi-builder-workspace/.derivedData/ModuleCache.noindex -Xfrontend -serialize-debugging-options -profile-coverage-mapping -profile-generate -enable-testing -index-store-path /Users/admin/builder/spi-builder-workspace/.derivedData/Index.noindex/DataStore -Xcc -D_LIBCPP_HARDENING_MODE\=_LIBCPP_HARDENING_MODE_DEBUG -swift-version 6 -I /Users/admin/builder/spi-builder-workspace/.derivedData/Build/Products/Debug-watchos -Isystem /Applications/Xcode-27.0.0.app/Contents/Developer/Platforms/WatchOS.platform/Developer/usr/lib -F /Users/admin/builder/spi-builder-workspace/.derivedData/Build/Products/Debug-watchos/PackageFrameworks -F /Users/admin/builder/spi-builder-workspace/.derivedData/Build/Products/Debug-watchos -F /Applications/Xcode-27.0.0.app/Contents/Developer/Platforms/WatchOS.platform/Developer/Library/Frameworks -F /Applications/Xcode-27.0.0.app/Contents/Developer/Platforms/WatchOS.platform/Developer/SDKs/WatchOS27.0.sdk/Developer/Library/Frameworks -c -j10 -enable-batch-mode -incremental -Xcc -ivfsstatcache -Xcc /Users/admin/builder/spi-builder-workspace/.derivedData/SDKStatCaches.noindex/watchos27.0-24R360-e829b21a6f8c9b70876ba0858053c044b9db9bc9c079ee3c7b5f3373b13d10bc.sdkstatcache -output-file-map /Users/admin/builder/spi-builder-workspace/.derivedData/Build/Intermediates.noindex/TestCommons.build/Debug-watchos/TestCommonsXCUI-t.build/Objects-normal/arm64_32/TestCommonsXCUI-OutputFileMap.json -save-temps -no-color-diagnostics -explicit-module-build -module-cache-path /Users/admin/builder/spi-builder-workspace/.derivedData/Build/Intermediates.noindex/SwiftExplicitPrecompiledModules -clang-scanner-module-cache-path /Users/admin/builder/spi-builder-workspace/.derivedData/ModuleCache.noindex -sdk-module-cache-path /Users/admin/builder/spi-builder-workspace/.derivedData/SDKExplicitPrecompiledModules -emit-dependencies -emit-module -emit-module-path /Users/admin/builder/spi-builder-workspace/.derivedData/Build/Intermediates.noindex/TestCommons.build/Debug-watchos/TestCommonsXCUI-t.build/Objects-normal/arm64_32/TestCommonsXCUI.swiftmodule -serialize-diagnostics -dependency-scan-serialize-diagnostics-path /Users/admin/builder/spi-builder-workspace/.derivedData/Build/Intermediates.noindex/TestCommons.build/Debug-watchos/TestCommonsXCUI-t.build/Objects-normal/arm64_32/TestCommonsXCUI-dependency-scan.dia -validate-clang-modules-once -clang-build-session-file /Users/admin/builder/spi-builder-workspace/.derivedData/ModuleCache.noindex/Session.modulevalidation -Xcc -fmodules-prune-interval\=86400 -Xcc -fmodules-prune-after\=345600 -package-name spi_builder_workspace -emit-const-values -const-gather-protocols-list /Users/admin/builder/spi-builder-workspace/.derivedData/Build/Intermediates.noindex/TestCommons.build/Debug-watchos/TestCommonsXCUI-t.build/Objects-normal/arm64_32/TestCommonsXCUI_const_extract_protocols.json -Xcc -I/Users/admin/builder/spi-builder-workspace/.derivedData/Build/Products/Debug-watchos/include -Xcc -I/Users/admin/builder/spi-builder-workspace/.derivedData/Build/Intermediates.noindex/TestCommons.build/Debug-watchos/TestCommonsXCUI-t.build/DerivedSources-normal/arm64_32 -Xcc -I/Users/admin/builder/spi-builder-workspace/.derivedData/Build/Intermediates.noindex/TestCommons.build/Debug-watchos/TestCommonsXCUI-t.build/DerivedSources/arm64_32 -Xcc -I/Users/admin/builder/spi-builder-workspace/.derivedData/Build/Intermediates.noindex/TestCommons.build/Debug-watchos/TestCommonsXCUI-t.build/DerivedSources -Xcc -DSWIFT_PACKAGE -Xcc -DDEBUG\=1 -emit-objc-header -emit-objc-header-path /Users/admin/builder/spi-builder-workspace/.derivedData/Build/Intermediates.noindex/TestCommons.build/Debug-watchos/TestCommonsXCUI-t.build/Objects-normal/arm64_32/TestCommonsXCUI-Swift.h -working-directory /Users/admin/builder/spi-builder-workspace/.swiftpm/xcode -experimental-emit-module-separately -disable-cmo
SwiftCompile normal arm64 Compiling\ RenderableView.swift /Users/admin/builder/spi-builder-workspace/Sources/TestCommonsUI/RenderableView.swift (in target 'TestCommonsUI' from project 'TestCommons')
SwiftCompile normal arm64 /Users/admin/builder/spi-builder-workspace/Sources/TestCommonsUI/RenderableView.swift (in target 'TestCommonsUI' from project 'TestCommons')
cd /Users/admin/builder/spi-builder-workspace/.swiftpm/xcode
builtin-SwiftPerFileCompile RenderableView.swift
SwiftCompile normal arm64 Compiling\ HostedView.swift /Users/admin/builder/spi-builder-workspace/Sources/TestCommonsUI/HostedView.swift (in target 'TestCommonsUI' from project 'TestCommons')
SwiftCompile normal arm64 /Users/admin/builder/spi-builder-workspace/Sources/TestCommonsUI/HostedView.swift (in target 'TestCommonsUI' from project 'TestCommons')
cd /Users/admin/builder/spi-builder-workspace/.swiftpm/xcode
builtin-SwiftPerFileCompile HostedView.swift
PruneExplicitPrecompiledModules /Users/admin/builder/spi-builder-workspace/.derivedData/Build/Intermediates.noindex/ExplicitPrecompiledModules
PruneExplicitPrecompiledModules /Users/admin/builder/spi-builder-workspace/.derivedData/SDKExplicitPrecompiledModules
PruneExplicitPrecompiledModules /Users/admin/builder/spi-builder-workspace/.derivedData/Build/Intermediates.noindex/SwiftExplicitPrecompiledModules
2026-10-23 23:58:45.039 xcodebuild[826:4870] [MT] IDERunDestination: Supported platforms for the buildables in the current scheme is empty.
** BUILD FAILED **
The following build commands failed:
SwiftEmitModule normal arm64_32 Emitting\ module\ for\ TestCommonsUI (in target 'TestCommonsUI' from project 'TestCommons')
SwiftCompile normal arm64_32 (in target 'TestCommonsUI' from project 'TestCommons')
Building workspace TestCommons with scheme TestCommons-Package
(3 failures)
BUILD FAILURE 6.4 watchOS