Build Information
Failed to build XcodeProject, reference master (841fad), with Swift 6.4 for watchOS using Xcode 27.0 on 16 Sep 2026 11:43:43 UTC.
Build Command
env DEVELOPER_DIR=/Applications/Xcode-27.0.0-Release.Candidate.app xcrun xcodebuild -IDEClonedSourcePackagesDirPathOverride=$PWD/.dependencies -skipMacroValidation -skipPackagePluginValidation -derivedDataPath $PWD/.derivedData build -scheme XcodeProject -destination generic/platform=watchOSBuild Log
cd /Users/admin/builder/spi-builder-workspace/.dependencies/checkouts/Version
builtin-copy -exclude .DS_Store -exclude CVS -exclude .svn -exclude .git -exclude .hg -resolve-src-symlinks -rename /Users/admin/builder/spi-builder-workspace/.derivedData/Build/Intermediates.noindex/Version.build/Debug-watchos/Version-t.build/Objects-normal/arm64_32/Version.abi.json /Users/admin/builder/spi-builder-workspace/.derivedData/Build/Products/Debug-watchos/Version.swiftmodule/arm64_32-apple-watchos.abi.json
Copy /Users/admin/builder/spi-builder-workspace/.derivedData/Build/Products/Debug-watchos/Version.swiftmodule/arm64-apple-watchos.abi.json /Users/admin/builder/spi-builder-workspace/.derivedData/Build/Intermediates.noindex/Version.build/Debug-watchos/Version-t.build/Objects-normal/arm64/Version.abi.json (in target 'Version' from project 'Version')
cd /Users/admin/builder/spi-builder-workspace/.dependencies/checkouts/Version
builtin-copy -exclude .DS_Store -exclude CVS -exclude .svn -exclude .git -exclude .hg -resolve-src-symlinks -rename /Users/admin/builder/spi-builder-workspace/.derivedData/Build/Intermediates.noindex/Version.build/Debug-watchos/Version-t.build/Objects-normal/arm64/Version.abi.json /Users/admin/builder/spi-builder-workspace/.derivedData/Build/Products/Debug-watchos/Version.swiftmodule/arm64-apple-watchos.abi.json
Copy /Users/admin/builder/spi-builder-workspace/.derivedData/Build/Products/Debug-watchos/Version.swiftmodule/Project/arm64_32-apple-watchos.swiftsourceinfo /Users/admin/builder/spi-builder-workspace/.derivedData/Build/Intermediates.noindex/Version.build/Debug-watchos/Version-t.build/Objects-normal/arm64_32/Version.swiftsourceinfo (in target 'Version' from project 'Version')
cd /Users/admin/builder/spi-builder-workspace/.dependencies/checkouts/Version
builtin-copy -exclude .DS_Store -exclude CVS -exclude .svn -exclude .git -exclude .hg -resolve-src-symlinks -rename /Users/admin/builder/spi-builder-workspace/.derivedData/Build/Intermediates.noindex/Version.build/Debug-watchos/Version-t.build/Objects-normal/arm64_32/Version.swiftsourceinfo /Users/admin/builder/spi-builder-workspace/.derivedData/Build/Products/Debug-watchos/Version.swiftmodule/Project/arm64_32-apple-watchos.swiftsourceinfo
Copy /Users/admin/builder/spi-builder-workspace/.derivedData/Build/Products/Debug-watchos/Version.swiftmodule/Project/arm64-apple-watchos.swiftsourceinfo /Users/admin/builder/spi-builder-workspace/.derivedData/Build/Intermediates.noindex/Version.build/Debug-watchos/Version-t.build/Objects-normal/arm64/Version.swiftsourceinfo (in target 'Version' from project 'Version')
cd /Users/admin/builder/spi-builder-workspace/.dependencies/checkouts/Version
builtin-copy -exclude .DS_Store -exclude CVS -exclude .svn -exclude .git -exclude .hg -resolve-src-symlinks -rename /Users/admin/builder/spi-builder-workspace/.derivedData/Build/Intermediates.noindex/Version.build/Debug-watchos/Version-t.build/Objects-normal/arm64/Version.swiftsourceinfo /Users/admin/builder/spi-builder-workspace/.derivedData/Build/Products/Debug-watchos/Version.swiftmodule/Project/arm64-apple-watchos.swiftsourceinfo
SwiftDriver\ Compilation\ Requirements ObjectCoder normal arm64 com.apple.xcode.tools.swift.compiler (in target 'ObjectCoder' from project 'ObjectCoder')
cd /Users/admin/builder/spi-builder-workspace/.swiftpm/xcode
builtin-Swift-Compilation-Requirements -- /Applications/Xcode-27.0.0-Release.Candidate.app/Contents/Developer/Toolchains/XcodeDefault.xctoolchain/usr/bin/swiftc -parse-as-library -module-name ObjectCoder -Onone @/Users/admin/builder/spi-builder-workspace/.derivedData/Build/Intermediates.noindex/ObjectCoder.build/Debug-watchos/ObjectCoder-t.build/Objects-normal/arm64/ObjectCoder.SwiftFileList -DSWIFT_PACKAGE -DDEBUG -DSWIFT_MODULE_RESOURCE_BUNDLE_UNAVAILABLE -DXcode -plugin-path /Applications/Xcode-27.0.0-Release.Candidate.app/Contents/Developer/Toolchains/XcodeDefault.xctoolchain/usr/lib/swift/host/plugins/testing -enable-experimental-feature DebugDescriptionMacro -sdk /Applications/Xcode-27.0.0-Release.Candidate.app/Contents/Developer/Platforms/WatchOS.platform/Developer/SDKs/WatchOS27.0.sdk -target arm64-apple-watchos9.0 -g -module-cache-path /Users/admin/builder/spi-builder-workspace/.derivedData/ModuleCache.noindex -Xfrontend -serialize-debugging-options -profile-coverage-mapping -profile-generate -enable-testing -suppress-warnings -index-store-path /Users/admin/builder/spi-builder-workspace/.derivedData/Index.noindex/DataStore -Xcc -D_LIBCPP_HARDENING_MODE\=_LIBCPP_HARDENING_MODE_DEBUG -swift-version 5 -I /Users/admin/builder/spi-builder-workspace/.derivedData/Build/Products/Debug-watchos -Isystem /Applications/Xcode-27.0.0-Release.Candidate.app/Contents/Developer/Platforms/WatchOS.platform/Developer/usr/lib -F /Users/admin/builder/spi-builder-workspace/.derivedData/Build/Products/Debug-watchos -F /Applications/Xcode-27.0.0-Release.Candidate.app/Contents/Developer/Platforms/WatchOS.platform/Developer/Library/Frameworks -F /Applications/Xcode-27.0.0-Release.Candidate.app/Contents/Developer/Platforms/WatchOS.platform/Developer/SDKs/WatchOS27.0.sdk/Developer/Library/Frameworks -c -j10 -enable-batch-mode -incremental -Xcc -ivfsstatcache -Xcc /Users/admin/builder/spi-builder-workspace/.derivedData/SDKStatCaches.noindex/watchos27.0-24R360-e829b21a6f8c9b70876ba0858053c04477534ef55a1706bf4c1112bbb242f0a2.sdkstatcache -output-file-map /Users/admin/builder/spi-builder-workspace/.derivedData/Build/Intermediates.noindex/ObjectCoder.build/Debug-watchos/ObjectCoder-t.build/Objects-normal/arm64/ObjectCoder-OutputFileMap.json -save-temps -no-color-diagnostics -explicit-module-build -module-cache-path /Users/admin/builder/spi-builder-workspace/.derivedData/Build/Intermediates.noindex/SwiftExplicitPrecompiledModules -clang-scanner-module-cache-path /Users/admin/builder/spi-builder-workspace/.derivedData/ModuleCache.noindex -sdk-module-cache-path /Users/admin/builder/spi-builder-workspace/.derivedData/SDKExplicitPrecompiledModules -emit-dependencies -emit-module -emit-module-path /Users/admin/builder/spi-builder-workspace/.derivedData/Build/Intermediates.noindex/ObjectCoder.build/Debug-watchos/ObjectCoder-t.build/Objects-normal/arm64/ObjectCoder.swiftmodule -serialize-diagnostics -dependency-scan-serialize-diagnostics-path /Users/admin/builder/spi-builder-workspace/.derivedData/Build/Intermediates.noindex/ObjectCoder.build/Debug-watchos/ObjectCoder-t.build/Objects-normal/arm64/ObjectCoder-dependency-scan.dia -validate-clang-modules-once -clang-build-session-file /Users/admin/builder/spi-builder-workspace/.derivedData/ModuleCache.noindex/Session.modulevalidation -Xcc -fmodules-prune-interval\=86400 -Xcc -fmodules-prune-after\=345600 -emit-const-values -const-gather-protocols-list /Users/admin/builder/spi-builder-workspace/.derivedData/Build/Intermediates.noindex/ObjectCoder.build/Debug-watchos/ObjectCoder-t.build/Objects-normal/arm64/ObjectCoder_const_extract_protocols.json -Xcc -I/Users/admin/builder/spi-builder-workspace/.derivedData/Build/Products/Debug-watchos/include -Xcc -I/Users/admin/builder/spi-builder-workspace/.derivedData/Build/Intermediates.noindex/ObjectCoder.build/Debug-watchos/ObjectCoder-t.build/DerivedSources-normal/arm64 -Xcc -I/Users/admin/builder/spi-builder-workspace/.derivedData/Build/Intermediates.noindex/ObjectCoder.build/Debug-watchos/ObjectCoder-t.build/DerivedSources/arm64 -Xcc -I/Users/admin/builder/spi-builder-workspace/.derivedData/Build/Intermediates.noindex/ObjectCoder.build/Debug-watchos/ObjectCoder-t.build/DerivedSources -Xcc -DSWIFT_PACKAGE -Xcc -DDEBUG\=1 -emit-objc-header -emit-objc-header-path /Users/admin/builder/spi-builder-workspace/.derivedData/Build/Intermediates.noindex/ObjectCoder.build/Debug-watchos/ObjectCoder-t.build/Objects-normal/arm64/ObjectCoder-Swift.h -working-directory /Users/admin/builder/spi-builder-workspace/.swiftpm/xcode -experimental-emit-module-separately -disable-cmo
Copy /Users/admin/builder/spi-builder-workspace/.derivedData/Build/Products/Debug-watchos/ObjectCoder.swiftmodule/arm64-apple-watchos.swiftmodule /Users/admin/builder/spi-builder-workspace/.derivedData/Build/Intermediates.noindex/ObjectCoder.build/Debug-watchos/ObjectCoder-t.build/Objects-normal/arm64/ObjectCoder.swiftmodule (in target 'ObjectCoder' from project 'ObjectCoder')
cd /Users/admin/builder/spi-builder-workspace/.dependencies/checkouts/ObjectCoder
builtin-copy -exclude .DS_Store -exclude CVS -exclude .svn -exclude .git -exclude .hg -resolve-src-symlinks -rename /Users/admin/builder/spi-builder-workspace/.derivedData/Build/Intermediates.noindex/ObjectCoder.build/Debug-watchos/ObjectCoder-t.build/Objects-normal/arm64/ObjectCoder.swiftmodule /Users/admin/builder/spi-builder-workspace/.derivedData/Build/Products/Debug-watchos/ObjectCoder.swiftmodule/arm64-apple-watchos.swiftmodule
Copy /Users/admin/builder/spi-builder-workspace/.derivedData/Build/Products/Debug-watchos/ObjectCoder.swiftmodule/arm64-apple-watchos.swiftdoc /Users/admin/builder/spi-builder-workspace/.derivedData/Build/Intermediates.noindex/ObjectCoder.build/Debug-watchos/ObjectCoder-t.build/Objects-normal/arm64/ObjectCoder.swiftdoc (in target 'ObjectCoder' from project 'ObjectCoder')
cd /Users/admin/builder/spi-builder-workspace/.dependencies/checkouts/ObjectCoder
builtin-copy -exclude .DS_Store -exclude CVS -exclude .svn -exclude .git -exclude .hg -resolve-src-symlinks -rename /Users/admin/builder/spi-builder-workspace/.derivedData/Build/Intermediates.noindex/ObjectCoder.build/Debug-watchos/ObjectCoder-t.build/Objects-normal/arm64/ObjectCoder.swiftdoc /Users/admin/builder/spi-builder-workspace/.derivedData/Build/Products/Debug-watchos/ObjectCoder.swiftmodule/arm64-apple-watchos.swiftdoc
Copy /Users/admin/builder/spi-builder-workspace/.derivedData/Build/Products/Debug-watchos/ObjectCoder.swiftmodule/arm64-apple-watchos.abi.json /Users/admin/builder/spi-builder-workspace/.derivedData/Build/Intermediates.noindex/ObjectCoder.build/Debug-watchos/ObjectCoder-t.build/Objects-normal/arm64/ObjectCoder.abi.json (in target 'ObjectCoder' from project 'ObjectCoder')
cd /Users/admin/builder/spi-builder-workspace/.dependencies/checkouts/ObjectCoder
builtin-copy -exclude .DS_Store -exclude CVS -exclude .svn -exclude .git -exclude .hg -resolve-src-symlinks -rename /Users/admin/builder/spi-builder-workspace/.derivedData/Build/Intermediates.noindex/ObjectCoder.build/Debug-watchos/ObjectCoder-t.build/Objects-normal/arm64/ObjectCoder.abi.json /Users/admin/builder/spi-builder-workspace/.derivedData/Build/Products/Debug-watchos/ObjectCoder.swiftmodule/arm64-apple-watchos.abi.json
Copy /Users/admin/builder/spi-builder-workspace/.derivedData/Build/Products/Debug-watchos/ObjectCoder.swiftmodule/Project/arm64-apple-watchos.swiftsourceinfo /Users/admin/builder/spi-builder-workspace/.derivedData/Build/Intermediates.noindex/ObjectCoder.build/Debug-watchos/ObjectCoder-t.build/Objects-normal/arm64/ObjectCoder.swiftsourceinfo (in target 'ObjectCoder' from project 'ObjectCoder')
cd /Users/admin/builder/spi-builder-workspace/.dependencies/checkouts/ObjectCoder
builtin-copy -exclude .DS_Store -exclude CVS -exclude .svn -exclude .git -exclude .hg -resolve-src-symlinks -rename /Users/admin/builder/spi-builder-workspace/.derivedData/Build/Intermediates.noindex/ObjectCoder.build/Debug-watchos/ObjectCoder-t.build/Objects-normal/arm64/ObjectCoder.swiftsourceinfo /Users/admin/builder/spi-builder-workspace/.derivedData/Build/Products/Debug-watchos/ObjectCoder.swiftmodule/Project/arm64-apple-watchos.swiftsourceinfo
SwiftCompile normal arm64_32 Compiling\ Version+Foundation.swift /Users/admin/builder/spi-builder-workspace/.dependencies/checkouts/Version/Sources/Version+Foundation.swift (in target 'Version' from project 'Version')
SwiftCompile normal arm64_32 /Users/admin/builder/spi-builder-workspace/.dependencies/checkouts/Version/Sources/Version+Foundation.swift (in target 'Version' from project 'Version')
cd /Users/admin/builder/spi-builder-workspace/.swiftpm/xcode
builtin-SwiftPerFileCompile Version+Foundation.swift
SwiftDriverJobDiscovery normal arm64_32 Emitting module for ObjectCoder (in target 'ObjectCoder' from project 'ObjectCoder')
SwiftDriver\ Compilation\ Requirements ObjectCoder normal arm64_32 com.apple.xcode.tools.swift.compiler (in target 'ObjectCoder' from project 'ObjectCoder')
cd /Users/admin/builder/spi-builder-workspace/.swiftpm/xcode
builtin-Swift-Compilation-Requirements -- /Applications/Xcode-27.0.0-Release.Candidate.app/Contents/Developer/Toolchains/XcodeDefault.xctoolchain/usr/bin/swiftc -parse-as-library -module-name ObjectCoder -Onone @/Users/admin/builder/spi-builder-workspace/.derivedData/Build/Intermediates.noindex/ObjectCoder.build/Debug-watchos/ObjectCoder-t.build/Objects-normal/arm64_32/ObjectCoder.SwiftFileList -DSWIFT_PACKAGE -DDEBUG -DSWIFT_MODULE_RESOURCE_BUNDLE_UNAVAILABLE -DXcode -plugin-path /Applications/Xcode-27.0.0-Release.Candidate.app/Contents/Developer/Toolchains/XcodeDefault.xctoolchain/usr/lib/swift/host/plugins/testing -enable-experimental-feature DebugDescriptionMacro -sdk /Applications/Xcode-27.0.0-Release.Candidate.app/Contents/Developer/Platforms/WatchOS.platform/Developer/SDKs/WatchOS27.0.sdk -target arm64_32-apple-watchos9.0 -g -module-cache-path /Users/admin/builder/spi-builder-workspace/.derivedData/ModuleCache.noindex -Xfrontend -serialize-debugging-options -profile-coverage-mapping -profile-generate -enable-testing -suppress-warnings -index-store-path /Users/admin/builder/spi-builder-workspace/.derivedData/Index.noindex/DataStore -Xcc -D_LIBCPP_HARDENING_MODE\=_LIBCPP_HARDENING_MODE_DEBUG -swift-version 5 -I /Users/admin/builder/spi-builder-workspace/.derivedData/Build/Products/Debug-watchos -Isystem /Applications/Xcode-27.0.0-Release.Candidate.app/Contents/Developer/Platforms/WatchOS.platform/Developer/usr/lib -F /Users/admin/builder/spi-builder-workspace/.derivedData/Build/Products/Debug-watchos -F /Applications/Xcode-27.0.0-Release.Candidate.app/Contents/Developer/Platforms/WatchOS.platform/Developer/Library/Frameworks -F /Applications/Xcode-27.0.0-Release.Candidate.app/Contents/Developer/Platforms/WatchOS.platform/Developer/SDKs/WatchOS27.0.sdk/Developer/Library/Frameworks -c -j10 -enable-batch-mode -incremental -Xcc -ivfsstatcache -Xcc /Users/admin/builder/spi-builder-workspace/.derivedData/SDKStatCaches.noindex/watchos27.0-24R360-e829b21a6f8c9b70876ba0858053c04477534ef55a1706bf4c1112bbb242f0a2.sdkstatcache -output-file-map /Users/admin/builder/spi-builder-workspace/.derivedData/Build/Intermediates.noindex/ObjectCoder.build/Debug-watchos/ObjectCoder-t.build/Objects-normal/arm64_32/ObjectCoder-OutputFileMap.json -save-temps -no-color-diagnostics -explicit-module-build -module-cache-path /Users/admin/builder/spi-builder-workspace/.derivedData/Build/Intermediates.noindex/SwiftExplicitPrecompiledModules -clang-scanner-module-cache-path /Users/admin/builder/spi-builder-workspace/.derivedData/ModuleCache.noindex -sdk-module-cache-path /Users/admin/builder/spi-builder-workspace/.derivedData/SDKExplicitPrecompiledModules -emit-dependencies -emit-module -emit-module-path /Users/admin/builder/spi-builder-workspace/.derivedData/Build/Intermediates.noindex/ObjectCoder.build/Debug-watchos/ObjectCoder-t.build/Objects-normal/arm64_32/ObjectCoder.swiftmodule -serialize-diagnostics -dependency-scan-serialize-diagnostics-path /Users/admin/builder/spi-builder-workspace/.derivedData/Build/Intermediates.noindex/ObjectCoder.build/Debug-watchos/ObjectCoder-t.build/Objects-normal/arm64_32/ObjectCoder-dependency-scan.dia -validate-clang-modules-once -clang-build-session-file /Users/admin/builder/spi-builder-workspace/.derivedData/ModuleCache.noindex/Session.modulevalidation -Xcc -fmodules-prune-interval\=86400 -Xcc -fmodules-prune-after\=345600 -emit-const-values -const-gather-protocols-list /Users/admin/builder/spi-builder-workspace/.derivedData/Build/Intermediates.noindex/ObjectCoder.build/Debug-watchos/ObjectCoder-t.build/Objects-normal/arm64_32/ObjectCoder_const_extract_protocols.json -Xcc -I/Users/admin/builder/spi-builder-workspace/.derivedData/Build/Products/Debug-watchos/include -Xcc -I/Users/admin/builder/spi-builder-workspace/.derivedData/Build/Intermediates.noindex/ObjectCoder.build/Debug-watchos/ObjectCoder-t.build/DerivedSources-normal/arm64_32 -Xcc -I/Users/admin/builder/spi-builder-workspace/.derivedData/Build/Intermediates.noindex/ObjectCoder.build/Debug-watchos/ObjectCoder-t.build/DerivedSources/arm64_32 -Xcc -I/Users/admin/builder/spi-builder-workspace/.derivedData/Build/Intermediates.noindex/ObjectCoder.build/Debug-watchos/ObjectCoder-t.build/DerivedSources -Xcc -DSWIFT_PACKAGE -Xcc -DDEBUG\=1 -emit-objc-header -emit-objc-header-path /Users/admin/builder/spi-builder-workspace/.derivedData/Build/Intermediates.noindex/ObjectCoder.build/Debug-watchos/ObjectCoder-t.build/Objects-normal/arm64_32/ObjectCoder-Swift.h -working-directory /Users/admin/builder/spi-builder-workspace/.swiftpm/xcode -experimental-emit-module-separately -disable-cmo
SwiftMergeGeneratedHeaders /Users/admin/builder/spi-builder-workspace/.derivedData/Build/Intermediates.noindex/GeneratedModuleMaps-watchos/ObjectCoder-Swift.h /Users/admin/builder/spi-builder-workspace/.derivedData/Build/Intermediates.noindex/ObjectCoder.build/Debug-watchos/ObjectCoder-t.build/Objects-normal/arm64/ObjectCoder-Swift.h /Users/admin/builder/spi-builder-workspace/.derivedData/Build/Intermediates.noindex/ObjectCoder.build/Debug-watchos/ObjectCoder-t.build/Objects-normal/arm64_32/ObjectCoder-Swift.h (in target 'ObjectCoder' from project 'ObjectCoder')
cd /Users/admin/builder/spi-builder-workspace/.dependencies/checkouts/ObjectCoder
builtin-swiftHeaderTool -arch arm64 /Users/admin/builder/spi-builder-workspace/.derivedData/Build/Intermediates.noindex/ObjectCoder.build/Debug-watchos/ObjectCoder-t.build/Objects-normal/arm64/ObjectCoder-Swift.h -arch arm64_32 /Users/admin/builder/spi-builder-workspace/.derivedData/Build/Intermediates.noindex/ObjectCoder.build/Debug-watchos/ObjectCoder-t.build/Objects-normal/arm64_32/ObjectCoder-Swift.h -o /Users/admin/builder/spi-builder-workspace/.derivedData/Build/Intermediates.noindex/GeneratedModuleMaps-watchos/ObjectCoder-Swift.h
Copy /Users/admin/builder/spi-builder-workspace/.derivedData/Build/Products/Debug-watchos/ObjectCoder.swiftmodule/arm64_32-apple-watchos.swiftmodule /Users/admin/builder/spi-builder-workspace/.derivedData/Build/Intermediates.noindex/ObjectCoder.build/Debug-watchos/ObjectCoder-t.build/Objects-normal/arm64_32/ObjectCoder.swiftmodule (in target 'ObjectCoder' from project 'ObjectCoder')
cd /Users/admin/builder/spi-builder-workspace/.dependencies/checkouts/ObjectCoder
builtin-copy -exclude .DS_Store -exclude CVS -exclude .svn -exclude .git -exclude .hg -resolve-src-symlinks -rename /Users/admin/builder/spi-builder-workspace/.derivedData/Build/Intermediates.noindex/ObjectCoder.build/Debug-watchos/ObjectCoder-t.build/Objects-normal/arm64_32/ObjectCoder.swiftmodule /Users/admin/builder/spi-builder-workspace/.derivedData/Build/Products/Debug-watchos/ObjectCoder.swiftmodule/arm64_32-apple-watchos.swiftmodule
Copy /Users/admin/builder/spi-builder-workspace/.derivedData/Build/Products/Debug-watchos/ObjectCoder.swiftmodule/arm64_32-apple-watchos.swiftdoc /Users/admin/builder/spi-builder-workspace/.derivedData/Build/Intermediates.noindex/ObjectCoder.build/Debug-watchos/ObjectCoder-t.build/Objects-normal/arm64_32/ObjectCoder.swiftdoc (in target 'ObjectCoder' from project 'ObjectCoder')
cd /Users/admin/builder/spi-builder-workspace/.dependencies/checkouts/ObjectCoder
builtin-copy -exclude .DS_Store -exclude CVS -exclude .svn -exclude .git -exclude .hg -resolve-src-symlinks -rename /Users/admin/builder/spi-builder-workspace/.derivedData/Build/Intermediates.noindex/ObjectCoder.build/Debug-watchos/ObjectCoder-t.build/Objects-normal/arm64_32/ObjectCoder.swiftdoc /Users/admin/builder/spi-builder-workspace/.derivedData/Build/Products/Debug-watchos/ObjectCoder.swiftmodule/arm64_32-apple-watchos.swiftdoc
Copy /Users/admin/builder/spi-builder-workspace/.derivedData/Build/Products/Debug-watchos/ObjectCoder.swiftmodule/arm64_32-apple-watchos.abi.json /Users/admin/builder/spi-builder-workspace/.derivedData/Build/Intermediates.noindex/ObjectCoder.build/Debug-watchos/ObjectCoder-t.build/Objects-normal/arm64_32/ObjectCoder.abi.json (in target 'ObjectCoder' from project 'ObjectCoder')
cd /Users/admin/builder/spi-builder-workspace/.dependencies/checkouts/ObjectCoder
builtin-copy -exclude .DS_Store -exclude CVS -exclude .svn -exclude .git -exclude .hg -resolve-src-symlinks -rename /Users/admin/builder/spi-builder-workspace/.derivedData/Build/Intermediates.noindex/ObjectCoder.build/Debug-watchos/ObjectCoder-t.build/Objects-normal/arm64_32/ObjectCoder.abi.json /Users/admin/builder/spi-builder-workspace/.derivedData/Build/Products/Debug-watchos/ObjectCoder.swiftmodule/arm64_32-apple-watchos.abi.json
Copy /Users/admin/builder/spi-builder-workspace/.derivedData/Build/Products/Debug-watchos/ObjectCoder.swiftmodule/Project/arm64_32-apple-watchos.swiftsourceinfo /Users/admin/builder/spi-builder-workspace/.derivedData/Build/Intermediates.noindex/ObjectCoder.build/Debug-watchos/ObjectCoder-t.build/Objects-normal/arm64_32/ObjectCoder.swiftsourceinfo (in target 'ObjectCoder' from project 'ObjectCoder')
cd /Users/admin/builder/spi-builder-workspace/.dependencies/checkouts/ObjectCoder
builtin-copy -exclude .DS_Store -exclude CVS -exclude .svn -exclude .git -exclude .hg -resolve-src-symlinks -rename /Users/admin/builder/spi-builder-workspace/.derivedData/Build/Intermediates.noindex/ObjectCoder.build/Debug-watchos/ObjectCoder-t.build/Objects-normal/arm64_32/ObjectCoder.swiftsourceinfo /Users/admin/builder/spi-builder-workspace/.derivedData/Build/Products/Debug-watchos/ObjectCoder.swiftmodule/Project/arm64_32-apple-watchos.swiftsourceinfo
SwiftCompile normal arm64_32 Compiling\ Version+Codable.swift /Users/admin/builder/spi-builder-workspace/.dependencies/checkouts/Version/Sources/Version+Codable.swift (in target 'Version' from project 'Version')
SwiftCompile normal arm64_32 /Users/admin/builder/spi-builder-workspace/.dependencies/checkouts/Version/Sources/Version+Codable.swift (in target 'Version' from project 'Version')
cd /Users/admin/builder/spi-builder-workspace/.swiftpm/xcode
builtin-SwiftPerFileCompile Version+Codable.swift
SwiftCompile normal arm64_32 Compiling\ Version+Comparable.swift /Users/admin/builder/spi-builder-workspace/.dependencies/checkouts/Version/Sources/Version+Comparable.swift (in target 'Version' from project 'Version')
SwiftCompile normal arm64_32 /Users/admin/builder/spi-builder-workspace/.dependencies/checkouts/Version/Sources/Version+Comparable.swift (in target 'Version' from project 'Version')
cd /Users/admin/builder/spi-builder-workspace/.swiftpm/xcode
builtin-SwiftPerFileCompile Version+Comparable.swift
SwiftDriverJobDiscovery normal arm64 Compiling Version+Range.swift (in target 'Version' from project 'Version')
SwiftCompile normal arm64_32 Compiling\ Version+Range.swift /Users/admin/builder/spi-builder-workspace/.dependencies/checkouts/Version/Sources/Version+Range.swift (in target 'Version' from project 'Version')
SwiftCompile normal arm64_32 /Users/admin/builder/spi-builder-workspace/.dependencies/checkouts/Version/Sources/Version+Range.swift (in target 'Version' from project 'Version')
cd /Users/admin/builder/spi-builder-workspace/.swiftpm/xcode
builtin-SwiftPerFileCompile Version+Range.swift
SwiftDriverJobDiscovery normal arm64 Compiling Version+Codable.swift (in target 'Version' from project 'Version')
SwiftCompile normal arm64_32 Compiling\ Version.swift /Users/admin/builder/spi-builder-workspace/.dependencies/checkouts/Version/Sources/Version.swift (in target 'Version' from project 'Version')
SwiftCompile normal arm64_32 /Users/admin/builder/spi-builder-workspace/.dependencies/checkouts/Version/Sources/Version.swift (in target 'Version' from project 'Version')
cd /Users/admin/builder/spi-builder-workspace/.swiftpm/xcode
builtin-SwiftPerFileCompile Version.swift
SwiftDriverJobDiscovery normal arm64 Compiling Version+Comparable.swift (in target 'Version' from project 'Version')
SwiftCompile normal arm64_32 Compiling\ _NSObjectDecoder.swift /Users/admin/builder/spi-builder-workspace/.dependencies/checkouts/ObjectCoder/Sources/ObjectCoder/Decoder/_NSObjectDecoder.swift (in target 'ObjectCoder' from project 'ObjectCoder')
SwiftCompile normal arm64_32 /Users/admin/builder/spi-builder-workspace/.dependencies/checkouts/ObjectCoder/Sources/ObjectCoder/Decoder/_NSObjectDecoder.swift (in target 'ObjectCoder' from project 'ObjectCoder')
cd /Users/admin/builder/spi-builder-workspace/.swiftpm/xcode
builtin-SwiftPerFileCompile _NSObjectDecoder.swift
SwiftDriverJobDiscovery normal arm64 Compiling Version.swift (in target 'Version' from project 'Version')
SwiftCompile normal arm64_32 Compiling\ UnkeyedContainer.swift /Users/admin/builder/spi-builder-workspace/.dependencies/checkouts/ObjectCoder/Sources/ObjectCoder/Decoder/Container/UnkeyedContainer.swift (in target 'ObjectCoder' from project 'ObjectCoder')
SwiftCompile normal arm64_32 /Users/admin/builder/spi-builder-workspace/.dependencies/checkouts/ObjectCoder/Sources/ObjectCoder/Decoder/Container/UnkeyedContainer.swift (in target 'ObjectCoder' from project 'ObjectCoder')
cd /Users/admin/builder/spi-builder-workspace/.swiftpm/xcode
builtin-SwiftPerFileCompile UnkeyedContainer.swift
SwiftDriverJobDiscovery normal arm64_32 Compiling Version+Codable.swift (in target 'Version' from project 'Version')
SwiftCompile normal arm64_32 Compiling\ ObjectEncoder+SingleValueContainer.swift /Users/admin/builder/spi-builder-workspace/.dependencies/checkouts/ObjectCoder/Sources/ObjectCoder/Encoder/Container/ObjectEncoder+SingleValueContainer.swift (in target 'ObjectCoder' from project 'ObjectCoder')
SwiftCompile normal arm64_32 /Users/admin/builder/spi-builder-workspace/.dependencies/checkouts/ObjectCoder/Sources/ObjectCoder/Encoder/Container/ObjectEncoder+SingleValueContainer.swift (in target 'ObjectCoder' from project 'ObjectCoder')
cd /Users/admin/builder/spi-builder-workspace/.swiftpm/xcode
builtin-SwiftPerFileCompile ObjectEncoder+SingleValueContainer.swift
SwiftDriverJobDiscovery normal arm64_32 Compiling Version+Range.swift (in target 'Version' from project 'Version')
SwiftCompile normal arm64_32 Compiling\ _NSObjectDecoder+Unboxing.swift /Users/admin/builder/spi-builder-workspace/.dependencies/checkouts/ObjectCoder/Sources/ObjectCoder/Decoder/_NSObjectDecoder+Unboxing.swift (in target 'ObjectCoder' from project 'ObjectCoder')
SwiftCompile normal arm64_32 /Users/admin/builder/spi-builder-workspace/.dependencies/checkouts/ObjectCoder/Sources/ObjectCoder/Decoder/_NSObjectDecoder+Unboxing.swift (in target 'ObjectCoder' from project 'ObjectCoder')
cd /Users/admin/builder/spi-builder-workspace/.swiftpm/xcode
builtin-SwiftPerFileCompile _NSObjectDecoder+Unboxing.swift
SwiftDriverJobDiscovery normal arm64_32 Compiling Version+Comparable.swift (in target 'Version' from project 'Version')
SwiftDriverJobDiscovery normal arm64_32 Compiling Version.swift (in target 'Version' from project 'Version')
SwiftCompile normal arm64_32 Compiling\ ObjectEncoder.swift /Users/admin/builder/spi-builder-workspace/.dependencies/checkouts/ObjectCoder/Sources/ObjectCoder/Encoder/ObjectEncoder.swift (in target 'ObjectCoder' from project 'ObjectCoder')
SwiftCompile normal arm64_32 /Users/admin/builder/spi-builder-workspace/.dependencies/checkouts/ObjectCoder/Sources/ObjectCoder/Encoder/ObjectEncoder.swift (in target 'ObjectCoder' from project 'ObjectCoder')
cd /Users/admin/builder/spi-builder-workspace/.swiftpm/xcode
builtin-SwiftPerFileCompile ObjectEncoder.swift
SwiftDriverJobDiscovery normal arm64 Compiling Version+Foundation.swift (in target 'Version' from project 'Version')
SwiftCompile normal arm64_32 Compiling\ AnyCodingKey.swift,\ KeyedContainer.swift /Users/admin/builder/spi-builder-workspace/.dependencies/checkouts/ObjectCoder/Sources/ObjectCoder/AnyCodingKey.swift /Users/admin/builder/spi-builder-workspace/.dependencies/checkouts/ObjectCoder/Sources/ObjectCoder/Decoder/Container/KeyedContainer.swift (in target 'ObjectCoder' from project 'ObjectCoder')
SwiftCompile normal arm64_32 /Users/admin/builder/spi-builder-workspace/.dependencies/checkouts/ObjectCoder/Sources/ObjectCoder/AnyCodingKey.swift (in target 'ObjectCoder' from project 'ObjectCoder')
cd /Users/admin/builder/spi-builder-workspace/.swiftpm/xcode
builtin-SwiftPerFileCompile AnyCodingKey.swift
SwiftCompile normal arm64_32 /Users/admin/builder/spi-builder-workspace/.dependencies/checkouts/ObjectCoder/Sources/ObjectCoder/Decoder/Container/KeyedContainer.swift (in target 'ObjectCoder' from project 'ObjectCoder')
cd /Users/admin/builder/spi-builder-workspace/.swiftpm/xcode
builtin-SwiftPerFileCompile KeyedContainer.swift
SwiftDriver\ Compilation Version normal arm64 com.apple.xcode.tools.swift.compiler (in target 'Version' from project 'Version')
cd /Users/admin/builder/spi-builder-workspace/.swiftpm/xcode
builtin-Swift-Compilation -- /Applications/Xcode-27.0.0-Release.Candidate.app/Contents/Developer/Toolchains/XcodeDefault.xctoolchain/usr/bin/swiftc -parse-as-library -module-name Version -Onone @/Users/admin/builder/spi-builder-workspace/.derivedData/Build/Intermediates.noindex/Version.build/Debug-watchos/Version-t.build/Objects-normal/arm64/Version.SwiftFileList -DSWIFT_PACKAGE -DDEBUG -DSWIFT_MODULE_RESOURCE_BUNDLE_UNAVAILABLE -DXcode -plugin-path /Applications/Xcode-27.0.0-Release.Candidate.app/Contents/Developer/Toolchains/XcodeDefault.xctoolchain/usr/lib/swift/host/plugins/testing -enable-experimental-feature DebugDescriptionMacro -sdk /Applications/Xcode-27.0.0-Release.Candidate.app/Contents/Developer/Platforms/WatchOS.platform/Developer/SDKs/WatchOS27.0.sdk -target arm64-apple-watchos9.0 -g -module-cache-path /Users/admin/builder/spi-builder-workspace/.derivedData/ModuleCache.noindex -Xfrontend -serialize-debugging-options -profile-coverage-mapping -profile-generate -enable-testing -suppress-warnings -index-store-path /Users/admin/builder/spi-builder-workspace/.derivedData/Index.noindex/DataStore -Xcc -D_LIBCPP_HARDENING_MODE\=_LIBCPP_HARDENING_MODE_DEBUG -swift-version 5 -I /Users/admin/builder/spi-builder-workspace/.derivedData/Build/Products/Debug-watchos -Isystem /Applications/Xcode-27.0.0-Release.Candidate.app/Contents/Developer/Platforms/WatchOS.platform/Developer/usr/lib -F /Users/admin/builder/spi-builder-workspace/.derivedData/Build/Products/Debug-watchos -F /Applications/Xcode-27.0.0-Release.Candidate.app/Contents/Developer/Platforms/WatchOS.platform/Developer/Library/Frameworks -F /Applications/Xcode-27.0.0-Release.Candidate.app/Contents/Developer/Platforms/WatchOS.platform/Developer/SDKs/WatchOS27.0.sdk/Developer/Library/Frameworks -c -j10 -enable-batch-mode -incremental -Xcc -ivfsstatcache -Xcc /Users/admin/builder/spi-builder-workspace/.derivedData/SDKStatCaches.noindex/watchos27.0-24R360-e829b21a6f8c9b70876ba0858053c04477534ef55a1706bf4c1112bbb242f0a2.sdkstatcache -output-file-map /Users/admin/builder/spi-builder-workspace/.derivedData/Build/Intermediates.noindex/Version.build/Debug-watchos/Version-t.build/Objects-normal/arm64/Version-OutputFileMap.json -save-temps -no-color-diagnostics -explicit-module-build -module-cache-path /Users/admin/builder/spi-builder-workspace/.derivedData/Build/Intermediates.noindex/SwiftExplicitPrecompiledModules -clang-scanner-module-cache-path /Users/admin/builder/spi-builder-workspace/.derivedData/ModuleCache.noindex -sdk-module-cache-path /Users/admin/builder/spi-builder-workspace/.derivedData/SDKExplicitPrecompiledModules -emit-dependencies -emit-module -emit-module-path /Users/admin/builder/spi-builder-workspace/.derivedData/Build/Intermediates.noindex/Version.build/Debug-watchos/Version-t.build/Objects-normal/arm64/Version.swiftmodule -serialize-diagnostics -dependency-scan-serialize-diagnostics-path /Users/admin/builder/spi-builder-workspace/.derivedData/Build/Intermediates.noindex/Version.build/Debug-watchos/Version-t.build/Objects-normal/arm64/Version-dependency-scan.dia -validate-clang-modules-once -clang-build-session-file /Users/admin/builder/spi-builder-workspace/.derivedData/ModuleCache.noindex/Session.modulevalidation -Xcc -fmodules-prune-interval\=86400 -Xcc -fmodules-prune-after\=345600 -emit-const-values -const-gather-protocols-list /Users/admin/builder/spi-builder-workspace/.derivedData/Build/Intermediates.noindex/Version.build/Debug-watchos/Version-t.build/Objects-normal/arm64/Version_const_extract_protocols.json -Xcc -I/Users/admin/builder/spi-builder-workspace/.derivedData/Build/Products/Debug-watchos/include -Xcc -I/Users/admin/builder/spi-builder-workspace/.derivedData/Build/Intermediates.noindex/Version.build/Debug-watchos/Version-t.build/DerivedSources-normal/arm64 -Xcc -I/Users/admin/builder/spi-builder-workspace/.derivedData/Build/Intermediates.noindex/Version.build/Debug-watchos/Version-t.build/DerivedSources/arm64 -Xcc -I/Users/admin/builder/spi-builder-workspace/.derivedData/Build/Intermediates.noindex/Version.build/Debug-watchos/Version-t.build/DerivedSources -Xcc -DSWIFT_PACKAGE -Xcc -DDEBUG\=1 -emit-objc-header -emit-objc-header-path /Users/admin/builder/spi-builder-workspace/.derivedData/Build/Intermediates.noindex/Version.build/Debug-watchos/Version-t.build/Objects-normal/arm64/Version-Swift.h -working-directory /Users/admin/builder/spi-builder-workspace/.swiftpm/xcode -experimental-emit-module-separately -disable-cmo
SwiftDriverJobDiscovery normal arm64 Compiling EncodingStorage.swift (in target 'ObjectCoder' from project 'ObjectCoder')
SwiftCompile normal arm64_32 Compiling\ EncodingStorage.swift /Users/admin/builder/spi-builder-workspace/.dependencies/checkouts/ObjectCoder/Sources/ObjectCoder/Encoder/EncodingStorage.swift (in target 'ObjectCoder' from project 'ObjectCoder')
SwiftCompile normal arm64_32 /Users/admin/builder/spi-builder-workspace/.dependencies/checkouts/ObjectCoder/Sources/ObjectCoder/Encoder/EncodingStorage.swift (in target 'ObjectCoder' from project 'ObjectCoder')
cd /Users/admin/builder/spi-builder-workspace/.swiftpm/xcode
builtin-SwiftPerFileCompile EncodingStorage.swift
SwiftCompile normal arm64_32 Compiling\ ObjectEncoder+Boxing.swift /Users/admin/builder/spi-builder-workspace/.dependencies/checkouts/ObjectCoder/Sources/ObjectCoder/Encoder/Container/ObjectEncoder+Boxing.swift (in target 'ObjectCoder' from project 'ObjectCoder')
SwiftCompile normal arm64_32 /Users/admin/builder/spi-builder-workspace/.dependencies/checkouts/ObjectCoder/Sources/ObjectCoder/Encoder/Container/ObjectEncoder+Boxing.swift (in target 'ObjectCoder' from project 'ObjectCoder')
cd /Users/admin/builder/spi-builder-workspace/.swiftpm/xcode
builtin-SwiftPerFileCompile ObjectEncoder+Boxing.swift
SwiftDriverJobDiscovery normal arm64_32 Compiling Version+Foundation.swift (in target 'Version' from project 'Version')
SwiftDriverJobDiscovery normal arm64_32 Compiling _NSObjectDecoder.swift (in target 'ObjectCoder' from project 'ObjectCoder')
SwiftDriver\ Compilation Version normal arm64_32 com.apple.xcode.tools.swift.compiler (in target 'Version' from project 'Version')
cd /Users/admin/builder/spi-builder-workspace/.swiftpm/xcode
builtin-Swift-Compilation -- /Applications/Xcode-27.0.0-Release.Candidate.app/Contents/Developer/Toolchains/XcodeDefault.xctoolchain/usr/bin/swiftc -parse-as-library -module-name Version -Onone @/Users/admin/builder/spi-builder-workspace/.derivedData/Build/Intermediates.noindex/Version.build/Debug-watchos/Version-t.build/Objects-normal/arm64_32/Version.SwiftFileList -DSWIFT_PACKAGE -DDEBUG -DSWIFT_MODULE_RESOURCE_BUNDLE_UNAVAILABLE -DXcode -plugin-path /Applications/Xcode-27.0.0-Release.Candidate.app/Contents/Developer/Toolchains/XcodeDefault.xctoolchain/usr/lib/swift/host/plugins/testing -enable-experimental-feature DebugDescriptionMacro -sdk /Applications/Xcode-27.0.0-Release.Candidate.app/Contents/Developer/Platforms/WatchOS.platform/Developer/SDKs/WatchOS27.0.sdk -target arm64_32-apple-watchos9.0 -g -module-cache-path /Users/admin/builder/spi-builder-workspace/.derivedData/ModuleCache.noindex -Xfrontend -serialize-debugging-options -profile-coverage-mapping -profile-generate -enable-testing -suppress-warnings -index-store-path /Users/admin/builder/spi-builder-workspace/.derivedData/Index.noindex/DataStore -Xcc -D_LIBCPP_HARDENING_MODE\=_LIBCPP_HARDENING_MODE_DEBUG -swift-version 5 -I /Users/admin/builder/spi-builder-workspace/.derivedData/Build/Products/Debug-watchos -Isystem /Applications/Xcode-27.0.0-Release.Candidate.app/Contents/Developer/Platforms/WatchOS.platform/Developer/usr/lib -F /Users/admin/builder/spi-builder-workspace/.derivedData/Build/Products/Debug-watchos -F /Applications/Xcode-27.0.0-Release.Candidate.app/Contents/Developer/Platforms/WatchOS.platform/Developer/Library/Frameworks -F /Applications/Xcode-27.0.0-Release.Candidate.app/Contents/Developer/Platforms/WatchOS.platform/Developer/SDKs/WatchOS27.0.sdk/Developer/Library/Frameworks -c -j10 -enable-batch-mode -incremental -Xcc -ivfsstatcache -Xcc /Users/admin/builder/spi-builder-workspace/.derivedData/SDKStatCaches.noindex/watchos27.0-24R360-e829b21a6f8c9b70876ba0858053c04477534ef55a1706bf4c1112bbb242f0a2.sdkstatcache -output-file-map /Users/admin/builder/spi-builder-workspace/.derivedData/Build/Intermediates.noindex/Version.build/Debug-watchos/Version-t.build/Objects-normal/arm64_32/Version-OutputFileMap.json -save-temps -no-color-diagnostics -explicit-module-build -module-cache-path /Users/admin/builder/spi-builder-workspace/.derivedData/Build/Intermediates.noindex/SwiftExplicitPrecompiledModules -clang-scanner-module-cache-path /Users/admin/builder/spi-builder-workspace/.derivedData/ModuleCache.noindex -sdk-module-cache-path /Users/admin/builder/spi-builder-workspace/.derivedData/SDKExplicitPrecompiledModules -emit-dependencies -emit-module -emit-module-path /Users/admin/builder/spi-builder-workspace/.derivedData/Build/Intermediates.noindex/Version.build/Debug-watchos/Version-t.build/Objects-normal/arm64_32/Version.swiftmodule -serialize-diagnostics -dependency-scan-serialize-diagnostics-path /Users/admin/builder/spi-builder-workspace/.derivedData/Build/Intermediates.noindex/Version.build/Debug-watchos/Version-t.build/Objects-normal/arm64_32/Version-dependency-scan.dia -validate-clang-modules-once -clang-build-session-file /Users/admin/builder/spi-builder-workspace/.derivedData/ModuleCache.noindex/Session.modulevalidation -Xcc -fmodules-prune-interval\=86400 -Xcc -fmodules-prune-after\=345600 -emit-const-values -const-gather-protocols-list /Users/admin/builder/spi-builder-workspace/.derivedData/Build/Intermediates.noindex/Version.build/Debug-watchos/Version-t.build/Objects-normal/arm64_32/Version_const_extract_protocols.json -Xcc -I/Users/admin/builder/spi-builder-workspace/.derivedData/Build/Products/Debug-watchos/include -Xcc -I/Users/admin/builder/spi-builder-workspace/.derivedData/Build/Intermediates.noindex/Version.build/Debug-watchos/Version-t.build/DerivedSources-normal/arm64_32 -Xcc -I/Users/admin/builder/spi-builder-workspace/.derivedData/Build/Intermediates.noindex/Version.build/Debug-watchos/Version-t.build/DerivedSources/arm64_32 -Xcc -I/Users/admin/builder/spi-builder-workspace/.derivedData/Build/Intermediates.noindex/Version.build/Debug-watchos/Version-t.build/DerivedSources -Xcc -DSWIFT_PACKAGE -Xcc -DDEBUG\=1 -emit-objc-header -emit-objc-header-path /Users/admin/builder/spi-builder-workspace/.derivedData/Build/Intermediates.noindex/Version.build/Debug-watchos/Version-t.build/Objects-normal/arm64_32/Version-Swift.h -working-directory /Users/admin/builder/spi-builder-workspace/.swiftpm/xcode -experimental-emit-module-separately -disable-cmo
SwiftCompile normal arm64 Compiling\ ObjectEncoder+KeyedContainer.swift /Users/admin/builder/spi-builder-workspace/.dependencies/checkouts/ObjectCoder/Sources/ObjectCoder/Encoder/Container/ObjectEncoder+KeyedContainer.swift (in target 'ObjectCoder' from project 'ObjectCoder')
SwiftCompile normal arm64 /Users/admin/builder/spi-builder-workspace/.dependencies/checkouts/ObjectCoder/Sources/ObjectCoder/Encoder/Container/ObjectEncoder+KeyedContainer.swift (in target 'ObjectCoder' from project 'ObjectCoder')
cd /Users/admin/builder/spi-builder-workspace/.swiftpm/xcode
builtin-SwiftPerFileCompile ObjectEncoder+KeyedContainer.swift
SwiftCompile normal arm64 Compiling\ ObjectEncoder+Boxing.swift /Users/admin/builder/spi-builder-workspace/.dependencies/checkouts/ObjectCoder/Sources/ObjectCoder/Encoder/Container/ObjectEncoder+Boxing.swift (in target 'ObjectCoder' from project 'ObjectCoder')
SwiftCompile normal arm64 /Users/admin/builder/spi-builder-workspace/.dependencies/checkouts/ObjectCoder/Sources/ObjectCoder/Encoder/Container/ObjectEncoder+Boxing.swift (in target 'ObjectCoder' from project 'ObjectCoder')
cd /Users/admin/builder/spi-builder-workspace/.swiftpm/xcode
builtin-SwiftPerFileCompile ObjectEncoder+Boxing.swift
SwiftDriverJobDiscovery normal arm64_32 Compiling ObjectEncoder+SingleValueContainer.swift (in target 'ObjectCoder' from project 'ObjectCoder')
SwiftCompile normal arm64 Compiling\ UnkeyedContainer.swift /Users/admin/builder/spi-builder-workspace/.dependencies/checkouts/ObjectCoder/Sources/ObjectCoder/Decoder/Container/UnkeyedContainer.swift (in target 'ObjectCoder' from project 'ObjectCoder')
SwiftCompile normal arm64 /Users/admin/builder/spi-builder-workspace/.dependencies/checkouts/ObjectCoder/Sources/ObjectCoder/Decoder/Container/UnkeyedContainer.swift (in target 'ObjectCoder' from project 'ObjectCoder')
cd /Users/admin/builder/spi-builder-workspace/.swiftpm/xcode
builtin-SwiftPerFileCompile UnkeyedContainer.swift
SwiftDriverJobDiscovery normal arm64 Compiling _NSObjectDecoder+Unboxing.swift (in target 'ObjectCoder' from project 'ObjectCoder')
SwiftCompile normal arm64 Compiling\ ObjectEncoder+SingleValueContainer.swift /Users/admin/builder/spi-builder-workspace/.dependencies/checkouts/ObjectCoder/Sources/ObjectCoder/Encoder/Container/ObjectEncoder+SingleValueContainer.swift (in target 'ObjectCoder' from project 'ObjectCoder')
SwiftCompile normal arm64 /Users/admin/builder/spi-builder-workspace/.dependencies/checkouts/ObjectCoder/Sources/ObjectCoder/Encoder/Container/ObjectEncoder+SingleValueContainer.swift (in target 'ObjectCoder' from project 'ObjectCoder')
cd /Users/admin/builder/spi-builder-workspace/.swiftpm/xcode
builtin-SwiftPerFileCompile ObjectEncoder+SingleValueContainer.swift
SwiftDriverJobDiscovery normal arm64 Compiling ObjectEncoder+UnkeyedContainer.swift (in target 'ObjectCoder' from project 'ObjectCoder')
SwiftCompile normal arm64_32 Compiling\ ObjectEncoder+KeyedContainer.swift /Users/admin/builder/spi-builder-workspace/.dependencies/checkouts/ObjectCoder/Sources/ObjectCoder/Encoder/Container/ObjectEncoder+KeyedContainer.swift (in target 'ObjectCoder' from project 'ObjectCoder')
SwiftCompile normal arm64_32 /Users/admin/builder/spi-builder-workspace/.dependencies/checkouts/ObjectCoder/Sources/ObjectCoder/Encoder/Container/ObjectEncoder+KeyedContainer.swift (in target 'ObjectCoder' from project 'ObjectCoder')
cd /Users/admin/builder/spi-builder-workspace/.swiftpm/xcode
builtin-SwiftPerFileCompile ObjectEncoder+KeyedContainer.swift
SwiftDriverJobDiscovery normal arm64_32 Compiling UnkeyedContainer.swift (in target 'ObjectCoder' from project 'ObjectCoder')
SwiftCompile normal arm64 Compiling\ ObjectEncoder.swift /Users/admin/builder/spi-builder-workspace/.dependencies/checkouts/ObjectCoder/Sources/ObjectCoder/Encoder/ObjectEncoder.swift (in target 'ObjectCoder' from project 'ObjectCoder')
SwiftCompile normal arm64 /Users/admin/builder/spi-builder-workspace/.dependencies/checkouts/ObjectCoder/Sources/ObjectCoder/Encoder/ObjectEncoder.swift (in target 'ObjectCoder' from project 'ObjectCoder')
cd /Users/admin/builder/spi-builder-workspace/.swiftpm/xcode
builtin-SwiftPerFileCompile ObjectEncoder.swift
SwiftDriverJobDiscovery normal arm64_32 Compiling _NSObjectDecoder+Unboxing.swift (in target 'ObjectCoder' from project 'ObjectCoder')
SwiftCompile normal arm64_32 Compiling\ ObjectEncoder+UnkeyedContainer.swift /Users/admin/builder/spi-builder-workspace/.dependencies/checkouts/ObjectCoder/Sources/ObjectCoder/Encoder/Container/ObjectEncoder+UnkeyedContainer.swift (in target 'ObjectCoder' from project 'ObjectCoder')
SwiftCompile normal arm64_32 /Users/admin/builder/spi-builder-workspace/.dependencies/checkouts/ObjectCoder/Sources/ObjectCoder/Encoder/Container/ObjectEncoder+UnkeyedContainer.swift (in target 'ObjectCoder' from project 'ObjectCoder')
cd /Users/admin/builder/spi-builder-workspace/.swiftpm/xcode
builtin-SwiftPerFileCompile ObjectEncoder+UnkeyedContainer.swift
SwiftDriverJobDiscovery normal arm64_32 Compiling EncodingStorage.swift (in target 'ObjectCoder' from project 'ObjectCoder')
SwiftCompile normal arm64 Compiling\ AnyCodingKey.swift,\ KeyedContainer.swift /Users/admin/builder/spi-builder-workspace/.dependencies/checkouts/ObjectCoder/Sources/ObjectCoder/AnyCodingKey.swift /Users/admin/builder/spi-builder-workspace/.dependencies/checkouts/ObjectCoder/Sources/ObjectCoder/Decoder/Container/KeyedContainer.swift (in target 'ObjectCoder' from project 'ObjectCoder')
SwiftCompile normal arm64 /Users/admin/builder/spi-builder-workspace/.dependencies/checkouts/ObjectCoder/Sources/ObjectCoder/AnyCodingKey.swift (in target 'ObjectCoder' from project 'ObjectCoder')
cd /Users/admin/builder/spi-builder-workspace/.swiftpm/xcode
builtin-SwiftPerFileCompile AnyCodingKey.swift
SwiftCompile normal arm64 /Users/admin/builder/spi-builder-workspace/.dependencies/checkouts/ObjectCoder/Sources/ObjectCoder/Decoder/Container/KeyedContainer.swift (in target 'ObjectCoder' from project 'ObjectCoder')
cd /Users/admin/builder/spi-builder-workspace/.swiftpm/xcode
builtin-SwiftPerFileCompile KeyedContainer.swift
SwiftDriverJobDiscovery normal arm64_32 Compiling ObjectEncoder.swift (in target 'ObjectCoder' from project 'ObjectCoder')
SwiftCompile normal arm64 Compiling\ _NSObjectDecoder.swift /Users/admin/builder/spi-builder-workspace/.dependencies/checkouts/ObjectCoder/Sources/ObjectCoder/Decoder/_NSObjectDecoder.swift (in target 'ObjectCoder' from project 'ObjectCoder')
SwiftCompile normal arm64 /Users/admin/builder/spi-builder-workspace/.dependencies/checkouts/ObjectCoder/Sources/ObjectCoder/Decoder/_NSObjectDecoder.swift (in target 'ObjectCoder' from project 'ObjectCoder')
cd /Users/admin/builder/spi-builder-workspace/.swiftpm/xcode
builtin-SwiftPerFileCompile _NSObjectDecoder.swift
SwiftDriverJobDiscovery normal arm64 Compiling ObjectEncoder+SingleValueContainer.swift (in target 'ObjectCoder' from project 'ObjectCoder')
SwiftDriverJobDiscovery normal arm64 Compiling UnkeyedContainer.swift (in target 'ObjectCoder' from project 'ObjectCoder')
Ld /Users/admin/builder/spi-builder-workspace/.derivedData/Build/Intermediates.noindex/Version.build/Debug-watchos/Version-t.build/Objects-normal/arm64_32/Binary/Version.o normal arm64_32 (in target 'Version' from project 'Version')
cd /Users/admin/builder/spi-builder-workspace/.dependencies/checkouts/Version
/Applications/Xcode-27.0.0-Release.Candidate.app/Contents/Developer/Toolchains/XcodeDefault.xctoolchain/usr/bin/clang -Xlinker -reproducible -target arm64_32-apple-watchos9.0 -r -isysroot /Applications/Xcode-27.0.0-Release.Candidate.app/Contents/Developer/Platforms/WatchOS.platform/Developer/SDKs/WatchOS27.0.sdk -O0 -w -Xlinker -no_warn_duplicate_libraries -F/Users/admin/builder/spi-builder-workspace/.derivedData/Build/Intermediates.noindex/EagerLinkingTBDs/Debug-watchos -F/Users/admin/builder/spi-builder-workspace/.derivedData/Build/Products/Debug-watchos -iframework /Applications/Xcode-27.0.0-Release.Candidate.app/Contents/Developer/Platforms/WatchOS.platform/Developer/Library/Frameworks -iframework /Applications/Xcode-27.0.0-Release.Candidate.app/Contents/Developer/Platforms/WatchOS.platform/Developer/SDKs/WatchOS27.0.sdk/Developer/Library/Frameworks -filelist /Users/admin/builder/spi-builder-workspace/.derivedData/Build/Intermediates.noindex/Version.build/Debug-watchos/Version-t.build/Objects-normal/arm64_32/Version.LinkFileList -nostdlib -Xlinker -object_path_lto -Xlinker /Users/admin/builder/spi-builder-workspace/.derivedData/Build/Intermediates.noindex/Version.build/Debug-watchos/Version-t.build/Objects-normal/arm64_32/Version_lto.o -Xlinker -no_deduplicate -Xlinker -debug_variant -Xlinker -dependency_info -Xlinker /Users/admin/builder/spi-builder-workspace/.derivedData/Build/Intermediates.noindex/Version.build/Debug-watchos/Version-t.build/Objects-normal/arm64_32/Version_dependency_info.dat -fobjc-link-runtime -L/Applications/Xcode-27.0.0-Release.Candidate.app/Contents/Developer/Toolchains/XcodeDefault.xctoolchain/usr/lib/swift/watchos -L/usr/lib/swift -Xlinker -add_ast_path -Xlinker /Users/admin/builder/spi-builder-workspace/.derivedData/Build/Intermediates.noindex/Version.build/Debug-watchos/Version-t.build/Objects-normal/arm64_32/Version.swiftmodule -o /Users/admin/builder/spi-builder-workspace/.derivedData/Build/Intermediates.noindex/Version.build/Debug-watchos/Version-t.build/Objects-normal/arm64_32/Binary/Version.o
Ld /Users/admin/builder/spi-builder-workspace/.derivedData/Build/Intermediates.noindex/Version.build/Debug-watchos/Version-t.build/Objects-normal/arm64/Binary/Version.o normal arm64 (in target 'Version' from project 'Version')
cd /Users/admin/builder/spi-builder-workspace/.dependencies/checkouts/Version
/Applications/Xcode-27.0.0-Release.Candidate.app/Contents/Developer/Toolchains/XcodeDefault.xctoolchain/usr/bin/clang -Xlinker -reproducible -target arm64-apple-watchos9.0 -r -isysroot /Applications/Xcode-27.0.0-Release.Candidate.app/Contents/Developer/Platforms/WatchOS.platform/Developer/SDKs/WatchOS27.0.sdk -O0 -w -Xlinker -no_warn_duplicate_libraries -F/Users/admin/builder/spi-builder-workspace/.derivedData/Build/Intermediates.noindex/EagerLinkingTBDs/Debug-watchos -F/Users/admin/builder/spi-builder-workspace/.derivedData/Build/Products/Debug-watchos -iframework /Applications/Xcode-27.0.0-Release.Candidate.app/Contents/Developer/Platforms/WatchOS.platform/Developer/Library/Frameworks -iframework /Applications/Xcode-27.0.0-Release.Candidate.app/Contents/Developer/Platforms/WatchOS.platform/Developer/SDKs/WatchOS27.0.sdk/Developer/Library/Frameworks -filelist /Users/admin/builder/spi-builder-workspace/.derivedData/Build/Intermediates.noindex/Version.build/Debug-watchos/Version-t.build/Objects-normal/arm64/Version.LinkFileList -nostdlib -Xlinker -object_path_lto -Xlinker /Users/admin/builder/spi-builder-workspace/.derivedData/Build/Intermediates.noindex/Version.build/Debug-watchos/Version-t.build/Objects-normal/arm64/Version_lto.o -Xlinker -no_deduplicate -Xlinker -debug_variant -Xlinker -dependency_info -Xlinker /Users/admin/builder/spi-builder-workspace/.derivedData/Build/Intermediates.noindex/Version.build/Debug-watchos/Version-t.build/Objects-normal/arm64/Version_dependency_info.dat -fobjc-link-runtime -L/Applications/Xcode-27.0.0-Release.Candidate.app/Contents/Developer/Toolchains/XcodeDefault.xctoolchain/usr/lib/swift/watchos -L/usr/lib/swift -Xlinker -add_ast_path -Xlinker /Users/admin/builder/spi-builder-workspace/.derivedData/Build/Intermediates.noindex/Version.build/Debug-watchos/Version-t.build/Objects-normal/arm64/Version.swiftmodule -o /Users/admin/builder/spi-builder-workspace/.derivedData/Build/Intermediates.noindex/Version.build/Debug-watchos/Version-t.build/Objects-normal/arm64/Binary/Version.o
SwiftDriverJobDiscovery normal arm64 Compiling ObjectEncoder+KeyedContainer.swift (in target 'ObjectCoder' from project 'ObjectCoder')
SwiftDriver XcodeProject normal arm64 com.apple.xcode.tools.swift.compiler (in target 'XcodeProject' from project 'XcodeProject')
cd /Users/admin/builder/spi-builder-workspace/.swiftpm/xcode
builtin-SwiftDriver -- /Applications/Xcode-27.0.0-Release.Candidate.app/Contents/Developer/Toolchains/XcodeDefault.xctoolchain/usr/bin/swiftc -parse-as-library -module-name XcodeProject -Onone @/Users/admin/builder/spi-builder-workspace/.derivedData/Build/Intermediates.noindex/XcodeProject.build/Debug-watchos/XcodeProject-t.build/Objects-normal/arm64/XcodeProject.SwiftFileList -DSWIFT_PACKAGE -DDEBUG -DSWIFT_MODULE_RESOURCE_BUNDLE_UNAVAILABLE -DXcode -plugin-path /Applications/Xcode-27.0.0-Release.Candidate.app/Contents/Developer/Toolchains/XcodeDefault.xctoolchain/usr/lib/swift/host/plugins/testing -enable-experimental-feature DebugDescriptionMacro -sdk /Applications/Xcode-27.0.0-Release.Candidate.app/Contents/Developer/Platforms/WatchOS.platform/Developer/SDKs/WatchOS27.0.sdk -target arm64-apple-watchos9.0 -g -module-cache-path /Users/admin/builder/spi-builder-workspace/.derivedData/ModuleCache.noindex -Xfrontend -serialize-debugging-options -profile-coverage-mapping -profile-generate -enable-testing -index-store-path /Users/admin/builder/spi-builder-workspace/.derivedData/Index.noindex/DataStore -Xcc -D_LIBCPP_HARDENING_MODE\=_LIBCPP_HARDENING_MODE_DEBUG -swift-version 5 -I /Users/admin/builder/spi-builder-workspace/.derivedData/Build/Products/Debug-watchos -Isystem /Applications/Xcode-27.0.0-Release.Candidate.app/Contents/Developer/Platforms/WatchOS.platform/Developer/usr/lib -F /Users/admin/builder/spi-builder-workspace/.derivedData/Build/Products/Debug-watchos/PackageFrameworks -F /Users/admin/builder/spi-builder-workspace/.derivedData/Build/Products/Debug-watchos -F /Applications/Xcode-27.0.0-Release.Candidate.app/Contents/Developer/Platforms/WatchOS.platform/Developer/Library/Frameworks -F /Applications/Xcode-27.0.0-Release.Candidate.app/Contents/Developer/Platforms/WatchOS.platform/Developer/SDKs/WatchOS27.0.sdk/Developer/Library/Frameworks -c -j10 -enable-batch-mode -incremental -Xcc -ivfsstatcache -Xcc /Users/admin/builder/spi-builder-workspace/.derivedData/SDKStatCaches.noindex/watchos27.0-24R360-e829b21a6f8c9b70876ba0858053c04477534ef55a1706bf4c1112bbb242f0a2.sdkstatcache -output-file-map /Users/admin/builder/spi-builder-workspace/.derivedData/Build/Intermediates.noindex/XcodeProject.build/Debug-watchos/XcodeProject-t.build/Objects-normal/arm64/XcodeProject-OutputFileMap.json -save-temps -no-color-diagnostics -explicit-module-build -module-cache-path /Users/admin/builder/spi-builder-workspace/.derivedData/Build/Intermediates.noindex/SwiftExplicitPrecompiledModules -clang-scanner-module-cache-path /Users/admin/builder/spi-builder-workspace/.derivedData/ModuleCache.noindex -sdk-module-cache-path /Users/admin/builder/spi-builder-workspace/.derivedData/SDKExplicitPrecompiledModules -emit-dependencies -emit-module -emit-module-path /Users/admin/builder/spi-builder-workspace/.derivedData/Build/Intermediates.noindex/XcodeProject.build/Debug-watchos/XcodeProject-t.build/Objects-normal/arm64/XcodeProject.swiftmodule -serialize-diagnostics -dependency-scan-serialize-diagnostics-path /Users/admin/builder/spi-builder-workspace/.derivedData/Build/Intermediates.noindex/XcodeProject.build/Debug-watchos/XcodeProject-t.build/Objects-normal/arm64/XcodeProject-dependency-scan.dia -validate-clang-modules-once -clang-build-session-file /Users/admin/builder/spi-builder-workspace/.derivedData/ModuleCache.noindex/Session.modulevalidation -Xcc -fmodules-prune-interval\=86400 -Xcc -fmodules-prune-after\=345600 -emit-const-values -const-gather-protocols-list /Users/admin/builder/spi-builder-workspace/.derivedData/Build/Intermediates.noindex/XcodeProject.build/Debug-watchos/XcodeProject-t.build/Objects-normal/arm64/XcodeProject_const_extract_protocols.json -Xcc -I/Users/admin/builder/spi-builder-workspace/.derivedData/Build/Products/Debug-watchos/include -Xcc -I/Users/admin/builder/spi-builder-workspace/.derivedData/Build/Intermediates.noindex/XcodeProject.build/Debug-watchos/XcodeProject-t.build/DerivedSources-normal/arm64 -Xcc -I/Users/admin/builder/spi-builder-workspace/.derivedData/Build/Intermediates.noindex/XcodeProject.build/Debug-watchos/XcodeProject-t.build/DerivedSources/arm64 -Xcc -I/Users/admin/builder/spi-builder-workspace/.derivedData/Build/Intermediates.noindex/XcodeProject.build/Debug-watchos/XcodeProject-t.build/DerivedSources -Xcc -DSWIFT_PACKAGE -Xcc -DDEBUG\=1 -emit-objc-header -emit-objc-header-path /Users/admin/builder/spi-builder-workspace/.derivedData/Build/Intermediates.noindex/XcodeProject.build/Debug-watchos/XcodeProject-t.build/Objects-normal/arm64/XcodeProject-Swift.h -working-directory /Users/admin/builder/spi-builder-workspace/.swiftpm/xcode -experimental-emit-module-separately -disable-cmo
SwiftDriver XcodeProject normal arm64_32 com.apple.xcode.tools.swift.compiler (in target 'XcodeProject' from project 'XcodeProject')
cd /Users/admin/builder/spi-builder-workspace/.swiftpm/xcode
builtin-SwiftDriver -- /Applications/Xcode-27.0.0-Release.Candidate.app/Contents/Developer/Toolchains/XcodeDefault.xctoolchain/usr/bin/swiftc -parse-as-library -module-name XcodeProject -Onone @/Users/admin/builder/spi-builder-workspace/.derivedData/Build/Intermediates.noindex/XcodeProject.build/Debug-watchos/XcodeProject-t.build/Objects-normal/arm64_32/XcodeProject.SwiftFileList -DSWIFT_PACKAGE -DDEBUG -DSWIFT_MODULE_RESOURCE_BUNDLE_UNAVAILABLE -DXcode -plugin-path /Applications/Xcode-27.0.0-Release.Candidate.app/Contents/Developer/Toolchains/XcodeDefault.xctoolchain/usr/lib/swift/host/plugins/testing -enable-experimental-feature DebugDescriptionMacro -sdk /Applications/Xcode-27.0.0-Release.Candidate.app/Contents/Developer/Platforms/WatchOS.platform/Developer/SDKs/WatchOS27.0.sdk -target arm64_32-apple-watchos9.0 -g -module-cache-path /Users/admin/builder/spi-builder-workspace/.derivedData/ModuleCache.noindex -Xfrontend -serialize-debugging-options -profile-coverage-mapping -profile-generate -enable-testing -index-store-path /Users/admin/builder/spi-builder-workspace/.derivedData/Index.noindex/DataStore -Xcc -D_LIBCPP_HARDENING_MODE\=_LIBCPP_HARDENING_MODE_DEBUG -swift-version 5 -I /Users/admin/builder/spi-builder-workspace/.derivedData/Build/Products/Debug-watchos -Isystem /Applications/Xcode-27.0.0-Release.Candidate.app/Contents/Developer/Platforms/WatchOS.platform/Developer/usr/lib -F /Users/admin/builder/spi-builder-workspace/.derivedData/Build/Products/Debug-watchos/PackageFrameworks -F /Users/admin/builder/spi-builder-workspace/.derivedData/Build/Products/Debug-watchos -F /Applications/Xcode-27.0.0-Release.Candidate.app/Contents/Developer/Platforms/WatchOS.platform/Developer/Library/Frameworks -F /Applications/Xcode-27.0.0-Release.Candidate.app/Contents/Developer/Platforms/WatchOS.platform/Developer/SDKs/WatchOS27.0.sdk/Developer/Library/Frameworks -c -j10 -enable-batch-mode -incremental -Xcc -ivfsstatcache -Xcc /Users/admin/builder/spi-builder-workspace/.derivedData/SDKStatCaches.noindex/watchos27.0-24R360-e829b21a6f8c9b70876ba0858053c04477534ef55a1706bf4c1112bbb242f0a2.sdkstatcache -output-file-map /Users/admin/builder/spi-builder-workspace/.derivedData/Build/Intermediates.noindex/XcodeProject.build/Debug-watchos/XcodeProject-t.build/Objects-normal/arm64_32/XcodeProject-OutputFileMap.json -save-temps -no-color-diagnostics -explicit-module-build -module-cache-path /Users/admin/builder/spi-builder-workspace/.derivedData/Build/Intermediates.noindex/SwiftExplicitPrecompiledModules -clang-scanner-module-cache-path /Users/admin/builder/spi-builder-workspace/.derivedData/ModuleCache.noindex -sdk-module-cache-path /Users/admin/builder/spi-builder-workspace/.derivedData/SDKExplicitPrecompiledModules -emit-dependencies -emit-module -emit-module-path /Users/admin/builder/spi-builder-workspace/.derivedData/Build/Intermediates.noindex/XcodeProject.build/Debug-watchos/XcodeProject-t.build/Objects-normal/arm64_32/XcodeProject.swiftmodule -serialize-diagnostics -dependency-scan-serialize-diagnostics-path /Users/admin/builder/spi-builder-workspace/.derivedData/Build/Intermediates.noindex/XcodeProject.build/Debug-watchos/XcodeProject-t.build/Objects-normal/arm64_32/XcodeProject-dependency-scan.dia -validate-clang-modules-once -clang-build-session-file /Users/admin/builder/spi-builder-workspace/.derivedData/ModuleCache.noindex/Session.modulevalidation -Xcc -fmodules-prune-interval\=86400 -Xcc -fmodules-prune-after\=345600 -emit-const-values -const-gather-protocols-list /Users/admin/builder/spi-builder-workspace/.derivedData/Build/Intermediates.noindex/XcodeProject.build/Debug-watchos/XcodeProject-t.build/Objects-normal/arm64_32/XcodeProject_const_extract_protocols.json -Xcc -I/Users/admin/builder/spi-builder-workspace/.derivedData/Build/Products/Debug-watchos/include -Xcc -I/Users/admin/builder/spi-builder-workspace/.derivedData/Build/Intermediates.noindex/XcodeProject.build/Debug-watchos/XcodeProject-t.build/DerivedSources-normal/arm64_32 -Xcc -I/Users/admin/builder/spi-builder-workspace/.derivedData/Build/Intermediates.noindex/XcodeProject.build/Debug-watchos/XcodeProject-t.build/DerivedSources/arm64_32 -Xcc -I/Users/admin/builder/spi-builder-workspace/.derivedData/Build/Intermediates.noindex/XcodeProject.build/Debug-watchos/XcodeProject-t.build/DerivedSources -Xcc -DSWIFT_PACKAGE -Xcc -DDEBUG\=1 -emit-objc-header -emit-objc-header-path /Users/admin/builder/spi-builder-workspace/.derivedData/Build/Intermediates.noindex/XcodeProject.build/Debug-watchos/XcodeProject-t.build/Objects-normal/arm64_32/XcodeProject-Swift.h -working-directory /Users/admin/builder/spi-builder-workspace/.swiftpm/xcode -experimental-emit-module-separately -disable-cmo
SwiftDriverJobDiscovery normal arm64_32 Compiling ObjectEncoder+Boxing.swift (in target 'ObjectCoder' from project 'ObjectCoder')
CreateUniversalBinary /Users/admin/builder/spi-builder-workspace/.derivedData/Build/Products/Debug-watchos/Version.o normal arm64\ arm64_32 (in target 'Version' from project 'Version')
cd /Users/admin/builder/spi-builder-workspace/.dependencies/checkouts/Version
/Applications/Xcode-27.0.0-Release.Candidate.app/Contents/Developer/Toolchains/XcodeDefault.xctoolchain/usr/bin/lipo -create /Users/admin/builder/spi-builder-workspace/.derivedData/Build/Intermediates.noindex/Version.build/Debug-watchos/Version-t.build/Objects-normal/arm64/Binary/Version.o /Users/admin/builder/spi-builder-workspace/.derivedData/Build/Intermediates.noindex/Version.build/Debug-watchos/Version-t.build/Objects-normal/arm64_32/Binary/Version.o -output /Users/admin/builder/spi-builder-workspace/.derivedData/Build/Products/Debug-watchos/Version.o
SwiftDriverJobDiscovery normal arm64 Compiling ObjectEncoder+Boxing.swift (in target 'ObjectCoder' from project 'ObjectCoder')
ExtractAppIntentsMetadata (in target 'Version' from project 'Version')
cd /Users/admin/builder/spi-builder-workspace/.dependencies/checkouts/Version
/Applications/Xcode-27.0.0-Release.Candidate.app/Contents/Developer/Toolchains/XcodeDefault.xctoolchain/usr/bin/appintentsmetadataprocessor --toolchain-dir /var/run/com.apple.security.cryptexd/mnt/com.apple.MobileAsset.MetalToolchain-v27.1.266.1.cMb4n9/Metal.xctoolchain --module-name Version --sdk-root /Applications/Xcode-27.0.0-Release.Candidate.app/Contents/Developer/Platforms/WatchOS.platform/Developer/SDKs/WatchOS27.0.sdk --xcode-version 27A266a --platform-family watchOS --deployment-target 9.0 --bundle-identifier version.Version --output /Users/admin/builder/spi-builder-workspace/.derivedData/Build/Products/Debug-watchos/Version.appintents --target-triple arm64-apple-watchos9.0 --target-triple arm64_32-apple-watchos9.0 --binary-file /Users/admin/builder/spi-builder-workspace/.derivedData/Build/Products/Debug-watchos/Version.o --dependency-file /Users/admin/builder/spi-builder-workspace/.derivedData/Build/Intermediates.noindex/Version.build/Debug-watchos/Version-t.build/Objects-normal/arm64/Version_dependency_info.dat --dependency-file /Users/admin/builder/spi-builder-workspace/.derivedData/Build/Intermediates.noindex/Version.build/Debug-watchos/Version-t.build/Objects-normal/arm64_32/Version_dependency_info.dat --stringsdata-file /Users/admin/builder/spi-builder-workspace/.derivedData/Build/Intermediates.noindex/Version.build/Debug-watchos/Version-t.build/Objects-normal/arm64/ExtractedAppShortcutsMetadata.stringsdata --stringsdata-file /Users/admin/builder/spi-builder-workspace/.derivedData/Build/Intermediates.noindex/Version.build/Debug-watchos/Version-t.build/Objects-normal/arm64_32/ExtractedAppShortcutsMetadata.stringsdata --source-file-list /Users/admin/builder/spi-builder-workspace/.derivedData/Build/Intermediates.noindex/Version.build/Debug-watchos/Version-t.build/Objects-normal/arm64/Version.SwiftFileList --source-file-list /Users/admin/builder/spi-builder-workspace/.derivedData/Build/Intermediates.noindex/Version.build/Debug-watchos/Version-t.build/Objects-normal/arm64_32/Version.SwiftFileList --metadata-file-list /Users/admin/builder/spi-builder-workspace/.derivedData/Build/Intermediates.noindex/Version.build/Debug-watchos/Version-t.build/Version.DependencyMetadataFileList --static-metadata-file-list /Users/admin/builder/spi-builder-workspace/.derivedData/Build/Intermediates.noindex/Version.build/Debug-watchos/Version-t.build/Version.DependencyStaticMetadataFileList --swift-const-vals-list /Users/admin/builder/spi-builder-workspace/.derivedData/Build/Intermediates.noindex/Version.build/Debug-watchos/Version-t.build/Objects-normal/arm64/Version.SwiftConstValuesFileList --swift-const-vals-list /Users/admin/builder/spi-builder-workspace/.derivedData/Build/Intermediates.noindex/Version.build/Debug-watchos/Version-t.build/Objects-normal/arm64_32/Version.SwiftConstValuesFileList --force --compile-time-extraction --deployment-aware-processing --no-app-shortcuts-localization
2026-09-16 07:43:38.499 appintentsmetadataprocessor[847:5115] Starting appintentsmetadataprocessor export
2026-09-16 07:43:38.598 appintentsmetadataprocessor[847:5115] Extracted no relevant App Intents symbols, skipping writing output
SwiftDriverJobDiscovery normal arm64_32 Compiling ObjectEncoder+KeyedContainer.swift (in target 'ObjectCoder' from project 'ObjectCoder')
SwiftDriverJobDiscovery normal arm64 Compiling ObjectEncoder.swift (in target 'ObjectCoder' from project 'ObjectCoder')
SwiftDriverJobDiscovery normal arm64 Compiling _NSObjectDecoder.swift (in target 'ObjectCoder' from project 'ObjectCoder')
SwiftDriverJobDiscovery normal arm64_32 Compiling ObjectEncoder+UnkeyedContainer.swift (in target 'ObjectCoder' from project 'ObjectCoder')
SwiftDriverJobDiscovery normal arm64_32 Compiling AnyCodingKey.swift, KeyedContainer.swift (in target 'ObjectCoder' from project 'ObjectCoder')
SwiftDriver\ Compilation ObjectCoder normal arm64_32 com.apple.xcode.tools.swift.compiler (in target 'ObjectCoder' from project 'ObjectCoder')
cd /Users/admin/builder/spi-builder-workspace/.swiftpm/xcode
builtin-Swift-Compilation -- /Applications/Xcode-27.0.0-Release.Candidate.app/Contents/Developer/Toolchains/XcodeDefault.xctoolchain/usr/bin/swiftc -parse-as-library -module-name ObjectCoder -Onone @/Users/admin/builder/spi-builder-workspace/.derivedData/Build/Intermediates.noindex/ObjectCoder.build/Debug-watchos/ObjectCoder-t.build/Objects-normal/arm64_32/ObjectCoder.SwiftFileList -DSWIFT_PACKAGE -DDEBUG -DSWIFT_MODULE_RESOURCE_BUNDLE_UNAVAILABLE -DXcode -plugin-path /Applications/Xcode-27.0.0-Release.Candidate.app/Contents/Developer/Toolchains/XcodeDefault.xctoolchain/usr/lib/swift/host/plugins/testing -enable-experimental-feature DebugDescriptionMacro -sdk /Applications/Xcode-27.0.0-Release.Candidate.app/Contents/Developer/Platforms/WatchOS.platform/Developer/SDKs/WatchOS27.0.sdk -target arm64_32-apple-watchos9.0 -g -module-cache-path /Users/admin/builder/spi-builder-workspace/.derivedData/ModuleCache.noindex -Xfrontend -serialize-debugging-options -profile-coverage-mapping -profile-generate -enable-testing -suppress-warnings -index-store-path /Users/admin/builder/spi-builder-workspace/.derivedData/Index.noindex/DataStore -Xcc -D_LIBCPP_HARDENING_MODE\=_LIBCPP_HARDENING_MODE_DEBUG -swift-version 5 -I /Users/admin/builder/spi-builder-workspace/.derivedData/Build/Products/Debug-watchos -Isystem /Applications/Xcode-27.0.0-Release.Candidate.app/Contents/Developer/Platforms/WatchOS.platform/Developer/usr/lib -F /Users/admin/builder/spi-builder-workspace/.derivedData/Build/Products/Debug-watchos -F /Applications/Xcode-27.0.0-Release.Candidate.app/Contents/Developer/Platforms/WatchOS.platform/Developer/Library/Frameworks -F /Applications/Xcode-27.0.0-Release.Candidate.app/Contents/Developer/Platforms/WatchOS.platform/Developer/SDKs/WatchOS27.0.sdk/Developer/Library/Frameworks -c -j10 -enable-batch-mode -incremental -Xcc -ivfsstatcache -Xcc /Users/admin/builder/spi-builder-workspace/.derivedData/SDKStatCaches.noindex/watchos27.0-24R360-e829b21a6f8c9b70876ba0858053c04477534ef55a1706bf4c1112bbb242f0a2.sdkstatcache -output-file-map /Users/admin/builder/spi-builder-workspace/.derivedData/Build/Intermediates.noindex/ObjectCoder.build/Debug-watchos/ObjectCoder-t.build/Objects-normal/arm64_32/ObjectCoder-OutputFileMap.json -save-temps -no-color-diagnostics -explicit-module-build -module-cache-path /Users/admin/builder/spi-builder-workspace/.derivedData/Build/Intermediates.noindex/SwiftExplicitPrecompiledModules -clang-scanner-module-cache-path /Users/admin/builder/spi-builder-workspace/.derivedData/ModuleCache.noindex -sdk-module-cache-path /Users/admin/builder/spi-builder-workspace/.derivedData/SDKExplicitPrecompiledModules -emit-dependencies -emit-module -emit-module-path /Users/admin/builder/spi-builder-workspace/.derivedData/Build/Intermediates.noindex/ObjectCoder.build/Debug-watchos/ObjectCoder-t.build/Objects-normal/arm64_32/ObjectCoder.swiftmodule -serialize-diagnostics -dependency-scan-serialize-diagnostics-path /Users/admin/builder/spi-builder-workspace/.derivedData/Build/Intermediates.noindex/ObjectCoder.build/Debug-watchos/ObjectCoder-t.build/Objects-normal/arm64_32/ObjectCoder-dependency-scan.dia -validate-clang-modules-once -clang-build-session-file /Users/admin/builder/spi-builder-workspace/.derivedData/ModuleCache.noindex/Session.modulevalidation -Xcc -fmodules-prune-interval\=86400 -Xcc -fmodules-prune-after\=345600 -emit-const-values -const-gather-protocols-list /Users/admin/builder/spi-builder-workspace/.derivedData/Build/Intermediates.noindex/ObjectCoder.build/Debug-watchos/ObjectCoder-t.build/Objects-normal/arm64_32/ObjectCoder_const_extract_protocols.json -Xcc -I/Users/admin/builder/spi-builder-workspace/.derivedData/Build/Products/Debug-watchos/include -Xcc -I/Users/admin/builder/spi-builder-workspace/.derivedData/Build/Intermediates.noindex/ObjectCoder.build/Debug-watchos/ObjectCoder-t.build/DerivedSources-normal/arm64_32 -Xcc -I/Users/admin/builder/spi-builder-workspace/.derivedData/Build/Intermediates.noindex/ObjectCoder.build/Debug-watchos/ObjectCoder-t.build/DerivedSources/arm64_32 -Xcc -I/Users/admin/builder/spi-builder-workspace/.derivedData/Build/Intermediates.noindex/ObjectCoder.build/Debug-watchos/ObjectCoder-t.build/DerivedSources -Xcc -DSWIFT_PACKAGE -Xcc -DDEBUG\=1 -emit-objc-header -emit-objc-header-path /Users/admin/builder/spi-builder-workspace/.derivedData/Build/Intermediates.noindex/ObjectCoder.build/Debug-watchos/ObjectCoder-t.build/Objects-normal/arm64_32/ObjectCoder-Swift.h -working-directory /Users/admin/builder/spi-builder-workspace/.swiftpm/xcode -experimental-emit-module-separately -disable-cmo
Ld /Users/admin/builder/spi-builder-workspace/.derivedData/Build/Intermediates.noindex/ObjectCoder.build/Debug-watchos/ObjectCoder-t.build/Objects-normal/arm64_32/Binary/ObjectCoder.o normal arm64_32 (in target 'ObjectCoder' from project 'ObjectCoder')
cd /Users/admin/builder/spi-builder-workspace/.dependencies/checkouts/ObjectCoder
/Applications/Xcode-27.0.0-Release.Candidate.app/Contents/Developer/Toolchains/XcodeDefault.xctoolchain/usr/bin/clang -Xlinker -reproducible -target arm64_32-apple-watchos9.0 -r -isysroot /Applications/Xcode-27.0.0-Release.Candidate.app/Contents/Developer/Platforms/WatchOS.platform/Developer/SDKs/WatchOS27.0.sdk -O0 -w -Xlinker -no_warn_duplicate_libraries -F/Users/admin/builder/spi-builder-workspace/.derivedData/Build/Intermediates.noindex/EagerLinkingTBDs/Debug-watchos -F/Users/admin/builder/spi-builder-workspace/.derivedData/Build/Products/Debug-watchos -iframework /Applications/Xcode-27.0.0-Release.Candidate.app/Contents/Developer/Platforms/WatchOS.platform/Developer/Library/Frameworks -iframework /Applications/Xcode-27.0.0-Release.Candidate.app/Contents/Developer/Platforms/WatchOS.platform/Developer/SDKs/WatchOS27.0.sdk/Developer/Library/Frameworks -filelist /Users/admin/builder/spi-builder-workspace/.derivedData/Build/Intermediates.noindex/ObjectCoder.build/Debug-watchos/ObjectCoder-t.build/Objects-normal/arm64_32/ObjectCoder.LinkFileList -nostdlib -Xlinker -object_path_lto -Xlinker /Users/admin/builder/spi-builder-workspace/.derivedData/Build/Intermediates.noindex/ObjectCoder.build/Debug-watchos/ObjectCoder-t.build/Objects-normal/arm64_32/ObjectCoder_lto.o -Xlinker -no_deduplicate -Xlinker -debug_variant -Xlinker -dependency_info -Xlinker /Users/admin/builder/spi-builder-workspace/.derivedData/Build/Intermediates.noindex/ObjectCoder.build/Debug-watchos/ObjectCoder-t.build/Objects-normal/arm64_32/ObjectCoder_dependency_info.dat -fobjc-link-runtime -L/Applications/Xcode-27.0.0-Release.Candidate.app/Contents/Developer/Toolchains/XcodeDefault.xctoolchain/usr/lib/swift/watchos -L/usr/lib/swift -Xlinker -add_ast_path -Xlinker /Users/admin/builder/spi-builder-workspace/.derivedData/Build/Intermediates.noindex/ObjectCoder.build/Debug-watchos/ObjectCoder-t.build/Objects-normal/arm64_32/ObjectCoder.swiftmodule -o /Users/admin/builder/spi-builder-workspace/.derivedData/Build/Intermediates.noindex/ObjectCoder.build/Debug-watchos/ObjectCoder-t.build/Objects-normal/arm64_32/Binary/ObjectCoder.o
SwiftDriverJobDiscovery normal arm64 Compiling AnyCodingKey.swift, KeyedContainer.swift (in target 'ObjectCoder' from project 'ObjectCoder')
SwiftDriver\ Compilation ObjectCoder normal arm64 com.apple.xcode.tools.swift.compiler (in target 'ObjectCoder' from project 'ObjectCoder')
cd /Users/admin/builder/spi-builder-workspace/.swiftpm/xcode
builtin-Swift-Compilation -- /Applications/Xcode-27.0.0-Release.Candidate.app/Contents/Developer/Toolchains/XcodeDefault.xctoolchain/usr/bin/swiftc -parse-as-library -module-name ObjectCoder -Onone @/Users/admin/builder/spi-builder-workspace/.derivedData/Build/Intermediates.noindex/ObjectCoder.build/Debug-watchos/ObjectCoder-t.build/Objects-normal/arm64/ObjectCoder.SwiftFileList -DSWIFT_PACKAGE -DDEBUG -DSWIFT_MODULE_RESOURCE_BUNDLE_UNAVAILABLE -DXcode -plugin-path /Applications/Xcode-27.0.0-Release.Candidate.app/Contents/Developer/Toolchains/XcodeDefault.xctoolchain/usr/lib/swift/host/plugins/testing -enable-experimental-feature DebugDescriptionMacro -sdk /Applications/Xcode-27.0.0-Release.Candidate.app/Contents/Developer/Platforms/WatchOS.platform/Developer/SDKs/WatchOS27.0.sdk -target arm64-apple-watchos9.0 -g -module-cache-path /Users/admin/builder/spi-builder-workspace/.derivedData/ModuleCache.noindex -Xfrontend -serialize-debugging-options -profile-coverage-mapping -profile-generate -enable-testing -suppress-warnings -index-store-path /Users/admin/builder/spi-builder-workspace/.derivedData/Index.noindex/DataStore -Xcc -D_LIBCPP_HARDENING_MODE\=_LIBCPP_HARDENING_MODE_DEBUG -swift-version 5 -I /Users/admin/builder/spi-builder-workspace/.derivedData/Build/Products/Debug-watchos -Isystem /Applications/Xcode-27.0.0-Release.Candidate.app/Contents/Developer/Platforms/WatchOS.platform/Developer/usr/lib -F /Users/admin/builder/spi-builder-workspace/.derivedData/Build/Products/Debug-watchos -F /Applications/Xcode-27.0.0-Release.Candidate.app/Contents/Developer/Platforms/WatchOS.platform/Developer/Library/Frameworks -F /Applications/Xcode-27.0.0-Release.Candidate.app/Contents/Developer/Platforms/WatchOS.platform/Developer/SDKs/WatchOS27.0.sdk/Developer/Library/Frameworks -c -j10 -enable-batch-mode -incremental -Xcc -ivfsstatcache -Xcc /Users/admin/builder/spi-builder-workspace/.derivedData/SDKStatCaches.noindex/watchos27.0-24R360-e829b21a6f8c9b70876ba0858053c04477534ef55a1706bf4c1112bbb242f0a2.sdkstatcache -output-file-map /Users/admin/builder/spi-builder-workspace/.derivedData/Build/Intermediates.noindex/ObjectCoder.build/Debug-watchos/ObjectCoder-t.build/Objects-normal/arm64/ObjectCoder-OutputFileMap.json -save-temps -no-color-diagnostics -explicit-module-build -module-cache-path /Users/admin/builder/spi-builder-workspace/.derivedData/Build/Intermediates.noindex/SwiftExplicitPrecompiledModules -clang-scanner-module-cache-path /Users/admin/builder/spi-builder-workspace/.derivedData/ModuleCache.noindex -sdk-module-cache-path /Users/admin/builder/spi-builder-workspace/.derivedData/SDKExplicitPrecompiledModules -emit-dependencies -emit-module -emit-module-path /Users/admin/builder/spi-builder-workspace/.derivedData/Build/Intermediates.noindex/ObjectCoder.build/Debug-watchos/ObjectCoder-t.build/Objects-normal/arm64/ObjectCoder.swiftmodule -serialize-diagnostics -dependency-scan-serialize-diagnostics-path /Users/admin/builder/spi-builder-workspace/.derivedData/Build/Intermediates.noindex/ObjectCoder.build/Debug-watchos/ObjectCoder-t.build/Objects-normal/arm64/ObjectCoder-dependency-scan.dia -validate-clang-modules-once -clang-build-session-file /Users/admin/builder/spi-builder-workspace/.derivedData/ModuleCache.noindex/Session.modulevalidation -Xcc -fmodules-prune-interval\=86400 -Xcc -fmodules-prune-after\=345600 -emit-const-values -const-gather-protocols-list /Users/admin/builder/spi-builder-workspace/.derivedData/Build/Intermediates.noindex/ObjectCoder.build/Debug-watchos/ObjectCoder-t.build/Objects-normal/arm64/ObjectCoder_const_extract_protocols.json -Xcc -I/Users/admin/builder/spi-builder-workspace/.derivedData/Build/Products/Debug-watchos/include -Xcc -I/Users/admin/builder/spi-builder-workspace/.derivedData/Build/Intermediates.noindex/ObjectCoder.build/Debug-watchos/ObjectCoder-t.build/DerivedSources-normal/arm64 -Xcc -I/Users/admin/builder/spi-builder-workspace/.derivedData/Build/Intermediates.noindex/ObjectCoder.build/Debug-watchos/ObjectCoder-t.build/DerivedSources/arm64 -Xcc -I/Users/admin/builder/spi-builder-workspace/.derivedData/Build/Intermediates.noindex/ObjectCoder.build/Debug-watchos/ObjectCoder-t.build/DerivedSources -Xcc -DSWIFT_PACKAGE -Xcc -DDEBUG\=1 -emit-objc-header -emit-objc-header-path /Users/admin/builder/spi-builder-workspace/.derivedData/Build/Intermediates.noindex/ObjectCoder.build/Debug-watchos/ObjectCoder-t.build/Objects-normal/arm64/ObjectCoder-Swift.h -working-directory /Users/admin/builder/spi-builder-workspace/.swiftpm/xcode -experimental-emit-module-separately -disable-cmo
Ld /Users/admin/builder/spi-builder-workspace/.derivedData/Build/Intermediates.noindex/ObjectCoder.build/Debug-watchos/ObjectCoder-t.build/Objects-normal/arm64/Binary/ObjectCoder.o normal arm64 (in target 'ObjectCoder' from project 'ObjectCoder')
cd /Users/admin/builder/spi-builder-workspace/.dependencies/checkouts/ObjectCoder
/Applications/Xcode-27.0.0-Release.Candidate.app/Contents/Developer/Toolchains/XcodeDefault.xctoolchain/usr/bin/clang -Xlinker -reproducible -target arm64-apple-watchos9.0 -r -isysroot /Applications/Xcode-27.0.0-Release.Candidate.app/Contents/Developer/Platforms/WatchOS.platform/Developer/SDKs/WatchOS27.0.sdk -O0 -w -Xlinker -no_warn_duplicate_libraries -F/Users/admin/builder/spi-builder-workspace/.derivedData/Build/Intermediates.noindex/EagerLinkingTBDs/Debug-watchos -F/Users/admin/builder/spi-builder-workspace/.derivedData/Build/Products/Debug-watchos -iframework /Applications/Xcode-27.0.0-Release.Candidate.app/Contents/Developer/Platforms/WatchOS.platform/Developer/Library/Frameworks -iframework /Applications/Xcode-27.0.0-Release.Candidate.app/Contents/Developer/Platforms/WatchOS.platform/Developer/SDKs/WatchOS27.0.sdk/Developer/Library/Frameworks -filelist /Users/admin/builder/spi-builder-workspace/.derivedData/Build/Intermediates.noindex/ObjectCoder.build/Debug-watchos/ObjectCoder-t.build/Objects-normal/arm64/ObjectCoder.LinkFileList -nostdlib -Xlinker -object_path_lto -Xlinker /Users/admin/builder/spi-builder-workspace/.derivedData/Build/Intermediates.noindex/ObjectCoder.build/Debug-watchos/ObjectCoder-t.build/Objects-normal/arm64/ObjectCoder_lto.o -Xlinker -no_deduplicate -Xlinker -debug_variant -Xlinker -dependency_info -Xlinker /Users/admin/builder/spi-builder-workspace/.derivedData/Build/Intermediates.noindex/ObjectCoder.build/Debug-watchos/ObjectCoder-t.build/Objects-normal/arm64/ObjectCoder_dependency_info.dat -fobjc-link-runtime -L/Applications/Xcode-27.0.0-Release.Candidate.app/Contents/Developer/Toolchains/XcodeDefault.xctoolchain/usr/lib/swift/watchos -L/usr/lib/swift -Xlinker -add_ast_path -Xlinker /Users/admin/builder/spi-builder-workspace/.derivedData/Build/Intermediates.noindex/ObjectCoder.build/Debug-watchos/ObjectCoder-t.build/Objects-normal/arm64/ObjectCoder.swiftmodule -o /Users/admin/builder/spi-builder-workspace/.derivedData/Build/Intermediates.noindex/ObjectCoder.build/Debug-watchos/ObjectCoder-t.build/Objects-normal/arm64/Binary/ObjectCoder.o
CreateUniversalBinary /Users/admin/builder/spi-builder-workspace/.derivedData/Build/Products/Debug-watchos/ObjectCoder.o normal arm64\ arm64_32 (in target 'ObjectCoder' from project 'ObjectCoder')
cd /Users/admin/builder/spi-builder-workspace/.dependencies/checkouts/ObjectCoder
/Applications/Xcode-27.0.0-Release.Candidate.app/Contents/Developer/Toolchains/XcodeDefault.xctoolchain/usr/bin/lipo -create /Users/admin/builder/spi-builder-workspace/.derivedData/Build/Intermediates.noindex/ObjectCoder.build/Debug-watchos/ObjectCoder-t.build/Objects-normal/arm64/Binary/ObjectCoder.o /Users/admin/builder/spi-builder-workspace/.derivedData/Build/Intermediates.noindex/ObjectCoder.build/Debug-watchos/ObjectCoder-t.build/Objects-normal/arm64_32/Binary/ObjectCoder.o -output /Users/admin/builder/spi-builder-workspace/.derivedData/Build/Products/Debug-watchos/ObjectCoder.o
ExtractAppIntentsMetadata (in target 'ObjectCoder' from project 'ObjectCoder')
cd /Users/admin/builder/spi-builder-workspace/.dependencies/checkouts/ObjectCoder
/Applications/Xcode-27.0.0-Release.Candidate.app/Contents/Developer/Toolchains/XcodeDefault.xctoolchain/usr/bin/appintentsmetadataprocessor --toolchain-dir /var/run/com.apple.security.cryptexd/mnt/com.apple.MobileAsset.MetalToolchain-v27.1.266.1.cMb4n9/Metal.xctoolchain --module-name ObjectCoder --sdk-root /Applications/Xcode-27.0.0-Release.Candidate.app/Contents/Developer/Platforms/WatchOS.platform/Developer/SDKs/WatchOS27.0.sdk --xcode-version 27A266a --platform-family watchOS --deployment-target 9.0 --bundle-identifier objectcoder.ObjectCoder --output /Users/admin/builder/spi-builder-workspace/.derivedData/Build/Products/Debug-watchos/ObjectCoder.appintents --target-triple arm64-apple-watchos9.0 --target-triple arm64_32-apple-watchos9.0 --binary-file /Users/admin/builder/spi-builder-workspace/.derivedData/Build/Products/Debug-watchos/ObjectCoder.o --dependency-file /Users/admin/builder/spi-builder-workspace/.derivedData/Build/Intermediates.noindex/ObjectCoder.build/Debug-watchos/ObjectCoder-t.build/Objects-normal/arm64/ObjectCoder_dependency_info.dat --dependency-file /Users/admin/builder/spi-builder-workspace/.derivedData/Build/Intermediates.noindex/ObjectCoder.build/Debug-watchos/ObjectCoder-t.build/Objects-normal/arm64_32/ObjectCoder_dependency_info.dat --stringsdata-file /Users/admin/builder/spi-builder-workspace/.derivedData/Build/Intermediates.noindex/ObjectCoder.build/Debug-watchos/ObjectCoder-t.build/Objects-normal/arm64/ExtractedAppShortcutsMetadata.stringsdata --stringsdata-file /Users/admin/builder/spi-builder-workspace/.derivedData/Build/Intermediates.noindex/ObjectCoder.build/Debug-watchos/ObjectCoder-t.build/Objects-normal/arm64_32/ExtractedAppShortcutsMetadata.stringsdata --source-file-list /Users/admin/builder/spi-builder-workspace/.derivedData/Build/Intermediates.noindex/ObjectCoder.build/Debug-watchos/ObjectCoder-t.build/Objects-normal/arm64/ObjectCoder.SwiftFileList --source-file-list /Users/admin/builder/spi-builder-workspace/.derivedData/Build/Intermediates.noindex/ObjectCoder.build/Debug-watchos/ObjectCoder-t.build/Objects-normal/arm64_32/ObjectCoder.SwiftFileList --metadata-file-list /Users/admin/builder/spi-builder-workspace/.derivedData/Build/Intermediates.noindex/ObjectCoder.build/Debug-watchos/ObjectCoder-t.build/ObjectCoder.DependencyMetadataFileList --static-metadata-file-list /Users/admin/builder/spi-builder-workspace/.derivedData/Build/Intermediates.noindex/ObjectCoder.build/Debug-watchos/ObjectCoder-t.build/ObjectCoder.DependencyStaticMetadataFileList --swift-const-vals-list /Users/admin/builder/spi-builder-workspace/.derivedData/Build/Intermediates.noindex/ObjectCoder.build/Debug-watchos/ObjectCoder-t.build/Objects-normal/arm64/ObjectCoder.SwiftConstValuesFileList --swift-const-vals-list /Users/admin/builder/spi-builder-workspace/.derivedData/Build/Intermediates.noindex/ObjectCoder.build/Debug-watchos/ObjectCoder-t.build/Objects-normal/arm64_32/ObjectCoder.SwiftConstValuesFileList --force --compile-time-extraction --deployment-aware-processing --no-app-shortcuts-localization
2026-09-16 07:43:38.668 appintentsmetadataprocessor[853:5222] Starting appintentsmetadataprocessor export
2026-09-16 07:43:38.729 appintentsmetadataprocessor[853:5222] Extracted no relevant App Intents symbols, skipping writing output
SwiftExplicitDependencyGeneratePcm arm64_32 /Users/admin/builder/spi-builder-workspace/.derivedData/SDKExplicitPrecompiledModules/CoreServices-BX02FA9J39YHWG3BINPX1CDFH.pcm
SwiftExplicitDependencyGeneratePcm arm64 /Users/admin/builder/spi-builder-workspace/.derivedData/SDKExplicitPrecompiledModules/CoreServices-AL8T5Q4K0CTGO6W37FTF22ZVF.pcm
SwiftCompile normal arm64_32 Compiling\ XCBuildConfiguration.swift,\ XCConfigurationList.swift,\ XCProjectReferenceInfo.swift,\ ProjectFile.swift,\ Workspace.swift /Users/admin/builder/spi-builder-workspace/Sources/XcodeProject/Objects/XCBuildConfiguration.swift /Users/admin/builder/spi-builder-workspace/Sources/XcodeProject/Objects/XCConfigurationList.swift /Users/admin/builder/spi-builder-workspace/Sources/XcodeProject/Objects/XCProjectReferenceInfo.swift /Users/admin/builder/spi-builder-workspace/Sources/XcodeProject/ProjectFile.swift /Users/admin/builder/spi-builder-workspace/Sources/XcodeProject/Workspace.swift (in target 'XcodeProject' from project 'XcodeProject')
/Users/admin/builder/spi-builder-workspace/Sources/XcodeProject/Workspace.swift:11:37: warning: using 'class' keyword to define a class-constrained protocol is deprecated; use 'AnyObject' instead [#deprecation]
9 | import Foundation
10 |
11 | public protocol WorkspaceReference: class {
| `- warning: using 'class' keyword to define a class-constrained protocol is deprecated; use 'AnyObject' instead [#deprecation]
12 | var parent: WorkspaceReference? { get }
13 | var referenceURL: URL? { get }
/Users/admin/builder/spi-builder-workspace/Sources/XcodeProject/Workspace.swift:100:24: error: cannot find type 'XMLElement' in scope
98 | }
99 |
100 | func childOf(element: XMLElement, parent: WorkspaceReference) -> WorkspaceItem? {
| `- error: cannot find type 'XMLElement' in scope
101 | guard let elementType = element.name else { return nil }
102 | switch elementType {
/Users/admin/builder/spi-builder-workspace/Sources/XcodeProject/Workspace.swift:93:22: error: cannot find 'XMLDocument' in scope
91 | let data = try Data(contentsOf: workspaceFileURL)
92 |
93 | let document = try XMLDocument(data: data, options: [])
| `- error: cannot find 'XMLDocument' in scope
94 | guard let children = document.rootElement()?.children as? [XMLElement] else { throw Error.invalid }
95 | self.references = children.compactMap {
/Users/admin/builder/spi-builder-workspace/Sources/XcodeProject/Workspace.swift:94:62: error: cannot find type 'XMLElement' in scope
92 |
93 | let document = try XMLDocument(data: data, options: [])
94 | guard let children = document.rootElement()?.children as? [XMLElement] else { throw Error.invalid }
| `- error: cannot find type 'XMLElement' in scope
95 | self.references = children.compactMap {
96 | childOf(element: $0, parent: self)
/Users/admin/builder/spi-builder-workspace/Sources/XcodeProject/Workspace.swift:94:57: error: failed to produce diagnostic for expression; please submit a bug report (https://swift.org/contributing/#reporting-bugs)
92 |
93 | let document = try XMLDocument(data: data, options: [])
94 | guard let children = document.rootElement()?.children as? [XMLElement] else { throw Error.invalid }
| `- error: failed to produce diagnostic for expression; please submit a bug report (https://swift.org/contributing/#reporting-bugs)
95 | self.references = children.compactMap {
96 | childOf(element: $0, parent: self)
/Users/admin/builder/spi-builder-workspace/Sources/XcodeProject/Workspace.swift:104:77: error: failed to produce diagnostic for expression; please submit a bug report (https://swift.org/contributing/#reporting-bugs)
102 | switch elementType {
103 | case "FileRef":
104 | guard let location = element.attribute(forName: "location")?.objectValue as? String else { return nil }
| `- error: failed to produce diagnostic for expression; please submit a bug report (https://swift.org/contributing/#reporting-bugs)
105 | return FileReference(location: location, parent: parent)
106 | case "Group":
/Users/admin/builder/spi-builder-workspace/Sources/XcodeProject/Workspace.swift:107:55: error: cannot find type 'XMLElement' in scope
105 | return FileReference(location: location, parent: parent)
106 | case "Group":
107 | guard let childrenElements = element.children as? [XMLElement] else { return nil }
| `- error: cannot find type 'XMLElement' in scope
108 | guard let location = element.attribute(forName: "location")?.objectValue as? String else { return nil }
109 | guard let name = element.attribute(forName: "name")?.objectValue as? String else { return nil }
/Users/admin/builder/spi-builder-workspace/Sources/XcodeProject/Workspace.swift:108:77: error: failed to produce diagnostic for expression; please submit a bug report (https://swift.org/contributing/#reporting-bugs)
106 | case "Group":
107 | guard let childrenElements = element.children as? [XMLElement] else { return nil }
108 | guard let location = element.attribute(forName: "location")?.objectValue as? String else { return nil }
| `- error: failed to produce diagnostic for expression; please submit a bug report (https://swift.org/contributing/#reporting-bugs)
109 | guard let name = element.attribute(forName: "name")?.objectValue as? String else { return nil }
110 | let group = GroupReference(location: location, name: name, children: [], parent: parent)
/Users/admin/builder/spi-builder-workspace/Sources/XcodeProject/Workspace.swift:109:69: error: failed to produce diagnostic for expression; please submit a bug report (https://swift.org/contributing/#reporting-bugs)
107 | guard let childrenElements = element.children as? [XMLElement] else { return nil }
108 | guard let location = element.attribute(forName: "location")?.objectValue as? String else { return nil }
109 | guard let name = element.attribute(forName: "name")?.objectValue as? String else { return nil }
| `- error: failed to produce diagnostic for expression; please submit a bug report (https://swift.org/contributing/#reporting-bugs)
110 | let group = GroupReference(location: location, name: name, children: [], parent: parent)
111 | group.children = childrenElements.compactMap {
Failed frontend command:
SwiftCompile normal arm64_32 /Users/admin/builder/spi-builder-workspace/Sources/XcodeProject/Objects/XCBuildConfiguration.swift (in target 'XcodeProject' from project 'XcodeProject')
cd /Users/admin/builder/spi-builder-workspace/.swiftpm/xcode
builtin-SwiftPerFileCompile XCBuildConfiguration.swift
SwiftCompile normal arm64_32 /Users/admin/builder/spi-builder-workspace/Sources/XcodeProject/Objects/XCConfigurationList.swift (in target 'XcodeProject' from project 'XcodeProject')
cd /Users/admin/builder/spi-builder-workspace/.swiftpm/xcode
builtin-SwiftPerFileCompile XCConfigurationList.swift
SwiftCompile normal arm64_32 /Users/admin/builder/spi-builder-workspace/Sources/XcodeProject/Objects/XCProjectReferenceInfo.swift (in target 'XcodeProject' from project 'XcodeProject')
cd /Users/admin/builder/spi-builder-workspace/.swiftpm/xcode
builtin-SwiftPerFileCompile XCProjectReferenceInfo.swift
SwiftCompile normal arm64_32 /Users/admin/builder/spi-builder-workspace/Sources/XcodeProject/ProjectFile.swift (in target 'XcodeProject' from project 'XcodeProject')
cd /Users/admin/builder/spi-builder-workspace/.swiftpm/xcode
builtin-SwiftPerFileCompile ProjectFile.swift
SwiftCompile normal arm64_32 /Users/admin/builder/spi-builder-workspace/Sources/XcodeProject/Workspace.swift (in target 'XcodeProject' from project 'XcodeProject')
cd /Users/admin/builder/spi-builder-workspace/.swiftpm/xcode
builtin-SwiftPerFileCompile Workspace.swift
/Applications/Xcode-27.0.0-Release.Candidate.app/Contents/Developer/Toolchains/XcodeDefault.xctoolchain/usr/bin/swift-frontend -frontend -c /Users/admin/builder/spi-builder-workspace/Sources/XcodeProject/Archiving/Encoder/AnyCodingKey.swift /Users/admin/builder/spi-builder-workspace/Sources/XcodeProject/Archiving/Encoder/PBXEncoder.swift /Users/admin/builder/spi-builder-workspace/Sources/XcodeProject/Archiving/Encoder/_PBXObjectEncoder+KeyedContainer.swift /Users/admin/builder/spi-builder-workspace/Sources/XcodeProject/Archiving/Encoder/_PBXObjectEncoder+SingleValueContainer.swift /Users/admin/builder/spi-builder-workspace/Sources/XcodeProject/Archiving/Encoder/_PBXObjectEncoder+UnkeyedContainer.swift /Users/admin/builder/spi-builder-workspace/Sources/XcodeProject/Archiving/Encoder/_PBXObjectEncoder.swift /Users/admin/builder/spi-builder-workspace/Sources/XcodeProject/Archiving/Encoder/_PBXObjectEncodingStorage.swift /Users/admin/builder/spi-builder-workspace/Sources/XcodeProject/Archiving/PBXPListArchiver.swift /Users/admin/builder/spi-builder-workspace/Sources/XcodeProject/Archiving/PBXPListUnarchiver.swift /Users/admin/builder/spi-builder-workspace/Sources/XcodeProject/Archiving/PListArchivable.swift /Users/admin/builder/spi-builder-workspace/Sources/XcodeProject/Archiving/PropertyList.swift /Users/admin/builder/spi-builder-workspace/Sources/XcodeProject/Extensions/Sequence+Extension.swift /Users/admin/builder/spi-builder-workspace/Sources/XcodeProject/Extensions/String+Extensions.swift /Users/admin/builder/spi-builder-workspace/Sources/XcodeProject/Objects+Extensions/PBXBuildPhase+Sorting.swift /Users/admin/builder/spi-builder-workspace/Sources/XcodeProject/Objects+Extensions/PBXGroup+FolderSync.swift /Users/admin/builder/spi-builder-workspace/Sources/XcodeProject/Objects+Extensions/PBXGroup+Sorting.swift /Users/admin/builder/spi-builder-workspace/Sources/XcodeProject/Objects+Extensions/PBXProject+Helpers.swift /Users/admin/builder/spi-builder-workspace/Sources/XcodeProject/Objects+Extensions/PBXReference+Extensions.swift /Users/admin/builder/spi-builder-workspace/Sources/XcodeProject/Objects+Extensions/PBXTarget+Extensions.swift /Users/admin/builder/spi-builder-workspace/Sources/XcodeProject/Objects/Build\ Phases/PBXBuildPhase.swift /Users/admin/builder/spi-builder-workspace/Sources/XcodeProject/Objects/Build\ Phases/PBXCopyFilesBuildPhase.swift /Users/admin/builder/spi-builder-workspace/Sources/XcodeProject/Objects/Build\ Phases/PBXFrameworksBuildPhase.swift /Users/admin/builder/spi-builder-workspace/Sources/XcodeProject/Objects/Build\ Phases/PBXHeadersBuildPhase.swift /Users/admin/builder/spi-builder-workspace/Sources/XcodeProject/Objects/Build\ Phases/PBXResourcesBuildPhase.swift /Users/admin/builder/spi-builder-workspace/Sources/XcodeProject/Objects/Build\ Phases/PBXShellScriptBuildPhase.swift /Users/admin/builder/spi-builder-workspace/Sources/XcodeProject/Objects/Build\ Phases/PBXSourcesBuildPhase.swift /Users/admin/builder/spi-builder-workspace/Sources/XcodeProject/Objects/PBXBuildFile.swift /Users/admin/builder/spi-builder-workspace/Sources/XcodeProject/Objects/PBXBuildRule.swift /Users/admin/builder/spi-builder-workspace/Sources/XcodeProject/Objects/PBXContainerItem.swift /Users/admin/builder/spi-builder-workspace/Sources/XcodeProject/Objects/PBXContainerItemProxy.swift /Users/admin/builder/spi-builder-workspace/Sources/XcodeProject/Objects/PBXFileType.swift /Users/admin/builder/spi-builder-workspace/Sources/XcodeProject/Objects/PBXGlobalID+Generator.swift /Users/admin/builder/spi-builder-workspace/Sources/XcodeProject/Objects/PBXGlobalID.swift /Users/admin/builder/spi-builder-workspace/Sources/XcodeProject/Objects/PBXObject.swift /Users/admin/builder/spi-builder-workspace/Sources/XcodeProject/Objects/PBXProductDependency.swift /Users/admin/builder/spi-builder-workspace/Sources/XcodeProject/Objects/PBXProject.swift /Users/admin/builder/spi-builder-workspace/Sources/XcodeProject/Objects/PBXTargetDependency.swift /Users/admin/builder/spi-builder-workspace/Sources/XcodeProject/Objects/References/PBXFileReference.swift /Users/admin/builder/spi-builder-workspace/Sources/XcodeProject/Objects/References/PBXGroup.swift /Users/admin/builder/spi-builder-workspace/Sources/XcodeProject/Objects/References/PBXReference.swift /Users/admin/builder/spi-builder-workspace/Sources/XcodeProject/Objects/References/PBXReferenceProxy.swift /Users/admin/builder/spi-builder-workspace/Sources/XcodeProject/Objects/References/PBXVariantGroup.swift /Users/admin/builder/spi-builder-workspace/Sources/XcodeProject/Objects/References/XCVersionGroup.swift /Users/admin/builder/spi-builder-workspace/Sources/XcodeProject/Objects/Swift\ Package/XCLocalSwiftPackageReference.swift /Users/admin/builder/spi-builder-workspace/Sources/XcodeProject/Objects/Swift\ Package/XCRemoteSwiftPackageReference.swift /Users/admin/builder/spi-builder-workspace/Sources/XcodeProject/Objects/Swift\ Package/XCSwiftPackageProductDependency.swift /Users/admin/builder/spi-builder-workspace/Sources/XcodeProject/Objects/Swift\ Package/XCSwiftPackageReference.swift /Users/admin/builder/spi-builder-workspace/Sources/XcodeProject/Objects/Targets/PBXAggregateTarget.swift /Users/admin/builder/spi-builder-workspace/Sources/XcodeProject/Objects/Targets/PBXLegacyTarget.swift /Users/admin/builder/spi-builder-workspace/Sources/XcodeProject/Objects/Targets/PBXNativeTarget.swift /Users/admin/builder/spi-builder-workspace/Sources/XcodeProject/Objects/Targets/PBXTarget.swift -primary-file /Users/admin/builder/spi-builder-workspace/Sources/XcodeProject/Objects/XCBuildConfiguration.swift -primary-file /Users/admin/builder/spi-builder-workspace/Sources/XcodeProject/Objects/XCConfigurationList.swift -primary-file /Users/admin/builder/spi-builder-workspace/Sources/XcodeProject/Objects/XCProjectReferenceInfo.swift -primary-file /Users/admin/builder/spi-builder-workspace/Sources/XcodeProject/ProjectFile.swift -primary-file /Users/admin/builder/spi-builder-workspace/Sources/XcodeProject/Workspace.swift -supplementary-output-file-map /Users/admin/builder/spi-builder-workspace/.derivedData/Build/Intermediates.noindex/XcodeProject.build/Debug-watchos/XcodeProject-t.build/Objects-normal/arm64_32/supplementaryOutputs-16 -target arm64_32-apple-watchos9.0 -module-can-import-version CoreServices 1226.0.0 1226.0.0 -disable-cross-import-overlay-search -load-resolved-plugin /Applications/Xcode-27.0.0-Release.Candidate.app/Contents/Developer/Platforms/WatchOS.platform/Developer/usr/lib/swift/host/plugins/libFoundationMacros.dylib\#/Applications/Xcode-27.0.0-Release.Candidate.app/Contents/Developer/Platforms/WatchOS.platform/Developer/usr/bin/swift-plugin-server\#FoundationMacros -load-resolved-plugin /Applications/Xcode-27.0.0-Release.Candidate.app/Contents/Developer/Platforms/WatchOS.platform/Developer/usr/lib/swift/host/plugins/libObservationMacros.dylib\#/Applications/Xcode-27.0.0-Release.Candidate.app/Contents/Developer/Platforms/WatchOS.platform/Developer/usr/bin/swift-plugin-server\#ObservationMacros -load-resolved-plugin /Applications/Xcode-27.0.0-Release.Candidate.app/Contents/Developer/Platforms/WatchOS.platform/Developer/usr/lib/swift/host/plugins/libSwiftMacros.dylib\#/Applications/Xcode-27.0.0-Release.Candidate.app/Contents/Developer/Platforms/WatchOS.platform/Developer/usr/bin/swift-plugin-server\#SwiftMacros -disable-implicit-swift-modules -Xcc -fno-implicit-modules -Xcc -fno-implicit-module-maps -explicit-swift-module-map-file /Users/admin/builder/spi-builder-workspace/.derivedData/Build/Intermediates.noindex/XcodeProject.build/Debug-watchos/XcodeProject-t.build/Objects-normal/arm64_32/XcodeProject-dependencies-1.json -enable-objc-interop -sdk /Applications/Xcode-27.0.0-Release.Candidate.app/Contents/Developer/Platforms/WatchOS.platform/Developer/SDKs/WatchOS27.0.sdk -I /Users/admin/builder/spi-builder-workspace/.derivedData/Build/Products/Debug-watchos -Isystem /Applications/Xcode-27.0.0-Release.Candidate.app/Contents/Developer/Platforms/WatchOS.platform/Developer/usr/lib -F /Users/admin/builder/spi-builder-workspace/.derivedData/Build/Products/Debug-watchos/PackageFrameworks -F /Users/admin/builder/spi-builder-workspace/.derivedData/Build/Products/Debug-watchos -F /Applications/Xcode-27.0.0-Release.Candidate.app/Contents/Developer/Platforms/WatchOS.platform/Developer/Library/Frameworks -F /Applications/Xcode-27.0.0-Release.Candidate.app/Contents/Developer/Platforms/WatchOS.platform/Developer/SDKs/WatchOS27.0.sdk/Developer/Library/Frameworks -module-cache-path /Users/admin/builder/spi-builder-workspace/.derivedData/Build/Intermediates.noindex/SwiftExplicitPrecompiledModules -no-color-diagnostics -Xcc -fno-color-diagnostics -enable-testing -g -debug-info-format\=dwarf -dwarf-version\=4 -profile-generate -profile-coverage-mapping -swift-version 5 -Onone -D SWIFT_PACKAGE -D DEBUG -D SWIFT_MODULE_RESOURCE_BUNDLE_UNAVAILABLE -D Xcode -serialize-debugging-options -enable-experimental-feature DebugDescriptionMacro -empty-abi-descriptor -validate-clang-modules-once -clang-build-session-file /Users/admin/builder/spi-builder-workspace/.derivedData/ModuleCache.noindex/Session.modulevalidation -Xcc -working-directory -Xcc /Users/admin/builder/spi-builder-workspace/.swiftpm/xcode -enable-anonymous-context-mangled-names -file-compilation-dir /Users/admin/builder/spi-builder-workspace/.swiftpm/xcode -Xcc -D_LIBCPP_HARDENING_MODE\=_LIBCPP_HARDENING_MODE_DEBUG -Xcc -ivfsstatcache -Xcc /Users/admin/builder/spi-builder-workspace/.derivedData/SDKStatCaches.noindex/watchos27.0-24R360-e829b21a6f8c9b70876ba0858053c04477534ef55a1706bf4c1112bbb242f0a2.sdkstatcache -Xcc -fmodules-prune-interval\=86400 -Xcc -fmodules-prune-after\=345600 -Xcc -I/Users/admin/builder/spi-builder-workspace/.derivedData/Build/Products/Debug-watchos/include -Xcc -I/Users/admin/builder/spi-builder-workspace/.derivedData/Build/Intermediates.noindex/XcodeProject.build/Debug-watchos/XcodeProject-t.build/DerivedSources-normal/arm64_32 -Xcc -I/Users/admin/builder/spi-builder-workspace/.derivedData/Build/Intermediates.noindex/XcodeProject.build/Debug-watchos/XcodeProject-t.build/DerivedSources/arm64_32 -Xcc -I/Users/admin/builder/spi-builder-workspace/.derivedData/Build/Intermediates.noindex/XcodeProject.build/Debug-watchos/XcodeProject-t.build/DerivedSources -Xcc -DSWIFT_PACKAGE -Xcc -DDEBUG\=1 -no-auto-bridging-header-chaining -module-name XcodeProject -const-gather-protocols-file /Users/admin/builder/spi-builder-workspace/.derivedData/Build/Intermediates.noindex/XcodeProject.build/Debug-watchos/XcodeProject-t.build/Objects-normal/arm64_32/XcodeProject_const_extract_protocols.json -disable-clang-spi -clang-target arm64_32-apple-watchos27.0 -target-sdk-version 27.0 -target-sdk-name watchos27.0 -in-process-plugin-server-path /Applications/Xcode-27.0.0-Release.Candidate.app/Contents/Developer/Toolchains/XcodeDefault.xctoolchain/usr/lib/swift/host/libSwiftInProcPluginServer.dylib -parse-as-library -o /Users/admin/builder/spi-builder-workspace/.derivedData/Build/Intermediates.noindex/XcodeProject.build/Debug-watchos/XcodeProject-t.build/Objects-normal/arm64_32/XCBuildConfiguration.o -o /Users/admin/builder/spi-builder-workspace/.derivedData/Build/Intermediates.noindex/XcodeProject.build/Debug-watchos/XcodeProject-t.build/Objects-normal/arm64_32/XCConfigurationList.o -o /Users/admin/builder/spi-builder-workspace/.derivedData/Build/Intermediates.noindex/XcodeProject.build/Debug-watchos/XcodeProject-t.build/Objects-normal/arm64_32/XCProjectReferenceInfo.o -o /Users/admin/builder/spi-builder-workspace/.derivedData/Build/Intermediates.noindex/XcodeProject.build/Debug-watchos/XcodeProject-t.build/Objects-normal/arm64_32/ProjectFile.o -o /Users/admin/builder/spi-builder-workspace/.derivedData/Build/Intermediates.noindex/XcodeProject.build/Debug-watchos/XcodeProject-t.build/Objects-normal/arm64_32/Workspace.o -debug-module-path /Users/admin/builder/spi-builder-workspace/.derivedData/Build/Intermediates.noindex/XcodeProject.build/Debug-watchos/XcodeProject-t.build/Objects-normal/arm64_32/XcodeProject.swiftmodule -index-unit-output-path /XcodeProject.build/Debug-watchos/XcodeProject-t.build/Objects-normal/arm64_32/XCBuildConfiguration.o -index-unit-output-path /XcodeProject.build/Debug-watchos/XcodeProject-t.build/Objects-normal/arm64_32/XCConfigurationList.o -index-unit-output-path /XcodeProject.build/Debug-watchos/XcodeProject-t.build/Objects-normal/arm64_32/XCProjectReferenceInfo.o -index-unit-output-path /XcodeProject.build/Debug-watchos/XcodeProject-t.build/Objects-normal/arm64_32/ProjectFile.o -index-unit-output-path /XcodeProject.build/Debug-watchos/XcodeProject-t.build/Objects-normal/arm64_32/Workspace.o -index-store-path /Users/admin/builder/spi-builder-workspace/.derivedData/Index.noindex/DataStore -index-system-modules
SwiftCompile normal arm64_32 Compiling\ PBXVariantGroup.swift,\ XCVersionGroup.swift,\ XCLocalSwiftPackageReference.swift,\ XCRemoteSwiftPackageReference.swift,\ XCSwiftPackageProductDependency.swift /Users/admin/builder/spi-builder-workspace/Sources/XcodeProject/Objects/References/PBXVariantGroup.swift /Users/admin/builder/spi-builder-workspace/Sources/XcodeProject/Objects/References/XCVersionGroup.swift /Users/admin/builder/spi-builder-workspace/Sources/XcodeProject/Objects/Swift\ Package/XCLocalSwiftPackageReference.swift /Users/admin/builder/spi-builder-workspace/Sources/XcodeProject/Objects/Swift\ Package/XCRemoteSwiftPackageReference.swift /Users/admin/builder/spi-builder-workspace/Sources/XcodeProject/Objects/Swift\ Package/XCSwiftPackageProductDependency.swift (in target 'XcodeProject' from project 'XcodeProject')
SwiftCompile normal arm64_32 /Users/admin/builder/spi-builder-workspace/Sources/XcodeProject/Objects/References/PBXVariantGroup.swift (in target 'XcodeProject' from project 'XcodeProject')
cd /Users/admin/builder/spi-builder-workspace/.swiftpm/xcode
builtin-SwiftPerFileCompile PBXVariantGroup.swift
SwiftCompile normal arm64_32 /Users/admin/builder/spi-builder-workspace/Sources/XcodeProject/Objects/References/XCVersionGroup.swift (in target 'XcodeProject' from project 'XcodeProject')
cd /Users/admin/builder/spi-builder-workspace/.swiftpm/xcode
builtin-SwiftPerFileCompile XCVersionGroup.swift
SwiftCompile normal arm64_32 /Users/admin/builder/spi-builder-workspace/Sources/XcodeProject/Objects/Swift\ Package/XCLocalSwiftPackageReference.swift (in target 'XcodeProject' from project 'XcodeProject')
cd /Users/admin/builder/spi-builder-workspace/.swiftpm/xcode
builtin-SwiftPerFileCompile XCLocalSwiftPackageReference.swift
SwiftCompile normal arm64_32 /Users/admin/builder/spi-builder-workspace/Sources/XcodeProject/Objects/Swift\ Package/XCRemoteSwiftPackageReference.swift (in target 'XcodeProject' from project 'XcodeProject')
cd /Users/admin/builder/spi-builder-workspace/.swiftpm/xcode
builtin-SwiftPerFileCompile XCRemoteSwiftPackageReference.swift
SwiftCompile normal arm64_32 /Users/admin/builder/spi-builder-workspace/Sources/XcodeProject/Objects/Swift\ Package/XCSwiftPackageProductDependency.swift (in target 'XcodeProject' from project 'XcodeProject')
cd /Users/admin/builder/spi-builder-workspace/.swiftpm/xcode
builtin-SwiftPerFileCompile XCSwiftPackageProductDependency.swift
SwiftEmitModule normal arm64_32 Emitting\ module\ for\ XcodeProject (in target 'XcodeProject' from project 'XcodeProject')
SwiftCompile normal arm64_32 (in target 'XcodeProject' from project 'XcodeProject')
cd /Users/admin/builder/spi-builder-workspace/.swiftpm/xcode
SwiftCompile normal arm64_32 Compiling\ PBXTarget+Extensions.swift,\ PBXBuildPhase.swift,\ PBXCopyFilesBuildPhase.swift,\ PBXFrameworksBuildPhase.swift,\ PBXHeadersBuildPhase.swift,\ PBXResourcesBuildPhase.swift /Users/admin/builder/spi-builder-workspace/Sources/XcodeProject/Objects+Extensions/PBXTarget+Extensions.swift /Users/admin/builder/spi-builder-workspace/Sources/XcodeProject/Objects/Build\ Phases/PBXBuildPhase.swift /Users/admin/builder/spi-builder-workspace/Sources/XcodeProject/Objects/Build\ Phases/PBXCopyFilesBuildPhase.swift /Users/admin/builder/spi-builder-workspace/Sources/XcodeProject/Objects/Build\ Phases/PBXFrameworksBuildPhase.swift /Users/admin/builder/spi-builder-workspace/Sources/XcodeProject/Objects/Build\ Phases/PBXHeadersBuildPhase.swift /Users/admin/builder/spi-builder-workspace/Sources/XcodeProject/Objects/Build\ Phases/PBXResourcesBuildPhase.swift (in target 'XcodeProject' from project 'XcodeProject')
SwiftCompile normal arm64_32 /Users/admin/builder/spi-builder-workspace/Sources/XcodeProject/Objects+Extensions/PBXTarget+Extensions.swift (in target 'XcodeProject' from project 'XcodeProject')
cd /Users/admin/builder/spi-builder-workspace/.swiftpm/xcode
builtin-SwiftPerFileCompile PBXTarget+Extensions.swift
SwiftCompile normal arm64_32 /Users/admin/builder/spi-builder-workspace/Sources/XcodeProject/Objects/Build\ Phases/PBXBuildPhase.swift (in target 'XcodeProject' from project 'XcodeProject')
cd /Users/admin/builder/spi-builder-workspace/.swiftpm/xcode
builtin-SwiftPerFileCompile PBXBuildPhase.swift
SwiftCompile normal arm64_32 /Users/admin/builder/spi-builder-workspace/Sources/XcodeProject/Objects/Build\ Phases/PBXCopyFilesBuildPhase.swift (in target 'XcodeProject' from project 'XcodeProject')
cd /Users/admin/builder/spi-builder-workspace/.swiftpm/xcode
builtin-SwiftPerFileCompile PBXCopyFilesBuildPhase.swift
SwiftCompile normal arm64_32 /Users/admin/builder/spi-builder-workspace/Sources/XcodeProject/Objects/Build\ Phases/PBXFrameworksBuildPhase.swift (in target 'XcodeProject' from project 'XcodeProject')
cd /Users/admin/builder/spi-builder-workspace/.swiftpm/xcode
builtin-SwiftPerFileCompile PBXFrameworksBuildPhase.swift
SwiftCompile normal arm64_32 /Users/admin/builder/spi-builder-workspace/Sources/XcodeProject/Objects/Build\ Phases/PBXHeadersBuildPhase.swift (in target 'XcodeProject' from project 'XcodeProject')
cd /Users/admin/builder/spi-builder-workspace/.swiftpm/xcode
builtin-SwiftPerFileCompile PBXHeadersBuildPhase.swift
SwiftCompile normal arm64_32 /Users/admin/builder/spi-builder-workspace/Sources/XcodeProject/Objects/Build\ Phases/PBXResourcesBuildPhase.swift (in target 'XcodeProject' from project 'XcodeProject')
cd /Users/admin/builder/spi-builder-workspace/.swiftpm/xcode
builtin-SwiftPerFileCompile PBXResourcesBuildPhase.swift
SwiftCompile normal arm64_32 Compiling\ String+Extensions.swift,\ PBXBuildPhase+Sorting.swift,\ PBXGroup+FolderSync.swift,\ PBXGroup+Sorting.swift,\ PBXProject+Helpers.swift,\ PBXReference+Extensions.swift /Users/admin/builder/spi-builder-workspace/Sources/XcodeProject/Extensions/String+Extensions.swift /Users/admin/builder/spi-builder-workspace/Sources/XcodeProject/Objects+Extensions/PBXBuildPhase+Sorting.swift /Users/admin/builder/spi-builder-workspace/Sources/XcodeProject/Objects+Extensions/PBXGroup+FolderSync.swift /Users/admin/builder/spi-builder-workspace/Sources/XcodeProject/Objects+Extensions/PBXGroup+Sorting.swift /Users/admin/builder/spi-builder-workspace/Sources/XcodeProject/Objects+Extensions/PBXProject+Helpers.swift /Users/admin/builder/spi-builder-workspace/Sources/XcodeProject/Objects+Extensions/PBXReference+Extensions.swift (in target 'XcodeProject' from project 'XcodeProject')
SwiftCompile normal arm64_32 /Users/admin/builder/spi-builder-workspace/Sources/XcodeProject/Extensions/String+Extensions.swift (in target 'XcodeProject' from project 'XcodeProject')
cd /Users/admin/builder/spi-builder-workspace/.swiftpm/xcode
builtin-SwiftPerFileCompile String+Extensions.swift
SwiftCompile normal arm64_32 /Users/admin/builder/spi-builder-workspace/Sources/XcodeProject/Objects+Extensions/PBXBuildPhase+Sorting.swift (in target 'XcodeProject' from project 'XcodeProject')
cd /Users/admin/builder/spi-builder-workspace/.swiftpm/xcode
builtin-SwiftPerFileCompile PBXBuildPhase+Sorting.swift
SwiftCompile normal arm64_32 /Users/admin/builder/spi-builder-workspace/Sources/XcodeProject/Objects+Extensions/PBXGroup+FolderSync.swift (in target 'XcodeProject' from project 'XcodeProject')
cd /Users/admin/builder/spi-builder-workspace/.swiftpm/xcode
builtin-SwiftPerFileCompile PBXGroup+FolderSync.swift
SwiftCompile normal arm64_32 /Users/admin/builder/spi-builder-workspace/Sources/XcodeProject/Objects+Extensions/PBXGroup+Sorting.swift (in target 'XcodeProject' from project 'XcodeProject')
cd /Users/admin/builder/spi-builder-workspace/.swiftpm/xcode
builtin-SwiftPerFileCompile PBXGroup+Sorting.swift
SwiftCompile normal arm64_32 /Users/admin/builder/spi-builder-workspace/Sources/XcodeProject/Objects+Extensions/PBXProject+Helpers.swift (in target 'XcodeProject' from project 'XcodeProject')
cd /Users/admin/builder/spi-builder-workspace/.swiftpm/xcode
builtin-SwiftPerFileCompile PBXProject+Helpers.swift
SwiftCompile normal arm64_32 /Users/admin/builder/spi-builder-workspace/Sources/XcodeProject/Objects+Extensions/PBXReference+Extensions.swift (in target 'XcodeProject' from project 'XcodeProject')
cd /Users/admin/builder/spi-builder-workspace/.swiftpm/xcode
builtin-SwiftPerFileCompile PBXReference+Extensions.swift
SwiftCompile normal arm64_32 Compiling\ XCSwiftPackageReference.swift,\ PBXAggregateTarget.swift,\ PBXLegacyTarget.swift,\ PBXNativeTarget.swift,\ PBXTarget.swift /Users/admin/builder/spi-builder-workspace/Sources/XcodeProject/Objects/Swift\ Package/XCSwiftPackageReference.swift /Users/admin/builder/spi-builder-workspace/Sources/XcodeProject/Objects/Targets/PBXAggregateTarget.swift /Users/admin/builder/spi-builder-workspace/Sources/XcodeProject/Objects/Targets/PBXLegacyTarget.swift /Users/admin/builder/spi-builder-workspace/Sources/XcodeProject/Objects/Targets/PBXNativeTarget.swift /Users/admin/builder/spi-builder-workspace/Sources/XcodeProject/Objects/Targets/PBXTarget.swift (in target 'XcodeProject' from project 'XcodeProject')
SwiftCompile normal arm64_32 /Users/admin/builder/spi-builder-workspace/Sources/XcodeProject/Objects/Swift\ Package/XCSwiftPackageReference.swift (in target 'XcodeProject' from project 'XcodeProject')
cd /Users/admin/builder/spi-builder-workspace/.swiftpm/xcode
builtin-SwiftPerFileCompile XCSwiftPackageReference.swift
SwiftCompile normal arm64_32 /Users/admin/builder/spi-builder-workspace/Sources/XcodeProject/Objects/Targets/PBXAggregateTarget.swift (in target 'XcodeProject' from project 'XcodeProject')
cd /Users/admin/builder/spi-builder-workspace/.swiftpm/xcode
builtin-SwiftPerFileCompile PBXAggregateTarget.swift
SwiftCompile normal arm64_32 /Users/admin/builder/spi-builder-workspace/Sources/XcodeProject/Objects/Targets/PBXLegacyTarget.swift (in target 'XcodeProject' from project 'XcodeProject')
cd /Users/admin/builder/spi-builder-workspace/.swiftpm/xcode
builtin-SwiftPerFileCompile PBXLegacyTarget.swift
SwiftCompile normal arm64_32 /Users/admin/builder/spi-builder-workspace/Sources/XcodeProject/Objects/Targets/PBXNativeTarget.swift (in target 'XcodeProject' from project 'XcodeProject')
cd /Users/admin/builder/spi-builder-workspace/.swiftpm/xcode
builtin-SwiftPerFileCompile PBXNativeTarget.swift
SwiftCompile normal arm64_32 /Users/admin/builder/spi-builder-workspace/Sources/XcodeProject/Objects/Targets/PBXTarget.swift (in target 'XcodeProject' from project 'XcodeProject')
cd /Users/admin/builder/spi-builder-workspace/.swiftpm/xcode
builtin-SwiftPerFileCompile PBXTarget.swift
SwiftCompile normal arm64_32 Compiling\ _PBXObjectEncodingStorage.swift,\ PBXPListArchiver.swift,\ PBXPListUnarchiver.swift,\ PListArchivable.swift,\ PropertyList.swift,\ Sequence+Extension.swift /Users/admin/builder/spi-builder-workspace/Sources/XcodeProject/Archiving/Encoder/_PBXObjectEncodingStorage.swift /Users/admin/builder/spi-builder-workspace/Sources/XcodeProject/Archiving/PBXPListArchiver.swift /Users/admin/builder/spi-builder-workspace/Sources/XcodeProject/Archiving/PBXPListUnarchiver.swift /Users/admin/builder/spi-builder-workspace/Sources/XcodeProject/Archiving/PListArchivable.swift /Users/admin/builder/spi-builder-workspace/Sources/XcodeProject/Archiving/PropertyList.swift /Users/admin/builder/spi-builder-workspace/Sources/XcodeProject/Extensions/Sequence+Extension.swift (in target 'XcodeProject' from project 'XcodeProject')
/Users/admin/builder/spi-builder-workspace/Sources/XcodeProject/Archiving/PBXPListArchiver.swift:11:33: warning: using 'class' keyword to define a class-constrained protocol is deprecated; use 'AnyObject' instead [#deprecation]
9 | import Foundation
10 |
11 | public protocol StreamWritable: class {
| `- warning: using 'class' keyword to define a class-constrained protocol is deprecated; use 'AnyObject' instead [#deprecation]
12 | func write(_ string: String) throws
13 | }
SwiftCompile normal arm64_32 /Users/admin/builder/spi-builder-workspace/Sources/XcodeProject/Archiving/Encoder/_PBXObjectEncodingStorage.swift (in target 'XcodeProject' from project 'XcodeProject')
cd /Users/admin/builder/spi-builder-workspace/.swiftpm/xcode
builtin-SwiftPerFileCompile _PBXObjectEncodingStorage.swift
SwiftCompile normal arm64_32 /Users/admin/builder/spi-builder-workspace/Sources/XcodeProject/Archiving/PBXPListArchiver.swift (in target 'XcodeProject' from project 'XcodeProject')
cd /Users/admin/builder/spi-builder-workspace/.swiftpm/xcode
builtin-SwiftPerFileCompile PBXPListArchiver.swift
SwiftCompile normal arm64_32 /Users/admin/builder/spi-builder-workspace/Sources/XcodeProject/Archiving/PBXPListUnarchiver.swift (in target 'XcodeProject' from project 'XcodeProject')
cd /Users/admin/builder/spi-builder-workspace/.swiftpm/xcode
builtin-SwiftPerFileCompile PBXPListUnarchiver.swift
SwiftCompile normal arm64_32 /Users/admin/builder/spi-builder-workspace/Sources/XcodeProject/Archiving/PListArchivable.swift (in target 'XcodeProject' from project 'XcodeProject')
cd /Users/admin/builder/spi-builder-workspace/.swiftpm/xcode
builtin-SwiftPerFileCompile PListArchivable.swift
SwiftCompile normal arm64_32 /Users/admin/builder/spi-builder-workspace/Sources/XcodeProject/Archiving/PropertyList.swift (in target 'XcodeProject' from project 'XcodeProject')
cd /Users/admin/builder/spi-builder-workspace/.swiftpm/xcode
builtin-SwiftPerFileCompile PropertyList.swift
SwiftCompile normal arm64_32 /Users/admin/builder/spi-builder-workspace/Sources/XcodeProject/Extensions/Sequence+Extension.swift (in target 'XcodeProject' from project 'XcodeProject')
cd /Users/admin/builder/spi-builder-workspace/.swiftpm/xcode
builtin-SwiftPerFileCompile Sequence+Extension.swift
SwiftCompile normal arm64_32 Compiling\ AnyCodingKey.swift,\ PBXEncoder.swift,\ _PBXObjectEncoder+KeyedContainer.swift,\ _PBXObjectEncoder+SingleValueContainer.swift,\ _PBXObjectEncoder+UnkeyedContainer.swift,\ _PBXObjectEncoder.swift /Users/admin/builder/spi-builder-workspace/Sources/XcodeProject/Archiving/Encoder/AnyCodingKey.swift /Users/admin/builder/spi-builder-workspace/Sources/XcodeProject/Archiving/Encoder/PBXEncoder.swift /Users/admin/builder/spi-builder-workspace/Sources/XcodeProject/Archiving/Encoder/_PBXObjectEncoder+KeyedContainer.swift /Users/admin/builder/spi-builder-workspace/Sources/XcodeProject/Archiving/Encoder/_PBXObjectEncoder+SingleValueContainer.swift /Users/admin/builder/spi-builder-workspace/Sources/XcodeProject/Archiving/Encoder/_PBXObjectEncoder+UnkeyedContainer.swift /Users/admin/builder/spi-builder-workspace/Sources/XcodeProject/Archiving/Encoder/_PBXObjectEncoder.swift (in target 'XcodeProject' from project 'XcodeProject')
SwiftCompile normal arm64_32 /Users/admin/builder/spi-builder-workspace/Sources/XcodeProject/Archiving/Encoder/AnyCodingKey.swift (in target 'XcodeProject' from project 'XcodeProject')
cd /Users/admin/builder/spi-builder-workspace/.swiftpm/xcode
builtin-SwiftPerFileCompile AnyCodingKey.swift
SwiftCompile normal arm64_32 /Users/admin/builder/spi-builder-workspace/Sources/XcodeProject/Archiving/Encoder/PBXEncoder.swift (in target 'XcodeProject' from project 'XcodeProject')
cd /Users/admin/builder/spi-builder-workspace/.swiftpm/xcode
builtin-SwiftPerFileCompile PBXEncoder.swift
SwiftCompile normal arm64_32 /Users/admin/builder/spi-builder-workspace/Sources/XcodeProject/Archiving/Encoder/_PBXObjectEncoder+KeyedContainer.swift (in target 'XcodeProject' from project 'XcodeProject')
cd /Users/admin/builder/spi-builder-workspace/.swiftpm/xcode
builtin-SwiftPerFileCompile _PBXObjectEncoder+KeyedContainer.swift
SwiftCompile normal arm64_32 /Users/admin/builder/spi-builder-workspace/Sources/XcodeProject/Archiving/Encoder/_PBXObjectEncoder+SingleValueContainer.swift (in target 'XcodeProject' from project 'XcodeProject')
cd /Users/admin/builder/spi-builder-workspace/.swiftpm/xcode
builtin-SwiftPerFileCompile _PBXObjectEncoder+SingleValueContainer.swift
SwiftCompile normal arm64_32 /Users/admin/builder/spi-builder-workspace/Sources/XcodeProject/Archiving/Encoder/_PBXObjectEncoder+UnkeyedContainer.swift (in target 'XcodeProject' from project 'XcodeProject')
cd /Users/admin/builder/spi-builder-workspace/.swiftpm/xcode
builtin-SwiftPerFileCompile _PBXObjectEncoder+UnkeyedContainer.swift
SwiftCompile normal arm64_32 /Users/admin/builder/spi-builder-workspace/Sources/XcodeProject/Archiving/Encoder/_PBXObjectEncoder.swift (in target 'XcodeProject' from project 'XcodeProject')
cd /Users/admin/builder/spi-builder-workspace/.swiftpm/xcode
builtin-SwiftPerFileCompile _PBXObjectEncoder.swift
SwiftCompile normal arm64_32 Compiling\ PBXFileType.swift,\ PBXGlobalID+Generator.swift,\ PBXGlobalID.swift,\ PBXObject.swift,\ PBXProductDependency.swift,\ PBXProject.swift /Users/admin/builder/spi-builder-workspace/Sources/XcodeProject/Objects/PBXFileType.swift /Users/admin/builder/spi-builder-workspace/Sources/XcodeProject/Objects/PBXGlobalID+Generator.swift /Users/admin/builder/spi-builder-workspace/Sources/XcodeProject/Objects/PBXGlobalID.swift /Users/admin/builder/spi-builder-workspace/Sources/XcodeProject/Objects/PBXObject.swift /Users/admin/builder/spi-builder-workspace/Sources/XcodeProject/Objects/PBXProductDependency.swift /Users/admin/builder/spi-builder-workspace/Sources/XcodeProject/Objects/PBXProject.swift (in target 'XcodeProject' from project 'XcodeProject')
/Users/admin/builder/spi-builder-workspace/Sources/XcodeProject/Objects/PBXFileType.swift:38:25: warning: 'kUTTypeCHeader' was deprecated in watchOS 8.0: Use UTTypeCHeader or UTType.cHeader (swift) instead. [#DeprecatedDeclaration]
36 |
37 | var isHeader: Bool {
38 | return uniformType == kUTTypeCHeader as String || uniformType == kUTTypeCPlusPlusHeader as String
| `- warning: 'kUTTypeCHeader' was deprecated in watchOS 8.0: Use UTTypeCHeader or UTType.cHeader (swift) instead. [#DeprecatedDeclaration]
39 | }
40 |
/Users/admin/builder/spi-builder-workspace/Sources/XcodeProject/Objects/PBXFileType.swift:38:68: warning: 'kUTTypeCPlusPlusHeader' was deprecated in watchOS 8.0: Use UTTypeCPlusPlusHeader or UTType.cPlusPlusHeader (swift) instead. [#DeprecatedDeclaration]
36 |
37 | var isHeader: Bool {
38 | return uniformType == kUTTypeCHeader as String || uniformType == kUTTypeCPlusPlusHeader as String
| `- warning: 'kUTTypeCPlusPlusHeader' was deprecated in watchOS 8.0: Use UTTypeCPlusPlusHeader or UTType.cPlusPlusHeader (swift) instead. [#DeprecatedDeclaration]
39 | }
40 |
/Users/admin/builder/spi-builder-workspace/Sources/XcodeProject/Objects/PBXFileType.swift:42:10: warning: 'UTTypeConformsTo' was deprecated in watchOS 8.0: Use -[UTType conformsToType:] instead. [#DeprecatedDeclaration]
40 |
41 | var isSource: Bool {
42 | return UTTypeConformsTo(uniformType as CFString, kUTTypeSourceCode)
| `- warning: 'UTTypeConformsTo' was deprecated in watchOS 8.0: Use -[UTType conformsToType:] instead. [#DeprecatedDeclaration]
43 | }
44 |
/Users/admin/builder/spi-builder-workspace/Sources/XcodeProject/Objects/PBXFileType.swift:42:52: warning: 'kUTTypeSourceCode' was deprecated in watchOS 8.0: Use UTTypeSourceCode or UTType.sourceCode (swift) instead. [#DeprecatedDeclaration]
40 |
41 | var isSource: Bool {
42 | return UTTypeConformsTo(uniformType as CFString, kUTTypeSourceCode)
| `- warning: 'kUTTypeSourceCode' was deprecated in watchOS 8.0: Use UTTypeSourceCode or UTType.sourceCode (swift) instead. [#DeprecatedDeclaration]
43 | }
44 |
/Users/admin/builder/spi-builder-workspace/Sources/XcodeProject/Objects/PBXFileType.swift:68:27: warning: 'UTTypeCreatePreferredIdentifierForTag' was deprecated in watchOS 8.0: Use the UTType class instead. [#DeprecatedDeclaration]
66 | public extension PBXFileType {
67 | static func fileType(fileExtension: String) -> PBXFileType? {
68 | guard let uniformType = UTTypeCreatePreferredIdentifierForTag(kUTTagClassFilenameExtension, fileExtension as CFString, nil)?.takeUnretainedValue() as String? else { return nil }
| `- warning: 'UTTypeCreatePreferredIdentifierForTag' was deprecated in watchOS 8.0: Use the UTType class instead. [#DeprecatedDeclaration]
69 | return fileTypes.first {
70 | $0.uniformType == uniformType
SwiftCompile normal arm64_32 /Users/admin/builder/spi-builder-workspace/Sources/XcodeProject/Objects/PBXFileType.swift (in target 'XcodeProject' from project 'XcodeProject')
cd /Users/admin/builder/spi-builder-workspace/.swiftpm/xcode
builtin-SwiftPerFileCompile PBXFileType.swift
SwiftCompile normal arm64_32 /Users/admin/builder/spi-builder-workspace/Sources/XcodeProject/Objects/PBXGlobalID+Generator.swift (in target 'XcodeProject' from project 'XcodeProject')
cd /Users/admin/builder/spi-builder-workspace/.swiftpm/xcode
builtin-SwiftPerFileCompile PBXGlobalID+Generator.swift
SwiftCompile normal arm64_32 /Users/admin/builder/spi-builder-workspace/Sources/XcodeProject/Objects/PBXGlobalID.swift (in target 'XcodeProject' from project 'XcodeProject')
cd /Users/admin/builder/spi-builder-workspace/.swiftpm/xcode
builtin-SwiftPerFileCompile PBXGlobalID.swift
SwiftCompile normal arm64_32 /Users/admin/builder/spi-builder-workspace/Sources/XcodeProject/Objects/PBXObject.swift (in target 'XcodeProject' from project 'XcodeProject')
cd /Users/admin/builder/spi-builder-workspace/.swiftpm/xcode
builtin-SwiftPerFileCompile PBXObject.swift
SwiftCompile normal arm64_32 /Users/admin/builder/spi-builder-workspace/Sources/XcodeProject/Objects/PBXProductDependency.swift (in target 'XcodeProject' from project 'XcodeProject')
cd /Users/admin/builder/spi-builder-workspace/.swiftpm/xcode
builtin-SwiftPerFileCompile PBXProductDependency.swift
SwiftCompile normal arm64_32 /Users/admin/builder/spi-builder-workspace/Sources/XcodeProject/Objects/PBXProject.swift (in target 'XcodeProject' from project 'XcodeProject')
cd /Users/admin/builder/spi-builder-workspace/.swiftpm/xcode
builtin-SwiftPerFileCompile PBXProject.swift
SwiftCompile normal arm64_32 Compiling\ PBXShellScriptBuildPhase.swift,\ PBXSourcesBuildPhase.swift,\ PBXBuildFile.swift,\ PBXBuildRule.swift,\ PBXContainerItem.swift,\ PBXContainerItemProxy.swift /Users/admin/builder/spi-builder-workspace/Sources/XcodeProject/Objects/Build\ Phases/PBXShellScriptBuildPhase.swift /Users/admin/builder/spi-builder-workspace/Sources/XcodeProject/Objects/Build\ Phases/PBXSourcesBuildPhase.swift /Users/admin/builder/spi-builder-workspace/Sources/XcodeProject/Objects/PBXBuildFile.swift /Users/admin/builder/spi-builder-workspace/Sources/XcodeProject/Objects/PBXBuildRule.swift /Users/admin/builder/spi-builder-workspace/Sources/XcodeProject/Objects/PBXContainerItem.swift /Users/admin/builder/spi-builder-workspace/Sources/XcodeProject/Objects/PBXContainerItemProxy.swift (in target 'XcodeProject' from project 'XcodeProject')
SwiftCompile normal arm64_32 /Users/admin/builder/spi-builder-workspace/Sources/XcodeProject/Objects/Build\ Phases/PBXShellScriptBuildPhase.swift (in target 'XcodeProject' from project 'XcodeProject')
cd /Users/admin/builder/spi-builder-workspace/.swiftpm/xcode
builtin-SwiftPerFileCompile PBXShellScriptBuildPhase.swift
SwiftCompile normal arm64_32 /Users/admin/builder/spi-builder-workspace/Sources/XcodeProject/Objects/Build\ Phases/PBXSourcesBuildPhase.swift (in target 'XcodeProject' from project 'XcodeProject')
cd /Users/admin/builder/spi-builder-workspace/.swiftpm/xcode
builtin-SwiftPerFileCompile PBXSourcesBuildPhase.swift
SwiftCompile normal arm64_32 /Users/admin/builder/spi-builder-workspace/Sources/XcodeProject/Objects/PBXBuildFile.swift (in target 'XcodeProject' from project 'XcodeProject')
cd /Users/admin/builder/spi-builder-workspace/.swiftpm/xcode
builtin-SwiftPerFileCompile PBXBuildFile.swift
SwiftCompile normal arm64_32 /Users/admin/builder/spi-builder-workspace/Sources/XcodeProject/Objects/PBXBuildRule.swift (in target 'XcodeProject' from project 'XcodeProject')
cd /Users/admin/builder/spi-builder-workspace/.swiftpm/xcode
builtin-SwiftPerFileCompile PBXBuildRule.swift
SwiftCompile normal arm64_32 /Users/admin/builder/spi-builder-workspace/Sources/XcodeProject/Objects/PBXContainerItem.swift (in target 'XcodeProject' from project 'XcodeProject')
cd /Users/admin/builder/spi-builder-workspace/.swiftpm/xcode
builtin-SwiftPerFileCompile PBXContainerItem.swift
SwiftCompile normal arm64_32 /Users/admin/builder/spi-builder-workspace/Sources/XcodeProject/Objects/PBXContainerItemProxy.swift (in target 'XcodeProject' from project 'XcodeProject')
cd /Users/admin/builder/spi-builder-workspace/.swiftpm/xcode
builtin-SwiftPerFileCompile PBXContainerItemProxy.swift
SwiftEmitModule normal arm64 Emitting\ module\ for\ XcodeProject (in target 'XcodeProject' from project 'XcodeProject')
SwiftCompile normal arm64 (in target 'XcodeProject' from project 'XcodeProject')
cd /Users/admin/builder/spi-builder-workspace/.swiftpm/xcode
PruneExplicitPrecompiledModules /Users/admin/builder/spi-builder-workspace/.derivedData/Build/Intermediates.noindex/SwiftExplicitPrecompiledModules
PruneExplicitPrecompiledModules /Users/admin/builder/spi-builder-workspace/.derivedData/SDKExplicitPrecompiledModules
PruneExplicitPrecompiledModules /Users/admin/builder/spi-builder-workspace/.derivedData/Build/Intermediates.noindex/ExplicitPrecompiledModules
2026-09-16 07:43:32.238 xcodebuild[725:4546] [MT] IDERunDestination: Supported platforms for the buildables in the current scheme is empty.
** BUILD FAILED **
The following build commands failed:
SwiftCompile normal arm64_32 /Users/admin/builder/spi-builder-workspace/Sources/XcodeProject/Workspace.swift (in target 'XcodeProject' from project 'XcodeProject')
SwiftCompile normal arm64_32 Compiling\ XCBuildConfiguration.swift,\ XCConfigurationList.swift,\ XCProjectReferenceInfo.swift,\ ProjectFile.swift,\ Workspace.swift /Users/admin/builder/spi-builder-workspace/Sources/XcodeProject/Objects/XCBuildConfiguration.swift /Users/admin/builder/spi-builder-workspace/Sources/XcodeProject/Objects/XCConfigurationList.swift /Users/admin/builder/spi-builder-workspace/Sources/XcodeProject/Objects/XCProjectReferenceInfo.swift /Users/admin/builder/spi-builder-workspace/Sources/XcodeProject/ProjectFile.swift /Users/admin/builder/spi-builder-workspace/Sources/XcodeProject/Workspace.swift (in target 'XcodeProject' from project 'XcodeProject')
Building workspace XcodeProject with scheme XcodeProject
(3 failures)
Command line invocation:
/Applications/Xcode-27.0.0-Release.Candidate.app/Contents/Developer/usr/bin/xcodebuild -IDEClonedSourcePackagesDirPathOverride=/Users/admin/builder/spi-builder-workspace/.dependencies -resolvePackageDependencies
Resolve Package Graph
Resolved source packages:
Version: https://github.com/mxcl/Version.git @ 1.2.0
ObjectCoder: https://github.com/g-Off/ObjectCoder.git @ 0.1.0
XcodeProject: /Users/admin/builder/spi-builder-workspace
resolved source packages: Version, ObjectCoder, XcodeProject
2026-09-16 07:43:40.076 xcodebuild[866:5286] [MT] IDERunDestination: Supported platforms for the buildables in the current scheme is empty.
{
"dependencies" : [
{
"identity" : "objectcoder",
"requirement" : {
"exact" : [
"0.1.0"
]
},
"type" : "sourceControl",
"url" : "https://github.com/g-Off/ObjectCoder.git"
},
{
"identity" : "version",
"requirement" : {
"range" : [
{
"lower_bound" : "1.0.0",
"upper_bound" : "2.0.0"
}
]
},
"type" : "sourceControl",
"url" : "https://github.com/mxcl/Version.git"
}
],
"manifest_display_name" : "XcodeProject",
"name" : "XcodeProject",
"path" : "/Users/admin/builder/spi-builder-workspace",
"platforms" : [
{
"name" : "macos",
"version" : "10.14"
}
],
"products" : [
{
"name" : "XcodeProject",
"targets" : [
"XcodeProject"
],
"type" : {
"library" : [
"automatic"
]
}
}
],
"targets" : [
{
"c99name" : "XcodeProjectTests",
"module_type" : "SwiftTarget",
"name" : "XcodeProjectTests",
"path" : "Tests/XcodeProjectTests",
"sources" : [
"PBXGlobalIDTests.swift",
"XCTestManifests.swift",
"XcodeProjectTests.swift"
],
"target_dependencies" : [
"XcodeProject"
],
"type" : "test"
},
{
"c99name" : "XcodeProject",
"module_type" : "SwiftTarget",
"name" : "XcodeProject",
"path" : "Sources/XcodeProject",
"product_dependencies" : [
"ObjectCoder",
"Version"
],
"product_memberships" : [
"XcodeProject"
],
"sources" : [
"Archiving/Encoder/AnyCodingKey.swift",
"Archiving/Encoder/PBXEncoder.swift",
"Archiving/Encoder/_PBXObjectEncoder+KeyedContainer.swift",
"Archiving/Encoder/_PBXObjectEncoder+SingleValueContainer.swift",
"Archiving/Encoder/_PBXObjectEncoder+UnkeyedContainer.swift",
"Archiving/Encoder/_PBXObjectEncoder.swift",
"Archiving/Encoder/_PBXObjectEncodingStorage.swift",
"Archiving/PBXPListArchiver.swift",
"Archiving/PBXPListUnarchiver.swift",
"Archiving/PListArchivable.swift",
"Archiving/PropertyList.swift",
"Extensions/Sequence+Extension.swift",
"Extensions/String+Extensions.swift",
"Objects+Extensions/PBXBuildPhase+Sorting.swift",
"Objects+Extensions/PBXGroup+FolderSync.swift",
"Objects+Extensions/PBXGroup+Sorting.swift",
"Objects+Extensions/PBXProject+Helpers.swift",
"Objects+Extensions/PBXReference+Extensions.swift",
"Objects+Extensions/PBXTarget+Extensions.swift",
"Objects/Build Phases/PBXBuildPhase.swift",
"Objects/Build Phases/PBXCopyFilesBuildPhase.swift",
"Objects/Build Phases/PBXFrameworksBuildPhase.swift",
"Objects/Build Phases/PBXHeadersBuildPhase.swift",
"Objects/Build Phases/PBXResourcesBuildPhase.swift",
"Objects/Build Phases/PBXShellScriptBuildPhase.swift",
"Objects/Build Phases/PBXSourcesBuildPhase.swift",
"Objects/PBXBuildFile.swift",
"Objects/PBXBuildRule.swift",
"Objects/PBXContainerItem.swift",
"Objects/PBXContainerItemProxy.swift",
"Objects/PBXFileType.swift",
"Objects/PBXGlobalID+Generator.swift",
"Objects/PBXGlobalID.swift",
"Objects/PBXObject.swift",
"Objects/PBXProductDependency.swift",
"Objects/PBXProject.swift",
"Objects/PBXTargetDependency.swift",
"Objects/References/PBXFileReference.swift",
"Objects/References/PBXGroup.swift",
"Objects/References/PBXReference.swift",
"Objects/References/PBXReferenceProxy.swift",
"Objects/References/PBXVariantGroup.swift",
"Objects/References/XCVersionGroup.swift",
"Objects/Swift Package/XCLocalSwiftPackageReference.swift",
"Objects/Swift Package/XCRemoteSwiftPackageReference.swift",
"Objects/Swift Package/XCSwiftPackageProductDependency.swift",
"Objects/Swift Package/XCSwiftPackageReference.swift",
"Objects/Targets/PBXAggregateTarget.swift",
"Objects/Targets/PBXLegacyTarget.swift",
"Objects/Targets/PBXNativeTarget.swift",
"Objects/Targets/PBXTarget.swift",
"Objects/XCBuildConfiguration.swift",
"Objects/XCConfigurationList.swift",
"Objects/XCProjectReferenceInfo.swift",
"ProjectFile.swift",
"Workspace.swift"
],
"type" : "library"
}
],
"tools_version" : "5.0"
}
{
"workspace" : {
"name" : "XcodeProject",
"schemes" : [
"XcodeProject"
]
}
}
2026-09-16 07:43:41.323 xcodebuild[874:5352] [MT] IDERunDestination: Supported platforms for the buildables in the current scheme is empty.
Running build ...
env DEVELOPER_DIR=/Applications/Xcode-27.0.0-Release.Candidate.app xcrun xcodebuild -IDEClonedSourcePackagesDirPathOverride=$PWD/.dependencies -skipMacroValidation -skipPackagePluginValidation -derivedDataPath $PWD/.derivedData build -scheme XcodeProject -destination generic/platform=watchOS
Command line invocation:
/Applications/Xcode-27.0.0-Release.Candidate.app/Contents/Developer/usr/bin/xcodebuild -IDEClonedSourcePackagesDirPathOverride=/Users/admin/builder/spi-builder-workspace/.dependencies -skipMacroValidation -skipPackagePluginValidation -derivedDataPath /Users/admin/builder/spi-builder-workspace/.derivedData build -scheme XcodeProject -destination generic/platform=watchOS
Resolve Package Graph
Resolved source packages:
Version: https://github.com/mxcl/Version.git @ 1.2.0
XcodeProject: /Users/admin/builder/spi-builder-workspace
ObjectCoder: https://github.com/g-Off/ObjectCoder.git @ 0.1.0
ComputePackagePrebuildTargetDependencyGraph
Prepare packages
CreateBuildRequest
SendProjectDescription
CreateBuildOperation
ComputeTargetDependencyGraph
note: Building targets in dependency order
note: Target dependency graph (6 targets)
Target 'XcodeProject-product' in project 'XcodeProject'
➜ Explicit dependency on target 'XcodeProject' in project 'XcodeProject'
➜ Explicit dependency on target 'ObjectCoder-product' in project 'ObjectCoder'
➜ Explicit dependency on target 'Version-product' in project 'Version'
Target 'XcodeProject' in project 'XcodeProject'
➜ Explicit dependency on target 'ObjectCoder-product' in project 'ObjectCoder'
➜ Explicit dependency on target 'Version-product' in project 'Version'
Target 'Version-product' in project 'Version'
➜ Explicit dependency on target 'Version' in project 'Version'
Target 'Version' in project 'Version' (no dependencies)
Target 'ObjectCoder-product' in project 'ObjectCoder'
➜ Explicit dependency on target 'ObjectCoder' in project 'ObjectCoder'
Target 'ObjectCoder' in project 'ObjectCoder' (no dependencies)
GatherProvisioningInputs
CreateBuildDescription
ClangStatCache /Applications/Xcode-27.0.0-Release.Candidate.app/Contents/Developer/Toolchains/XcodeDefault.xctoolchain/usr/bin/clang-stat-cache /Applications/Xcode-27.0.0-Release.Candidate.app/Contents/Developer/Platforms/WatchOS.platform/Developer/SDKs/WatchOS27.0.sdk /Users/admin/builder/spi-builder-workspace/.derivedData/SDKStatCaches.noindex/watchos27.0-24R360-e829b21a6f8c9b70876ba0858053c04477534ef55a1706bf4c1112bbb242f0a2.sdkstatcache
cd /Users/admin/builder/spi-builder-workspace/.swiftpm/xcode
/Applications/Xcode-27.0.0-Release.Candidate.app/Contents/Developer/Toolchains/XcodeDefault.xctoolchain/usr/bin/clang-stat-cache /Applications/Xcode-27.0.0-Release.Candidate.app/Contents/Developer/Platforms/WatchOS.platform/Developer/SDKs/WatchOS27.0.sdk -o /Users/admin/builder/spi-builder-workspace/.derivedData/SDKStatCaches.noindex/watchos27.0-24R360-e829b21a6f8c9b70876ba0858053c04477534ef55a1706bf4c1112bbb242f0a2.sdkstatcache
SwiftDriver XcodeProject normal arm64 com.apple.xcode.tools.swift.compiler (in target 'XcodeProject' from project 'XcodeProject')
cd /Users/admin/builder/spi-builder-workspace/.swiftpm/xcode
builtin-SwiftDriver -- /Applications/Xcode-27.0.0-Release.Candidate.app/Contents/Developer/Toolchains/XcodeDefault.xctoolchain/usr/bin/swiftc -parse-as-library -module-name XcodeProject -Onone @/Users/admin/builder/spi-builder-workspace/.derivedData/Build/Intermediates.noindex/XcodeProject.build/Debug-watchos/XcodeProject-t.build/Objects-normal/arm64/XcodeProject.SwiftFileList -DSWIFT_PACKAGE -DDEBUG -DSWIFT_MODULE_RESOURCE_BUNDLE_UNAVAILABLE -DXcode -plugin-path /Applications/Xcode-27.0.0-Release.Candidate.app/Contents/Developer/Toolchains/XcodeDefault.xctoolchain/usr/lib/swift/host/plugins/testing -enable-experimental-feature DebugDescriptionMacro -sdk /Applications/Xcode-27.0.0-Release.Candidate.app/Contents/Developer/Platforms/WatchOS.platform/Developer/SDKs/WatchOS27.0.sdk -target arm64-apple-watchos9.0 -g -module-cache-path /Users/admin/builder/spi-builder-workspace/.derivedData/ModuleCache.noindex -Xfrontend -serialize-debugging-options -profile-coverage-mapping -profile-generate -enable-testing -index-store-path /Users/admin/builder/spi-builder-workspace/.derivedData/Index.noindex/DataStore -Xcc -D_LIBCPP_HARDENING_MODE\=_LIBCPP_HARDENING_MODE_DEBUG -swift-version 5 -I /Users/admin/builder/spi-builder-workspace/.derivedData/Build/Products/Debug-watchos -Isystem /Applications/Xcode-27.0.0-Release.Candidate.app/Contents/Developer/Platforms/WatchOS.platform/Developer/usr/lib -F /Users/admin/builder/spi-builder-workspace/.derivedData/Build/Products/Debug-watchos/PackageFrameworks -F /Users/admin/builder/spi-builder-workspace/.derivedData/Build/Products/Debug-watchos -F /Applications/Xcode-27.0.0-Release.Candidate.app/Contents/Developer/Platforms/WatchOS.platform/Developer/Library/Frameworks -F /Applications/Xcode-27.0.0-Release.Candidate.app/Contents/Developer/Platforms/WatchOS.platform/Developer/SDKs/WatchOS27.0.sdk/Developer/Library/Frameworks -c -j10 -enable-batch-mode -incremental -Xcc -ivfsstatcache -Xcc /Users/admin/builder/spi-builder-workspace/.derivedData/SDKStatCaches.noindex/watchos27.0-24R360-e829b21a6f8c9b70876ba0858053c04477534ef55a1706bf4c1112bbb242f0a2.sdkstatcache -output-file-map /Users/admin/builder/spi-builder-workspace/.derivedData/Build/Intermediates.noindex/XcodeProject.build/Debug-watchos/XcodeProject-t.build/Objects-normal/arm64/XcodeProject-OutputFileMap.json -save-temps -no-color-diagnostics -explicit-module-build -module-cache-path /Users/admin/builder/spi-builder-workspace/.derivedData/Build/Intermediates.noindex/SwiftExplicitPrecompiledModules -clang-scanner-module-cache-path /Users/admin/builder/spi-builder-workspace/.derivedData/ModuleCache.noindex -sdk-module-cache-path /Users/admin/builder/spi-builder-workspace/.derivedData/SDKExplicitPrecompiledModules -emit-dependencies -emit-module -emit-module-path /Users/admin/builder/spi-builder-workspace/.derivedData/Build/Intermediates.noindex/XcodeProject.build/Debug-watchos/XcodeProject-t.build/Objects-normal/arm64/XcodeProject.swiftmodule -serialize-diagnostics -dependency-scan-serialize-diagnostics-path /Users/admin/builder/spi-builder-workspace/.derivedData/Build/Intermediates.noindex/XcodeProject.build/Debug-watchos/XcodeProject-t.build/Objects-normal/arm64/XcodeProject-dependency-scan.dia -validate-clang-modules-once -clang-build-session-file /Users/admin/builder/spi-builder-workspace/.derivedData/ModuleCache.noindex/Session.modulevalidation -Xcc -fmodules-prune-interval\=86400 -Xcc -fmodules-prune-after\=345600 -emit-const-values -const-gather-protocols-list /Users/admin/builder/spi-builder-workspace/.derivedData/Build/Intermediates.noindex/XcodeProject.build/Debug-watchos/XcodeProject-t.build/Objects-normal/arm64/XcodeProject_const_extract_protocols.json -Xcc -I/Users/admin/builder/spi-builder-workspace/.derivedData/Build/Products/Debug-watchos/include -Xcc -I/Users/admin/builder/spi-builder-workspace/.derivedData/Build/Intermediates.noindex/XcodeProject.build/Debug-watchos/XcodeProject-t.build/DerivedSources-normal/arm64 -Xcc -I/Users/admin/builder/spi-builder-workspace/.derivedData/Build/Intermediates.noindex/XcodeProject.build/Debug-watchos/XcodeProject-t.build/DerivedSources/arm64 -Xcc -I/Users/admin/builder/spi-builder-workspace/.derivedData/Build/Intermediates.noindex/XcodeProject.build/Debug-watchos/XcodeProject-t.build/DerivedSources -Xcc -DSWIFT_PACKAGE -Xcc -DDEBUG\=1 -emit-objc-header -emit-objc-header-path /Users/admin/builder/spi-builder-workspace/.derivedData/Build/Intermediates.noindex/XcodeProject.build/Debug-watchos/XcodeProject-t.build/Objects-normal/arm64/XcodeProject-Swift.h -working-directory /Users/admin/builder/spi-builder-workspace/.swiftpm/xcode -experimental-emit-module-separately -disable-cmo
SwiftDriver XcodeProject normal arm64_32 com.apple.xcode.tools.swift.compiler (in target 'XcodeProject' from project 'XcodeProject')
cd /Users/admin/builder/spi-builder-workspace/.swiftpm/xcode
builtin-SwiftDriver -- /Applications/Xcode-27.0.0-Release.Candidate.app/Contents/Developer/Toolchains/XcodeDefault.xctoolchain/usr/bin/swiftc -parse-as-library -module-name XcodeProject -Onone @/Users/admin/builder/spi-builder-workspace/.derivedData/Build/Intermediates.noindex/XcodeProject.build/Debug-watchos/XcodeProject-t.build/Objects-normal/arm64_32/XcodeProject.SwiftFileList -DSWIFT_PACKAGE -DDEBUG -DSWIFT_MODULE_RESOURCE_BUNDLE_UNAVAILABLE -DXcode -plugin-path /Applications/Xcode-27.0.0-Release.Candidate.app/Contents/Developer/Toolchains/XcodeDefault.xctoolchain/usr/lib/swift/host/plugins/testing -enable-experimental-feature DebugDescriptionMacro -sdk /Applications/Xcode-27.0.0-Release.Candidate.app/Contents/Developer/Platforms/WatchOS.platform/Developer/SDKs/WatchOS27.0.sdk -target arm64_32-apple-watchos9.0 -g -module-cache-path /Users/admin/builder/spi-builder-workspace/.derivedData/ModuleCache.noindex -Xfrontend -serialize-debugging-options -profile-coverage-mapping -profile-generate -enable-testing -index-store-path /Users/admin/builder/spi-builder-workspace/.derivedData/Index.noindex/DataStore -Xcc -D_LIBCPP_HARDENING_MODE\=_LIBCPP_HARDENING_MODE_DEBUG -swift-version 5 -I /Users/admin/builder/spi-builder-workspace/.derivedData/Build/Products/Debug-watchos -Isystem /Applications/Xcode-27.0.0-Release.Candidate.app/Contents/Developer/Platforms/WatchOS.platform/Developer/usr/lib -F /Users/admin/builder/spi-builder-workspace/.derivedData/Build/Products/Debug-watchos/PackageFrameworks -F /Users/admin/builder/spi-builder-workspace/.derivedData/Build/Products/Debug-watchos -F /Applications/Xcode-27.0.0-Release.Candidate.app/Contents/Developer/Platforms/WatchOS.platform/Developer/Library/Frameworks -F /Applications/Xcode-27.0.0-Release.Candidate.app/Contents/Developer/Platforms/WatchOS.platform/Developer/SDKs/WatchOS27.0.sdk/Developer/Library/Frameworks -c -j10 -enable-batch-mode -incremental -Xcc -ivfsstatcache -Xcc /Users/admin/builder/spi-builder-workspace/.derivedData/SDKStatCaches.noindex/watchos27.0-24R360-e829b21a6f8c9b70876ba0858053c04477534ef55a1706bf4c1112bbb242f0a2.sdkstatcache -output-file-map /Users/admin/builder/spi-builder-workspace/.derivedData/Build/Intermediates.noindex/XcodeProject.build/Debug-watchos/XcodeProject-t.build/Objects-normal/arm64_32/XcodeProject-OutputFileMap.json -save-temps -no-color-diagnostics -explicit-module-build -module-cache-path /Users/admin/builder/spi-builder-workspace/.derivedData/Build/Intermediates.noindex/SwiftExplicitPrecompiledModules -clang-scanner-module-cache-path /Users/admin/builder/spi-builder-workspace/.derivedData/ModuleCache.noindex -sdk-module-cache-path /Users/admin/builder/spi-builder-workspace/.derivedData/SDKExplicitPrecompiledModules -emit-dependencies -emit-module -emit-module-path /Users/admin/builder/spi-builder-workspace/.derivedData/Build/Intermediates.noindex/XcodeProject.build/Debug-watchos/XcodeProject-t.build/Objects-normal/arm64_32/XcodeProject.swiftmodule -serialize-diagnostics -dependency-scan-serialize-diagnostics-path /Users/admin/builder/spi-builder-workspace/.derivedData/Build/Intermediates.noindex/XcodeProject.build/Debug-watchos/XcodeProject-t.build/Objects-normal/arm64_32/XcodeProject-dependency-scan.dia -validate-clang-modules-once -clang-build-session-file /Users/admin/builder/spi-builder-workspace/.derivedData/ModuleCache.noindex/Session.modulevalidation -Xcc -fmodules-prune-interval\=86400 -Xcc -fmodules-prune-after\=345600 -emit-const-values -const-gather-protocols-list /Users/admin/builder/spi-builder-workspace/.derivedData/Build/Intermediates.noindex/XcodeProject.build/Debug-watchos/XcodeProject-t.build/Objects-normal/arm64_32/XcodeProject_const_extract_protocols.json -Xcc -I/Users/admin/builder/spi-builder-workspace/.derivedData/Build/Products/Debug-watchos/include -Xcc -I/Users/admin/builder/spi-builder-workspace/.derivedData/Build/Intermediates.noindex/XcodeProject.build/Debug-watchos/XcodeProject-t.build/DerivedSources-normal/arm64_32 -Xcc -I/Users/admin/builder/spi-builder-workspace/.derivedData/Build/Intermediates.noindex/XcodeProject.build/Debug-watchos/XcodeProject-t.build/DerivedSources/arm64_32 -Xcc -I/Users/admin/builder/spi-builder-workspace/.derivedData/Build/Intermediates.noindex/XcodeProject.build/Debug-watchos/XcodeProject-t.build/DerivedSources -Xcc -DSWIFT_PACKAGE -Xcc -DDEBUG\=1 -emit-objc-header -emit-objc-header-path /Users/admin/builder/spi-builder-workspace/.derivedData/Build/Intermediates.noindex/XcodeProject.build/Debug-watchos/XcodeProject-t.build/Objects-normal/arm64_32/XcodeProject-Swift.h -working-directory /Users/admin/builder/spi-builder-workspace/.swiftpm/xcode -experimental-emit-module-separately -disable-cmo
SwiftEmitModule normal arm64_32 Emitting\ module\ for\ XcodeProject (in target 'XcodeProject' from project 'XcodeProject')
SwiftCompile normal arm64_32 (in target 'XcodeProject' from project 'XcodeProject')
cd /Users/admin/builder/spi-builder-workspace/.swiftpm/xcode
SwiftCompile normal arm64_32 Compiling\ _PBXObjectEncodingStorage.swift,\ PBXPListArchiver.swift,\ PBXPListUnarchiver.swift,\ PListArchivable.swift,\ PropertyList.swift,\ Sequence+Extension.swift /Users/admin/builder/spi-builder-workspace/Sources/XcodeProject/Archiving/Encoder/_PBXObjectEncodingStorage.swift /Users/admin/builder/spi-builder-workspace/Sources/XcodeProject/Archiving/PBXPListArchiver.swift /Users/admin/builder/spi-builder-workspace/Sources/XcodeProject/Archiving/PBXPListUnarchiver.swift /Users/admin/builder/spi-builder-workspace/Sources/XcodeProject/Archiving/PListArchivable.swift /Users/admin/builder/spi-builder-workspace/Sources/XcodeProject/Archiving/PropertyList.swift /Users/admin/builder/spi-builder-workspace/Sources/XcodeProject/Extensions/Sequence+Extension.swift (in target 'XcodeProject' from project 'XcodeProject')
SwiftCompile normal arm64_32 /Users/admin/builder/spi-builder-workspace/Sources/XcodeProject/Archiving/Encoder/_PBXObjectEncodingStorage.swift (in target 'XcodeProject' from project 'XcodeProject')
cd /Users/admin/builder/spi-builder-workspace/.swiftpm/xcode
builtin-SwiftPerFileCompile _PBXObjectEncodingStorage.swift
SwiftCompile normal arm64_32 /Users/admin/builder/spi-builder-workspace/Sources/XcodeProject/Archiving/PBXPListArchiver.swift (in target 'XcodeProject' from project 'XcodeProject')
cd /Users/admin/builder/spi-builder-workspace/.swiftpm/xcode
builtin-SwiftPerFileCompile PBXPListArchiver.swift
SwiftCompile normal arm64_32 /Users/admin/builder/spi-builder-workspace/Sources/XcodeProject/Archiving/PBXPListUnarchiver.swift (in target 'XcodeProject' from project 'XcodeProject')
cd /Users/admin/builder/spi-builder-workspace/.swiftpm/xcode
builtin-SwiftPerFileCompile PBXPListUnarchiver.swift
SwiftCompile normal arm64_32 /Users/admin/builder/spi-builder-workspace/Sources/XcodeProject/Archiving/PListArchivable.swift (in target 'XcodeProject' from project 'XcodeProject')
cd /Users/admin/builder/spi-builder-workspace/.swiftpm/xcode
builtin-SwiftPerFileCompile PListArchivable.swift
SwiftCompile normal arm64_32 /Users/admin/builder/spi-builder-workspace/Sources/XcodeProject/Archiving/PropertyList.swift (in target 'XcodeProject' from project 'XcodeProject')
cd /Users/admin/builder/spi-builder-workspace/.swiftpm/xcode
builtin-SwiftPerFileCompile PropertyList.swift
SwiftCompile normal arm64_32 /Users/admin/builder/spi-builder-workspace/Sources/XcodeProject/Extensions/Sequence+Extension.swift (in target 'XcodeProject' from project 'XcodeProject')
cd /Users/admin/builder/spi-builder-workspace/.swiftpm/xcode
builtin-SwiftPerFileCompile Sequence+Extension.swift
/Users/admin/builder/spi-builder-workspace/Sources/XcodeProject/Archiving/PBXPListArchiver.swift:11:33: warning: using 'class' keyword to define a class-constrained protocol is deprecated; use 'AnyObject' instead [#deprecation]
9 | import Foundation
10 |
11 | public protocol StreamWritable: class {
| `- warning: using 'class' keyword to define a class-constrained protocol is deprecated; use 'AnyObject' instead [#deprecation]
12 | func write(_ string: String) throws
13 | }
SwiftCompile normal arm64_32 Compiling\ AnyCodingKey.swift,\ PBXEncoder.swift,\ _PBXObjectEncoder+KeyedContainer.swift,\ _PBXObjectEncoder+SingleValueContainer.swift,\ _PBXObjectEncoder+UnkeyedContainer.swift,\ _PBXObjectEncoder.swift /Users/admin/builder/spi-builder-workspace/Sources/XcodeProject/Archiving/Encoder/AnyCodingKey.swift /Users/admin/builder/spi-builder-workspace/Sources/XcodeProject/Archiving/Encoder/PBXEncoder.swift /Users/admin/builder/spi-builder-workspace/Sources/XcodeProject/Archiving/Encoder/_PBXObjectEncoder+KeyedContainer.swift /Users/admin/builder/spi-builder-workspace/Sources/XcodeProject/Archiving/Encoder/_PBXObjectEncoder+SingleValueContainer.swift /Users/admin/builder/spi-builder-workspace/Sources/XcodeProject/Archiving/Encoder/_PBXObjectEncoder+UnkeyedContainer.swift /Users/admin/builder/spi-builder-workspace/Sources/XcodeProject/Archiving/Encoder/_PBXObjectEncoder.swift (in target 'XcodeProject' from project 'XcodeProject')
SwiftCompile normal arm64_32 /Users/admin/builder/spi-builder-workspace/Sources/XcodeProject/Archiving/Encoder/AnyCodingKey.swift (in target 'XcodeProject' from project 'XcodeProject')
cd /Users/admin/builder/spi-builder-workspace/.swiftpm/xcode
builtin-SwiftPerFileCompile AnyCodingKey.swift
SwiftCompile normal arm64_32 /Users/admin/builder/spi-builder-workspace/Sources/XcodeProject/Archiving/Encoder/PBXEncoder.swift (in target 'XcodeProject' from project 'XcodeProject')
cd /Users/admin/builder/spi-builder-workspace/.swiftpm/xcode
builtin-SwiftPerFileCompile PBXEncoder.swift
SwiftCompile normal arm64_32 /Users/admin/builder/spi-builder-workspace/Sources/XcodeProject/Archiving/Encoder/_PBXObjectEncoder+KeyedContainer.swift (in target 'XcodeProject' from project 'XcodeProject')
cd /Users/admin/builder/spi-builder-workspace/.swiftpm/xcode
builtin-SwiftPerFileCompile _PBXObjectEncoder+KeyedContainer.swift
SwiftCompile normal arm64_32 /Users/admin/builder/spi-builder-workspace/Sources/XcodeProject/Archiving/Encoder/_PBXObjectEncoder+SingleValueContainer.swift (in target 'XcodeProject' from project 'XcodeProject')
cd /Users/admin/builder/spi-builder-workspace/.swiftpm/xcode
builtin-SwiftPerFileCompile _PBXObjectEncoder+SingleValueContainer.swift
SwiftCompile normal arm64_32 /Users/admin/builder/spi-builder-workspace/Sources/XcodeProject/Archiving/Encoder/_PBXObjectEncoder+UnkeyedContainer.swift (in target 'XcodeProject' from project 'XcodeProject')
cd /Users/admin/builder/spi-builder-workspace/.swiftpm/xcode
builtin-SwiftPerFileCompile _PBXObjectEncoder+UnkeyedContainer.swift
SwiftCompile normal arm64_32 /Users/admin/builder/spi-builder-workspace/Sources/XcodeProject/Archiving/Encoder/_PBXObjectEncoder.swift (in target 'XcodeProject' from project 'XcodeProject')
cd /Users/admin/builder/spi-builder-workspace/.swiftpm/xcode
builtin-SwiftPerFileCompile _PBXObjectEncoder.swift
SwiftCompile normal arm64_32 Compiling\ String+Extensions.swift,\ PBXBuildPhase+Sorting.swift,\ PBXGroup+FolderSync.swift,\ PBXGroup+Sorting.swift,\ PBXProject+Helpers.swift,\ PBXReference+Extensions.swift /Users/admin/builder/spi-builder-workspace/Sources/XcodeProject/Extensions/String+Extensions.swift /Users/admin/builder/spi-builder-workspace/Sources/XcodeProject/Objects+Extensions/PBXBuildPhase+Sorting.swift /Users/admin/builder/spi-builder-workspace/Sources/XcodeProject/Objects+Extensions/PBXGroup+FolderSync.swift /Users/admin/builder/spi-builder-workspace/Sources/XcodeProject/Objects+Extensions/PBXGroup+Sorting.swift /Users/admin/builder/spi-builder-workspace/Sources/XcodeProject/Objects+Extensions/PBXProject+Helpers.swift /Users/admin/builder/spi-builder-workspace/Sources/XcodeProject/Objects+Extensions/PBXReference+Extensions.swift (in target 'XcodeProject' from project 'XcodeProject')
SwiftCompile normal arm64_32 /Users/admin/builder/spi-builder-workspace/Sources/XcodeProject/Extensions/String+Extensions.swift (in target 'XcodeProject' from project 'XcodeProject')
cd /Users/admin/builder/spi-builder-workspace/.swiftpm/xcode
builtin-SwiftPerFileCompile String+Extensions.swift
SwiftCompile normal arm64_32 /Users/admin/builder/spi-builder-workspace/Sources/XcodeProject/Objects+Extensions/PBXBuildPhase+Sorting.swift (in target 'XcodeProject' from project 'XcodeProject')
cd /Users/admin/builder/spi-builder-workspace/.swiftpm/xcode
builtin-SwiftPerFileCompile PBXBuildPhase+Sorting.swift
SwiftCompile normal arm64_32 /Users/admin/builder/spi-builder-workspace/Sources/XcodeProject/Objects+Extensions/PBXGroup+FolderSync.swift (in target 'XcodeProject' from project 'XcodeProject')
cd /Users/admin/builder/spi-builder-workspace/.swiftpm/xcode
builtin-SwiftPerFileCompile PBXGroup+FolderSync.swift
SwiftCompile normal arm64_32 /Users/admin/builder/spi-builder-workspace/Sources/XcodeProject/Objects+Extensions/PBXGroup+Sorting.swift (in target 'XcodeProject' from project 'XcodeProject')
cd /Users/admin/builder/spi-builder-workspace/.swiftpm/xcode
builtin-SwiftPerFileCompile PBXGroup+Sorting.swift
SwiftCompile normal arm64_32 /Users/admin/builder/spi-builder-workspace/Sources/XcodeProject/Objects+Extensions/PBXProject+Helpers.swift (in target 'XcodeProject' from project 'XcodeProject')
cd /Users/admin/builder/spi-builder-workspace/.swiftpm/xcode
builtin-SwiftPerFileCompile PBXProject+Helpers.swift
SwiftCompile normal arm64_32 /Users/admin/builder/spi-builder-workspace/Sources/XcodeProject/Objects+Extensions/PBXReference+Extensions.swift (in target 'XcodeProject' from project 'XcodeProject')
cd /Users/admin/builder/spi-builder-workspace/.swiftpm/xcode
builtin-SwiftPerFileCompile PBXReference+Extensions.swift
SwiftCompile normal arm64_32 Compiling\ PBXShellScriptBuildPhase.swift,\ PBXSourcesBuildPhase.swift,\ PBXBuildFile.swift,\ PBXBuildRule.swift,\ PBXContainerItem.swift,\ PBXContainerItemProxy.swift /Users/admin/builder/spi-builder-workspace/Sources/XcodeProject/Objects/Build\ Phases/PBXShellScriptBuildPhase.swift /Users/admin/builder/spi-builder-workspace/Sources/XcodeProject/Objects/Build\ Phases/PBXSourcesBuildPhase.swift /Users/admin/builder/spi-builder-workspace/Sources/XcodeProject/Objects/PBXBuildFile.swift /Users/admin/builder/spi-builder-workspace/Sources/XcodeProject/Objects/PBXBuildRule.swift /Users/admin/builder/spi-builder-workspace/Sources/XcodeProject/Objects/PBXContainerItem.swift /Users/admin/builder/spi-builder-workspace/Sources/XcodeProject/Objects/PBXContainerItemProxy.swift (in target 'XcodeProject' from project 'XcodeProject')
SwiftCompile normal arm64_32 /Users/admin/builder/spi-builder-workspace/Sources/XcodeProject/Objects/Build\ Phases/PBXShellScriptBuildPhase.swift (in target 'XcodeProject' from project 'XcodeProject')
cd /Users/admin/builder/spi-builder-workspace/.swiftpm/xcode
builtin-SwiftPerFileCompile PBXShellScriptBuildPhase.swift
SwiftCompile normal arm64_32 /Users/admin/builder/spi-builder-workspace/Sources/XcodeProject/Objects/Build\ Phases/PBXSourcesBuildPhase.swift (in target 'XcodeProject' from project 'XcodeProject')
cd /Users/admin/builder/spi-builder-workspace/.swiftpm/xcode
builtin-SwiftPerFileCompile PBXSourcesBuildPhase.swift
SwiftCompile normal arm64_32 /Users/admin/builder/spi-builder-workspace/Sources/XcodeProject/Objects/PBXBuildFile.swift (in target 'XcodeProject' from project 'XcodeProject')
cd /Users/admin/builder/spi-builder-workspace/.swiftpm/xcode
builtin-SwiftPerFileCompile PBXBuildFile.swift
SwiftCompile normal arm64_32 /Users/admin/builder/spi-builder-workspace/Sources/XcodeProject/Objects/PBXBuildRule.swift (in target 'XcodeProject' from project 'XcodeProject')
cd /Users/admin/builder/spi-builder-workspace/.swiftpm/xcode
builtin-SwiftPerFileCompile PBXBuildRule.swift
SwiftCompile normal arm64_32 /Users/admin/builder/spi-builder-workspace/Sources/XcodeProject/Objects/PBXContainerItem.swift (in target 'XcodeProject' from project 'XcodeProject')
cd /Users/admin/builder/spi-builder-workspace/.swiftpm/xcode
builtin-SwiftPerFileCompile PBXContainerItem.swift
SwiftCompile normal arm64_32 /Users/admin/builder/spi-builder-workspace/Sources/XcodeProject/Objects/PBXContainerItemProxy.swift (in target 'XcodeProject' from project 'XcodeProject')
cd /Users/admin/builder/spi-builder-workspace/.swiftpm/xcode
builtin-SwiftPerFileCompile PBXContainerItemProxy.swift
SwiftCompile normal arm64_32 Compiling\ PBXTarget+Extensions.swift,\ PBXBuildPhase.swift,\ PBXCopyFilesBuildPhase.swift,\ PBXFrameworksBuildPhase.swift,\ PBXHeadersBuildPhase.swift,\ PBXResourcesBuildPhase.swift /Users/admin/builder/spi-builder-workspace/Sources/XcodeProject/Objects+Extensions/PBXTarget+Extensions.swift /Users/admin/builder/spi-builder-workspace/Sources/XcodeProject/Objects/Build\ Phases/PBXBuildPhase.swift /Users/admin/builder/spi-builder-workspace/Sources/XcodeProject/Objects/Build\ Phases/PBXCopyFilesBuildPhase.swift /Users/admin/builder/spi-builder-workspace/Sources/XcodeProject/Objects/Build\ Phases/PBXFrameworksBuildPhase.swift /Users/admin/builder/spi-builder-workspace/Sources/XcodeProject/Objects/Build\ Phases/PBXHeadersBuildPhase.swift /Users/admin/builder/spi-builder-workspace/Sources/XcodeProject/Objects/Build\ Phases/PBXResourcesBuildPhase.swift (in target 'XcodeProject' from project 'XcodeProject')
SwiftCompile normal arm64_32 /Users/admin/builder/spi-builder-workspace/Sources/XcodeProject/Objects+Extensions/PBXTarget+Extensions.swift (in target 'XcodeProject' from project 'XcodeProject')
cd /Users/admin/builder/spi-builder-workspace/.swiftpm/xcode
builtin-SwiftPerFileCompile PBXTarget+Extensions.swift
SwiftCompile normal arm64_32 /Users/admin/builder/spi-builder-workspace/Sources/XcodeProject/Objects/Build\ Phases/PBXBuildPhase.swift (in target 'XcodeProject' from project 'XcodeProject')
cd /Users/admin/builder/spi-builder-workspace/.swiftpm/xcode
builtin-SwiftPerFileCompile PBXBuildPhase.swift
SwiftCompile normal arm64_32 /Users/admin/builder/spi-builder-workspace/Sources/XcodeProject/Objects/Build\ Phases/PBXCopyFilesBuildPhase.swift (in target 'XcodeProject' from project 'XcodeProject')
cd /Users/admin/builder/spi-builder-workspace/.swiftpm/xcode
builtin-SwiftPerFileCompile PBXCopyFilesBuildPhase.swift
SwiftCompile normal arm64_32 /Users/admin/builder/spi-builder-workspace/Sources/XcodeProject/Objects/Build\ Phases/PBXFrameworksBuildPhase.swift (in target 'XcodeProject' from project 'XcodeProject')
cd /Users/admin/builder/spi-builder-workspace/.swiftpm/xcode
builtin-SwiftPerFileCompile PBXFrameworksBuildPhase.swift
SwiftCompile normal arm64_32 /Users/admin/builder/spi-builder-workspace/Sources/XcodeProject/Objects/Build\ Phases/PBXHeadersBuildPhase.swift (in target 'XcodeProject' from project 'XcodeProject')
cd /Users/admin/builder/spi-builder-workspace/.swiftpm/xcode
builtin-SwiftPerFileCompile PBXHeadersBuildPhase.swift
SwiftCompile normal arm64_32 /Users/admin/builder/spi-builder-workspace/Sources/XcodeProject/Objects/Build\ Phases/PBXResourcesBuildPhase.swift (in target 'XcodeProject' from project 'XcodeProject')
cd /Users/admin/builder/spi-builder-workspace/.swiftpm/xcode
builtin-SwiftPerFileCompile PBXResourcesBuildPhase.swift
SwiftCompile normal arm64_32 Compiling\ PBXFileType.swift,\ PBXGlobalID+Generator.swift,\ PBXGlobalID.swift,\ PBXObject.swift,\ PBXProductDependency.swift,\ PBXProject.swift /Users/admin/builder/spi-builder-workspace/Sources/XcodeProject/Objects/PBXFileType.swift /Users/admin/builder/spi-builder-workspace/Sources/XcodeProject/Objects/PBXGlobalID+Generator.swift /Users/admin/builder/spi-builder-workspace/Sources/XcodeProject/Objects/PBXGlobalID.swift /Users/admin/builder/spi-builder-workspace/Sources/XcodeProject/Objects/PBXObject.swift /Users/admin/builder/spi-builder-workspace/Sources/XcodeProject/Objects/PBXProductDependency.swift /Users/admin/builder/spi-builder-workspace/Sources/XcodeProject/Objects/PBXProject.swift (in target 'XcodeProject' from project 'XcodeProject')
/Users/admin/builder/spi-builder-workspace/Sources/XcodeProject/Objects/PBXFileType.swift:38:25: warning: 'kUTTypeCHeader' was deprecated in watchOS 8.0: Use UTTypeCHeader or UTType.cHeader (swift) instead. [#DeprecatedDeclaration]
36 |
37 | var isHeader: Bool {
38 | return uniformType == kUTTypeCHeader as String || uniformType == kUTTypeCPlusPlusHeader as String
| `- warning: 'kUTTypeCHeader' was deprecated in watchOS 8.0: Use UTTypeCHeader or UTType.cHeader (swift) instead. [#DeprecatedDeclaration]
39 | }
40 |
/Users/admin/builder/spi-builder-workspace/Sources/XcodeProject/Objects/PBXFileType.swift:38:68: warning: 'kUTTypeCPlusPlusHeader' was deprecated in watchOS 8.0: Use UTTypeCPlusPlusHeader or UTType.cPlusPlusHeader (swift) instead. [#DeprecatedDeclaration]
36 |
37 | var isHeader: Bool {
38 | return uniformType == kUTTypeCHeader as String || uniformType == kUTTypeCPlusPlusHeader as String
| `- warning: 'kUTTypeCPlusPlusHeader' was deprecated in watchOS 8.0: Use UTTypeCPlusPlusHeader or UTType.cPlusPlusHeader (swift) instead. [#DeprecatedDeclaration]
39 | }
40 |
/Users/admin/builder/spi-builder-workspace/Sources/XcodeProject/Objects/PBXFileType.swift:42:10: warning: 'UTTypeConformsTo' was deprecated in watchOS 8.0: Use -[UTType conformsToType:] instead. [#DeprecatedDeclaration]
40 |
41 | var isSource: Bool {
42 | return UTTypeConformsTo(uniformType as CFString, kUTTypeSourceCode)
| `- warning: 'UTTypeConformsTo' was deprecated in watchOS 8.0: Use -[UTType conformsToType:] instead. [#DeprecatedDeclaration]
43 | }
44 |
/Users/admin/builder/spi-builder-workspace/Sources/XcodeProject/Objects/PBXFileType.swift:42:52: warning: 'kUTTypeSourceCode' was deprecated in watchOS 8.0: Use UTTypeSourceCode or UTType.sourceCode (swift) instead. [#DeprecatedDeclaration]
40 |
41 | var isSource: Bool {
42 | return UTTypeConformsTo(uniformType as CFString, kUTTypeSourceCode)
| `- warning: 'kUTTypeSourceCode' was deprecated in watchOS 8.0: Use UTTypeSourceCode or UTType.sourceCode (swift) instead. [#DeprecatedDeclaration]
43 | }
44 |
/Users/admin/builder/spi-builder-workspace/Sources/XcodeProject/Objects/PBXFileType.swift:68:27: warning: 'UTTypeCreatePreferredIdentifierForTag' was deprecated in watchOS 8.0: Use the UTType class instead. [#DeprecatedDeclaration]
66 | public extension PBXFileType {
67 | static func fileType(fileExtension: String) -> PBXFileType? {
68 | guard let uniformType = UTTypeCreatePreferredIdentifierForTag(kUTTagClassFilenameExtension, fileExtension as CFString, nil)?.takeUnretainedValue() as String? else { return nil }
| `- warning: 'UTTypeCreatePreferredIdentifierForTag' was deprecated in watchOS 8.0: Use the UTType class instead. [#DeprecatedDeclaration]
69 | return fileTypes.first {
70 | $0.uniformType == uniformType
SwiftCompile normal arm64_32 /Users/admin/builder/spi-builder-workspace/Sources/XcodeProject/Objects/PBXFileType.swift (in target 'XcodeProject' from project 'XcodeProject')
cd /Users/admin/builder/spi-builder-workspace/.swiftpm/xcode
builtin-SwiftPerFileCompile PBXFileType.swift
SwiftCompile normal arm64_32 /Users/admin/builder/spi-builder-workspace/Sources/XcodeProject/Objects/PBXGlobalID+Generator.swift (in target 'XcodeProject' from project 'XcodeProject')
cd /Users/admin/builder/spi-builder-workspace/.swiftpm/xcode
builtin-SwiftPerFileCompile PBXGlobalID+Generator.swift
SwiftCompile normal arm64_32 /Users/admin/builder/spi-builder-workspace/Sources/XcodeProject/Objects/PBXGlobalID.swift (in target 'XcodeProject' from project 'XcodeProject')
cd /Users/admin/builder/spi-builder-workspace/.swiftpm/xcode
builtin-SwiftPerFileCompile PBXGlobalID.swift
SwiftCompile normal arm64_32 /Users/admin/builder/spi-builder-workspace/Sources/XcodeProject/Objects/PBXObject.swift (in target 'XcodeProject' from project 'XcodeProject')
cd /Users/admin/builder/spi-builder-workspace/.swiftpm/xcode
builtin-SwiftPerFileCompile PBXObject.swift
SwiftCompile normal arm64_32 /Users/admin/builder/spi-builder-workspace/Sources/XcodeProject/Objects/PBXProductDependency.swift (in target 'XcodeProject' from project 'XcodeProject')
cd /Users/admin/builder/spi-builder-workspace/.swiftpm/xcode
builtin-SwiftPerFileCompile PBXProductDependency.swift
SwiftCompile normal arm64_32 /Users/admin/builder/spi-builder-workspace/Sources/XcodeProject/Objects/PBXProject.swift (in target 'XcodeProject' from project 'XcodeProject')
cd /Users/admin/builder/spi-builder-workspace/.swiftpm/xcode
builtin-SwiftPerFileCompile PBXProject.swift
SwiftCompile normal arm64_32 Compiling\ XCBuildConfiguration.swift,\ XCConfigurationList.swift,\ XCProjectReferenceInfo.swift,\ ProjectFile.swift,\ Workspace.swift /Users/admin/builder/spi-builder-workspace/Sources/XcodeProject/Objects/XCBuildConfiguration.swift /Users/admin/builder/spi-builder-workspace/Sources/XcodeProject/Objects/XCConfigurationList.swift /Users/admin/builder/spi-builder-workspace/Sources/XcodeProject/Objects/XCProjectReferenceInfo.swift /Users/admin/builder/spi-builder-workspace/Sources/XcodeProject/ProjectFile.swift /Users/admin/builder/spi-builder-workspace/Sources/XcodeProject/Workspace.swift (in target 'XcodeProject' from project 'XcodeProject')
/Users/admin/builder/spi-builder-workspace/Sources/XcodeProject/Workspace.swift:11:37: warning: using 'class' keyword to define a class-constrained protocol is deprecated; use 'AnyObject' instead [#deprecation]
9 | import Foundation
10 |
11 | public protocol WorkspaceReference: class {
| `- warning: using 'class' keyword to define a class-constrained protocol is deprecated; use 'AnyObject' instead [#deprecation]
12 | var parent: WorkspaceReference? { get }
13 | var referenceURL: URL? { get }
/Users/admin/builder/spi-builder-workspace/Sources/XcodeProject/Workspace.swift:100:24: error: cannot find type 'XMLElement' in scope
98 | }
99 |
100 | func childOf(element: XMLElement, parent: WorkspaceReference) -> WorkspaceItem? {
| `- error: cannot find type 'XMLElement' in scope
101 | guard let elementType = element.name else { return nil }
102 | switch elementType {
/Users/admin/builder/spi-builder-workspace/Sources/XcodeProject/Workspace.swift:93:22: error: cannot find 'XMLDocument' in scope
91 | let data = try Data(contentsOf: workspaceFileURL)
92 |
93 | let document = try XMLDocument(data: data, options: [])
| `- error: cannot find 'XMLDocument' in scope
94 | guard let children = document.rootElement()?.children as? [XMLElement] else { throw Error.invalid }
95 | self.references = children.compactMap {
/Users/admin/builder/spi-builder-workspace/Sources/XcodeProject/Workspace.swift:94:62: error: cannot find type 'XMLElement' in scope
92 |
93 | let document = try XMLDocument(data: data, options: [])
94 | guard let children = document.rootElement()?.children as? [XMLElement] else { throw Error.invalid }
| `- error: cannot find type 'XMLElement' in scope
95 | self.references = children.compactMap {
96 | childOf(element: $0, parent: self)
/Users/admin/builder/spi-builder-workspace/Sources/XcodeProject/Workspace.swift:94:57: error: failed to produce diagnostic for expression; please submit a bug report (https://swift.org/contributing/#reporting-bugs)
92 |
93 | let document = try XMLDocument(data: data, options: [])
94 | guard let children = document.rootElement()?.children as? [XMLElement] else { throw Error.invalid }
| `- error: failed to produce diagnostic for expression; please submit a bug report (https://swift.org/contributing/#reporting-bugs)
95 | self.references = children.compactMap {
96 | childOf(element: $0, parent: self)
/Users/admin/builder/spi-builder-workspace/Sources/XcodeProject/Workspace.swift:104:77: error: failed to produce diagnostic for expression; please submit a bug report (https://swift.org/contributing/#reporting-bugs)
102 | switch elementType {
103 | case "FileRef":
104 | guard let location = element.attribute(forName: "location")?.objectValue as? String else { return nil }
| `- error: failed to produce diagnostic for expression; please submit a bug report (https://swift.org/contributing/#reporting-bugs)
105 | return FileReference(location: location, parent: parent)
106 | case "Group":
/Users/admin/builder/spi-builder-workspace/Sources/XcodeProject/Workspace.swift:107:55: error: cannot find type 'XMLElement' in scope
105 | return FileReference(location: location, parent: parent)
106 | case "Group":
107 | guard let childrenElements = element.children as? [XMLElement] else { return nil }
| `- error: cannot find type 'XMLElement' in scope
108 | guard let location = element.attribute(forName: "location")?.objectValue as? String else { return nil }
109 | guard let name = element.attribute(forName: "name")?.objectValue as? String else { return nil }
/Users/admin/builder/spi-builder-workspace/Sources/XcodeProject/Workspace.swift:108:77: error: failed to produce diagnostic for expression; please submit a bug report (https://swift.org/contributing/#reporting-bugs)
106 | case "Group":
107 | guard let childrenElements = element.children as? [XMLElement] else { return nil }
108 | guard let location = element.attribute(forName: "location")?.objectValue as? String else { return nil }
| `- error: failed to produce diagnostic for expression; please submit a bug report (https://swift.org/contributing/#reporting-bugs)
109 | guard let name = element.attribute(forName: "name")?.objectValue as? String else { return nil }
110 | let group = GroupReference(location: location, name: name, children: [], parent: parent)
/Users/admin/builder/spi-builder-workspace/Sources/XcodeProject/Workspace.swift:109:69: error: failed to produce diagnostic for expression; please submit a bug report (https://swift.org/contributing/#reporting-bugs)
107 | guard let childrenElements = element.children as? [XMLElement] else { return nil }
108 | guard let location = element.attribute(forName: "location")?.objectValue as? String else { return nil }
109 | guard let name = element.attribute(forName: "name")?.objectValue as? String else { return nil }
| `- error: failed to produce diagnostic for expression; please submit a bug report (https://swift.org/contributing/#reporting-bugs)
110 | let group = GroupReference(location: location, name: name, children: [], parent: parent)
111 | group.children = childrenElements.compactMap {
Failed frontend command:
/Applications/Xcode-27.0.0-Release.Candidate.app/Contents/Developer/Toolchains/XcodeDefault.xctoolchain/usr/bin/swift-frontend -frontend -c /Users/admin/builder/spi-builder-workspace/Sources/XcodeProject/Archiving/Encoder/AnyCodingKey.swift /Users/admin/builder/spi-builder-workspace/Sources/XcodeProject/Archiving/Encoder/PBXEncoder.swift /Users/admin/builder/spi-builder-workspace/Sources/XcodeProject/Archiving/Encoder/_PBXObjectEncoder+KeyedContainer.swift /Users/admin/builder/spi-builder-workspace/Sources/XcodeProject/Archiving/Encoder/_PBXObjectEncoder+SingleValueContainer.swift /Users/admin/builder/spi-builder-workspace/Sources/XcodeProject/Archiving/Encoder/_PBXObjectEncoder+UnkeyedContainer.swift /Users/admin/builder/spi-builder-workspace/Sources/XcodeProject/Archiving/Encoder/_PBXObjectEncoder.swift /Users/admin/builder/spi-builder-workspace/Sources/XcodeProject/Archiving/Encoder/_PBXObjectEncodingStorage.swift /Users/admin/builder/spi-builder-workspace/Sources/XcodeProject/Archiving/PBXPListArchiver.swift /Users/admin/builder/spi-builder-workspace/Sources/XcodeProject/Archiving/PBXPListUnarchiver.swift /Users/admin/builder/spi-builder-workspace/Sources/XcodeProject/Archiving/PListArchivable.swift /Users/admin/builder/spi-builder-workspace/Sources/XcodeProject/Archiving/PropertyList.swift /Users/admin/builder/spi-builder-workspace/Sources/XcodeProject/Extensions/Sequence+Extension.swift /Users/admin/builder/spi-builder-workspace/Sources/XcodeProject/Extensions/String+Extensions.swift /Users/admin/builder/spi-builder-workspace/Sources/XcodeProject/Objects+Extensions/PBXBuildPhase+Sorting.swift /Users/admin/builder/spi-builder-workspace/Sources/XcodeProject/Objects+Extensions/PBXGroup+FolderSync.swift /Users/admin/builder/spi-builder-workspace/Sources/XcodeProject/Objects+Extensions/PBXGroup+Sorting.swift /Users/admin/builder/spi-builder-workspace/Sources/XcodeProject/Objects+Extensions/PBXProject+Helpers.swift /Users/admin/builder/spi-builder-workspace/Sources/XcodeProject/Objects+Extensions/PBXReference+Extensions.swift /Users/admin/builder/spi-builder-workspace/Sources/XcodeProject/Objects+Extensions/PBXTarget+Extensions.swift /Users/admin/builder/spi-builder-workspace/Sources/XcodeProject/Objects/Build\ Phases/PBXBuildPhase.swift /Users/admin/builder/spi-builder-workspace/Sources/XcodeProject/Objects/Build\ Phases/PBXCopyFilesBuildPhase.swift /Users/admin/builder/spi-builder-workspace/Sources/XcodeProject/Objects/Build\ Phases/PBXFrameworksBuildPhase.swift /Users/admin/builder/spi-builder-workspace/Sources/XcodeProject/Objects/Build\ Phases/PBXHeadersBuildPhase.swift /Users/admin/builder/spi-builder-workspace/Sources/XcodeProject/Objects/Build\ Phases/PBXResourcesBuildPhase.swift /Users/admin/builder/spi-builder-workspace/Sources/XcodeProject/Objects/Build\ Phases/PBXShellScriptBuildPhase.swift /Users/admin/builder/spi-builder-workspace/Sources/XcodeProject/Objects/Build\ Phases/PBXSourcesBuildPhase.swift /Users/admin/builder/spi-builder-workspace/Sources/XcodeProject/Objects/PBXBuildFile.swift /Users/admin/builder/spi-builder-workspace/Sources/XcodeProject/Objects/PBXBuildRule.swift /Users/admin/builder/spi-builder-workspace/Sources/XcodeProject/Objects/PBXContainerItem.swift /Users/admin/builder/spi-builder-workspace/Sources/XcodeProject/Objects/PBXContainerItemProxy.swift /Users/admin/builder/spi-builder-workspace/Sources/XcodeProject/Objects/PBXFileType.swift /Users/admin/builder/spi-builder-workspace/Sources/XcodeProject/Objects/PBXGlobalID+Generator.swift /Users/admin/builder/spi-builder-workspace/Sources/XcodeProject/Objects/PBXGlobalID.swift /Users/admin/builder/spi-builder-workspace/Sources/XcodeProject/Objects/PBXObject.swift /Users/admin/builder/spi-builder-workspace/Sources/XcodeProject/Objects/PBXProductDependency.swift /Users/admin/builder/spi-builder-workspace/Sources/XcodeProject/Objects/PBXProject.swift /Users/admin/builder/spi-builder-workspace/Sources/XcodeProject/Objects/PBXTargetDependency.swift /Users/admin/builder/spi-builder-workspace/Sources/XcodeProject/Objects/References/PBXFileReference.swift /Users/admin/builder/spi-builder-workspace/Sources/XcodeProject/Objects/References/PBXGroup.swift /Users/admin/builder/spi-builder-workspace/Sources/XcodeProject/Objects/References/PBXReference.swift /Users/admin/builder/spi-builder-workspace/Sources/XcodeProject/Objects/References/PBXReferenceProxy.swift /Users/admin/builder/spi-builder-workspace/Sources/XcodeProject/Objects/References/PBXVariantGroup.swift /Users/admin/builder/spi-builder-workspace/Sources/XcodeProject/Objects/References/XCVersionGroup.swift /Users/admin/builder/spi-builder-workspace/Sources/XcodeProject/Objects/Swift\ Package/XCLocalSwiftPackageReference.swift /Users/admin/builder/spi-builder-workspace/Sources/XcodeProject/Objects/Swift\ Package/XCRemoteSwiftPackageReference.swift /Users/admin/builder/spi-builder-workspace/Sources/XcodeProject/Objects/Swift\ Package/XCSwiftPackageProductDependency.swift /Users/admin/builder/spi-builder-workspace/Sources/XcodeProject/Objects/Swift\ Package/XCSwiftPackageReference.swift /Users/admin/builder/spi-builder-workspace/Sources/XcodeProject/Objects/Targets/PBXAggregateTarget.swift /Users/admin/builder/spi-builder-workspace/Sources/XcodeProject/Objects/Targets/PBXLegacyTarget.swift /Users/admin/builder/spi-builder-workspace/Sources/XcodeProject/Objects/Targets/PBXNativeTarget.swift /Users/admin/builder/spi-builder-workspace/Sources/XcodeProject/Objects/Targets/PBXTarget.swift -primary-file /Users/admin/builder/spi-builder-workspace/Sources/XcodeProject/Objects/XCBuildConfiguration.swift -primary-file /Users/admin/builder/spi-builder-workspace/Sources/XcodeProject/Objects/XCConfigurationList.swift -primary-file /Users/admin/builder/spi-builder-workspace/Sources/XcodeProject/Objects/XCProjectReferenceInfo.swift -primary-file /Users/admin/builder/spi-builder-workspace/Sources/XcodeProject/ProjectFile.swift -primary-file /Users/admin/builder/spi-builder-workspace/Sources/XcodeProject/Workspace.swift -supplementary-output-file-map /Users/admin/builder/spi-builder-workspace/.derivedData/Build/Intermediates.noindex/XcodeProject.build/Debug-watchos/XcodeProject-t.build/Objects-normal/arm64_32/supplementaryOutputs-16 -target arm64_32-apple-watchos9.0 -module-can-import-version CoreServices 1226.0.0 1226.0.0 -disable-cross-import-overlay-search -load-resolved-plugin /Applications/Xcode-27.0.0-Release.Candidate.app/Contents/Developer/Platforms/WatchOS.platform/Developer/usr/lib/swift/host/plugins/libFoundationMacros.dylib\#/Applications/Xcode-27.0.0-Release.Candidate.app/Contents/Developer/Platforms/WatchOS.platform/Developer/usr/bin/swift-plugin-server\#FoundationMacros -load-resolved-plugin /Applications/Xcode-27.0.0-Release.Candidate.app/Contents/Developer/Platforms/WatchOS.platform/Developer/usr/lib/swift/host/plugins/libObservationMacros.dylib\#/Applications/Xcode-27.0.0-Release.Candidate.app/Contents/Developer/Platforms/WatchOS.platform/Developer/usr/bin/swift-plugin-server\#ObservationMacros -load-resolved-plugin /Applications/Xcode-27.0.0-Release.Candidate.app/Contents/Developer/Platforms/WatchOS.platform/Developer/usr/lib/swift/host/plugins/libSwiftMacros.dylib\#/Applications/Xcode-27.0.0-Release.Candidate.app/Contents/Developer/Platforms/WatchOS.platform/Developer/usr/bin/swift-plugin-server\#SwiftMacros -disable-implicit-swift-modules -Xcc -fno-implicit-modules -Xcc -fno-implicit-module-maps -explicit-swift-module-map-file /Users/admin/builder/spi-builder-workspace/.derivedData/Build/Intermediates.noindex/XcodeProject.build/Debug-watchos/XcodeProject-t.build/Objects-normal/arm64_32/XcodeProject-dependencies-1.json -enable-objc-interop -sdk /Applications/Xcode-27.0.0-Release.Candidate.app/Contents/Developer/Platforms/WatchOS.platform/Developer/SDKs/WatchOS27.0.sdk -I /Users/admin/builder/spi-builder-workspace/.derivedData/Build/Products/Debug-watchos -Isystem /Applications/Xcode-27.0.0-Release.Candidate.app/Contents/Developer/Platforms/WatchOS.platform/Developer/usr/lib -F /Users/admin/builder/spi-builder-workspace/.derivedData/Build/Products/Debug-watchos/PackageFrameworks -F /Users/admin/builder/spi-builder-workspace/.derivedData/Build/Products/Debug-watchos -F /Applications/Xcode-27.0.0-Release.Candidate.app/Contents/Developer/Platforms/WatchOS.platform/Developer/Library/Frameworks -F /Applications/Xcode-27.0.0-Release.Candidate.app/Contents/Developer/Platforms/WatchOS.platform/Developer/SDKs/WatchOS27.0.sdk/Developer/Library/Frameworks -module-cache-path /Users/admin/builder/spi-builder-workspace/.derivedData/Build/Intermediates.noindex/SwiftExplicitPrecompiledModules -no-color-diagnostics -Xcc -fno-color-diagnostics -enable-testing -g -debug-info-format\=dwarf -dwarf-version\=4 -profile-generate -profile-coverage-mapping -swift-version 5 -Onone -D SWIFT_PACKAGE -D DEBUG -D SWIFT_MODULE_RESOURCE_BUNDLE_UNAVAILABLE -D Xcode -serialize-debugging-options -enable-experimental-feature DebugDescriptionMacro -empty-abi-descriptor -validate-clang-modules-once -clang-build-session-file /Users/admin/builder/spi-builder-workspace/.derivedData/ModuleCache.noindex/Session.modulevalidation -Xcc -working-directory -Xcc /Users/admin/builder/spi-builder-workspace/.swiftpm/xcode -enable-anonymous-context-mangled-names -file-compilation-dir /Users/admin/builder/spi-builder-workspace/.swiftpm/xcode -Xcc -D_LIBCPP_HARDENING_MODE\=_LIBCPP_HARDENING_MODE_DEBUG -Xcc -ivfsstatcache -Xcc /Users/admin/builder/spi-builder-workspace/.derivedData/SDKStatCaches.noindex/watchos27.0-24R360-e829b21a6f8c9b70876ba0858053c04477534ef55a1706bf4c1112bbb242f0a2.sdkstatcache -Xcc -fmodules-prune-interval\=86400 -Xcc -fmodules-prune-after\=345600 -Xcc -I/Users/admin/builder/spi-builder-workspace/.derivedData/Build/Products/Debug-watchos/include -Xcc -I/Users/admin/builder/spi-builder-workspace/.derivedData/Build/Intermediates.noindex/XcodeProject.build/Debug-watchos/XcodeProject-t.build/DerivedSources-normal/arm64_32 -Xcc -I/Users/admin/builder/spi-builder-workspace/.derivedData/Build/Intermediates.noindex/XcodeProject.build/Debug-watchos/XcodeProject-t.build/DerivedSources/arm64_32 -Xcc -I/Users/admin/builder/spi-builder-workspace/.derivedData/Build/Intermediates.noindex/XcodeProject.build/Debug-watchos/XcodeProject-t.build/DerivedSources -Xcc -DSWIFT_PACKAGE -Xcc -DDEBUG\=1 -no-auto-bridging-header-chaining -module-name XcodeProject -const-gather-protocols-file /Users/admin/builder/spi-builder-workspace/.derivedData/Build/Intermediates.noindex/XcodeProject.build/Debug-watchos/XcodeProject-t.build/Objects-normal/arm64_32/XcodeProject_const_extract_protocols.json -disable-clang-spi -clang-target arm64_32-apple-watchos27.0 -target-sdk-version 27.0 -target-sdk-name watchos27.0 -in-process-plugin-server-path /Applications/Xcode-27.0.0-Release.Candidate.app/Contents/Developer/Toolchains/XcodeDefault.xctoolchain/usr/lib/swift/host/libSwiftInProcPluginServer.dylib -parse-as-library -o /Users/admin/builder/spi-builder-workspace/.derivedData/Build/Intermediates.noindex/XcodeProject.build/Debug-watchos/XcodeProject-t.build/Objects-normal/arm64_32/XCBuildConfiguration.o -o /Users/admin/builder/spi-builder-workspace/.derivedData/Build/Intermediates.noindex/XcodeProject.build/Debug-watchos/XcodeProject-t.build/Objects-normal/arm64_32/XCConfigurationList.o -o /Users/admin/builder/spi-builder-workspace/.derivedData/Build/Intermediates.noindex/XcodeProject.build/Debug-watchos/XcodeProject-t.build/Objects-normal/arm64_32/XCProjectReferenceInfo.o -o /Users/admin/builder/spi-builder-workspace/.derivedData/Build/Intermediates.noindex/XcodeProject.build/Debug-watchos/XcodeProject-t.build/Objects-normal/arm64_32/ProjectFile.o -o /Users/admin/builder/spi-builder-workspace/.derivedData/Build/Intermediates.noindex/XcodeProject.build/Debug-watchos/XcodeProject-t.build/Objects-normal/arm64_32/Workspace.o -debug-module-path /Users/admin/builder/spi-builder-workspace/.derivedData/Build/Intermediates.noindex/XcodeProject.build/Debug-watchos/XcodeProject-t.build/Objects-normal/arm64_32/XcodeProject.swiftmodule -index-unit-output-path /XcodeProject.build/Debug-watchos/XcodeProject-t.build/Objects-normal/arm64_32/XCBuildConfiguration.o -index-unit-output-path /XcodeProject.build/Debug-watchos/XcodeProject-t.build/Objects-normal/arm64_32/XCConfigurationList.o -index-unit-output-path /XcodeProject.build/Debug-watchos/XcodeProject-t.build/Objects-normal/arm64_32/XCProjectReferenceInfo.o -index-unit-output-path /XcodeProject.build/Debug-watchos/XcodeProject-t.build/Objects-normal/arm64_32/ProjectFile.o -index-unit-output-path /XcodeProject.build/Debug-watchos/XcodeProject-t.build/Objects-normal/arm64_32/Workspace.o -index-store-path /Users/admin/builder/spi-builder-workspace/.derivedData/Index.noindex/DataStore -index-system-modules
SwiftCompile normal arm64_32 /Users/admin/builder/spi-builder-workspace/Sources/XcodeProject/Objects/XCBuildConfiguration.swift (in target 'XcodeProject' from project 'XcodeProject')
cd /Users/admin/builder/spi-builder-workspace/.swiftpm/xcode
builtin-SwiftPerFileCompile XCBuildConfiguration.swift
SwiftCompile normal arm64_32 /Users/admin/builder/spi-builder-workspace/Sources/XcodeProject/Objects/XCConfigurationList.swift (in target 'XcodeProject' from project 'XcodeProject')
cd /Users/admin/builder/spi-builder-workspace/.swiftpm/xcode
builtin-SwiftPerFileCompile XCConfigurationList.swift
SwiftCompile normal arm64_32 /Users/admin/builder/spi-builder-workspace/Sources/XcodeProject/Objects/XCProjectReferenceInfo.swift (in target 'XcodeProject' from project 'XcodeProject')
cd /Users/admin/builder/spi-builder-workspace/.swiftpm/xcode
builtin-SwiftPerFileCompile XCProjectReferenceInfo.swift
SwiftCompile normal arm64_32 /Users/admin/builder/spi-builder-workspace/Sources/XcodeProject/ProjectFile.swift (in target 'XcodeProject' from project 'XcodeProject')
cd /Users/admin/builder/spi-builder-workspace/.swiftpm/xcode
builtin-SwiftPerFileCompile ProjectFile.swift
SwiftCompile normal arm64_32 /Users/admin/builder/spi-builder-workspace/Sources/XcodeProject/Workspace.swift (in target 'XcodeProject' from project 'XcodeProject')
cd /Users/admin/builder/spi-builder-workspace/.swiftpm/xcode
builtin-SwiftPerFileCompile Workspace.swift
SwiftCompile normal arm64_32 Compiling\ PBXVariantGroup.swift,\ XCVersionGroup.swift,\ XCLocalSwiftPackageReference.swift,\ XCRemoteSwiftPackageReference.swift,\ XCSwiftPackageProductDependency.swift /Users/admin/builder/spi-builder-workspace/Sources/XcodeProject/Objects/References/PBXVariantGroup.swift /Users/admin/builder/spi-builder-workspace/Sources/XcodeProject/Objects/References/XCVersionGroup.swift /Users/admin/builder/spi-builder-workspace/Sources/XcodeProject/Objects/Swift\ Package/XCLocalSwiftPackageReference.swift /Users/admin/builder/spi-builder-workspace/Sources/XcodeProject/Objects/Swift\ Package/XCRemoteSwiftPackageReference.swift /Users/admin/builder/spi-builder-workspace/Sources/XcodeProject/Objects/Swift\ Package/XCSwiftPackageProductDependency.swift (in target 'XcodeProject' from project 'XcodeProject')
SwiftCompile normal arm64_32 /Users/admin/builder/spi-builder-workspace/Sources/XcodeProject/Objects/References/PBXVariantGroup.swift (in target 'XcodeProject' from project 'XcodeProject')
cd /Users/admin/builder/spi-builder-workspace/.swiftpm/xcode
builtin-SwiftPerFileCompile PBXVariantGroup.swift
SwiftCompile normal arm64_32 /Users/admin/builder/spi-builder-workspace/Sources/XcodeProject/Objects/References/XCVersionGroup.swift (in target 'XcodeProject' from project 'XcodeProject')
cd /Users/admin/builder/spi-builder-workspace/.swiftpm/xcode
builtin-SwiftPerFileCompile XCVersionGroup.swift
SwiftCompile normal arm64_32 /Users/admin/builder/spi-builder-workspace/Sources/XcodeProject/Objects/Swift\ Package/XCLocalSwiftPackageReference.swift (in target 'XcodeProject' from project 'XcodeProject')
cd /Users/admin/builder/spi-builder-workspace/.swiftpm/xcode
builtin-SwiftPerFileCompile XCLocalSwiftPackageReference.swift
SwiftCompile normal arm64_32 /Users/admin/builder/spi-builder-workspace/Sources/XcodeProject/Objects/Swift\ Package/XCRemoteSwiftPackageReference.swift (in target 'XcodeProject' from project 'XcodeProject')
cd /Users/admin/builder/spi-builder-workspace/.swiftpm/xcode
builtin-SwiftPerFileCompile XCRemoteSwiftPackageReference.swift
SwiftCompile normal arm64_32 /Users/admin/builder/spi-builder-workspace/Sources/XcodeProject/Objects/Swift\ Package/XCSwiftPackageProductDependency.swift (in target 'XcodeProject' from project 'XcodeProject')
cd /Users/admin/builder/spi-builder-workspace/.swiftpm/xcode
builtin-SwiftPerFileCompile XCSwiftPackageProductDependency.swift
SwiftCompile normal arm64_32 Compiling\ PBXTargetDependency.swift,\ PBXFileReference.swift,\ PBXGroup.swift,\ PBXReference.swift,\ PBXReferenceProxy.swift /Users/admin/builder/spi-builder-workspace/Sources/XcodeProject/Objects/PBXTargetDependency.swift /Users/admin/builder/spi-builder-workspace/Sources/XcodeProject/Objects/References/PBXFileReference.swift /Users/admin/builder/spi-builder-workspace/Sources/XcodeProject/Objects/References/PBXGroup.swift /Users/admin/builder/spi-builder-workspace/Sources/XcodeProject/Objects/References/PBXReference.swift /Users/admin/builder/spi-builder-workspace/Sources/XcodeProject/Objects/References/PBXReferenceProxy.swift (in target 'XcodeProject' from project 'XcodeProject')
SwiftCompile normal arm64_32 /Users/admin/builder/spi-builder-workspace/Sources/XcodeProject/Objects/PBXTargetDependency.swift (in target 'XcodeProject' from project 'XcodeProject')
cd /Users/admin/builder/spi-builder-workspace/.swiftpm/xcode
builtin-SwiftPerFileCompile PBXTargetDependency.swift
SwiftCompile normal arm64_32 /Users/admin/builder/spi-builder-workspace/Sources/XcodeProject/Objects/References/PBXFileReference.swift (in target 'XcodeProject' from project 'XcodeProject')
cd /Users/admin/builder/spi-builder-workspace/.swiftpm/xcode
builtin-SwiftPerFileCompile PBXFileReference.swift
SwiftCompile normal arm64_32 /Users/admin/builder/spi-builder-workspace/Sources/XcodeProject/Objects/References/PBXGroup.swift (in target 'XcodeProject' from project 'XcodeProject')
cd /Users/admin/builder/spi-builder-workspace/.swiftpm/xcode
builtin-SwiftPerFileCompile PBXGroup.swift
SwiftCompile normal arm64_32 /Users/admin/builder/spi-builder-workspace/Sources/XcodeProject/Objects/References/PBXReference.swift (in target 'XcodeProject' from project 'XcodeProject')
cd /Users/admin/builder/spi-builder-workspace/.swiftpm/xcode
builtin-SwiftPerFileCompile PBXReference.swift
SwiftCompile normal arm64_32 /Users/admin/builder/spi-builder-workspace/Sources/XcodeProject/Objects/References/PBXReferenceProxy.swift (in target 'XcodeProject' from project 'XcodeProject')
cd /Users/admin/builder/spi-builder-workspace/.swiftpm/xcode
builtin-SwiftPerFileCompile PBXReferenceProxy.swift
SwiftEmitModule normal arm64 Emitting\ module\ for\ XcodeProject (in target 'XcodeProject' from project 'XcodeProject')
SwiftCompile normal arm64 (in target 'XcodeProject' from project 'XcodeProject')
cd /Users/admin/builder/spi-builder-workspace/.swiftpm/xcode
PruneExplicitPrecompiledModules /Users/admin/builder/spi-builder-workspace/.derivedData/Build/Intermediates.noindex/ExplicitPrecompiledModules
PruneExplicitPrecompiledModules /Users/admin/builder/spi-builder-workspace/.derivedData/Build/Intermediates.noindex/SwiftExplicitPrecompiledModules
PruneExplicitPrecompiledModules /Users/admin/builder/spi-builder-workspace/.derivedData/SDKExplicitPrecompiledModules
2026-09-16 07:43:42.292 xcodebuild[875:5377] [MT] IDERunDestination: Supported platforms for the buildables in the current scheme is empty.
** BUILD FAILED **
The following build commands failed:
SwiftCompile normal arm64_32 Compiling\ XCBuildConfiguration.swift,\ XCConfigurationList.swift,\ XCProjectReferenceInfo.swift,\ ProjectFile.swift,\ Workspace.swift /Users/admin/builder/spi-builder-workspace/Sources/XcodeProject/Objects/XCBuildConfiguration.swift /Users/admin/builder/spi-builder-workspace/Sources/XcodeProject/Objects/XCConfigurationList.swift /Users/admin/builder/spi-builder-workspace/Sources/XcodeProject/Objects/XCProjectReferenceInfo.swift /Users/admin/builder/spi-builder-workspace/Sources/XcodeProject/ProjectFile.swift /Users/admin/builder/spi-builder-workspace/Sources/XcodeProject/Workspace.swift (in target 'XcodeProject' from project 'XcodeProject')
SwiftCompile normal arm64_32 /Users/admin/builder/spi-builder-workspace/Sources/XcodeProject/Workspace.swift (in target 'XcodeProject' from project 'XcodeProject')
Building workspace XcodeProject with scheme XcodeProject
(3 failures)
BUILD FAILURE 6.4 watchOS