Build Information
Failed to build ValueTransformerKit, reference 1.2.5 (95f1bd), with Swift 6.4 for visionOS using Xcode 27.0 on 22 Sep 2026 10:40:08 UTC.
Build Command
env DEVELOPER_DIR=/Applications/Xcode-27.0.0-Release.Candidate.app xcrun xcodebuild -IDEClonedSourcePackagesDirPathOverride=$PWD/.dependencies -skipMacroValidation -skipPackagePluginValidation -derivedDataPath $PWD/.derivedData build -scheme ValueTransformerKit -destination generic/platform=xrOSBuild Log
========================================
RunAll
========================================
Builder version: 5.1.0
Interrupt handler set up.
========================================
Checkout
========================================
Clone URL: https://github.com/phimage/ValueTransformerKit.git
Reference: 1.2.5
Initialized empty Git repository in /Users/admin/builder/spi-builder-workspace/.git/
From https://github.com/phimage/ValueTransformerKit
* tag 1.2.5 -> FETCH_HEAD
HEAD is now at 95f1bdb Fix compilation issue on + operator
Cloned https://github.com/phimage/ValueTransformerKit.git
Revision (git rev-parse @):
95f1bdb1ffb678da3700df9374b746df14dc43f9
SUCCESS checkout https://github.com/phimage/ValueTransformerKit.git at 1.2.5
========================================
Build
========================================
Selected platform: visionOS
Swift version: 6.4
Building package at path: $PWD
https://github.com/phimage/ValueTransformerKit.git
Command line invocation:
/Applications/Xcode-27.0.0-Release.Candidate.app/Contents/Developer/usr/bin/xcodebuild -IDEClonedSourcePackagesDirPathOverride=/Users/admin/builder/spi-builder-workspace/.dependencies -resolvePackageDependencies
resolved source packages:
{
"dependencies" : [
],
"manifest_display_name" : "ValueTransformerKit",
"name" : "ValueTransformerKit",
"path" : "/Users/admin/builder/spi-builder-workspace",
"platforms" : [
{
"name" : "macos",
"version" : "10.11"
},
{
"name" : "ios",
"version" : "9.0"
},
{
"name" : "tvos",
"version" : "9.0"
},
{
"name" : "watchos",
"version" : "3.0"
}
],
"products" : [
{
"name" : "ValueTransformerKit",
"targets" : [
"ValueTransformerKit"
],
"type" : {
"library" : [
"automatic"
]
}
}
],
"swift_languages_versions" : [
"5"
],
"targets" : [
{
"c99name" : "ValueTransformerKitTests",
"module_type" : "SwiftTarget",
"name" : "ValueTransformerKitTests",
"path" : "Tests",
"sources" : [
"Tests.swift"
],
"target_dependencies" : [
"ValueTransformerKit"
],
"type" : "test"
},
{
"c99name" : "ValueTransformerKit",
"module_type" : "SwiftTarget",
"name" : "ValueTransformerKit",
"path" : "Sources",
"product_memberships" : [
"ValueTransformerKit"
],
"sources" : [
"ArchiveValueTransformer.swift",
"ArrayToStringTransformer.swift",
"Base64Transformer.swift",
"ClosureValueTransformer.swift",
"DateTransformers.swift",
"EmptyTransformer.swift",
"IdentityTransformer.swift",
"ImageTransformers.swift",
"IsEmptyTransformer.swift",
"JSONValueTransformer.swift",
"LocalKeyTransformers.swift",
"NumberToBoolTransformer.swift",
"NumberTransformers.swift",
"Operators.swift",
"OrderedSetToArrayValueTransformer.swift",
"PropertyListTransformer.swift",
"ReverseValueTransformer.swift",
"SecondsToHoursValueTransformer.swift",
"StringToDataTransformer.swift",
"StringTransformers.swift",
"TimeTransformers.swift",
"UIColorToString.swift",
"URLStringToImageTransformer.swift",
"URLToStringTransformer.swift",
"ValueTransformerRegisterable.swift",
"ValueTransformerType.swift",
"ValueTransformers.swift"
],
"type" : "library"
}
],
"tools_version" : "5.0"
}
{
"project" : {
"configurations" : [
"Debug",
"Release"
],
"name" : "ValueTransformerKit",
"schemes" : [
"ValueTransformerKit",
"ValueTransformerKitMacOS"
],
"targets" : [
"ValueTransformerKit",
"ValueTransformerKitMacOS",
"Tests"
]
}
}
{
"workspace" : {
"name" : "ValueTransformerKit",
"schemes" : [
"ValueTransformerKit"
]
}
}
2026-09-22 06:39:57.406 xcodebuild[620:3881] [MT] IDERunDestination: Supported platforms for the buildables in the current scheme is empty.
Running build ...
env DEVELOPER_DIR=/Applications/Xcode-27.0.0-Release.Candidate.app xcrun xcodebuild -IDEClonedSourcePackagesDirPathOverride=$PWD/.dependencies -skipMacroValidation -skipPackagePluginValidation -derivedDataPath $PWD/.derivedData build -scheme ValueTransformerKit -destination generic/platform=xrOS
Command line invocation:
/Applications/Xcode-27.0.0-Release.Candidate.app/Contents/Developer/usr/bin/xcodebuild -IDEClonedSourcePackagesDirPathOverride=/Users/admin/builder/spi-builder-workspace/.dependencies -skipMacroValidation -skipPackagePluginValidation -derivedDataPath /Users/admin/builder/spi-builder-workspace/.derivedData build -scheme ValueTransformerKit -destination generic/platform=xrOS
Resolve Package Graph
Resolved source packages:
ValueTransformerKit: /Users/admin/builder/spi-builder-workspace
ComputePackagePrebuildTargetDependencyGraph
Prepare packages
CreateBuildRequest
SendProjectDescription
CreateBuildOperation
ComputeTargetDependencyGraph
note: Building targets in dependency order
note: Target dependency graph (2 targets)
Target 'ValueTransformerKit-product' in project 'ValueTransformerKit'
➜ Explicit dependency on target 'ValueTransformerKit' in project 'ValueTransformerKit'
Target 'ValueTransformerKit' in project 'ValueTransformerKit' (no dependencies)
GatherProvisioningInputs
CreateBuildDescription
ExecuteExternalTool /Applications/Xcode-27.0.0-Release.Candidate.app/Contents/Developer/Toolchains/XcodeDefault.xctoolchain/usr/bin/clang -v -E -dM -isysroot /Applications/Xcode-27.0.0-Release.Candidate.app/Contents/Developer/Platforms/XROS.platform/Developer/SDKs/XROS27.0.sdk -x c -c /dev/null
ExecuteExternalTool /Applications/Xcode-27.0.0-Release.Candidate.app/Contents/Developer/Toolchains/XcodeDefault.xctoolchain/usr/bin/swiftc --version
ExecuteExternalTool /Applications/Xcode-27.0.0-Release.Candidate.app/Contents/Developer/Toolchains/XcodeDefault.xctoolchain/usr/bin/ld -version_details
Build description signature: 88d975bc42229c2242b15a44e308b1e9
Build description path: /Users/admin/builder/spi-builder-workspace/.derivedData/Build/Intermediates.noindex/XCBuildData/88d975bc42229c2242b15a44e308b1e9.xcbuilddata
CreateBuildDirectory /Users/admin/builder/spi-builder-workspace/.derivedData/CompilationCache.noindex
cd /Users/admin/builder/spi-builder-workspace/.swiftpm/xcode
builtin-create-build-directory /Users/admin/builder/spi-builder-workspace/.derivedData/CompilationCache.noindex
CreateBuildDirectory /Users/admin/builder/spi-builder-workspace/.derivedData/ModuleCache.noindex
cd /Users/admin/builder/spi-builder-workspace/.swiftpm/xcode
builtin-create-build-directory /Users/admin/builder/spi-builder-workspace/.derivedData/ModuleCache.noindex
CreateBuildDirectory /Users/admin/builder/spi-builder-workspace/.derivedData/SDKExplicitPrecompiledModules
cd /Users/admin/builder/spi-builder-workspace/.swiftpm/xcode
builtin-create-build-directory /Users/admin/builder/spi-builder-workspace/.derivedData/SDKExplicitPrecompiledModules
ClangStatCache /Applications/Xcode-27.0.0-Release.Candidate.app/Contents/Developer/Toolchains/XcodeDefault.xctoolchain/usr/bin/clang-stat-cache /Applications/Xcode-27.0.0-Release.Candidate.app/Contents/Developer/Platforms/XROS.platform/Developer/SDKs/XROS27.0.sdk /Users/admin/builder/spi-builder-workspace/.derivedData/SDKStatCaches.noindex/xros27.0-24M361-e829b21a6f8c9b70876ba0858053c044735bd543db762f57723cac368afd1ce4.sdkstatcache
cd /Users/admin/builder/spi-builder-workspace/.swiftpm/xcode
/Applications/Xcode-27.0.0-Release.Candidate.app/Contents/Developer/Toolchains/XcodeDefault.xctoolchain/usr/bin/clang-stat-cache /Applications/Xcode-27.0.0-Release.Candidate.app/Contents/Developer/Platforms/XROS.platform/Developer/SDKs/XROS27.0.sdk -o /Users/admin/builder/spi-builder-workspace/.derivedData/SDKStatCaches.noindex/xros27.0-24M361-e829b21a6f8c9b70876ba0858053c044735bd543db762f57723cac368afd1ce4.sdkstatcache
CreateBuildDirectory /Users/admin/builder/spi-builder-workspace/.derivedData/Build/Products
cd /Users/admin/builder/spi-builder-workspace/.swiftpm/xcode
builtin-create-build-directory /Users/admin/builder/spi-builder-workspace/.derivedData/Build/Products
CreateBuildDirectory /Users/admin/builder/spi-builder-workspace/.derivedData/Build/Intermediates.noindex
cd /Users/admin/builder/spi-builder-workspace/.swiftpm/xcode
builtin-create-build-directory /Users/admin/builder/spi-builder-workspace/.derivedData/Build/Intermediates.noindex
CreateBuildDirectory /Users/admin/builder/spi-builder-workspace/.derivedData/Build/Products/Debug-xros
cd /Users/admin/builder/spi-builder-workspace/.swiftpm/xcode
builtin-create-build-directory /Users/admin/builder/spi-builder-workspace/.derivedData/Build/Products/Debug-xros
CreateBuildDirectory /Users/admin/builder/spi-builder-workspace/.derivedData/Build/Intermediates.noindex/SwiftExplicitPrecompiledModules
cd /Users/admin/builder/spi-builder-workspace/.swiftpm/xcode
builtin-create-build-directory /Users/admin/builder/spi-builder-workspace/.derivedData/Build/Intermediates.noindex/SwiftExplicitPrecompiledModules
CreateBuildDirectory /Users/admin/builder/spi-builder-workspace/.derivedData/Build/Intermediates.noindex/PrecompiledHeaders
cd /Users/admin/builder/spi-builder-workspace/.swiftpm/xcode
builtin-create-build-directory /Users/admin/builder/spi-builder-workspace/.derivedData/Build/Intermediates.noindex/PrecompiledHeaders
CreateBuildDirectory /Users/admin/builder/spi-builder-workspace/.derivedData/Build/Intermediates.noindex/ExplicitPrecompiledModules
cd /Users/admin/builder/spi-builder-workspace/.swiftpm/xcode
builtin-create-build-directory /Users/admin/builder/spi-builder-workspace/.derivedData/Build/Intermediates.noindex/ExplicitPrecompiledModules
CreateBuildDirectory /Users/admin/builder/spi-builder-workspace/.derivedData/Build/Intermediates.noindex/EagerLinkingTBDs/Debug-xros
cd /Users/admin/builder/spi-builder-workspace/.swiftpm/xcode
builtin-create-build-directory /Users/admin/builder/spi-builder-workspace/.derivedData/Build/Intermediates.noindex/EagerLinkingTBDs/Debug-xros
CreateBuildDirectory /Users/admin/builder/spi-builder-workspace/.derivedData/Build/Products/Debug-xros/PackageFrameworks
cd /Users/admin/builder/spi-builder-workspace/.swiftpm/xcode
builtin-create-build-directory /Users/admin/builder/spi-builder-workspace/.derivedData/Build/Products/Debug-xros/PackageFrameworks
WriteAuxiliaryFile /Users/admin/builder/spi-builder-workspace/.derivedData/Build/Intermediates.noindex/ValueTransformerKit.build/Debug-xros/ValueTransformerKit-t.build/ValueTransformerKit.DependencyMetadataFileList (in target 'ValueTransformerKit' from project 'ValueTransformerKit')
cd /Users/admin/builder/spi-builder-workspace
write-file /Users/admin/builder/spi-builder-workspace/.derivedData/Build/Intermediates.noindex/ValueTransformerKit.build/Debug-xros/ValueTransformerKit-t.build/ValueTransformerKit.DependencyMetadataFileList
WriteAuxiliaryFile /Users/admin/builder/spi-builder-workspace/.derivedData/Build/Intermediates.noindex/ValueTransformerKit.build/Debug-xros/ValueTransformerKit-t.build/ValueTransformerKit.modulemap (in target 'ValueTransformerKit' from project 'ValueTransformerKit')
cd /Users/admin/builder/spi-builder-workspace
write-file /Users/admin/builder/spi-builder-workspace/.derivedData/Build/Intermediates.noindex/ValueTransformerKit.build/Debug-xros/ValueTransformerKit-t.build/ValueTransformerKit.modulemap
WriteAuxiliaryFile /Users/admin/builder/spi-builder-workspace/.derivedData/Build/Intermediates.noindex/ValueTransformerKit.build/Debug-xros/ValueTransformerKit-t.build/ValueTransformerKit.DependencyStaticMetadataFileList (in target 'ValueTransformerKit' from project 'ValueTransformerKit')
cd /Users/admin/builder/spi-builder-workspace
write-file /Users/admin/builder/spi-builder-workspace/.derivedData/Build/Intermediates.noindex/ValueTransformerKit.build/Debug-xros/ValueTransformerKit-t.build/ValueTransformerKit.DependencyStaticMetadataFileList
WriteAuxiliaryFile /Users/admin/builder/spi-builder-workspace/.derivedData/Build/Intermediates.noindex/ValueTransformerKit.build/Debug-xros/ValueTransformerKit-t.build/Objects-normal/arm64/ValueTransformerKit.SwiftConstValuesFileList (in target 'ValueTransformerKit' from project 'ValueTransformerKit')
cd /Users/admin/builder/spi-builder-workspace
write-file /Users/admin/builder/spi-builder-workspace/.derivedData/Build/Intermediates.noindex/ValueTransformerKit.build/Debug-xros/ValueTransformerKit-t.build/Objects-normal/arm64/ValueTransformerKit.SwiftConstValuesFileList
WriteAuxiliaryFile /Users/admin/builder/spi-builder-workspace/.derivedData/Build/Intermediates.noindex/ValueTransformerKit.build/Debug-xros/ValueTransformerKit-t.build/Objects-normal/arm64/ValueTransformerKit_const_extract_protocols.json (in target 'ValueTransformerKit' from project 'ValueTransformerKit')
cd /Users/admin/builder/spi-builder-workspace
write-file /Users/admin/builder/spi-builder-workspace/.derivedData/Build/Intermediates.noindex/ValueTransformerKit.build/Debug-xros/ValueTransformerKit-t.build/Objects-normal/arm64/ValueTransformerKit_const_extract_protocols.json
WriteAuxiliaryFile /Users/admin/builder/spi-builder-workspace/.derivedData/Build/Intermediates.noindex/ValueTransformerKit.build/Debug-xros/ValueTransformerKit-t.build/Objects-normal/arm64/ValueTransformerKit-OutputFileMap.json (in target 'ValueTransformerKit' from project 'ValueTransformerKit')
cd /Users/admin/builder/spi-builder-workspace
write-file /Users/admin/builder/spi-builder-workspace/.derivedData/Build/Intermediates.noindex/ValueTransformerKit.build/Debug-xros/ValueTransformerKit-t.build/Objects-normal/arm64/ValueTransformerKit-OutputFileMap.json
WriteAuxiliaryFile /Users/admin/builder/spi-builder-workspace/.derivedData/Build/Intermediates.noindex/ValueTransformerKit.build/Debug-xros/ValueTransformerKit-t.build/Objects-normal/arm64/ValueTransformerKit.LinkFileList (in target 'ValueTransformerKit' from project 'ValueTransformerKit')
cd /Users/admin/builder/spi-builder-workspace
write-file /Users/admin/builder/spi-builder-workspace/.derivedData/Build/Intermediates.noindex/ValueTransformerKit.build/Debug-xros/ValueTransformerKit-t.build/Objects-normal/arm64/ValueTransformerKit.LinkFileList
WriteAuxiliaryFile /Users/admin/builder/spi-builder-workspace/.derivedData/Build/Intermediates.noindex/ValueTransformerKit.build/Debug-xros/ValueTransformerKit-t.build/Objects-normal/arm64/ValueTransformerKit.SwiftFileList (in target 'ValueTransformerKit' from project 'ValueTransformerKit')
cd /Users/admin/builder/spi-builder-workspace
write-file /Users/admin/builder/spi-builder-workspace/.derivedData/Build/Intermediates.noindex/ValueTransformerKit.build/Debug-xros/ValueTransformerKit-t.build/Objects-normal/arm64/ValueTransformerKit.SwiftFileList
Copy /Users/admin/builder/spi-builder-workspace/.derivedData/Build/Intermediates.noindex/GeneratedModuleMaps-xros/ValueTransformerKit.modulemap /Users/admin/builder/spi-builder-workspace/.derivedData/Build/Intermediates.noindex/ValueTransformerKit.build/Debug-xros/ValueTransformerKit-t.build/ValueTransformerKit.modulemap (in target 'ValueTransformerKit' from project 'ValueTransformerKit')
cd /Users/admin/builder/spi-builder-workspace
builtin-copy -exclude .DS_Store -exclude CVS -exclude .svn -exclude .git -exclude .hg -resolve-src-symlinks /Users/admin/builder/spi-builder-workspace/.derivedData/Build/Intermediates.noindex/ValueTransformerKit.build/Debug-xros/ValueTransformerKit-t.build/ValueTransformerKit.modulemap /Users/admin/builder/spi-builder-workspace/.derivedData/Build/Intermediates.noindex/GeneratedModuleMaps-xros
SwiftDriver ValueTransformerKit normal arm64 com.apple.xcode.tools.swift.compiler (in target 'ValueTransformerKit' from project 'ValueTransformerKit')
cd /Users/admin/builder/spi-builder-workspace/.swiftpm/xcode
builtin-SwiftDriver -- /Applications/Xcode-27.0.0-Release.Candidate.app/Contents/Developer/Toolchains/XcodeDefault.xctoolchain/usr/bin/swiftc -parse-as-library -module-name ValueTransformerKit -Onone @/Users/admin/builder/spi-builder-workspace/.derivedData/Build/Intermediates.noindex/ValueTransformerKit.build/Debug-xros/ValueTransformerKit-t.build/Objects-normal/arm64/ValueTransformerKit.SwiftFileList -DSWIFT_PACKAGE -DDEBUG -DSWIFT_MODULE_RESOURCE_BUNDLE_UNAVAILABLE -DXcode -plugin-path /Applications/Xcode-27.0.0-Release.Candidate.app/Contents/Developer/Toolchains/XcodeDefault.xctoolchain/usr/lib/swift/host/plugins/testing -enable-experimental-feature DebugDescriptionMacro -sdk /Applications/Xcode-27.0.0-Release.Candidate.app/Contents/Developer/Platforms/XROS.platform/Developer/SDKs/XROS27.0.sdk -target arm64-apple-xros1.0 -g -module-cache-path /Users/admin/builder/spi-builder-workspace/.derivedData/ModuleCache.noindex -Xfrontend -serialize-debugging-options -profile-coverage-mapping -profile-generate -enable-testing -index-store-path /Users/admin/builder/spi-builder-workspace/.derivedData/Index.noindex/DataStore -Xcc -D_LIBCPP_HARDENING_MODE\=_LIBCPP_HARDENING_MODE_DEBUG -swift-version 5 -I /Users/admin/builder/spi-builder-workspace/.derivedData/Build/Products/Debug-xros -Isystem /Applications/Xcode-27.0.0-Release.Candidate.app/Contents/Developer/Platforms/XROS.platform/Developer/usr/lib -F /Users/admin/builder/spi-builder-workspace/.derivedData/Build/Products/Debug-xros -F /Applications/Xcode-27.0.0-Release.Candidate.app/Contents/Developer/Platforms/XROS.platform/Developer/Library/Frameworks -F /Applications/Xcode-27.0.0-Release.Candidate.app/Contents/Developer/Platforms/XROS.platform/Developer/SDKs/XROS27.0.sdk/Developer/Library/Frameworks -c -j10 -enable-batch-mode -incremental -Xcc -ivfsstatcache -Xcc /Users/admin/builder/spi-builder-workspace/.derivedData/SDKStatCaches.noindex/xros27.0-24M361-e829b21a6f8c9b70876ba0858053c044735bd543db762f57723cac368afd1ce4.sdkstatcache -output-file-map /Users/admin/builder/spi-builder-workspace/.derivedData/Build/Intermediates.noindex/ValueTransformerKit.build/Debug-xros/ValueTransformerKit-t.build/Objects-normal/arm64/ValueTransformerKit-OutputFileMap.json -save-temps -no-color-diagnostics -explicit-module-build -module-cache-path /Users/admin/builder/spi-builder-workspace/.derivedData/Build/Intermediates.noindex/SwiftExplicitPrecompiledModules -clang-scanner-module-cache-path /Users/admin/builder/spi-builder-workspace/.derivedData/ModuleCache.noindex -sdk-module-cache-path /Users/admin/builder/spi-builder-workspace/.derivedData/SDKExplicitPrecompiledModules -emit-dependencies -emit-module -emit-module-path /Users/admin/builder/spi-builder-workspace/.derivedData/Build/Intermediates.noindex/ValueTransformerKit.build/Debug-xros/ValueTransformerKit-t.build/Objects-normal/arm64/ValueTransformerKit.swiftmodule -serialize-diagnostics -dependency-scan-serialize-diagnostics-path /Users/admin/builder/spi-builder-workspace/.derivedData/Build/Intermediates.noindex/ValueTransformerKit.build/Debug-xros/ValueTransformerKit-t.build/Objects-normal/arm64/ValueTransformerKit-dependency-scan.dia -validate-clang-modules-once -clang-build-session-file /Users/admin/builder/spi-builder-workspace/.derivedData/ModuleCache.noindex/Session.modulevalidation -Xcc -fmodules-prune-interval\=86400 -Xcc -fmodules-prune-after\=345600 -emit-const-values -const-gather-protocols-list /Users/admin/builder/spi-builder-workspace/.derivedData/Build/Intermediates.noindex/ValueTransformerKit.build/Debug-xros/ValueTransformerKit-t.build/Objects-normal/arm64/ValueTransformerKit_const_extract_protocols.json -Xcc -I/Users/admin/builder/spi-builder-workspace/.derivedData/Build/Products/Debug-xros/include -Xcc -I/Users/admin/builder/spi-builder-workspace/.derivedData/Build/Intermediates.noindex/ValueTransformerKit.build/Debug-xros/ValueTransformerKit-t.build/DerivedSources-normal/arm64 -Xcc -I/Users/admin/builder/spi-builder-workspace/.derivedData/Build/Intermediates.noindex/ValueTransformerKit.build/Debug-xros/ValueTransformerKit-t.build/DerivedSources/arm64 -Xcc -I/Users/admin/builder/spi-builder-workspace/.derivedData/Build/Intermediates.noindex/ValueTransformerKit.build/Debug-xros/ValueTransformerKit-t.build/DerivedSources -Xcc -DSWIFT_PACKAGE -Xcc -DDEBUG\=1 -emit-objc-header -emit-objc-header-path /Users/admin/builder/spi-builder-workspace/.derivedData/Build/Intermediates.noindex/ValueTransformerKit.build/Debug-xros/ValueTransformerKit-t.build/Objects-normal/arm64/ValueTransformerKit-Swift.h -working-directory /Users/admin/builder/spi-builder-workspace/.swiftpm/xcode -experimental-emit-module-separately -disable-cmo
SwiftExplicitDependencyGeneratePcm arm64 /Users/admin/builder/spi-builder-workspace/.derivedData/SDKExplicitPrecompiledModules/ptrauth-1WBA714DZSVUL5JQDJ08CLKZ.pcm
SwiftExplicitDependencyGeneratePcm arm64 /Users/admin/builder/spi-builder-workspace/.derivedData/SDKExplicitPrecompiledModules/_AvailabilityInternal-1Q8IQP6M38UWSGZ95UCEY2M44.pcm
SwiftExplicitDependencyGeneratePcm arm64 /Users/admin/builder/spi-builder-workspace/.derivedData/SDKExplicitPrecompiledModules/_Builtin_float-6WKHNW5S40U2QGHXXGETUDIRA.pcm
SwiftExplicitDependencyGeneratePcm arm64 /Users/admin/builder/spi-builder-workspace/.derivedData/SDKExplicitPrecompiledModules/_Builtin_stddef-5NQ9Z1GV07GBSRQGAQCGXGVRI.pcm
SwiftExplicitDependencyGeneratePcm arm64 /Users/admin/builder/spi-builder-workspace/.derivedData/SDKExplicitPrecompiledModules/ptrcheck-BXA97MNLI4BB0HF5I8MJE403D.pcm
SwiftExplicitDependencyGeneratePcm arm64 /Users/admin/builder/spi-builder-workspace/.derivedData/SDKExplicitPrecompiledModules/_Builtin_stdarg-CDA349K2K4US766844K8E0PVA.pcm
SwiftExplicitDependencyGeneratePcm arm64 /Users/admin/builder/spi-builder-workspace/.derivedData/SDKExplicitPrecompiledModules/_SwiftConcurrencyShims-C8XHKSHX96D5YYALNM4W70Z0O.pcm
SwiftExplicitDependencyGeneratePcm arm64 /Users/admin/builder/spi-builder-workspace/.derivedData/SDKExplicitPrecompiledModules/SwiftShims-CI4H5RO9IYFFWQ2COB512Q2S9.pcm
SwiftExplicitDependencyGeneratePcm arm64 /Users/admin/builder/spi-builder-workspace/.derivedData/SDKExplicitPrecompiledModules/_Builtin_stdbool-5BU2ADS7JXQMYENKQHW9X8XOU.pcm
SwiftExplicitDependencyGeneratePcm arm64 /Users/admin/builder/spi-builder-workspace/.derivedData/SDKExplicitPrecompiledModules/_DarwinFoundation1-5RGRVV2TZ6WC4WZW5IXF8NQ04.pcm
SwiftExplicitDependencyGeneratePcm arm64 /Users/admin/builder/spi-builder-workspace/.derivedData/SDKExplicitPrecompiledModules/_Builtin_limits-425JDMN5HPM3D0UEI8LEHP6NM.pcm
SwiftExplicitDependencyGeneratePcm arm64 /Users/admin/builder/spi-builder-workspace/.derivedData/SDKExplicitPrecompiledModules/_DarwinFoundation2-ENTECK156YEWITZRRBTOCE4KR.pcm
SwiftExplicitDependencyGeneratePcm arm64 /Users/admin/builder/spi-builder-workspace/.derivedData/SDKExplicitPrecompiledModules/sys_types-AYM0BHR77VKMWZCO2T0XGV2HF.pcm
SwiftExplicitDependencyGeneratePcm arm64 /Users/admin/builder/spi-builder-workspace/.derivedData/SDKExplicitPrecompiledModules/string_h-2GT67HHHHK5CF1V1S31LH0PU2.pcm
SwiftExplicitDependencyGeneratePcm arm64 /Users/admin/builder/spi-builder-workspace/.derivedData/SDKExplicitPrecompiledModules/_Builtin_stdint-8OR6T47OOYJA90ZBO3N1USDE.pcm
SwiftExplicitDependencyGeneratePcm arm64 /Users/admin/builder/spi-builder-workspace/.derivedData/SDKExplicitPrecompiledModules/_DarwinFoundation3-9ZHN6JKBS40BBA81RQMV8H0IC.pcm
SwiftExplicitDependencyGeneratePcm arm64 /Users/admin/builder/spi-builder-workspace/.derivedData/SDKExplicitPrecompiledModules/_Builtin_inttypes-11B64KJD36B3YOHBR1BBXBJY8.pcm
SwiftExplicitDependencyGeneratePcm arm64 /Users/admin/builder/spi-builder-workspace/.derivedData/SDKExplicitPrecompiledModules/Darwin-60P5LVNQO3ESRRM5DCJ05PFNK.pcm
SwiftExplicitDependencyGeneratePcm arm64 /Users/admin/builder/spi-builder-workspace/.derivedData/SDKExplicitPrecompiledModules/ObjectiveC-26TIBFYCEJZVP216ZZAU1X8KN.pcm
SwiftExplicitDependencyGeneratePcm arm64 /Users/admin/builder/spi-builder-workspace/.derivedData/SDKExplicitPrecompiledModules/os_object-692CJ8BG6RE5H04487EJJOVXW.pcm
SwiftExplicitDependencyGeneratePcm arm64 /Users/admin/builder/spi-builder-workspace/.derivedData/SDKExplicitPrecompiledModules/os_workgroup-4U1VXMWIZD80E7PRUQF2G7P9X.pcm
SwiftExplicitDependencyGeneratePcm arm64 /Users/admin/builder/spi-builder-workspace/.derivedData/SDKExplicitPrecompiledModules/Dispatch-CLT3466HKC22GCKAWSCNG0H7T.pcm
SwiftExplicitDependencyGeneratePcm arm64 /Users/admin/builder/spi-builder-workspace/.derivedData/SDKExplicitPrecompiledModules/XPC-EP5EU7FNGP4VOA3EDM18P1KHO.pcm
SwiftExplicitDependencyGeneratePcm arm64 /Users/admin/builder/spi-builder-workspace/.derivedData/SDKExplicitPrecompiledModules/CoreFoundation-AVLTZVCXBU2TO75JCN4AGU8XJ.pcm
SwiftExplicitDependencyGeneratePcm arm64 /Users/admin/builder/spi-builder-workspace/.derivedData/SDKExplicitPrecompiledModules/Security-8TH2M8WJIQMET4SADWX0N8372.pcm
SwiftExplicitDependencyGeneratePcm arm64 /Users/admin/builder/spi-builder-workspace/.derivedData/SDKExplicitPrecompiledModules/CFNetwork-5MI70N1VLDQSWTX4COWLMSIRO.pcm
SwiftExplicitDependencyGeneratePcm arm64 /Users/admin/builder/spi-builder-workspace/.derivedData/SDKExplicitPrecompiledModules/Foundation-8GON1KVEKRN3NOQI8RETBRWJP.pcm
SwiftEmitModule normal arm64 Emitting\ module\ for\ ValueTransformerKit (in target 'ValueTransformerKit' from project 'ValueTransformerKit')
/Users/admin/builder/spi-builder-workspace/Sources/ImageTransformers.swift:58:62: error: cannot find type 'CGFloat' in scope
56 | public static let transformers: [ImageRepresentationTransformers] = [.png, .jpeg]
57 |
58 | public static var kJPEGRepresentationCompressionQuality: CGFloat = 0.85
| `- error: cannot find type 'CGFloat' in scope
59 |
60 | public static var namePrefix = "ImageRepresentation"
/Users/admin/builder/spi-builder-workspace/Sources/ImageTransformers.swift:63:22: error: cannot find type 'NSValueTransformerName' in scope
61 | public static var reversableNamePrefix = "RepresentationToImage"
62 |
63 | public var name: NSValueTransformerName {
| `- error: cannot find type 'NSValueTransformerName' in scope
64 | return NSValueTransformerName(ImageRepresentationTransformers.namePrefix + self.rawValue.capitalized)
65 | }
/Users/admin/builder/spi-builder-workspace/Sources/ImageTransformers.swift:84:77: error: cannot find type 'NSValueTransformerName' in scope
82 | }
83 |
84 | public static func reversableName(from name: NSValueTransformerName) -> NSValueTransformerName {
| `- error: cannot find type 'NSValueTransformerName' in scope
85 | let newName = name.rawValue.replacingOccurrences(of: ImageRepresentationTransformers.namePrefix, with: ImageRepresentationTransformers.reversableNamePrefix)
86 | return NSValueTransformerName(newName)
/Users/admin/builder/spi-builder-workspace/Sources/ImageTransformers.swift:84:50: error: cannot find type 'NSValueTransformerName' in scope
82 | }
83 |
84 | public static func reversableName(from name: NSValueTransformerName) -> NSValueTransformerName {
| `- error: cannot find type 'NSValueTransformerName' in scope
85 | let newName = name.rawValue.replacingOccurrences(of: ImageRepresentationTransformers.namePrefix, with: ImageRepresentationTransformers.reversableNamePrefix)
86 | return NSValueTransformerName(newName)
Failed frontend command:
SwiftCompile normal arm64 (in target 'ValueTransformerKit' from project 'ValueTransformerKit')
cd /Users/admin/builder/spi-builder-workspace/.swiftpm/xcode
/Applications/Xcode-27.0.0-Release.Candidate.app/Contents/Developer/Toolchains/XcodeDefault.xctoolchain/usr/bin/swift-frontend -frontend -emit-module -experimental-skip-non-inlinable-function-bodies-without-types /Users/admin/builder/spi-builder-workspace/Sources/ArchiveValueTransformer.swift /Users/admin/builder/spi-builder-workspace/Sources/ArrayToStringTransformer.swift /Users/admin/builder/spi-builder-workspace/Sources/Base64Transformer.swift /Users/admin/builder/spi-builder-workspace/Sources/ClosureValueTransformer.swift /Users/admin/builder/spi-builder-workspace/Sources/DateTransformers.swift /Users/admin/builder/spi-builder-workspace/Sources/EmptyTransformer.swift /Users/admin/builder/spi-builder-workspace/Sources/IdentityTransformer.swift /Users/admin/builder/spi-builder-workspace/Sources/ImageTransformers.swift /Users/admin/builder/spi-builder-workspace/Sources/IsEmptyTransformer.swift /Users/admin/builder/spi-builder-workspace/Sources/JSONValueTransformer.swift /Users/admin/builder/spi-builder-workspace/Sources/LocalKeyTransformers.swift /Users/admin/builder/spi-builder-workspace/Sources/NumberToBoolTransformer.swift /Users/admin/builder/spi-builder-workspace/Sources/NumberTransformers.swift /Users/admin/builder/spi-builder-workspace/Sources/Operators.swift /Users/admin/builder/spi-builder-workspace/Sources/OrderedSetToArrayValueTransformer.swift /Users/admin/builder/spi-builder-workspace/Sources/PropertyListTransformer.swift /Users/admin/builder/spi-builder-workspace/Sources/ReverseValueTransformer.swift /Users/admin/builder/spi-builder-workspace/Sources/SecondsToHoursValueTransformer.swift /Users/admin/builder/spi-builder-workspace/Sources/StringToDataTransformer.swift /Users/admin/builder/spi-builder-workspace/Sources/StringTransformers.swift /Users/admin/builder/spi-builder-workspace/Sources/TimeTransformers.swift /Users/admin/builder/spi-builder-workspace/Sources/UIColorToString.swift /Users/admin/builder/spi-builder-workspace/Sources/URLStringToImageTransformer.swift /Users/admin/builder/spi-builder-workspace/Sources/URLToStringTransformer.swift /Users/admin/builder/spi-builder-workspace/Sources/ValueTransformerRegisterable.swift /Users/admin/builder/spi-builder-workspace/Sources/ValueTransformerType.swift /Users/admin/builder/spi-builder-workspace/Sources/ValueTransformers.swift -target arm64-apple-xros1.0 -disable-cross-import-overlay-search -load-resolved-plugin /Applications/Xcode-27.0.0-Release.Candidate.app/Contents/Developer/Platforms/XROS.platform/Developer/usr/lib/swift/host/plugins/libFoundationMacros.dylib\#/Applications/Xcode-27.0.0-Release.Candidate.app/Contents/Developer/Platforms/XROS.platform/Developer/usr/bin/swift-plugin-server\#FoundationMacros -load-resolved-plugin /Applications/Xcode-27.0.0-Release.Candidate.app/Contents/Developer/Platforms/XROS.platform/Developer/usr/lib/swift/host/plugins/libObservationMacros.dylib\#/Applications/Xcode-27.0.0-Release.Candidate.app/Contents/Developer/Platforms/XROS.platform/Developer/usr/bin/swift-plugin-server\#ObservationMacros -load-resolved-plugin /Applications/Xcode-27.0.0-Release.Candidate.app/Contents/Developer/Platforms/XROS.platform/Developer/usr/lib/swift/host/plugins/libSwiftMacros.dylib\#/Applications/Xcode-27.0.0-Release.Candidate.app/Contents/Developer/Platforms/XROS.platform/Developer/usr/bin/swift-plugin-server\#SwiftMacros -disable-implicit-swift-modules -Xcc -fno-implicit-modules -Xcc -fno-implicit-module-maps -explicit-swift-module-map-file /Users/admin/builder/spi-builder-workspace/.derivedData/Build/Intermediates.noindex/ValueTransformerKit.build/Debug-xros/ValueTransformerKit-t.build/Objects-normal/arm64/ValueTransformerKit-dependencies-1.json -Xllvm -aarch64-use-tbi -enable-objc-interop -stack-check -sdk /Applications/Xcode-27.0.0-Release.Candidate.app/Contents/Developer/Platforms/XROS.platform/Developer/SDKs/XROS27.0.sdk -I /Users/admin/builder/spi-builder-workspace/.derivedData/Build/Products/Debug-xros -Isystem /Applications/Xcode-27.0.0-Release.Candidate.app/Contents/Developer/Platforms/XROS.platform/Developer/usr/lib -F /Users/admin/builder/spi-builder-workspace/.derivedData/Build/Products/Debug-xros -F /Applications/Xcode-27.0.0-Release.Candidate.app/Contents/Developer/Platforms/XROS.platform/Developer/Library/Frameworks -F /Applications/Xcode-27.0.0-Release.Candidate.app/Contents/Developer/Platforms/XROS.platform/Developer/SDKs/XROS27.0.sdk/Developer/Library/Frameworks -module-cache-path /Users/admin/builder/spi-builder-workspace/.derivedData/Build/Intermediates.noindex/SwiftExplicitPrecompiledModules -no-color-diagnostics -Xcc -fno-color-diagnostics -enable-testing -g -debug-info-format\=dwarf -dwarf-version\=4 -profile-generate -profile-coverage-mapping -swift-version 5 -Onone -D SWIFT_PACKAGE -D DEBUG -D SWIFT_MODULE_RESOURCE_BUNDLE_UNAVAILABLE -D Xcode -serialize-debugging-options -enable-experimental-feature DebugDescriptionMacro -empty-abi-descriptor -validate-clang-modules-once -clang-build-session-file /Users/admin/builder/spi-builder-workspace/.derivedData/ModuleCache.noindex/Session.modulevalidation -Xcc -working-directory -Xcc /Users/admin/builder/spi-builder-workspace/.swiftpm/xcode -enable-anonymous-context-mangled-names -file-compilation-dir /Users/admin/builder/spi-builder-workspace/.swiftpm/xcode -Xcc -D_LIBCPP_HARDENING_MODE\=_LIBCPP_HARDENING_MODE_DEBUG -Xcc -ivfsstatcache -Xcc /Users/admin/builder/spi-builder-workspace/.derivedData/SDKStatCaches.noindex/xros27.0-24M361-e829b21a6f8c9b70876ba0858053c044735bd543db762f57723cac368afd1ce4.sdkstatcache -Xcc -fmodules-prune-interval\=86400 -Xcc -fmodules-prune-after\=345600 -Xcc -I/Users/admin/builder/spi-builder-workspace/.derivedData/Build/Products/Debug-xros/include -Xcc -I/Users/admin/builder/spi-builder-workspace/.derivedData/Build/Intermediates.noindex/ValueTransformerKit.build/Debug-xros/ValueTransformerKit-t.build/DerivedSources-normal/arm64 -Xcc -I/Users/admin/builder/spi-builder-workspace/.derivedData/Build/Intermediates.noindex/ValueTransformerKit.build/Debug-xros/ValueTransformerKit-t.build/DerivedSources/arm64 -Xcc -I/Users/admin/builder/spi-builder-workspace/.derivedData/Build/Intermediates.noindex/ValueTransformerKit.build/Debug-xros/ValueTransformerKit-t.build/DerivedSources -Xcc -DSWIFT_PACKAGE -Xcc -DDEBUG\=1 -no-auto-bridging-header-chaining -module-name ValueTransformerKit -const-gather-protocols-file /Users/admin/builder/spi-builder-workspace/.derivedData/Build/Intermediates.noindex/ValueTransformerKit.build/Debug-xros/ValueTransformerKit-t.build/Objects-normal/arm64/ValueTransformerKit_const_extract_protocols.json -disable-clang-spi -clang-target arm64-apple-xros27.0 -target-sdk-version 27.0 -target-sdk-name xros27.0 -in-process-plugin-server-path /Applications/Xcode-27.0.0-Release.Candidate.app/Contents/Developer/Toolchains/XcodeDefault.xctoolchain/usr/lib/swift/host/libSwiftInProcPluginServer.dylib -emit-module-doc-path /Users/admin/builder/spi-builder-workspace/.derivedData/Build/Intermediates.noindex/ValueTransformerKit.build/Debug-xros/ValueTransformerKit-t.build/Objects-normal/arm64/ValueTransformerKit.swiftdoc -emit-module-source-info-path /Users/admin/builder/spi-builder-workspace/.derivedData/Build/Intermediates.noindex/ValueTransformerKit.build/Debug-xros/ValueTransformerKit-t.build/Objects-normal/arm64/ValueTransformerKit.swiftsourceinfo -emit-objc-header-path /Users/admin/builder/spi-builder-workspace/.derivedData/Build/Intermediates.noindex/ValueTransformerKit.build/Debug-xros/ValueTransformerKit-t.build/Objects-normal/arm64/ValueTransformerKit-Swift.h -serialize-diagnostics-path /Users/admin/builder/spi-builder-workspace/.derivedData/Build/Intermediates.noindex/ValueTransformerKit.build/Debug-xros/ValueTransformerKit-t.build/Objects-normal/arm64/ValueTransformerKit-primary-emit-module.dia -emit-dependencies-path /Users/admin/builder/spi-builder-workspace/.derivedData/Build/Intermediates.noindex/ValueTransformerKit.build/Debug-xros/ValueTransformerKit-t.build/Objects-normal/arm64/ValueTransformerKit-primary-emit-module.d -parse-as-library -o /Users/admin/builder/spi-builder-workspace/.derivedData/Build/Intermediates.noindex/ValueTransformerKit.build/Debug-xros/ValueTransformerKit-t.build/Objects-normal/arm64/ValueTransformerKit.swiftmodule -emit-abi-descriptor-path /Users/admin/builder/spi-builder-workspace/.derivedData/Build/Intermediates.noindex/ValueTransformerKit.build/Debug-xros/ValueTransformerKit-t.build/Objects-normal/arm64/ValueTransformerKit.abi.json
SwiftCompile normal arm64 Compiling\ UIColorToString.swift,\ URLStringToImageTransformer.swift /Users/admin/builder/spi-builder-workspace/Sources/UIColorToString.swift /Users/admin/builder/spi-builder-workspace/Sources/URLStringToImageTransformer.swift (in target 'ValueTransformerKit' from project 'ValueTransformerKit')
SwiftCompile normal arm64 /Users/admin/builder/spi-builder-workspace/Sources/UIColorToString.swift (in target 'ValueTransformerKit' from project 'ValueTransformerKit')
cd /Users/admin/builder/spi-builder-workspace/.swiftpm/xcode
builtin-SwiftPerFileCompile UIColorToString.swift
SwiftCompile normal arm64 /Users/admin/builder/spi-builder-workspace/Sources/URLStringToImageTransformer.swift (in target 'ValueTransformerKit' from project 'ValueTransformerKit')
cd /Users/admin/builder/spi-builder-workspace/.swiftpm/xcode
builtin-SwiftPerFileCompile URLStringToImageTransformer.swift
SwiftCompile normal arm64 Compiling\ JSONValueTransformer.swift,\ LocalKeyTransformers.swift,\ NumberToBoolTransformer.swift /Users/admin/builder/spi-builder-workspace/Sources/JSONValueTransformer.swift /Users/admin/builder/spi-builder-workspace/Sources/LocalKeyTransformers.swift /Users/admin/builder/spi-builder-workspace/Sources/NumberToBoolTransformer.swift (in target 'ValueTransformerKit' from project 'ValueTransformerKit')
SwiftCompile normal arm64 /Users/admin/builder/spi-builder-workspace/Sources/JSONValueTransformer.swift (in target 'ValueTransformerKit' from project 'ValueTransformerKit')
cd /Users/admin/builder/spi-builder-workspace/.swiftpm/xcode
builtin-SwiftPerFileCompile JSONValueTransformer.swift
SwiftCompile normal arm64 /Users/admin/builder/spi-builder-workspace/Sources/LocalKeyTransformers.swift (in target 'ValueTransformerKit' from project 'ValueTransformerKit')
cd /Users/admin/builder/spi-builder-workspace/.swiftpm/xcode
builtin-SwiftPerFileCompile LocalKeyTransformers.swift
SwiftCompile normal arm64 /Users/admin/builder/spi-builder-workspace/Sources/NumberToBoolTransformer.swift (in target 'ValueTransformerKit' from project 'ValueTransformerKit')
cd /Users/admin/builder/spi-builder-workspace/.swiftpm/xcode
builtin-SwiftPerFileCompile NumberToBoolTransformer.swift
SwiftCompile normal arm64 Compiling\ StringToDataTransformer.swift,\ StringTransformers.swift,\ TimeTransformers.swift /Users/admin/builder/spi-builder-workspace/Sources/StringToDataTransformer.swift /Users/admin/builder/spi-builder-workspace/Sources/StringTransformers.swift /Users/admin/builder/spi-builder-workspace/Sources/TimeTransformers.swift (in target 'ValueTransformerKit' from project 'ValueTransformerKit')
SwiftCompile normal arm64 /Users/admin/builder/spi-builder-workspace/Sources/StringToDataTransformer.swift (in target 'ValueTransformerKit' from project 'ValueTransformerKit')
cd /Users/admin/builder/spi-builder-workspace/.swiftpm/xcode
builtin-SwiftPerFileCompile StringToDataTransformer.swift
SwiftCompile normal arm64 /Users/admin/builder/spi-builder-workspace/Sources/StringTransformers.swift (in target 'ValueTransformerKit' from project 'ValueTransformerKit')
cd /Users/admin/builder/spi-builder-workspace/.swiftpm/xcode
builtin-SwiftPerFileCompile StringTransformers.swift
SwiftCompile normal arm64 /Users/admin/builder/spi-builder-workspace/Sources/TimeTransformers.swift (in target 'ValueTransformerKit' from project 'ValueTransformerKit')
cd /Users/admin/builder/spi-builder-workspace/.swiftpm/xcode
builtin-SwiftPerFileCompile TimeTransformers.swift
SwiftCompile normal arm64 Compiling\ NumberTransformers.swift,\ Operators.swift,\ OrderedSetToArrayValueTransformer.swift /Users/admin/builder/spi-builder-workspace/Sources/NumberTransformers.swift /Users/admin/builder/spi-builder-workspace/Sources/Operators.swift /Users/admin/builder/spi-builder-workspace/Sources/OrderedSetToArrayValueTransformer.swift (in target 'ValueTransformerKit' from project 'ValueTransformerKit')
SwiftCompile normal arm64 /Users/admin/builder/spi-builder-workspace/Sources/NumberTransformers.swift (in target 'ValueTransformerKit' from project 'ValueTransformerKit')
cd /Users/admin/builder/spi-builder-workspace/.swiftpm/xcode
builtin-SwiftPerFileCompile NumberTransformers.swift
SwiftCompile normal arm64 /Users/admin/builder/spi-builder-workspace/Sources/Operators.swift (in target 'ValueTransformerKit' from project 'ValueTransformerKit')
cd /Users/admin/builder/spi-builder-workspace/.swiftpm/xcode
builtin-SwiftPerFileCompile Operators.swift
SwiftCompile normal arm64 /Users/admin/builder/spi-builder-workspace/Sources/OrderedSetToArrayValueTransformer.swift (in target 'ValueTransformerKit' from project 'ValueTransformerKit')
cd /Users/admin/builder/spi-builder-workspace/.swiftpm/xcode
builtin-SwiftPerFileCompile OrderedSetToArrayValueTransformer.swift
SwiftCompile normal arm64 Compiling\ ValueTransformerType.swift,\ ValueTransformers.swift /Users/admin/builder/spi-builder-workspace/Sources/ValueTransformerType.swift /Users/admin/builder/spi-builder-workspace/Sources/ValueTransformers.swift (in target 'ValueTransformerKit' from project 'ValueTransformerKit')
SwiftCompile normal arm64 /Users/admin/builder/spi-builder-workspace/Sources/ValueTransformerType.swift (in target 'ValueTransformerKit' from project 'ValueTransformerKit')
cd /Users/admin/builder/spi-builder-workspace/.swiftpm/xcode
builtin-SwiftPerFileCompile ValueTransformerType.swift
SwiftCompile normal arm64 /Users/admin/builder/spi-builder-workspace/Sources/ValueTransformers.swift (in target 'ValueTransformerKit' from project 'ValueTransformerKit')
cd /Users/admin/builder/spi-builder-workspace/.swiftpm/xcode
builtin-SwiftPerFileCompile ValueTransformers.swift
SwiftCompile normal arm64 Compiling\ URLToStringTransformer.swift,\ ValueTransformerRegisterable.swift /Users/admin/builder/spi-builder-workspace/Sources/URLToStringTransformer.swift /Users/admin/builder/spi-builder-workspace/Sources/ValueTransformerRegisterable.swift (in target 'ValueTransformerKit' from project 'ValueTransformerKit')
SwiftCompile normal arm64 /Users/admin/builder/spi-builder-workspace/Sources/URLToStringTransformer.swift (in target 'ValueTransformerKit' from project 'ValueTransformerKit')
cd /Users/admin/builder/spi-builder-workspace/.swiftpm/xcode
builtin-SwiftPerFileCompile URLToStringTransformer.swift
SwiftCompile normal arm64 /Users/admin/builder/spi-builder-workspace/Sources/ValueTransformerRegisterable.swift (in target 'ValueTransformerKit' from project 'ValueTransformerKit')
cd /Users/admin/builder/spi-builder-workspace/.swiftpm/xcode
builtin-SwiftPerFileCompile ValueTransformerRegisterable.swift
SwiftCompile normal arm64 Compiling\ IdentityTransformer.swift,\ ImageTransformers.swift,\ IsEmptyTransformer.swift /Users/admin/builder/spi-builder-workspace/Sources/IdentityTransformer.swift /Users/admin/builder/spi-builder-workspace/Sources/ImageTransformers.swift /Users/admin/builder/spi-builder-workspace/Sources/IsEmptyTransformer.swift (in target 'ValueTransformerKit' from project 'ValueTransformerKit')
/Users/admin/builder/spi-builder-workspace/Sources/ImageTransformers.swift:58:62: error: cannot find type 'CGFloat' in scope
56 | public static let transformers: [ImageRepresentationTransformers] = [.png, .jpeg]
57 |
58 | public static var kJPEGRepresentationCompressionQuality: CGFloat = 0.85
| `- error: cannot find type 'CGFloat' in scope
59 |
60 | public static var namePrefix = "ImageRepresentation"
/Users/admin/builder/spi-builder-workspace/Sources/ImageTransformers.swift:63:22: error: cannot find type 'NSValueTransformerName' in scope
61 | public static var reversableNamePrefix = "RepresentationToImage"
62 |
63 | public var name: NSValueTransformerName {
| `- error: cannot find type 'NSValueTransformerName' in scope
64 | return NSValueTransformerName(ImageRepresentationTransformers.namePrefix + self.rawValue.capitalized)
65 | }
/Users/admin/builder/spi-builder-workspace/Sources/ImageTransformers.swift:84:77: error: cannot find type 'NSValueTransformerName' in scope
82 | }
83 |
84 | public static func reversableName(from name: NSValueTransformerName) -> NSValueTransformerName {
| `- error: cannot find type 'NSValueTransformerName' in scope
85 | let newName = name.rawValue.replacingOccurrences(of: ImageRepresentationTransformers.namePrefix, with: ImageRepresentationTransformers.reversableNamePrefix)
86 | return NSValueTransformerName(newName)
/Users/admin/builder/spi-builder-workspace/Sources/ImageTransformers.swift:84:50: error: cannot find type 'NSValueTransformerName' in scope
82 | }
83 |
84 | public static func reversableName(from name: NSValueTransformerName) -> NSValueTransformerName {
| `- error: cannot find type 'NSValueTransformerName' in scope
85 | let newName = name.rawValue.replacingOccurrences(of: ImageRepresentationTransformers.namePrefix, with: ImageRepresentationTransformers.reversableNamePrefix)
86 | return NSValueTransformerName(newName)
/Users/admin/builder/spi-builder-workspace/Sources/ImageTransformers.swift:64:16: error: cannot find 'NSValueTransformerName' in scope
62 |
63 | public var name: NSValueTransformerName {
64 | return NSValueTransformerName(ImageRepresentationTransformers.namePrefix + self.rawValue.capitalized)
| `- error: cannot find 'NSValueTransformerName' in scope
65 | }
66 |
/Users/admin/builder/spi-builder-workspace/Sources/ImageTransformers.swift:68:37: error: cannot find type 'ValueImage' in scope
66 |
67 | public func transformedValue(_ value: Any?) -> Any? {
68 | guard let image = value as? ValueImage else {
| `- error: cannot find type 'ValueImage' in scope
69 | return nil
70 | }
/Users/admin/builder/spi-builder-workspace/Sources/ImageTransformers.swift:72:27: error: cannot find 'ImagePNGRepresentation' in scope
70 | }
71 | switch self {
72 | case .png: return ImagePNGRepresentation(image)
| `- error: cannot find 'ImagePNGRepresentation' in scope
73 | case .jpeg: return ImageJPEGRepresentation(image, ImageRepresentationTransformers.kJPEGRepresentationCompressionQuality)
74 | }
/Users/admin/builder/spi-builder-workspace/Sources/ImageTransformers.swift:73:28: error: cannot find 'ImageJPEGRepresentation' in scope
71 | switch self {
72 | case .png: return ImagePNGRepresentation(image)
73 | case .jpeg: return ImageJPEGRepresentation(image, ImageRepresentationTransformers.kJPEGRepresentationCompressionQuality)
| `- error: cannot find 'ImageJPEGRepresentation' in scope
74 | }
75 | }
/Users/admin/builder/spi-builder-workspace/Sources/ImageTransformers.swift:78:36: error: cannot find type 'Data' in scope
76 |
77 | public func reverseTransformedValue(_ value: Any?) -> Any? {
78 | guard let data = value as? Data else {
| `- error: cannot find type 'Data' in scope
79 | return nil
80 | }
/Users/admin/builder/spi-builder-workspace/Sources/ImageTransformers.swift:81:16: error: cannot find 'ValueImage' in scope
79 | return nil
80 | }
81 | return ValueImage.init(data: data)
| `- error: cannot find 'ValueImage' in scope
82 | }
83 |
SwiftCompile normal arm64 /Users/admin/builder/spi-builder-workspace/Sources/IdentityTransformer.swift (in target 'ValueTransformerKit' from project 'ValueTransformerKit')
cd /Users/admin/builder/spi-builder-workspace/.swiftpm/xcode
builtin-SwiftPerFileCompile IdentityTransformer.swift
SwiftCompile normal arm64 /Users/admin/builder/spi-builder-workspace/Sources/ImageTransformers.swift (in target 'ValueTransformerKit' from project 'ValueTransformerKit')
cd /Users/admin/builder/spi-builder-workspace/.swiftpm/xcode
builtin-SwiftPerFileCompile ImageTransformers.swift
SwiftCompile normal arm64 /Users/admin/builder/spi-builder-workspace/Sources/IsEmptyTransformer.swift (in target 'ValueTransformerKit' from project 'ValueTransformerKit')
cd /Users/admin/builder/spi-builder-workspace/.swiftpm/xcode
builtin-SwiftPerFileCompile IsEmptyTransformer.swift
SwiftCompile normal arm64 Compiling\ ArchiveValueTransformer.swift,\ ArrayToStringTransformer.swift,\ Base64Transformer.swift /Users/admin/builder/spi-builder-workspace/Sources/ArchiveValueTransformer.swift /Users/admin/builder/spi-builder-workspace/Sources/ArrayToStringTransformer.swift /Users/admin/builder/spi-builder-workspace/Sources/Base64Transformer.swift (in target 'ValueTransformerKit' from project 'ValueTransformerKit')
/Users/admin/builder/spi-builder-workspace/Sources/ArchiveValueTransformer.swift:36:34: warning: 'unarchiveObject(with:)' was deprecated in visionOS 1.0: Use +unarchivedObjectOfClass:fromData:error: instead [#DeprecatedDeclaration]
34 | return nil
35 | }
36 | return NSKeyedUnarchiver.unarchiveObject(with: data)
| `- warning: 'unarchiveObject(with:)' was deprecated in visionOS 1.0: Use +unarchivedObjectOfClass:fromData:error: instead [#DeprecatedDeclaration]
37 | }
38 |
SwiftCompile normal arm64 /Users/admin/builder/spi-builder-workspace/Sources/ArchiveValueTransformer.swift (in target 'ValueTransformerKit' from project 'ValueTransformerKit')
cd /Users/admin/builder/spi-builder-workspace/.swiftpm/xcode
builtin-SwiftPerFileCompile ArchiveValueTransformer.swift
SwiftCompile normal arm64 /Users/admin/builder/spi-builder-workspace/Sources/ArrayToStringTransformer.swift (in target 'ValueTransformerKit' from project 'ValueTransformerKit')
cd /Users/admin/builder/spi-builder-workspace/.swiftpm/xcode
builtin-SwiftPerFileCompile ArrayToStringTransformer.swift
SwiftCompile normal arm64 /Users/admin/builder/spi-builder-workspace/Sources/Base64Transformer.swift (in target 'ValueTransformerKit' from project 'ValueTransformerKit')
cd /Users/admin/builder/spi-builder-workspace/.swiftpm/xcode
builtin-SwiftPerFileCompile Base64Transformer.swift
SwiftCompile normal arm64 Compiling\ PropertyListTransformer.swift,\ ReverseValueTransformer.swift,\ SecondsToHoursValueTransformer.swift /Users/admin/builder/spi-builder-workspace/Sources/PropertyListTransformer.swift /Users/admin/builder/spi-builder-workspace/Sources/ReverseValueTransformer.swift /Users/admin/builder/spi-builder-workspace/Sources/SecondsToHoursValueTransformer.swift (in target 'ValueTransformerKit' from project 'ValueTransformerKit')
SwiftCompile normal arm64 /Users/admin/builder/spi-builder-workspace/Sources/PropertyListTransformer.swift (in target 'ValueTransformerKit' from project 'ValueTransformerKit')
cd /Users/admin/builder/spi-builder-workspace/.swiftpm/xcode
builtin-SwiftPerFileCompile PropertyListTransformer.swift
SwiftCompile normal arm64 /Users/admin/builder/spi-builder-workspace/Sources/ReverseValueTransformer.swift (in target 'ValueTransformerKit' from project 'ValueTransformerKit')
cd /Users/admin/builder/spi-builder-workspace/.swiftpm/xcode
builtin-SwiftPerFileCompile ReverseValueTransformer.swift
SwiftCompile normal arm64 /Users/admin/builder/spi-builder-workspace/Sources/SecondsToHoursValueTransformer.swift (in target 'ValueTransformerKit' from project 'ValueTransformerKit')
cd /Users/admin/builder/spi-builder-workspace/.swiftpm/xcode
builtin-SwiftPerFileCompile SecondsToHoursValueTransformer.swift
SwiftCompile normal arm64 Compiling\ ClosureValueTransformer.swift,\ DateTransformers.swift,\ EmptyTransformer.swift /Users/admin/builder/spi-builder-workspace/Sources/ClosureValueTransformer.swift /Users/admin/builder/spi-builder-workspace/Sources/DateTransformers.swift /Users/admin/builder/spi-builder-workspace/Sources/EmptyTransformer.swift (in target 'ValueTransformerKit' from project 'ValueTransformerKit')
SwiftCompile normal arm64 /Users/admin/builder/spi-builder-workspace/Sources/ClosureValueTransformer.swift (in target 'ValueTransformerKit' from project 'ValueTransformerKit')
cd /Users/admin/builder/spi-builder-workspace/.swiftpm/xcode
builtin-SwiftPerFileCompile ClosureValueTransformer.swift
SwiftCompile normal arm64 /Users/admin/builder/spi-builder-workspace/Sources/DateTransformers.swift (in target 'ValueTransformerKit' from project 'ValueTransformerKit')
cd /Users/admin/builder/spi-builder-workspace/.swiftpm/xcode
builtin-SwiftPerFileCompile DateTransformers.swift
SwiftCompile normal arm64 /Users/admin/builder/spi-builder-workspace/Sources/EmptyTransformer.swift (in target 'ValueTransformerKit' from project 'ValueTransformerKit')
cd /Users/admin/builder/spi-builder-workspace/.swiftpm/xcode
builtin-SwiftPerFileCompile EmptyTransformer.swift
PruneExplicitPrecompiledModules /Users/admin/builder/spi-builder-workspace/.derivedData/Build/Intermediates.noindex/SwiftExplicitPrecompiledModules
PruneExplicitPrecompiledModules /Users/admin/builder/spi-builder-workspace/.derivedData/SDKExplicitPrecompiledModules
PruneExplicitPrecompiledModules /Users/admin/builder/spi-builder-workspace/.derivedData/Build/Intermediates.noindex/ExplicitPrecompiledModules
2026-09-22 06:39:59.146 xcodebuild[653:4255] [MT] IDERunDestination: Supported platforms for the buildables in the current scheme is empty.
** BUILD FAILED **
The following build commands failed:
SwiftCompile normal arm64 (in target 'ValueTransformerKit' from project 'ValueTransformerKit')
SwiftEmitModule normal arm64 Emitting\ module\ for\ ValueTransformerKit (in target 'ValueTransformerKit' from project 'ValueTransformerKit')
Building workspace ValueTransformerKit with scheme ValueTransformerKit
(3 failures)
Command line invocation:
/Applications/Xcode-27.0.0-Release.Candidate.app/Contents/Developer/usr/bin/xcodebuild -IDEClonedSourcePackagesDirPathOverride=/Users/admin/builder/spi-builder-workspace/.dependencies -resolvePackageDependencies
Resolve Package Graph
Resolved source packages:
ValueTransformerKit: /Users/admin/builder/spi-builder-workspace
resolved source packages: ValueTransformerKit
2026-09-22 06:40:05.378 xcodebuild[714:4544] [MT] IDERunDestination: Supported platforms for the buildables in the current scheme is empty.
{
"dependencies" : [
],
"manifest_display_name" : "ValueTransformerKit",
"name" : "ValueTransformerKit",
"path" : "/Users/admin/builder/spi-builder-workspace",
"platforms" : [
{
"name" : "macos",
"version" : "10.11"
},
{
"name" : "ios",
"version" : "9.0"
},
{
"name" : "tvos",
"version" : "9.0"
},
{
"name" : "watchos",
"version" : "3.0"
}
],
"products" : [
{
"name" : "ValueTransformerKit",
"targets" : [
"ValueTransformerKit"
],
"type" : {
"library" : [
"automatic"
]
}
}
],
"swift_languages_versions" : [
"5"
],
"targets" : [
{
"c99name" : "ValueTransformerKitTests",
"module_type" : "SwiftTarget",
"name" : "ValueTransformerKitTests",
"path" : "Tests",
"sources" : [
"Tests.swift"
],
"target_dependencies" : [
"ValueTransformerKit"
],
"type" : "test"
},
{
"c99name" : "ValueTransformerKit",
"module_type" : "SwiftTarget",
"name" : "ValueTransformerKit",
"path" : "Sources",
"product_memberships" : [
"ValueTransformerKit"
],
"sources" : [
"ArchiveValueTransformer.swift",
"ArrayToStringTransformer.swift",
"Base64Transformer.swift",
"ClosureValueTransformer.swift",
"DateTransformers.swift",
"EmptyTransformer.swift",
"IdentityTransformer.swift",
"ImageTransformers.swift",
"IsEmptyTransformer.swift",
"JSONValueTransformer.swift",
"LocalKeyTransformers.swift",
"NumberToBoolTransformer.swift",
"NumberTransformers.swift",
"Operators.swift",
"OrderedSetToArrayValueTransformer.swift",
"PropertyListTransformer.swift",
"ReverseValueTransformer.swift",
"SecondsToHoursValueTransformer.swift",
"StringToDataTransformer.swift",
"StringTransformers.swift",
"TimeTransformers.swift",
"UIColorToString.swift",
"URLStringToImageTransformer.swift",
"URLToStringTransformer.swift",
"ValueTransformerRegisterable.swift",
"ValueTransformerType.swift",
"ValueTransformers.swift"
],
"type" : "library"
}
],
"tools_version" : "5.0"
}
{
"workspace" : {
"name" : "ValueTransformerKit",
"schemes" : [
"ValueTransformerKit"
]
}
}
2026-09-22 06:40:06.609 xcodebuild[722:4609] [MT] IDERunDestination: Supported platforms for the buildables in the current scheme is empty.
Running build ...
env DEVELOPER_DIR=/Applications/Xcode-27.0.0-Release.Candidate.app xcrun xcodebuild -IDEClonedSourcePackagesDirPathOverride=$PWD/.dependencies -skipMacroValidation -skipPackagePluginValidation -derivedDataPath $PWD/.derivedData build -scheme ValueTransformerKit -destination generic/platform=xrOS
Command line invocation:
/Applications/Xcode-27.0.0-Release.Candidate.app/Contents/Developer/usr/bin/xcodebuild -IDEClonedSourcePackagesDirPathOverride=/Users/admin/builder/spi-builder-workspace/.dependencies -skipMacroValidation -skipPackagePluginValidation -derivedDataPath /Users/admin/builder/spi-builder-workspace/.derivedData build -scheme ValueTransformerKit -destination generic/platform=xrOS
Resolve Package Graph
Resolved source packages:
ValueTransformerKit: /Users/admin/builder/spi-builder-workspace
ComputePackagePrebuildTargetDependencyGraph
Prepare packages
CreateBuildRequest
SendProjectDescription
CreateBuildOperation
ComputeTargetDependencyGraph
note: Building targets in dependency order
note: Target dependency graph (2 targets)
Target 'ValueTransformerKit-product' in project 'ValueTransformerKit'
➜ Explicit dependency on target 'ValueTransformerKit' in project 'ValueTransformerKit'
Target 'ValueTransformerKit' in project 'ValueTransformerKit' (no dependencies)
GatherProvisioningInputs
CreateBuildDescription
ClangStatCache /Applications/Xcode-27.0.0-Release.Candidate.app/Contents/Developer/Toolchains/XcodeDefault.xctoolchain/usr/bin/clang-stat-cache /Applications/Xcode-27.0.0-Release.Candidate.app/Contents/Developer/Platforms/XROS.platform/Developer/SDKs/XROS27.0.sdk /Users/admin/builder/spi-builder-workspace/.derivedData/SDKStatCaches.noindex/xros27.0-24M361-e829b21a6f8c9b70876ba0858053c044735bd543db762f57723cac368afd1ce4.sdkstatcache
cd /Users/admin/builder/spi-builder-workspace/.swiftpm/xcode
/Applications/Xcode-27.0.0-Release.Candidate.app/Contents/Developer/Toolchains/XcodeDefault.xctoolchain/usr/bin/clang-stat-cache /Applications/Xcode-27.0.0-Release.Candidate.app/Contents/Developer/Platforms/XROS.platform/Developer/SDKs/XROS27.0.sdk -o /Users/admin/builder/spi-builder-workspace/.derivedData/SDKStatCaches.noindex/xros27.0-24M361-e829b21a6f8c9b70876ba0858053c044735bd543db762f57723cac368afd1ce4.sdkstatcache
SwiftDriver ValueTransformerKit normal arm64 com.apple.xcode.tools.swift.compiler (in target 'ValueTransformerKit' from project 'ValueTransformerKit')
cd /Users/admin/builder/spi-builder-workspace/.swiftpm/xcode
builtin-SwiftDriver -- /Applications/Xcode-27.0.0-Release.Candidate.app/Contents/Developer/Toolchains/XcodeDefault.xctoolchain/usr/bin/swiftc -parse-as-library -module-name ValueTransformerKit -Onone @/Users/admin/builder/spi-builder-workspace/.derivedData/Build/Intermediates.noindex/ValueTransformerKit.build/Debug-xros/ValueTransformerKit-t.build/Objects-normal/arm64/ValueTransformerKit.SwiftFileList -DSWIFT_PACKAGE -DDEBUG -DSWIFT_MODULE_RESOURCE_BUNDLE_UNAVAILABLE -DXcode -plugin-path /Applications/Xcode-27.0.0-Release.Candidate.app/Contents/Developer/Toolchains/XcodeDefault.xctoolchain/usr/lib/swift/host/plugins/testing -enable-experimental-feature DebugDescriptionMacro -sdk /Applications/Xcode-27.0.0-Release.Candidate.app/Contents/Developer/Platforms/XROS.platform/Developer/SDKs/XROS27.0.sdk -target arm64-apple-xros1.0 -g -module-cache-path /Users/admin/builder/spi-builder-workspace/.derivedData/ModuleCache.noindex -Xfrontend -serialize-debugging-options -profile-coverage-mapping -profile-generate -enable-testing -index-store-path /Users/admin/builder/spi-builder-workspace/.derivedData/Index.noindex/DataStore -Xcc -D_LIBCPP_HARDENING_MODE\=_LIBCPP_HARDENING_MODE_DEBUG -swift-version 5 -I /Users/admin/builder/spi-builder-workspace/.derivedData/Build/Products/Debug-xros -Isystem /Applications/Xcode-27.0.0-Release.Candidate.app/Contents/Developer/Platforms/XROS.platform/Developer/usr/lib -F /Users/admin/builder/spi-builder-workspace/.derivedData/Build/Products/Debug-xros -F /Applications/Xcode-27.0.0-Release.Candidate.app/Contents/Developer/Platforms/XROS.platform/Developer/Library/Frameworks -F /Applications/Xcode-27.0.0-Release.Candidate.app/Contents/Developer/Platforms/XROS.platform/Developer/SDKs/XROS27.0.sdk/Developer/Library/Frameworks -c -j10 -enable-batch-mode -incremental -Xcc -ivfsstatcache -Xcc /Users/admin/builder/spi-builder-workspace/.derivedData/SDKStatCaches.noindex/xros27.0-24M361-e829b21a6f8c9b70876ba0858053c044735bd543db762f57723cac368afd1ce4.sdkstatcache -output-file-map /Users/admin/builder/spi-builder-workspace/.derivedData/Build/Intermediates.noindex/ValueTransformerKit.build/Debug-xros/ValueTransformerKit-t.build/Objects-normal/arm64/ValueTransformerKit-OutputFileMap.json -save-temps -no-color-diagnostics -explicit-module-build -module-cache-path /Users/admin/builder/spi-builder-workspace/.derivedData/Build/Intermediates.noindex/SwiftExplicitPrecompiledModules -clang-scanner-module-cache-path /Users/admin/builder/spi-builder-workspace/.derivedData/ModuleCache.noindex -sdk-module-cache-path /Users/admin/builder/spi-builder-workspace/.derivedData/SDKExplicitPrecompiledModules -emit-dependencies -emit-module -emit-module-path /Users/admin/builder/spi-builder-workspace/.derivedData/Build/Intermediates.noindex/ValueTransformerKit.build/Debug-xros/ValueTransformerKit-t.build/Objects-normal/arm64/ValueTransformerKit.swiftmodule -serialize-diagnostics -dependency-scan-serialize-diagnostics-path /Users/admin/builder/spi-builder-workspace/.derivedData/Build/Intermediates.noindex/ValueTransformerKit.build/Debug-xros/ValueTransformerKit-t.build/Objects-normal/arm64/ValueTransformerKit-dependency-scan.dia -validate-clang-modules-once -clang-build-session-file /Users/admin/builder/spi-builder-workspace/.derivedData/ModuleCache.noindex/Session.modulevalidation -Xcc -fmodules-prune-interval\=86400 -Xcc -fmodules-prune-after\=345600 -emit-const-values -const-gather-protocols-list /Users/admin/builder/spi-builder-workspace/.derivedData/Build/Intermediates.noindex/ValueTransformerKit.build/Debug-xros/ValueTransformerKit-t.build/Objects-normal/arm64/ValueTransformerKit_const_extract_protocols.json -Xcc -I/Users/admin/builder/spi-builder-workspace/.derivedData/Build/Products/Debug-xros/include -Xcc -I/Users/admin/builder/spi-builder-workspace/.derivedData/Build/Intermediates.noindex/ValueTransformerKit.build/Debug-xros/ValueTransformerKit-t.build/DerivedSources-normal/arm64 -Xcc -I/Users/admin/builder/spi-builder-workspace/.derivedData/Build/Intermediates.noindex/ValueTransformerKit.build/Debug-xros/ValueTransformerKit-t.build/DerivedSources/arm64 -Xcc -I/Users/admin/builder/spi-builder-workspace/.derivedData/Build/Intermediates.noindex/ValueTransformerKit.build/Debug-xros/ValueTransformerKit-t.build/DerivedSources -Xcc -DSWIFT_PACKAGE -Xcc -DDEBUG\=1 -emit-objc-header -emit-objc-header-path /Users/admin/builder/spi-builder-workspace/.derivedData/Build/Intermediates.noindex/ValueTransformerKit.build/Debug-xros/ValueTransformerKit-t.build/Objects-normal/arm64/ValueTransformerKit-Swift.h -working-directory /Users/admin/builder/spi-builder-workspace/.swiftpm/xcode -experimental-emit-module-separately -disable-cmo
SwiftCompile normal arm64 Compiling\ NumberTransformers.swift,\ Operators.swift,\ OrderedSetToArrayValueTransformer.swift /Users/admin/builder/spi-builder-workspace/Sources/NumberTransformers.swift /Users/admin/builder/spi-builder-workspace/Sources/Operators.swift /Users/admin/builder/spi-builder-workspace/Sources/OrderedSetToArrayValueTransformer.swift (in target 'ValueTransformerKit' from project 'ValueTransformerKit')
SwiftCompile normal arm64 /Users/admin/builder/spi-builder-workspace/Sources/NumberTransformers.swift (in target 'ValueTransformerKit' from project 'ValueTransformerKit')
cd /Users/admin/builder/spi-builder-workspace/.swiftpm/xcode
builtin-SwiftPerFileCompile NumberTransformers.swift
SwiftCompile normal arm64 /Users/admin/builder/spi-builder-workspace/Sources/Operators.swift (in target 'ValueTransformerKit' from project 'ValueTransformerKit')
cd /Users/admin/builder/spi-builder-workspace/.swiftpm/xcode
builtin-SwiftPerFileCompile Operators.swift
SwiftCompile normal arm64 /Users/admin/builder/spi-builder-workspace/Sources/OrderedSetToArrayValueTransformer.swift (in target 'ValueTransformerKit' from project 'ValueTransformerKit')
cd /Users/admin/builder/spi-builder-workspace/.swiftpm/xcode
builtin-SwiftPerFileCompile OrderedSetToArrayValueTransformer.swift
SwiftCompile normal arm64 Compiling\ ArchiveValueTransformer.swift,\ ArrayToStringTransformer.swift,\ Base64Transformer.swift /Users/admin/builder/spi-builder-workspace/Sources/ArchiveValueTransformer.swift /Users/admin/builder/spi-builder-workspace/Sources/ArrayToStringTransformer.swift /Users/admin/builder/spi-builder-workspace/Sources/Base64Transformer.swift (in target 'ValueTransformerKit' from project 'ValueTransformerKit')
SwiftCompile normal arm64 /Users/admin/builder/spi-builder-workspace/Sources/ArchiveValueTransformer.swift (in target 'ValueTransformerKit' from project 'ValueTransformerKit')
cd /Users/admin/builder/spi-builder-workspace/.swiftpm/xcode
builtin-SwiftPerFileCompile ArchiveValueTransformer.swift
SwiftCompile normal arm64 /Users/admin/builder/spi-builder-workspace/Sources/ArrayToStringTransformer.swift (in target 'ValueTransformerKit' from project 'ValueTransformerKit')
cd /Users/admin/builder/spi-builder-workspace/.swiftpm/xcode
builtin-SwiftPerFileCompile ArrayToStringTransformer.swift
SwiftCompile normal arm64 /Users/admin/builder/spi-builder-workspace/Sources/Base64Transformer.swift (in target 'ValueTransformerKit' from project 'ValueTransformerKit')
cd /Users/admin/builder/spi-builder-workspace/.swiftpm/xcode
builtin-SwiftPerFileCompile Base64Transformer.swift
/Users/admin/builder/spi-builder-workspace/Sources/ArchiveValueTransformer.swift:36:34: warning: 'unarchiveObject(with:)' was deprecated in visionOS 1.0: Use +unarchivedObjectOfClass:fromData:error: instead [#DeprecatedDeclaration]
34 | return nil
35 | }
36 | return NSKeyedUnarchiver.unarchiveObject(with: data)
| `- warning: 'unarchiveObject(with:)' was deprecated in visionOS 1.0: Use +unarchivedObjectOfClass:fromData:error: instead [#DeprecatedDeclaration]
37 | }
38 |
SwiftCompile normal arm64 Compiling\ PropertyListTransformer.swift,\ ReverseValueTransformer.swift,\ SecondsToHoursValueTransformer.swift /Users/admin/builder/spi-builder-workspace/Sources/PropertyListTransformer.swift /Users/admin/builder/spi-builder-workspace/Sources/ReverseValueTransformer.swift /Users/admin/builder/spi-builder-workspace/Sources/SecondsToHoursValueTransformer.swift (in target 'ValueTransformerKit' from project 'ValueTransformerKit')
SwiftCompile normal arm64 /Users/admin/builder/spi-builder-workspace/Sources/PropertyListTransformer.swift (in target 'ValueTransformerKit' from project 'ValueTransformerKit')
cd /Users/admin/builder/spi-builder-workspace/.swiftpm/xcode
builtin-SwiftPerFileCompile PropertyListTransformer.swift
SwiftCompile normal arm64 /Users/admin/builder/spi-builder-workspace/Sources/ReverseValueTransformer.swift (in target 'ValueTransformerKit' from project 'ValueTransformerKit')
cd /Users/admin/builder/spi-builder-workspace/.swiftpm/xcode
builtin-SwiftPerFileCompile ReverseValueTransformer.swift
SwiftCompile normal arm64 /Users/admin/builder/spi-builder-workspace/Sources/SecondsToHoursValueTransformer.swift (in target 'ValueTransformerKit' from project 'ValueTransformerKit')
cd /Users/admin/builder/spi-builder-workspace/.swiftpm/xcode
builtin-SwiftPerFileCompile SecondsToHoursValueTransformer.swift
SwiftCompile normal arm64 Compiling\ IdentityTransformer.swift,\ ImageTransformers.swift,\ IsEmptyTransformer.swift /Users/admin/builder/spi-builder-workspace/Sources/IdentityTransformer.swift /Users/admin/builder/spi-builder-workspace/Sources/ImageTransformers.swift /Users/admin/builder/spi-builder-workspace/Sources/IsEmptyTransformer.swift (in target 'ValueTransformerKit' from project 'ValueTransformerKit')
/Users/admin/builder/spi-builder-workspace/Sources/ImageTransformers.swift:58:62: error: cannot find type 'CGFloat' in scope
56 | public static let transformers: [ImageRepresentationTransformers] = [.png, .jpeg]
57 |
58 | public static var kJPEGRepresentationCompressionQuality: CGFloat = 0.85
| `- error: cannot find type 'CGFloat' in scope
59 |
60 | public static var namePrefix = "ImageRepresentation"
/Users/admin/builder/spi-builder-workspace/Sources/ImageTransformers.swift:63:22: error: cannot find type 'NSValueTransformerName' in scope
61 | public static var reversableNamePrefix = "RepresentationToImage"
62 |
63 | public var name: NSValueTransformerName {
| `- error: cannot find type 'NSValueTransformerName' in scope
64 | return NSValueTransformerName(ImageRepresentationTransformers.namePrefix + self.rawValue.capitalized)
65 | }
/Users/admin/builder/spi-builder-workspace/Sources/ImageTransformers.swift:84:77: error: cannot find type 'NSValueTransformerName' in scope
82 | }
83 |
84 | public static func reversableName(from name: NSValueTransformerName) -> NSValueTransformerName {
| `- error: cannot find type 'NSValueTransformerName' in scope
85 | let newName = name.rawValue.replacingOccurrences(of: ImageRepresentationTransformers.namePrefix, with: ImageRepresentationTransformers.reversableNamePrefix)
86 | return NSValueTransformerName(newName)
/Users/admin/builder/spi-builder-workspace/Sources/ImageTransformers.swift:84:50: error: cannot find type 'NSValueTransformerName' in scope
82 | }
83 |
84 | public static func reversableName(from name: NSValueTransformerName) -> NSValueTransformerName {
| `- error: cannot find type 'NSValueTransformerName' in scope
85 | let newName = name.rawValue.replacingOccurrences(of: ImageRepresentationTransformers.namePrefix, with: ImageRepresentationTransformers.reversableNamePrefix)
86 | return NSValueTransformerName(newName)
/Users/admin/builder/spi-builder-workspace/Sources/ImageTransformers.swift:64:16: error: cannot find 'NSValueTransformerName' in scope
62 |
63 | public var name: NSValueTransformerName {
64 | return NSValueTransformerName(ImageRepresentationTransformers.namePrefix + self.rawValue.capitalized)
| `- error: cannot find 'NSValueTransformerName' in scope
65 | }
66 |
/Users/admin/builder/spi-builder-workspace/Sources/ImageTransformers.swift:68:37: error: cannot find type 'ValueImage' in scope
66 |
67 | public func transformedValue(_ value: Any?) -> Any? {
68 | guard let image = value as? ValueImage else {
| `- error: cannot find type 'ValueImage' in scope
69 | return nil
70 | }
/Users/admin/builder/spi-builder-workspace/Sources/ImageTransformers.swift:72:27: error: cannot find 'ImagePNGRepresentation' in scope
70 | }
71 | switch self {
72 | case .png: return ImagePNGRepresentation(image)
| `- error: cannot find 'ImagePNGRepresentation' in scope
73 | case .jpeg: return ImageJPEGRepresentation(image, ImageRepresentationTransformers.kJPEGRepresentationCompressionQuality)
74 | }
/Users/admin/builder/spi-builder-workspace/Sources/ImageTransformers.swift:73:28: error: cannot find 'ImageJPEGRepresentation' in scope
71 | switch self {
72 | case .png: return ImagePNGRepresentation(image)
73 | case .jpeg: return ImageJPEGRepresentation(image, ImageRepresentationTransformers.kJPEGRepresentationCompressionQuality)
| `- error: cannot find 'ImageJPEGRepresentation' in scope
74 | }
75 | }
/Users/admin/builder/spi-builder-workspace/Sources/ImageTransformers.swift:78:36: error: cannot find type 'Data' in scope
76 |
77 | public func reverseTransformedValue(_ value: Any?) -> Any? {
78 | guard let data = value as? Data else {
| `- error: cannot find type 'Data' in scope
79 | return nil
80 | }
/Users/admin/builder/spi-builder-workspace/Sources/ImageTransformers.swift:81:16: error: cannot find 'ValueImage' in scope
79 | return nil
80 | }
81 | return ValueImage.init(data: data)
| `- error: cannot find 'ValueImage' in scope
82 | }
83 |
SwiftCompile normal arm64 /Users/admin/builder/spi-builder-workspace/Sources/IdentityTransformer.swift (in target 'ValueTransformerKit' from project 'ValueTransformerKit')
cd /Users/admin/builder/spi-builder-workspace/.swiftpm/xcode
builtin-SwiftPerFileCompile IdentityTransformer.swift
SwiftCompile normal arm64 /Users/admin/builder/spi-builder-workspace/Sources/ImageTransformers.swift (in target 'ValueTransformerKit' from project 'ValueTransformerKit')
cd /Users/admin/builder/spi-builder-workspace/.swiftpm/xcode
builtin-SwiftPerFileCompile ImageTransformers.swift
SwiftCompile normal arm64 /Users/admin/builder/spi-builder-workspace/Sources/IsEmptyTransformer.swift (in target 'ValueTransformerKit' from project 'ValueTransformerKit')
cd /Users/admin/builder/spi-builder-workspace/.swiftpm/xcode
builtin-SwiftPerFileCompile IsEmptyTransformer.swift
SwiftCompile normal arm64 Compiling\ JSONValueTransformer.swift,\ LocalKeyTransformers.swift,\ NumberToBoolTransformer.swift /Users/admin/builder/spi-builder-workspace/Sources/JSONValueTransformer.swift /Users/admin/builder/spi-builder-workspace/Sources/LocalKeyTransformers.swift /Users/admin/builder/spi-builder-workspace/Sources/NumberToBoolTransformer.swift (in target 'ValueTransformerKit' from project 'ValueTransformerKit')
SwiftCompile normal arm64 /Users/admin/builder/spi-builder-workspace/Sources/JSONValueTransformer.swift (in target 'ValueTransformerKit' from project 'ValueTransformerKit')
cd /Users/admin/builder/spi-builder-workspace/.swiftpm/xcode
builtin-SwiftPerFileCompile JSONValueTransformer.swift
SwiftCompile normal arm64 /Users/admin/builder/spi-builder-workspace/Sources/LocalKeyTransformers.swift (in target 'ValueTransformerKit' from project 'ValueTransformerKit')
cd /Users/admin/builder/spi-builder-workspace/.swiftpm/xcode
builtin-SwiftPerFileCompile LocalKeyTransformers.swift
SwiftCompile normal arm64 /Users/admin/builder/spi-builder-workspace/Sources/NumberToBoolTransformer.swift (in target 'ValueTransformerKit' from project 'ValueTransformerKit')
cd /Users/admin/builder/spi-builder-workspace/.swiftpm/xcode
builtin-SwiftPerFileCompile NumberToBoolTransformer.swift
SwiftCompile normal arm64 Compiling\ ClosureValueTransformer.swift,\ DateTransformers.swift,\ EmptyTransformer.swift /Users/admin/builder/spi-builder-workspace/Sources/ClosureValueTransformer.swift /Users/admin/builder/spi-builder-workspace/Sources/DateTransformers.swift /Users/admin/builder/spi-builder-workspace/Sources/EmptyTransformer.swift (in target 'ValueTransformerKit' from project 'ValueTransformerKit')
SwiftCompile normal arm64 /Users/admin/builder/spi-builder-workspace/Sources/ClosureValueTransformer.swift (in target 'ValueTransformerKit' from project 'ValueTransformerKit')
cd /Users/admin/builder/spi-builder-workspace/.swiftpm/xcode
builtin-SwiftPerFileCompile ClosureValueTransformer.swift
SwiftCompile normal arm64 /Users/admin/builder/spi-builder-workspace/Sources/DateTransformers.swift (in target 'ValueTransformerKit' from project 'ValueTransformerKit')
cd /Users/admin/builder/spi-builder-workspace/.swiftpm/xcode
builtin-SwiftPerFileCompile DateTransformers.swift
SwiftCompile normal arm64 /Users/admin/builder/spi-builder-workspace/Sources/EmptyTransformer.swift (in target 'ValueTransformerKit' from project 'ValueTransformerKit')
cd /Users/admin/builder/spi-builder-workspace/.swiftpm/xcode
builtin-SwiftPerFileCompile EmptyTransformer.swift
SwiftEmitModule normal arm64 Emitting\ module\ for\ ValueTransformerKit (in target 'ValueTransformerKit' from project 'ValueTransformerKit')
/Users/admin/builder/spi-builder-workspace/Sources/ImageTransformers.swift:58:62: error: cannot find type 'CGFloat' in scope
56 | public static let transformers: [ImageRepresentationTransformers] = [.png, .jpeg]
57 |
58 | public static var kJPEGRepresentationCompressionQuality: CGFloat = 0.85
| `- error: cannot find type 'CGFloat' in scope
59 |
60 | public static var namePrefix = "ImageRepresentation"
/Users/admin/builder/spi-builder-workspace/Sources/ImageTransformers.swift:63:22: error: cannot find type 'NSValueTransformerName' in scope
61 | public static var reversableNamePrefix = "RepresentationToImage"
62 |
63 | public var name: NSValueTransformerName {
| `- error: cannot find type 'NSValueTransformerName' in scope
64 | return NSValueTransformerName(ImageRepresentationTransformers.namePrefix + self.rawValue.capitalized)
65 | }
/Users/admin/builder/spi-builder-workspace/Sources/ImageTransformers.swift:84:77: error: cannot find type 'NSValueTransformerName' in scope
82 | }
83 |
84 | public static func reversableName(from name: NSValueTransformerName) -> NSValueTransformerName {
| `- error: cannot find type 'NSValueTransformerName' in scope
85 | let newName = name.rawValue.replacingOccurrences(of: ImageRepresentationTransformers.namePrefix, with: ImageRepresentationTransformers.reversableNamePrefix)
86 | return NSValueTransformerName(newName)
/Users/admin/builder/spi-builder-workspace/Sources/ImageTransformers.swift:84:50: error: cannot find type 'NSValueTransformerName' in scope
82 | }
83 |
84 | public static func reversableName(from name: NSValueTransformerName) -> NSValueTransformerName {
| `- error: cannot find type 'NSValueTransformerName' in scope
85 | let newName = name.rawValue.replacingOccurrences(of: ImageRepresentationTransformers.namePrefix, with: ImageRepresentationTransformers.reversableNamePrefix)
86 | return NSValueTransformerName(newName)
Failed frontend command:
/Applications/Xcode-27.0.0-Release.Candidate.app/Contents/Developer/Toolchains/XcodeDefault.xctoolchain/usr/bin/swift-frontend -frontend -emit-module -experimental-skip-non-inlinable-function-bodies-without-types /Users/admin/builder/spi-builder-workspace/Sources/ArchiveValueTransformer.swift /Users/admin/builder/spi-builder-workspace/Sources/ArrayToStringTransformer.swift /Users/admin/builder/spi-builder-workspace/Sources/Base64Transformer.swift /Users/admin/builder/spi-builder-workspace/Sources/ClosureValueTransformer.swift /Users/admin/builder/spi-builder-workspace/Sources/DateTransformers.swift /Users/admin/builder/spi-builder-workspace/Sources/EmptyTransformer.swift /Users/admin/builder/spi-builder-workspace/Sources/IdentityTransformer.swift /Users/admin/builder/spi-builder-workspace/Sources/ImageTransformers.swift /Users/admin/builder/spi-builder-workspace/Sources/IsEmptyTransformer.swift /Users/admin/builder/spi-builder-workspace/Sources/JSONValueTransformer.swift /Users/admin/builder/spi-builder-workspace/Sources/LocalKeyTransformers.swift /Users/admin/builder/spi-builder-workspace/Sources/NumberToBoolTransformer.swift /Users/admin/builder/spi-builder-workspace/Sources/NumberTransformers.swift /Users/admin/builder/spi-builder-workspace/Sources/Operators.swift /Users/admin/builder/spi-builder-workspace/Sources/OrderedSetToArrayValueTransformer.swift /Users/admin/builder/spi-builder-workspace/Sources/PropertyListTransformer.swift /Users/admin/builder/spi-builder-workspace/Sources/ReverseValueTransformer.swift /Users/admin/builder/spi-builder-workspace/Sources/SecondsToHoursValueTransformer.swift /Users/admin/builder/spi-builder-workspace/Sources/StringToDataTransformer.swift /Users/admin/builder/spi-builder-workspace/Sources/StringTransformers.swift /Users/admin/builder/spi-builder-workspace/Sources/TimeTransformers.swift /Users/admin/builder/spi-builder-workspace/Sources/UIColorToString.swift /Users/admin/builder/spi-builder-workspace/Sources/URLStringToImageTransformer.swift /Users/admin/builder/spi-builder-workspace/Sources/URLToStringTransformer.swift /Users/admin/builder/spi-builder-workspace/Sources/ValueTransformerRegisterable.swift /Users/admin/builder/spi-builder-workspace/Sources/ValueTransformerType.swift /Users/admin/builder/spi-builder-workspace/Sources/ValueTransformers.swift -target arm64-apple-xros1.0 -disable-cross-import-overlay-search -load-resolved-plugin /Applications/Xcode-27.0.0-Release.Candidate.app/Contents/Developer/Platforms/XROS.platform/Developer/usr/lib/swift/host/plugins/libFoundationMacros.dylib\#/Applications/Xcode-27.0.0-Release.Candidate.app/Contents/Developer/Platforms/XROS.platform/Developer/usr/bin/swift-plugin-server\#FoundationMacros -load-resolved-plugin /Applications/Xcode-27.0.0-Release.Candidate.app/Contents/Developer/Platforms/XROS.platform/Developer/usr/lib/swift/host/plugins/libObservationMacros.dylib\#/Applications/Xcode-27.0.0-Release.Candidate.app/Contents/Developer/Platforms/XROS.platform/Developer/usr/bin/swift-plugin-server\#ObservationMacros -load-resolved-plugin /Applications/Xcode-27.0.0-Release.Candidate.app/Contents/Developer/Platforms/XROS.platform/Developer/usr/lib/swift/host/plugins/libSwiftMacros.dylib\#/Applications/Xcode-27.0.0-Release.Candidate.app/Contents/Developer/Platforms/XROS.platform/Developer/usr/bin/swift-plugin-server\#SwiftMacros -disable-implicit-swift-modules -Xcc -fno-implicit-modules -Xcc -fno-implicit-module-maps -explicit-swift-module-map-file /Users/admin/builder/spi-builder-workspace/.derivedData/Build/Intermediates.noindex/ValueTransformerKit.build/Debug-xros/ValueTransformerKit-t.build/Objects-normal/arm64/ValueTransformerKit-dependencies-1.json -Xllvm -aarch64-use-tbi -enable-objc-interop -stack-check -sdk /Applications/Xcode-27.0.0-Release.Candidate.app/Contents/Developer/Platforms/XROS.platform/Developer/SDKs/XROS27.0.sdk -I /Users/admin/builder/spi-builder-workspace/.derivedData/Build/Products/Debug-xros -Isystem /Applications/Xcode-27.0.0-Release.Candidate.app/Contents/Developer/Platforms/XROS.platform/Developer/usr/lib -F /Users/admin/builder/spi-builder-workspace/.derivedData/Build/Products/Debug-xros -F /Applications/Xcode-27.0.0-Release.Candidate.app/Contents/Developer/Platforms/XROS.platform/Developer/Library/Frameworks -F /Applications/Xcode-27.0.0-Release.Candidate.app/Contents/Developer/Platforms/XROS.platform/Developer/SDKs/XROS27.0.sdk/Developer/Library/Frameworks -module-cache-path /Users/admin/builder/spi-builder-workspace/.derivedData/Build/Intermediates.noindex/SwiftExplicitPrecompiledModules -no-color-diagnostics -Xcc -fno-color-diagnostics -enable-testing -g -debug-info-format\=dwarf -dwarf-version\=4 -profile-generate -profile-coverage-mapping -swift-version 5 -Onone -D SWIFT_PACKAGE -D DEBUG -D SWIFT_MODULE_RESOURCE_BUNDLE_UNAVAILABLE -D Xcode -serialize-debugging-options -enable-experimental-feature DebugDescriptionMacro -empty-abi-descriptor -validate-clang-modules-once -clang-build-session-file /Users/admin/builder/spi-builder-workspace/.derivedData/ModuleCache.noindex/Session.modulevalidation -Xcc -working-directory -Xcc /Users/admin/builder/spi-builder-workspace/.swiftpm/xcode -enable-anonymous-context-mangled-names -file-compilation-dir /Users/admin/builder/spi-builder-workspace/.swiftpm/xcode -Xcc -D_LIBCPP_HARDENING_MODE\=_LIBCPP_HARDENING_MODE_DEBUG -Xcc -ivfsstatcache -Xcc /Users/admin/builder/spi-builder-workspace/.derivedData/SDKStatCaches.noindex/xros27.0-24M361-e829b21a6f8c9b70876ba0858053c044735bd543db762f57723cac368afd1ce4.sdkstatcache -Xcc -fmodules-prune-interval\=86400 -Xcc -fmodules-prune-after\=345600 -Xcc -I/Users/admin/builder/spi-builder-workspace/.derivedData/Build/Products/Debug-xros/include -Xcc -I/Users/admin/builder/spi-builder-workspace/.derivedData/Build/Intermediates.noindex/ValueTransformerKit.build/Debug-xros/ValueTransformerKit-t.build/DerivedSources-normal/arm64 -Xcc -I/Users/admin/builder/spi-builder-workspace/.derivedData/Build/Intermediates.noindex/ValueTransformerKit.build/Debug-xros/ValueTransformerKit-t.build/DerivedSources/arm64 -Xcc -I/Users/admin/builder/spi-builder-workspace/.derivedData/Build/Intermediates.noindex/ValueTransformerKit.build/Debug-xros/ValueTransformerKit-t.build/DerivedSources -Xcc -DSWIFT_PACKAGE -Xcc -DDEBUG\=1 -no-auto-bridging-header-chaining -module-name ValueTransformerKit -const-gather-protocols-file /Users/admin/builder/spi-builder-workspace/.derivedData/Build/Intermediates.noindex/ValueTransformerKit.build/Debug-xros/ValueTransformerKit-t.build/Objects-normal/arm64/ValueTransformerKit_const_extract_protocols.json -disable-clang-spi -clang-target arm64-apple-xros27.0 -target-sdk-version 27.0 -target-sdk-name xros27.0 -in-process-plugin-server-path /Applications/Xcode-27.0.0-Release.Candidate.app/Contents/Developer/Toolchains/XcodeDefault.xctoolchain/usr/lib/swift/host/libSwiftInProcPluginServer.dylib -emit-module-doc-path /Users/admin/builder/spi-builder-workspace/.derivedData/Build/Intermediates.noindex/ValueTransformerKit.build/Debug-xros/ValueTransformerKit-t.build/Objects-normal/arm64/ValueTransformerKit.swiftdoc -emit-module-source-info-path /Users/admin/builder/spi-builder-workspace/.derivedData/Build/Intermediates.noindex/ValueTransformerKit.build/Debug-xros/ValueTransformerKit-t.build/Objects-normal/arm64/ValueTransformerKit.swiftsourceinfo -emit-objc-header-path /Users/admin/builder/spi-builder-workspace/.derivedData/Build/Intermediates.noindex/ValueTransformerKit.build/Debug-xros/ValueTransformerKit-t.build/Objects-normal/arm64/ValueTransformerKit-Swift.h -serialize-diagnostics-path /Users/admin/builder/spi-builder-workspace/.derivedData/Build/Intermediates.noindex/ValueTransformerKit.build/Debug-xros/ValueTransformerKit-t.build/Objects-normal/arm64/ValueTransformerKit-primary-emit-module.dia -emit-dependencies-path /Users/admin/builder/spi-builder-workspace/.derivedData/Build/Intermediates.noindex/ValueTransformerKit.build/Debug-xros/ValueTransformerKit-t.build/Objects-normal/arm64/ValueTransformerKit-primary-emit-module.d -parse-as-library -o /Users/admin/builder/spi-builder-workspace/.derivedData/Build/Intermediates.noindex/ValueTransformerKit.build/Debug-xros/ValueTransformerKit-t.build/Objects-normal/arm64/ValueTransformerKit.swiftmodule -emit-abi-descriptor-path /Users/admin/builder/spi-builder-workspace/.derivedData/Build/Intermediates.noindex/ValueTransformerKit.build/Debug-xros/ValueTransformerKit-t.build/Objects-normal/arm64/ValueTransformerKit.abi.json
SwiftCompile normal arm64 (in target 'ValueTransformerKit' from project 'ValueTransformerKit')
cd /Users/admin/builder/spi-builder-workspace/.swiftpm/xcode
SwiftCompile normal arm64 Compiling\ ValueTransformerType.swift,\ ValueTransformers.swift /Users/admin/builder/spi-builder-workspace/Sources/ValueTransformerType.swift /Users/admin/builder/spi-builder-workspace/Sources/ValueTransformers.swift (in target 'ValueTransformerKit' from project 'ValueTransformerKit')
SwiftCompile normal arm64 /Users/admin/builder/spi-builder-workspace/Sources/ValueTransformerType.swift (in target 'ValueTransformerKit' from project 'ValueTransformerKit')
cd /Users/admin/builder/spi-builder-workspace/.swiftpm/xcode
builtin-SwiftPerFileCompile ValueTransformerType.swift
SwiftCompile normal arm64 /Users/admin/builder/spi-builder-workspace/Sources/ValueTransformers.swift (in target 'ValueTransformerKit' from project 'ValueTransformerKit')
cd /Users/admin/builder/spi-builder-workspace/.swiftpm/xcode
builtin-SwiftPerFileCompile ValueTransformers.swift
SwiftCompile normal arm64 Compiling\ URLToStringTransformer.swift,\ ValueTransformerRegisterable.swift /Users/admin/builder/spi-builder-workspace/Sources/URLToStringTransformer.swift /Users/admin/builder/spi-builder-workspace/Sources/ValueTransformerRegisterable.swift (in target 'ValueTransformerKit' from project 'ValueTransformerKit')
SwiftCompile normal arm64 /Users/admin/builder/spi-builder-workspace/Sources/URLToStringTransformer.swift (in target 'ValueTransformerKit' from project 'ValueTransformerKit')
cd /Users/admin/builder/spi-builder-workspace/.swiftpm/xcode
builtin-SwiftPerFileCompile URLToStringTransformer.swift
SwiftCompile normal arm64 /Users/admin/builder/spi-builder-workspace/Sources/ValueTransformerRegisterable.swift (in target 'ValueTransformerKit' from project 'ValueTransformerKit')
cd /Users/admin/builder/spi-builder-workspace/.swiftpm/xcode
builtin-SwiftPerFileCompile ValueTransformerRegisterable.swift
SwiftCompile normal arm64 Compiling\ UIColorToString.swift,\ URLStringToImageTransformer.swift /Users/admin/builder/spi-builder-workspace/Sources/UIColorToString.swift /Users/admin/builder/spi-builder-workspace/Sources/URLStringToImageTransformer.swift (in target 'ValueTransformerKit' from project 'ValueTransformerKit')
SwiftCompile normal arm64 /Users/admin/builder/spi-builder-workspace/Sources/UIColorToString.swift (in target 'ValueTransformerKit' from project 'ValueTransformerKit')
cd /Users/admin/builder/spi-builder-workspace/.swiftpm/xcode
builtin-SwiftPerFileCompile UIColorToString.swift
SwiftCompile normal arm64 /Users/admin/builder/spi-builder-workspace/Sources/URLStringToImageTransformer.swift (in target 'ValueTransformerKit' from project 'ValueTransformerKit')
cd /Users/admin/builder/spi-builder-workspace/.swiftpm/xcode
builtin-SwiftPerFileCompile URLStringToImageTransformer.swift
SwiftCompile normal arm64 Compiling\ StringToDataTransformer.swift,\ StringTransformers.swift,\ TimeTransformers.swift /Users/admin/builder/spi-builder-workspace/Sources/StringToDataTransformer.swift /Users/admin/builder/spi-builder-workspace/Sources/StringTransformers.swift /Users/admin/builder/spi-builder-workspace/Sources/TimeTransformers.swift (in target 'ValueTransformerKit' from project 'ValueTransformerKit')
SwiftCompile normal arm64 /Users/admin/builder/spi-builder-workspace/Sources/StringToDataTransformer.swift (in target 'ValueTransformerKit' from project 'ValueTransformerKit')
cd /Users/admin/builder/spi-builder-workspace/.swiftpm/xcode
builtin-SwiftPerFileCompile StringToDataTransformer.swift
SwiftCompile normal arm64 /Users/admin/builder/spi-builder-workspace/Sources/StringTransformers.swift (in target 'ValueTransformerKit' from project 'ValueTransformerKit')
cd /Users/admin/builder/spi-builder-workspace/.swiftpm/xcode
builtin-SwiftPerFileCompile StringTransformers.swift
SwiftCompile normal arm64 /Users/admin/builder/spi-builder-workspace/Sources/TimeTransformers.swift (in target 'ValueTransformerKit' from project 'ValueTransformerKit')
cd /Users/admin/builder/spi-builder-workspace/.swiftpm/xcode
builtin-SwiftPerFileCompile TimeTransformers.swift
PruneExplicitPrecompiledModules /Users/admin/builder/spi-builder-workspace/.derivedData/SDKExplicitPrecompiledModules
PruneExplicitPrecompiledModules /Users/admin/builder/spi-builder-workspace/.derivedData/Build/Intermediates.noindex/SwiftExplicitPrecompiledModules
PruneExplicitPrecompiledModules /Users/admin/builder/spi-builder-workspace/.derivedData/Build/Intermediates.noindex/ExplicitPrecompiledModules
2026-09-22 06:40:07.560 xcodebuild[723:4634] [MT] IDERunDestination: Supported platforms for the buildables in the current scheme is empty.
** BUILD FAILED **
The following build commands failed:
SwiftEmitModule normal arm64 Emitting\ module\ for\ ValueTransformerKit (in target 'ValueTransformerKit' from project 'ValueTransformerKit')
SwiftCompile normal arm64 (in target 'ValueTransformerKit' from project 'ValueTransformerKit')
Building workspace ValueTransformerKit with scheme ValueTransformerKit
(3 failures)
BUILD FAILURE 6.4 visionOS