Build Information
Failed to build swift-nebula-client, reference main (debdd9), with Swift 6.4 for macOS (Xcode) using Xcode 27.0 on 24 Sep 2026 17:14:11 UTC.
Build Command
env DEVELOPER_DIR=/Applications/Xcode-27.0.0-Release.Candidate.app xcrun xcodebuild -IDEClonedSourcePackagesDirPathOverride=$PWD/.dependencies -skipMacroValidation -skipPackagePluginValidation -derivedDataPath $PWD/.derivedData build -scheme swift-nebula-client -destination platform=macOS,arch=arm64Build Log
SwiftDriverJobDiscovery normal arm64 Compiling HTTPEncoder.swift, HTTPHeaderValidator.swift (in target 'NIOHTTP1' from project 'swift-nio')
SwiftDriverJobDiscovery normal arm64 Compiling HTTPHeaders+Validation.swift, HTTPPipelineSetup.swift (in target 'NIOHTTP1' from project 'swift-nio')
SwiftDriverJobDiscovery normal arm64 Compiling HTTPServerPipelineHandler.swift, HTTPServerProtocolErrorHandler.swift (in target 'NIOHTTP1' from project 'swift-nio')
SwiftDriverJobDiscovery normal arm64 Compiling ByteCollectionUtils.swift, HTTPDecoder.swift (in target 'NIOHTTP1' from project 'swift-nio')
SwiftCompile normal arm64 Compiling\ DebugInboundEventsHandler.swift,\ DebugOutboundEventsHandler.swift /Users/admin/builder/spi-builder-workspace/.dependencies/checkouts/swift-nio-extras/Sources/NIOExtras/DebugInboundEventsHandler.swift /Users/admin/builder/spi-builder-workspace/.dependencies/checkouts/swift-nio-extras/Sources/NIOExtras/DebugOutboundEventsHandler.swift (in target 'NIOExtras' from project 'swift-nio-extras')
SwiftCompile normal arm64 /Users/admin/builder/spi-builder-workspace/.dependencies/checkouts/swift-nio-extras/Sources/NIOExtras/DebugInboundEventsHandler.swift (in target 'NIOExtras' from project 'swift-nio-extras')
cd /Users/admin/builder/spi-builder-workspace/.swiftpm/xcode
builtin-SwiftPerFileCompile DebugInboundEventsHandler.swift
SwiftCompile normal arm64 /Users/admin/builder/spi-builder-workspace/.dependencies/checkouts/swift-nio-extras/Sources/NIOExtras/DebugOutboundEventsHandler.swift (in target 'NIOExtras' from project 'swift-nio-extras')
cd /Users/admin/builder/spi-builder-workspace/.swiftpm/xcode
builtin-SwiftPerFileCompile DebugOutboundEventsHandler.swift
SwiftEmitModule normal arm64 Emitting\ module\ for\ NIOExtras (in target 'NIOExtras' from project 'swift-nio-extras')
SwiftCompile normal arm64 (in target 'NIOExtras' from project 'swift-nio-extras')
cd /Users/admin/builder/spi-builder-workspace/.swiftpm/xcode
SwiftCompile normal arm64 Compiling\ NIORequestIdentifiable.swift,\ PCAPRingBuffer.swift /Users/admin/builder/spi-builder-workspace/.dependencies/checkouts/swift-nio-extras/Sources/NIOExtras/NIORequestIdentifiable.swift /Users/admin/builder/spi-builder-workspace/.dependencies/checkouts/swift-nio-extras/Sources/NIOExtras/PCAPRingBuffer.swift (in target 'NIOExtras' from project 'swift-nio-extras')
SwiftCompile normal arm64 /Users/admin/builder/spi-builder-workspace/.dependencies/checkouts/swift-nio-extras/Sources/NIOExtras/NIORequestIdentifiable.swift (in target 'NIOExtras' from project 'swift-nio-extras')
cd /Users/admin/builder/spi-builder-workspace/.swiftpm/xcode
builtin-SwiftPerFileCompile NIORequestIdentifiable.swift
SwiftCompile normal arm64 /Users/admin/builder/spi-builder-workspace/.dependencies/checkouts/swift-nio-extras/Sources/NIOExtras/PCAPRingBuffer.swift (in target 'NIOExtras' from project 'swift-nio-extras')
cd /Users/admin/builder/spi-builder-workspace/.swiftpm/xcode
builtin-SwiftPerFileCompile PCAPRingBuffer.swift
SwiftCompile normal arm64 Compiling\ RequestResponseHandlers+State.swift,\ RequestResponseWithIDHandler.swift /Users/admin/builder/spi-builder-workspace/.dependencies/checkouts/swift-nio-extras/Sources/NIOExtras/RequestResponseHandlers+State.swift /Users/admin/builder/spi-builder-workspace/.dependencies/checkouts/swift-nio-extras/Sources/NIOExtras/RequestResponseWithIDHandler.swift (in target 'NIOExtras' from project 'swift-nio-extras')
SwiftCompile normal arm64 /Users/admin/builder/spi-builder-workspace/.dependencies/checkouts/swift-nio-extras/Sources/NIOExtras/RequestResponseHandlers+State.swift (in target 'NIOExtras' from project 'swift-nio-extras')
cd /Users/admin/builder/spi-builder-workspace/.swiftpm/xcode
builtin-SwiftPerFileCompile RequestResponseHandlers+State.swift
SwiftCompile normal arm64 /Users/admin/builder/spi-builder-workspace/.dependencies/checkouts/swift-nio-extras/Sources/NIOExtras/RequestResponseWithIDHandler.swift (in target 'NIOExtras' from project 'swift-nio-extras')
cd /Users/admin/builder/spi-builder-workspace/.swiftpm/xcode
builtin-SwiftPerFileCompile RequestResponseWithIDHandler.swift
SwiftCompile normal arm64 Compiling\ NIOExtrasError.swift,\ NIOLengthFieldBitLength.swift /Users/admin/builder/spi-builder-workspace/.dependencies/checkouts/swift-nio-extras/Sources/NIOExtras/NIOExtrasError.swift /Users/admin/builder/spi-builder-workspace/.dependencies/checkouts/swift-nio-extras/Sources/NIOExtras/NIOLengthFieldBitLength.swift (in target 'NIOExtras' from project 'swift-nio-extras')
SwiftCompile normal arm64 /Users/admin/builder/spi-builder-workspace/.dependencies/checkouts/swift-nio-extras/Sources/NIOExtras/NIOExtrasError.swift (in target 'NIOExtras' from project 'swift-nio-extras')
cd /Users/admin/builder/spi-builder-workspace/.swiftpm/xcode
builtin-SwiftPerFileCompile NIOExtrasError.swift
SwiftCompile normal arm64 /Users/admin/builder/spi-builder-workspace/.dependencies/checkouts/swift-nio-extras/Sources/NIOExtras/NIOLengthFieldBitLength.swift (in target 'NIOExtras' from project 'swift-nio-extras')
cd /Users/admin/builder/spi-builder-workspace/.swiftpm/xcode
builtin-SwiftPerFileCompile NIOLengthFieldBitLength.swift
SwiftCompile normal arm64 Compiling\ LineBasedFrameDecoder.swift,\ MarkedCircularBuffer+PopFirstCheckMarked.swift /Users/admin/builder/spi-builder-workspace/.dependencies/checkouts/swift-nio-extras/Sources/NIOExtras/LineBasedFrameDecoder.swift /Users/admin/builder/spi-builder-workspace/.dependencies/checkouts/swift-nio-extras/Sources/NIOExtras/MarkedCircularBuffer+PopFirstCheckMarked.swift (in target 'NIOExtras' from project 'swift-nio-extras')
SwiftCompile normal arm64 /Users/admin/builder/spi-builder-workspace/.dependencies/checkouts/swift-nio-extras/Sources/NIOExtras/LineBasedFrameDecoder.swift (in target 'NIOExtras' from project 'swift-nio-extras')
cd /Users/admin/builder/spi-builder-workspace/.swiftpm/xcode
builtin-SwiftPerFileCompile LineBasedFrameDecoder.swift
SwiftCompile normal arm64 /Users/admin/builder/spi-builder-workspace/.dependencies/checkouts/swift-nio-extras/Sources/NIOExtras/MarkedCircularBuffer+PopFirstCheckMarked.swift (in target 'NIOExtras' from project 'swift-nio-extras')
cd /Users/admin/builder/spi-builder-workspace/.swiftpm/xcode
builtin-SwiftPerFileCompile MarkedCircularBuffer+PopFirstCheckMarked.swift
SwiftCompile normal arm64 Compiling\ QuiescingHelper.swift,\ RequestResponseHandler.swift /Users/admin/builder/spi-builder-workspace/.dependencies/checkouts/swift-nio-extras/Sources/NIOExtras/QuiescingHelper.swift /Users/admin/builder/spi-builder-workspace/.dependencies/checkouts/swift-nio-extras/Sources/NIOExtras/RequestResponseHandler.swift (in target 'NIOExtras' from project 'swift-nio-extras')
SwiftCompile normal arm64 /Users/admin/builder/spi-builder-workspace/.dependencies/checkouts/swift-nio-extras/Sources/NIOExtras/QuiescingHelper.swift (in target 'NIOExtras' from project 'swift-nio-extras')
cd /Users/admin/builder/spi-builder-workspace/.swiftpm/xcode
builtin-SwiftPerFileCompile QuiescingHelper.swift
SwiftCompile normal arm64 /Users/admin/builder/spi-builder-workspace/.dependencies/checkouts/swift-nio-extras/Sources/NIOExtras/RequestResponseHandler.swift (in target 'NIOExtras' from project 'swift-nio-extras')
cd /Users/admin/builder/spi-builder-workspace/.swiftpm/xcode
builtin-SwiftPerFileCompile RequestResponseHandler.swift
SwiftCompile normal arm64 Compiling\ WritePCAPHandler.swift /Users/admin/builder/spi-builder-workspace/.dependencies/checkouts/swift-nio-extras/Sources/NIOExtras/WritePCAPHandler.swift (in target 'NIOExtras' from project 'swift-nio-extras')
SwiftCompile normal arm64 /Users/admin/builder/spi-builder-workspace/.dependencies/checkouts/swift-nio-extras/Sources/NIOExtras/WritePCAPHandler.swift (in target 'NIOExtras' from project 'swift-nio-extras')
cd /Users/admin/builder/spi-builder-workspace/.swiftpm/xcode
builtin-SwiftPerFileCompile WritePCAPHandler.swift
SwiftCompile normal arm64 Compiling\ FixedLengthFrameDecoder.swift,\ HTTP1ProxyConnectHandler.swift /Users/admin/builder/spi-builder-workspace/.dependencies/checkouts/swift-nio-extras/Sources/NIOExtras/FixedLengthFrameDecoder.swift /Users/admin/builder/spi-builder-workspace/.dependencies/checkouts/swift-nio-extras/Sources/NIOExtras/HTTP1ProxyConnectHandler.swift (in target 'NIOExtras' from project 'swift-nio-extras')
SwiftCompile normal arm64 /Users/admin/builder/spi-builder-workspace/.dependencies/checkouts/swift-nio-extras/Sources/NIOExtras/FixedLengthFrameDecoder.swift (in target 'NIOExtras' from project 'swift-nio-extras')
cd /Users/admin/builder/spi-builder-workspace/.swiftpm/xcode
builtin-SwiftPerFileCompile FixedLengthFrameDecoder.swift
SwiftCompile normal arm64 /Users/admin/builder/spi-builder-workspace/.dependencies/checkouts/swift-nio-extras/Sources/NIOExtras/HTTP1ProxyConnectHandler.swift (in target 'NIOExtras' from project 'swift-nio-extras')
cd /Users/admin/builder/spi-builder-workspace/.swiftpm/xcode
builtin-SwiftPerFileCompile HTTP1ProxyConnectHandler.swift
SwiftDriverJobDiscovery normal arm64 Compiling NIORequestIdentifiable.swift, PCAPRingBuffer.swift (in target 'NIOExtras' from project 'swift-nio-extras')
SwiftCompile normal arm64 Compiling\ LengthFieldBasedFrameDecoder.swift,\ LengthFieldPrepender.swift /Users/admin/builder/spi-builder-workspace/.dependencies/checkouts/swift-nio-extras/Sources/NIOExtras/LengthFieldBasedFrameDecoder.swift /Users/admin/builder/spi-builder-workspace/.dependencies/checkouts/swift-nio-extras/Sources/NIOExtras/LengthFieldPrepender.swift (in target 'NIOExtras' from project 'swift-nio-extras')
SwiftCompile normal arm64 /Users/admin/builder/spi-builder-workspace/.dependencies/checkouts/swift-nio-extras/Sources/NIOExtras/LengthFieldBasedFrameDecoder.swift (in target 'NIOExtras' from project 'swift-nio-extras')
cd /Users/admin/builder/spi-builder-workspace/.swiftpm/xcode
builtin-SwiftPerFileCompile LengthFieldBasedFrameDecoder.swift
SwiftCompile normal arm64 /Users/admin/builder/spi-builder-workspace/.dependencies/checkouts/swift-nio-extras/Sources/NIOExtras/LengthFieldPrepender.swift (in target 'NIOExtras' from project 'swift-nio-extras')
cd /Users/admin/builder/spi-builder-workspace/.swiftpm/xcode
builtin-SwiftPerFileCompile LengthFieldPrepender.swift
SwiftDriverJobDiscovery normal arm64 Compiling LineBasedFrameDecoder.swift, MarkedCircularBuffer+PopFirstCheckMarked.swift (in target 'NIOExtras' from project 'swift-nio-extras')
SwiftCompile normal arm64 Compiling\ JSONRPCFraming+ContentLengthHeader.swift,\ JSONRPCFraming.swift /Users/admin/builder/spi-builder-workspace/.dependencies/checkouts/swift-nio-extras/Sources/NIOExtras/JSONRPCFraming+ContentLengthHeader.swift /Users/admin/builder/spi-builder-workspace/.dependencies/checkouts/swift-nio-extras/Sources/NIOExtras/JSONRPCFraming.swift (in target 'NIOExtras' from project 'swift-nio-extras')
SwiftCompile normal arm64 /Users/admin/builder/spi-builder-workspace/.dependencies/checkouts/swift-nio-extras/Sources/NIOExtras/JSONRPCFraming+ContentLengthHeader.swift (in target 'NIOExtras' from project 'swift-nio-extras')
cd /Users/admin/builder/spi-builder-workspace/.swiftpm/xcode
builtin-SwiftPerFileCompile JSONRPCFraming+ContentLengthHeader.swift
SwiftCompile normal arm64 /Users/admin/builder/spi-builder-workspace/.dependencies/checkouts/swift-nio-extras/Sources/NIOExtras/JSONRPCFraming.swift (in target 'NIOExtras' from project 'swift-nio-extras')
cd /Users/admin/builder/spi-builder-workspace/.swiftpm/xcode
builtin-SwiftPerFileCompile JSONRPCFraming.swift
SwiftDriverJobDiscovery normal arm64 Compiling DebugInboundEventsHandler.swift, DebugOutboundEventsHandler.swift (in target 'NIOExtras' from project 'swift-nio-extras')
SwiftDriverJobDiscovery normal arm64 Compiling NIOExtrasError.swift, NIOLengthFieldBitLength.swift (in target 'NIOExtras' from project 'swift-nio-extras')
SwiftDriverJobDiscovery normal arm64 Compiling HTTPTypedPipelineSetup.swift, HTTPTypes.swift (in target 'NIOHTTP1' from project 'swift-nio')
SwiftDriver\ Compilation NIOHTTP1 normal arm64 com.apple.xcode.tools.swift.compiler (in target 'NIOHTTP1' from project 'swift-nio')
cd /Users/admin/builder/spi-builder-workspace/.swiftpm/xcode
builtin-Swift-Compilation -- /Applications/Xcode-27.0.0-Release.Candidate.app/Contents/Developer/Toolchains/XcodeDefault.xctoolchain/usr/bin/swiftc -parse-as-library -module-name NIOHTTP1 -Onone @/Users/admin/builder/spi-builder-workspace/.derivedData/Build/Intermediates.noindex/swift-nio.build/Debug/NIOHTTP1-t.build/Objects-normal/arm64/NIOHTTP1.SwiftFileList -DSWIFT_PACKAGE -DDEBUG -DSWIFT_MODULE_RESOURCE_BUNDLE_UNAVAILABLE -Xcc -fmodule-map-file\=/Users/admin/builder/spi-builder-workspace/.dependencies/checkouts/swift-atomics/Sources/_AtomicsShims/include/module.modulemap -Xcc -fmodule-map-file\=/Users/admin/builder/spi-builder-workspace/.derivedData/Build/Intermediates.noindex/GeneratedModuleMaps/CNIOLLHTTP.modulemap -Xcc -fmodule-map-file\=/Users/admin/builder/spi-builder-workspace/.derivedData/Build/Intermediates.noindex/GeneratedModuleMaps/CNIOPosix.modulemap -Xcc -fmodule-map-file\=/Users/admin/builder/spi-builder-workspace/.derivedData/Build/Intermediates.noindex/GeneratedModuleMaps/CNIOWASI.modulemap -Xcc -fmodule-map-file\=/Users/admin/builder/spi-builder-workspace/.dependencies/checkouts/swift-nio/Sources/CNIOWindows/include/module.modulemap -Xcc -fmodule-map-file\=/Users/admin/builder/spi-builder-workspace/.derivedData/Build/Intermediates.noindex/GeneratedModuleMaps/CNIOLinux.modulemap -Xcc -fmodule-map-file\=/Users/admin/builder/spi-builder-workspace/.derivedData/Build/Intermediates.noindex/GeneratedModuleMaps/CNIODarwin.modulemap -Xcc -fmodule-map-file\=/Users/admin/builder/spi-builder-workspace/.derivedData/Build/Intermediates.noindex/GeneratedModuleMaps/CNIOFreeBSD.modulemap -Xcc -fmodule-map-file\=/Users/admin/builder/spi-builder-workspace/.derivedData/Build/Intermediates.noindex/GeneratedModuleMaps/CNIOOpenBSD.modulemap -Xcc -fmodule-map-file\=/Users/admin/builder/spi-builder-workspace/.derivedData/Build/Intermediates.noindex/GeneratedModuleMaps/CNIOAtomics.modulemap -DXcode -enable-experimental-feature Lifetimes -enable-upcoming-feature MemberImportVisibility -plugin-path /Applications/Xcode-27.0.0-Release.Candidate.app/Contents/Developer/Toolchains/XcodeDefault.xctoolchain/usr/lib/swift/host/plugins/testing -enable-experimental-feature DebugDescriptionMacro -sdk /Applications/Xcode-27.0.0-Release.Candidate.app/Contents/Developer/Platforms/MacOSX.platform/Developer/SDKs/MacOSX27.0.sdk -target arm64-apple-macos12.0 -g -module-cache-path /Users/admin/builder/spi-builder-workspace/.derivedData/ModuleCache.noindex -Xfrontend -serialize-debugging-options -profile-coverage-mapping -profile-generate -enable-testing -suppress-warnings -index-store-path /Users/admin/builder/spi-builder-workspace/.derivedData/Index.noindex/DataStore -Xcc -D_LIBCPP_HARDENING_MODE\=_LIBCPP_HARDENING_MODE_DEBUG -swift-version 6 -I /Users/admin/builder/spi-builder-workspace/.derivedData/Build/Products/Debug -Isystem /Applications/Xcode-27.0.0-Release.Candidate.app/Contents/Developer/Platforms/MacOSX.platform/Developer/usr/lib -F /Users/admin/builder/spi-builder-workspace/.derivedData/Build/Products/Debug/PackageFrameworks -F /Users/admin/builder/spi-builder-workspace/.derivedData/Build/Products/Debug -F /Applications/Xcode-27.0.0-Release.Candidate.app/Contents/Developer/Platforms/MacOSX.platform/Developer/Library/Frameworks -c -j10 -enable-batch-mode -incremental -Xcc -ivfsstatcache -Xcc /Users/admin/builder/spi-builder-workspace/.derivedData/SDKStatCaches.noindex/macosx27.0-26A425-e829b21a6f8c9b70876ba0858053c0446a22442a12e9d48fe1a705f55a1adfc4.sdkstatcache -output-file-map /Users/admin/builder/spi-builder-workspace/.derivedData/Build/Intermediates.noindex/swift-nio.build/Debug/NIOHTTP1-t.build/Objects-normal/arm64/NIOHTTP1-OutputFileMap.json -save-temps -no-color-diagnostics -explicit-module-build -module-cache-path /Users/admin/builder/spi-builder-workspace/.derivedData/Build/Intermediates.noindex/SwiftExplicitPrecompiledModules -clang-scanner-module-cache-path /Users/admin/builder/spi-builder-workspace/.derivedData/ModuleCache.noindex -sdk-module-cache-path /Users/admin/builder/spi-builder-workspace/.derivedData/SDKExplicitPrecompiledModules -emit-dependencies -emit-module -emit-module-path /Users/admin/builder/spi-builder-workspace/.derivedData/Build/Intermediates.noindex/swift-nio.build/Debug/NIOHTTP1-t.build/Objects-normal/arm64/NIOHTTP1.swiftmodule -serialize-diagnostics -dependency-scan-serialize-diagnostics-path /Users/admin/builder/spi-builder-workspace/.derivedData/Build/Intermediates.noindex/swift-nio.build/Debug/NIOHTTP1-t.build/Objects-normal/arm64/NIOHTTP1-dependency-scan.dia -user-module-version 2.103.0 -validate-clang-modules-once -clang-build-session-file /Users/admin/builder/spi-builder-workspace/.derivedData/ModuleCache.noindex/Session.modulevalidation -Xcc -fmodules-prune-interval\=86400 -Xcc -fmodules-prune-after\=345600 -package-name swift_nio -emit-const-values -const-gather-protocols-list /Users/admin/builder/spi-builder-workspace/.derivedData/Build/Intermediates.noindex/swift-nio.build/Debug/NIOHTTP1-t.build/Objects-normal/arm64/NIOHTTP1_const_extract_protocols.json -Xcc -I/Users/admin/builder/spi-builder-workspace/.dependencies/checkouts/swift-atomics/Sources/_AtomicsShims/include -Xcc -I/Users/admin/builder/spi-builder-workspace/.dependencies/checkouts/swift-nio/Sources/CNIOLLHTTP/include -Xcc -I/Users/admin/builder/spi-builder-workspace/.dependencies/checkouts/swift-nio/Sources/CNIOPosix/include -Xcc -I/Users/admin/builder/spi-builder-workspace/.dependencies/checkouts/swift-nio/Sources/CNIOWASI/include -Xcc -I/Users/admin/builder/spi-builder-workspace/.dependencies/checkouts/swift-nio/Sources/CNIOWindows/include -Xcc -I/Users/admin/builder/spi-builder-workspace/.dependencies/checkouts/swift-nio/Sources/CNIOLinux/include -Xcc -I/Users/admin/builder/spi-builder-workspace/.dependencies/checkouts/swift-nio/Sources/CNIODarwin/include -Xcc -I/Users/admin/builder/spi-builder-workspace/.dependencies/checkouts/swift-nio/Sources/CNIOFreeBSD/include -Xcc -I/Users/admin/builder/spi-builder-workspace/.dependencies/checkouts/swift-nio/Sources/CNIOOpenBSD/include -Xcc -I/Users/admin/builder/spi-builder-workspace/.dependencies/checkouts/swift-nio/Sources/CNIOAtomics/include -Xcc -I/Users/admin/builder/spi-builder-workspace/.derivedData/Build/Products/Debug/include -Xcc -I/Users/admin/builder/spi-builder-workspace/.derivedData/Build/Intermediates.noindex/swift-nio.build/Debug/NIOHTTP1-t.build/DerivedSources-normal/arm64 -Xcc -I/Users/admin/builder/spi-builder-workspace/.derivedData/Build/Intermediates.noindex/swift-nio.build/Debug/NIOHTTP1-t.build/DerivedSources/arm64 -Xcc -I/Users/admin/builder/spi-builder-workspace/.derivedData/Build/Intermediates.noindex/swift-nio.build/Debug/NIOHTTP1-t.build/DerivedSources -Xcc -DSWIFT_PACKAGE -Xcc -DDEBUG\=1 -emit-objc-header -emit-objc-header-path /Users/admin/builder/spi-builder-workspace/.derivedData/Build/Intermediates.noindex/swift-nio.build/Debug/NIOHTTP1-t.build/Objects-normal/arm64/NIOHTTP1-Swift.h -working-directory /Users/admin/builder/spi-builder-workspace/.swiftpm/xcode -experimental-emit-module-separately -disable-cmo
SwiftDriverJobDiscovery normal arm64 Compiling RequestResponseHandlers+State.swift, RequestResponseWithIDHandler.swift (in target 'NIOExtras' from project 'swift-nio-extras')
SwiftDriverJobDiscovery normal arm64 Compiling QuiescingHelper.swift, RequestResponseHandler.swift (in target 'NIOExtras' from project 'swift-nio-extras')
SwiftDriverJobDiscovery normal arm64 Emitting module for NIOExtras (in target 'NIOExtras' from project 'swift-nio-extras')
SwiftDriver\ Compilation\ Requirements NIOExtras normal arm64 com.apple.xcode.tools.swift.compiler (in target 'NIOExtras' from project 'swift-nio-extras')
cd /Users/admin/builder/spi-builder-workspace/.swiftpm/xcode
builtin-Swift-Compilation-Requirements -- /Applications/Xcode-27.0.0-Release.Candidate.app/Contents/Developer/Toolchains/XcodeDefault.xctoolchain/usr/bin/swiftc -parse-as-library -module-name NIOExtras -Onone @/Users/admin/builder/spi-builder-workspace/.derivedData/Build/Intermediates.noindex/swift-nio-extras.build/Debug/NIOExtras-t.build/Objects-normal/arm64/NIOExtras.SwiftFileList -DSWIFT_PACKAGE -DDEBUG -DSWIFT_MODULE_RESOURCE_BUNDLE_UNAVAILABLE -Xcc -fmodule-map-file\=/Users/admin/builder/spi-builder-workspace/.dependencies/checkouts/swift-atomics/Sources/_AtomicsShims/include/module.modulemap -Xcc -fmodule-map-file\=/Users/admin/builder/spi-builder-workspace/.derivedData/Build/Intermediates.noindex/GeneratedModuleMaps/CNIOLLHTTP.modulemap -Xcc -fmodule-map-file\=/Users/admin/builder/spi-builder-workspace/.derivedData/Build/Intermediates.noindex/GeneratedModuleMaps/CNIOPosix.modulemap -Xcc -fmodule-map-file\=/Users/admin/builder/spi-builder-workspace/.derivedData/Build/Intermediates.noindex/GeneratedModuleMaps/CNIOWASI.modulemap -Xcc -fmodule-map-file\=/Users/admin/builder/spi-builder-workspace/.dependencies/checkouts/swift-nio/Sources/CNIOWindows/include/module.modulemap -Xcc -fmodule-map-file\=/Users/admin/builder/spi-builder-workspace/.derivedData/Build/Intermediates.noindex/GeneratedModuleMaps/CNIOLinux.modulemap -Xcc -fmodule-map-file\=/Users/admin/builder/spi-builder-workspace/.derivedData/Build/Intermediates.noindex/GeneratedModuleMaps/CNIODarwin.modulemap -Xcc -fmodule-map-file\=/Users/admin/builder/spi-builder-workspace/.derivedData/Build/Intermediates.noindex/GeneratedModuleMaps/CNIOFreeBSD.modulemap -Xcc -fmodule-map-file\=/Users/admin/builder/spi-builder-workspace/.derivedData/Build/Intermediates.noindex/GeneratedModuleMaps/CNIOOpenBSD.modulemap -Xcc -fmodule-map-file\=/Users/admin/builder/spi-builder-workspace/.derivedData/Build/Intermediates.noindex/GeneratedModuleMaps/CNIOAtomics.modulemap -DXcode -enable-upcoming-feature MemberImportVisibility -plugin-path /Applications/Xcode-27.0.0-Release.Candidate.app/Contents/Developer/Toolchains/XcodeDefault.xctoolchain/usr/lib/swift/host/plugins/testing -enable-experimental-feature DebugDescriptionMacro -sdk /Applications/Xcode-27.0.0-Release.Candidate.app/Contents/Developer/Platforms/MacOSX.platform/Developer/SDKs/MacOSX27.0.sdk -target arm64-apple-macos12.0 -g -module-cache-path /Users/admin/builder/spi-builder-workspace/.derivedData/ModuleCache.noindex -Xfrontend -serialize-debugging-options -profile-coverage-mapping -profile-generate -enable-testing -suppress-warnings -index-store-path /Users/admin/builder/spi-builder-workspace/.derivedData/Index.noindex/DataStore -Xcc -D_LIBCPP_HARDENING_MODE\=_LIBCPP_HARDENING_MODE_DEBUG -swift-version 6 -I /Users/admin/builder/spi-builder-workspace/.derivedData/Build/Products/Debug -Isystem /Applications/Xcode-27.0.0-Release.Candidate.app/Contents/Developer/Platforms/MacOSX.platform/Developer/usr/lib -F /Users/admin/builder/spi-builder-workspace/.derivedData/Build/Products/Debug/PackageFrameworks -F /Users/admin/builder/spi-builder-workspace/.derivedData/Build/Products/Debug -F /Applications/Xcode-27.0.0-Release.Candidate.app/Contents/Developer/Platforms/MacOSX.platform/Developer/Library/Frameworks -c -j10 -enable-batch-mode -incremental -Xcc -ivfsstatcache -Xcc /Users/admin/builder/spi-builder-workspace/.derivedData/SDKStatCaches.noindex/macosx27.0-26A425-e829b21a6f8c9b70876ba0858053c0446a22442a12e9d48fe1a705f55a1adfc4.sdkstatcache -output-file-map /Users/admin/builder/spi-builder-workspace/.derivedData/Build/Intermediates.noindex/swift-nio-extras.build/Debug/NIOExtras-t.build/Objects-normal/arm64/NIOExtras-OutputFileMap.json -save-temps -no-color-diagnostics -explicit-module-build -module-cache-path /Users/admin/builder/spi-builder-workspace/.derivedData/Build/Intermediates.noindex/SwiftExplicitPrecompiledModules -clang-scanner-module-cache-path /Users/admin/builder/spi-builder-workspace/.derivedData/ModuleCache.noindex -sdk-module-cache-path /Users/admin/builder/spi-builder-workspace/.derivedData/SDKExplicitPrecompiledModules -emit-dependencies -emit-module -emit-module-path /Users/admin/builder/spi-builder-workspace/.derivedData/Build/Intermediates.noindex/swift-nio-extras.build/Debug/NIOExtras-t.build/Objects-normal/arm64/NIOExtras.swiftmodule -serialize-diagnostics -dependency-scan-serialize-diagnostics-path /Users/admin/builder/spi-builder-workspace/.derivedData/Build/Intermediates.noindex/swift-nio-extras.build/Debug/NIOExtras-t.build/Objects-normal/arm64/NIOExtras-dependency-scan.dia -user-module-version 1.35.1 -validate-clang-modules-once -clang-build-session-file /Users/admin/builder/spi-builder-workspace/.derivedData/ModuleCache.noindex/Session.modulevalidation -Xcc -fmodules-prune-interval\=86400 -Xcc -fmodules-prune-after\=345600 -package-name swift_nio_extras -emit-const-values -const-gather-protocols-list /Users/admin/builder/spi-builder-workspace/.derivedData/Build/Intermediates.noindex/swift-nio-extras.build/Debug/NIOExtras-t.build/Objects-normal/arm64/NIOExtras_const_extract_protocols.json -Xcc -I/Users/admin/builder/spi-builder-workspace/.dependencies/checkouts/swift-atomics/Sources/_AtomicsShims/include -Xcc -I/Users/admin/builder/spi-builder-workspace/.dependencies/checkouts/swift-nio/Sources/CNIOLLHTTP/include -Xcc -I/Users/admin/builder/spi-builder-workspace/.dependencies/checkouts/swift-nio/Sources/CNIOPosix/include -Xcc -I/Users/admin/builder/spi-builder-workspace/.dependencies/checkouts/swift-nio/Sources/CNIOWASI/include -Xcc -I/Users/admin/builder/spi-builder-workspace/.dependencies/checkouts/swift-nio/Sources/CNIOWindows/include -Xcc -I/Users/admin/builder/spi-builder-workspace/.dependencies/checkouts/swift-nio/Sources/CNIOLinux/include -Xcc -I/Users/admin/builder/spi-builder-workspace/.dependencies/checkouts/swift-nio/Sources/CNIODarwin/include -Xcc -I/Users/admin/builder/spi-builder-workspace/.dependencies/checkouts/swift-nio/Sources/CNIOFreeBSD/include -Xcc -I/Users/admin/builder/spi-builder-workspace/.dependencies/checkouts/swift-nio/Sources/CNIOOpenBSD/include -Xcc -I/Users/admin/builder/spi-builder-workspace/.dependencies/checkouts/swift-nio/Sources/CNIOAtomics/include -Xcc -I/Users/admin/builder/spi-builder-workspace/.derivedData/Build/Products/Debug/include -Xcc -I/Users/admin/builder/spi-builder-workspace/.derivedData/Build/Intermediates.noindex/swift-nio-extras.build/Debug/NIOExtras-t.build/DerivedSources-normal/arm64 -Xcc -I/Users/admin/builder/spi-builder-workspace/.derivedData/Build/Intermediates.noindex/swift-nio-extras.build/Debug/NIOExtras-t.build/DerivedSources/arm64 -Xcc -I/Users/admin/builder/spi-builder-workspace/.derivedData/Build/Intermediates.noindex/swift-nio-extras.build/Debug/NIOExtras-t.build/DerivedSources -Xcc -DSWIFT_PACKAGE -Xcc -DDEBUG\=1 -emit-objc-header -emit-objc-header-path /Users/admin/builder/spi-builder-workspace/.derivedData/Build/Intermediates.noindex/swift-nio-extras.build/Debug/NIOExtras-t.build/Objects-normal/arm64/NIOExtras-Swift.h -working-directory /Users/admin/builder/spi-builder-workspace/.swiftpm/xcode -experimental-emit-module-separately -disable-cmo
SwiftMergeGeneratedHeaders /Users/admin/builder/spi-builder-workspace/.derivedData/Build/Intermediates.noindex/GeneratedModuleMaps/NIOExtras-Swift.h /Users/admin/builder/spi-builder-workspace/.derivedData/Build/Intermediates.noindex/swift-nio-extras.build/Debug/NIOExtras-t.build/Objects-normal/arm64/NIOExtras-Swift.h (in target 'NIOExtras' from project 'swift-nio-extras')
cd /Users/admin/builder/spi-builder-workspace/.dependencies/checkouts/swift-nio-extras
builtin-swiftHeaderTool -arch arm64 /Users/admin/builder/spi-builder-workspace/.derivedData/Build/Intermediates.noindex/swift-nio-extras.build/Debug/NIOExtras-t.build/Objects-normal/arm64/NIOExtras-Swift.h -o /Users/admin/builder/spi-builder-workspace/.derivedData/Build/Intermediates.noindex/GeneratedModuleMaps/NIOExtras-Swift.h
Copy /Users/admin/builder/spi-builder-workspace/.derivedData/Build/Products/Debug/NIOExtras.swiftmodule/arm64-apple-macos.swiftdoc /Users/admin/builder/spi-builder-workspace/.derivedData/Build/Intermediates.noindex/swift-nio-extras.build/Debug/NIOExtras-t.build/Objects-normal/arm64/NIOExtras.swiftdoc (in target 'NIOExtras' from project 'swift-nio-extras')
cd /Users/admin/builder/spi-builder-workspace/.dependencies/checkouts/swift-nio-extras
builtin-copy -exclude .DS_Store -exclude CVS -exclude .svn -exclude .git -exclude .hg -resolve-src-symlinks -rename /Users/admin/builder/spi-builder-workspace/.derivedData/Build/Intermediates.noindex/swift-nio-extras.build/Debug/NIOExtras-t.build/Objects-normal/arm64/NIOExtras.swiftdoc /Users/admin/builder/spi-builder-workspace/.derivedData/Build/Products/Debug/NIOExtras.swiftmodule/arm64-apple-macos.swiftdoc
Copy /Users/admin/builder/spi-builder-workspace/.derivedData/Build/Products/Debug/NIOExtras.swiftmodule/arm64-apple-macos.swiftmodule /Users/admin/builder/spi-builder-workspace/.derivedData/Build/Intermediates.noindex/swift-nio-extras.build/Debug/NIOExtras-t.build/Objects-normal/arm64/NIOExtras.swiftmodule (in target 'NIOExtras' from project 'swift-nio-extras')
cd /Users/admin/builder/spi-builder-workspace/.dependencies/checkouts/swift-nio-extras
builtin-copy -exclude .DS_Store -exclude CVS -exclude .svn -exclude .git -exclude .hg -resolve-src-symlinks -rename /Users/admin/builder/spi-builder-workspace/.derivedData/Build/Intermediates.noindex/swift-nio-extras.build/Debug/NIOExtras-t.build/Objects-normal/arm64/NIOExtras.swiftmodule /Users/admin/builder/spi-builder-workspace/.derivedData/Build/Products/Debug/NIOExtras.swiftmodule/arm64-apple-macos.swiftmodule
Copy /Users/admin/builder/spi-builder-workspace/.derivedData/Build/Products/Debug/NIOExtras.swiftmodule/arm64-apple-macos.abi.json /Users/admin/builder/spi-builder-workspace/.derivedData/Build/Intermediates.noindex/swift-nio-extras.build/Debug/NIOExtras-t.build/Objects-normal/arm64/NIOExtras.abi.json (in target 'NIOExtras' from project 'swift-nio-extras')
cd /Users/admin/builder/spi-builder-workspace/.dependencies/checkouts/swift-nio-extras
builtin-copy -exclude .DS_Store -exclude CVS -exclude .svn -exclude .git -exclude .hg -resolve-src-symlinks -rename /Users/admin/builder/spi-builder-workspace/.derivedData/Build/Intermediates.noindex/swift-nio-extras.build/Debug/NIOExtras-t.build/Objects-normal/arm64/NIOExtras.abi.json /Users/admin/builder/spi-builder-workspace/.derivedData/Build/Products/Debug/NIOExtras.swiftmodule/arm64-apple-macos.abi.json
Copy /Users/admin/builder/spi-builder-workspace/.derivedData/Build/Products/Debug/NIOExtras.swiftmodule/Project/arm64-apple-macos.swiftsourceinfo /Users/admin/builder/spi-builder-workspace/.derivedData/Build/Intermediates.noindex/swift-nio-extras.build/Debug/NIOExtras-t.build/Objects-normal/arm64/NIOExtras.swiftsourceinfo (in target 'NIOExtras' from project 'swift-nio-extras')
cd /Users/admin/builder/spi-builder-workspace/.dependencies/checkouts/swift-nio-extras
builtin-copy -exclude .DS_Store -exclude CVS -exclude .svn -exclude .git -exclude .hg -resolve-src-symlinks -rename /Users/admin/builder/spi-builder-workspace/.derivedData/Build/Intermediates.noindex/swift-nio-extras.build/Debug/NIOExtras-t.build/Objects-normal/arm64/NIOExtras.swiftsourceinfo /Users/admin/builder/spi-builder-workspace/.derivedData/Build/Products/Debug/NIOExtras.swiftmodule/Project/arm64-apple-macos.swiftsourceinfo
SwiftDriver NMTP normal arm64 com.apple.xcode.tools.swift.compiler (in target 'NMTP' from project 'swift-nmtp')
cd /Users/admin/builder/spi-builder-workspace/.swiftpm/xcode
builtin-SwiftDriver -- /Applications/Xcode-27.0.0-Release.Candidate.app/Contents/Developer/Toolchains/XcodeDefault.xctoolchain/usr/bin/swiftc -parse-as-library -module-name NMTP -Onone @/Users/admin/builder/spi-builder-workspace/.derivedData/Build/Intermediates.noindex/swift-nmtp.build/Debug/NMTP-t.build/Objects-normal/arm64/NMTP.SwiftFileList -DSWIFT_PACKAGE -DDEBUG -DSWIFT_MODULE_RESOURCE_BUNDLE_UNAVAILABLE -Xcc -fmodule-map-file\=/Users/admin/builder/spi-builder-workspace/.dependencies/checkouts/swift-atomics/Sources/_AtomicsShims/include/module.modulemap -Xcc -fmodule-map-file\=/Users/admin/builder/spi-builder-workspace/.derivedData/Build/Intermediates.noindex/GeneratedModuleMaps/CNIOLLHTTP.modulemap -Xcc -fmodule-map-file\=/Users/admin/builder/spi-builder-workspace/.derivedData/Build/Intermediates.noindex/GeneratedModuleMaps/CNIOPosix.modulemap -Xcc -fmodule-map-file\=/Users/admin/builder/spi-builder-workspace/.derivedData/Build/Intermediates.noindex/GeneratedModuleMaps/CNIOWASI.modulemap -Xcc -fmodule-map-file\=/Users/admin/builder/spi-builder-workspace/.dependencies/checkouts/swift-nio/Sources/CNIOWindows/include/module.modulemap -Xcc -fmodule-map-file\=/Users/admin/builder/spi-builder-workspace/.derivedData/Build/Intermediates.noindex/GeneratedModuleMaps/CNIOLinux.modulemap -Xcc -fmodule-map-file\=/Users/admin/builder/spi-builder-workspace/.derivedData/Build/Intermediates.noindex/GeneratedModuleMaps/CNIODarwin.modulemap -Xcc -fmodule-map-file\=/Users/admin/builder/spi-builder-workspace/.derivedData/Build/Intermediates.noindex/GeneratedModuleMaps/CNIOFreeBSD.modulemap -Xcc -fmodule-map-file\=/Users/admin/builder/spi-builder-workspace/.derivedData/Build/Intermediates.noindex/GeneratedModuleMaps/CNIOOpenBSD.modulemap -Xcc -fmodule-map-file\=/Users/admin/builder/spi-builder-workspace/.derivedData/Build/Intermediates.noindex/GeneratedModuleMaps/CNIOAtomics.modulemap -DXcode -plugin-path /Applications/Xcode-27.0.0-Release.Candidate.app/Contents/Developer/Toolchains/XcodeDefault.xctoolchain/usr/lib/swift/host/plugins/testing -enable-experimental-feature DebugDescriptionMacro -sdk /Applications/Xcode-27.0.0-Release.Candidate.app/Contents/Developer/Platforms/MacOSX.platform/Developer/SDKs/MacOSX27.0.sdk -target arm64-apple-macos15.0 -g -module-cache-path /Users/admin/builder/spi-builder-workspace/.derivedData/ModuleCache.noindex -Xfrontend -serialize-debugging-options -profile-coverage-mapping -profile-generate -enable-testing -suppress-warnings -index-store-path /Users/admin/builder/spi-builder-workspace/.derivedData/Index.noindex/DataStore -Xcc -D_LIBCPP_HARDENING_MODE\=_LIBCPP_HARDENING_MODE_DEBUG -swift-version 6 -I /Users/admin/builder/spi-builder-workspace/.derivedData/Build/Products/Debug -Isystem /Applications/Xcode-27.0.0-Release.Candidate.app/Contents/Developer/Platforms/MacOSX.platform/Developer/usr/lib -F /Users/admin/builder/spi-builder-workspace/.derivedData/Build/Products/Debug/PackageFrameworks -F /Users/admin/builder/spi-builder-workspace/.derivedData/Build/Products/Debug -F /Applications/Xcode-27.0.0-Release.Candidate.app/Contents/Developer/Platforms/MacOSX.platform/Developer/Library/Frameworks -c -j10 -enable-batch-mode -incremental -Xcc -ivfsstatcache -Xcc /Users/admin/builder/spi-builder-workspace/.derivedData/SDKStatCaches.noindex/macosx27.0-26A425-e829b21a6f8c9b70876ba0858053c0446a22442a12e9d48fe1a705f55a1adfc4.sdkstatcache -output-file-map /Users/admin/builder/spi-builder-workspace/.derivedData/Build/Intermediates.noindex/swift-nmtp.build/Debug/NMTP-t.build/Objects-normal/arm64/NMTP-OutputFileMap.json -save-temps -no-color-diagnostics -explicit-module-build -module-cache-path /Users/admin/builder/spi-builder-workspace/.derivedData/Build/Intermediates.noindex/SwiftExplicitPrecompiledModules -clang-scanner-module-cache-path /Users/admin/builder/spi-builder-workspace/.derivedData/ModuleCache.noindex -sdk-module-cache-path /Users/admin/builder/spi-builder-workspace/.derivedData/SDKExplicitPrecompiledModules -emit-dependencies -emit-module -emit-module-path /Users/admin/builder/spi-builder-workspace/.derivedData/Build/Intermediates.noindex/swift-nmtp.build/Debug/NMTP-t.build/Objects-normal/arm64/NMTP.swiftmodule -serialize-diagnostics -dependency-scan-serialize-diagnostics-path /Users/admin/builder/spi-builder-workspace/.derivedData/Build/Intermediates.noindex/swift-nmtp.build/Debug/NMTP-t.build/Objects-normal/arm64/NMTP-dependency-scan.dia -user-module-version 0.1.0 -validate-clang-modules-once -clang-build-session-file /Users/admin/builder/spi-builder-workspace/.derivedData/ModuleCache.noindex/Session.modulevalidation -Xcc -fmodules-prune-interval\=86400 -Xcc -fmodules-prune-after\=345600 -package-name swift_nmtp -emit-const-values -const-gather-protocols-list /Users/admin/builder/spi-builder-workspace/.derivedData/Build/Intermediates.noindex/swift-nmtp.build/Debug/NMTP-t.build/Objects-normal/arm64/NMTP_const_extract_protocols.json -Xcc -I/Users/admin/builder/spi-builder-workspace/.dependencies/checkouts/swift-atomics/Sources/_AtomicsShims/include -Xcc -I/Users/admin/builder/spi-builder-workspace/.dependencies/checkouts/swift-nio/Sources/CNIOLLHTTP/include -Xcc -I/Users/admin/builder/spi-builder-workspace/.dependencies/checkouts/swift-nio/Sources/CNIOPosix/include -Xcc -I/Users/admin/builder/spi-builder-workspace/.dependencies/checkouts/swift-nio/Sources/CNIOWASI/include -Xcc -I/Users/admin/builder/spi-builder-workspace/.dependencies/checkouts/swift-nio/Sources/CNIOWindows/include -Xcc -I/Users/admin/builder/spi-builder-workspace/.dependencies/checkouts/swift-nio/Sources/CNIOLinux/include -Xcc -I/Users/admin/builder/spi-builder-workspace/.dependencies/checkouts/swift-nio/Sources/CNIODarwin/include -Xcc -I/Users/admin/builder/spi-builder-workspace/.dependencies/checkouts/swift-nio/Sources/CNIOFreeBSD/include -Xcc -I/Users/admin/builder/spi-builder-workspace/.dependencies/checkouts/swift-nio/Sources/CNIOOpenBSD/include -Xcc -I/Users/admin/builder/spi-builder-workspace/.dependencies/checkouts/swift-nio/Sources/CNIOAtomics/include -Xcc -I/Users/admin/builder/spi-builder-workspace/.derivedData/Build/Products/Debug/include -Xcc -I/Users/admin/builder/spi-builder-workspace/.derivedData/Build/Intermediates.noindex/swift-nmtp.build/Debug/NMTP-t.build/DerivedSources-normal/arm64 -Xcc -I/Users/admin/builder/spi-builder-workspace/.derivedData/Build/Intermediates.noindex/swift-nmtp.build/Debug/NMTP-t.build/DerivedSources/arm64 -Xcc -I/Users/admin/builder/spi-builder-workspace/.derivedData/Build/Intermediates.noindex/swift-nmtp.build/Debug/NMTP-t.build/DerivedSources -Xcc -DSWIFT_PACKAGE -Xcc -DDEBUG\=1 -emit-objc-header -emit-objc-header-path /Users/admin/builder/spi-builder-workspace/.derivedData/Build/Intermediates.noindex/swift-nmtp.build/Debug/NMTP-t.build/Objects-normal/arm64/NMTP-Swift.h -working-directory /Users/admin/builder/spi-builder-workspace/.swiftpm/xcode -experimental-emit-module-separately -disable-cmo
SwiftDriverJobDiscovery normal arm64 Compiling FixedLengthFrameDecoder.swift, HTTP1ProxyConnectHandler.swift (in target 'NIOExtras' from project 'swift-nio-extras')
SwiftDriverJobDiscovery normal arm64 Compiling JSONRPCFraming+ContentLengthHeader.swift, JSONRPCFraming.swift (in target 'NIOExtras' from project 'swift-nio-extras')
SwiftDriverJobDiscovery normal arm64 Compiling LengthFieldBasedFrameDecoder.swift, LengthFieldPrepender.swift (in target 'NIOExtras' from project 'swift-nio-extras')
SwiftDriverJobDiscovery normal arm64 Compiling WritePCAPHandler.swift (in target 'NIOExtras' from project 'swift-nio-extras')
SwiftDriver\ Compilation NIOExtras normal arm64 com.apple.xcode.tools.swift.compiler (in target 'NIOExtras' from project 'swift-nio-extras')
cd /Users/admin/builder/spi-builder-workspace/.swiftpm/xcode
builtin-Swift-Compilation -- /Applications/Xcode-27.0.0-Release.Candidate.app/Contents/Developer/Toolchains/XcodeDefault.xctoolchain/usr/bin/swiftc -parse-as-library -module-name NIOExtras -Onone @/Users/admin/builder/spi-builder-workspace/.derivedData/Build/Intermediates.noindex/swift-nio-extras.build/Debug/NIOExtras-t.build/Objects-normal/arm64/NIOExtras.SwiftFileList -DSWIFT_PACKAGE -DDEBUG -DSWIFT_MODULE_RESOURCE_BUNDLE_UNAVAILABLE -Xcc -fmodule-map-file\=/Users/admin/builder/spi-builder-workspace/.dependencies/checkouts/swift-atomics/Sources/_AtomicsShims/include/module.modulemap -Xcc -fmodule-map-file\=/Users/admin/builder/spi-builder-workspace/.derivedData/Build/Intermediates.noindex/GeneratedModuleMaps/CNIOLLHTTP.modulemap -Xcc -fmodule-map-file\=/Users/admin/builder/spi-builder-workspace/.derivedData/Build/Intermediates.noindex/GeneratedModuleMaps/CNIOPosix.modulemap -Xcc -fmodule-map-file\=/Users/admin/builder/spi-builder-workspace/.derivedData/Build/Intermediates.noindex/GeneratedModuleMaps/CNIOWASI.modulemap -Xcc -fmodule-map-file\=/Users/admin/builder/spi-builder-workspace/.dependencies/checkouts/swift-nio/Sources/CNIOWindows/include/module.modulemap -Xcc -fmodule-map-file\=/Users/admin/builder/spi-builder-workspace/.derivedData/Build/Intermediates.noindex/GeneratedModuleMaps/CNIOLinux.modulemap -Xcc -fmodule-map-file\=/Users/admin/builder/spi-builder-workspace/.derivedData/Build/Intermediates.noindex/GeneratedModuleMaps/CNIODarwin.modulemap -Xcc -fmodule-map-file\=/Users/admin/builder/spi-builder-workspace/.derivedData/Build/Intermediates.noindex/GeneratedModuleMaps/CNIOFreeBSD.modulemap -Xcc -fmodule-map-file\=/Users/admin/builder/spi-builder-workspace/.derivedData/Build/Intermediates.noindex/GeneratedModuleMaps/CNIOOpenBSD.modulemap -Xcc -fmodule-map-file\=/Users/admin/builder/spi-builder-workspace/.derivedData/Build/Intermediates.noindex/GeneratedModuleMaps/CNIOAtomics.modulemap -DXcode -enable-upcoming-feature MemberImportVisibility -plugin-path /Applications/Xcode-27.0.0-Release.Candidate.app/Contents/Developer/Toolchains/XcodeDefault.xctoolchain/usr/lib/swift/host/plugins/testing -enable-experimental-feature DebugDescriptionMacro -sdk /Applications/Xcode-27.0.0-Release.Candidate.app/Contents/Developer/Platforms/MacOSX.platform/Developer/SDKs/MacOSX27.0.sdk -target arm64-apple-macos12.0 -g -module-cache-path /Users/admin/builder/spi-builder-workspace/.derivedData/ModuleCache.noindex -Xfrontend -serialize-debugging-options -profile-coverage-mapping -profile-generate -enable-testing -suppress-warnings -index-store-path /Users/admin/builder/spi-builder-workspace/.derivedData/Index.noindex/DataStore -Xcc -D_LIBCPP_HARDENING_MODE\=_LIBCPP_HARDENING_MODE_DEBUG -swift-version 6 -I /Users/admin/builder/spi-builder-workspace/.derivedData/Build/Products/Debug -Isystem /Applications/Xcode-27.0.0-Release.Candidate.app/Contents/Developer/Platforms/MacOSX.platform/Developer/usr/lib -F /Users/admin/builder/spi-builder-workspace/.derivedData/Build/Products/Debug/PackageFrameworks -F /Users/admin/builder/spi-builder-workspace/.derivedData/Build/Products/Debug -F /Applications/Xcode-27.0.0-Release.Candidate.app/Contents/Developer/Platforms/MacOSX.platform/Developer/Library/Frameworks -c -j10 -enable-batch-mode -incremental -Xcc -ivfsstatcache -Xcc /Users/admin/builder/spi-builder-workspace/.derivedData/SDKStatCaches.noindex/macosx27.0-26A425-e829b21a6f8c9b70876ba0858053c0446a22442a12e9d48fe1a705f55a1adfc4.sdkstatcache -output-file-map /Users/admin/builder/spi-builder-workspace/.derivedData/Build/Intermediates.noindex/swift-nio-extras.build/Debug/NIOExtras-t.build/Objects-normal/arm64/NIOExtras-OutputFileMap.json -save-temps -no-color-diagnostics -explicit-module-build -module-cache-path /Users/admin/builder/spi-builder-workspace/.derivedData/Build/Intermediates.noindex/SwiftExplicitPrecompiledModules -clang-scanner-module-cache-path /Users/admin/builder/spi-builder-workspace/.derivedData/ModuleCache.noindex -sdk-module-cache-path /Users/admin/builder/spi-builder-workspace/.derivedData/SDKExplicitPrecompiledModules -emit-dependencies -emit-module -emit-module-path /Users/admin/builder/spi-builder-workspace/.derivedData/Build/Intermediates.noindex/swift-nio-extras.build/Debug/NIOExtras-t.build/Objects-normal/arm64/NIOExtras.swiftmodule -serialize-diagnostics -dependency-scan-serialize-diagnostics-path /Users/admin/builder/spi-builder-workspace/.derivedData/Build/Intermediates.noindex/swift-nio-extras.build/Debug/NIOExtras-t.build/Objects-normal/arm64/NIOExtras-dependency-scan.dia -user-module-version 1.35.1 -validate-clang-modules-once -clang-build-session-file /Users/admin/builder/spi-builder-workspace/.derivedData/ModuleCache.noindex/Session.modulevalidation -Xcc -fmodules-prune-interval\=86400 -Xcc -fmodules-prune-after\=345600 -package-name swift_nio_extras -emit-const-values -const-gather-protocols-list /Users/admin/builder/spi-builder-workspace/.derivedData/Build/Intermediates.noindex/swift-nio-extras.build/Debug/NIOExtras-t.build/Objects-normal/arm64/NIOExtras_const_extract_protocols.json -Xcc -I/Users/admin/builder/spi-builder-workspace/.dependencies/checkouts/swift-atomics/Sources/_AtomicsShims/include -Xcc -I/Users/admin/builder/spi-builder-workspace/.dependencies/checkouts/swift-nio/Sources/CNIOLLHTTP/include -Xcc -I/Users/admin/builder/spi-builder-workspace/.dependencies/checkouts/swift-nio/Sources/CNIOPosix/include -Xcc -I/Users/admin/builder/spi-builder-workspace/.dependencies/checkouts/swift-nio/Sources/CNIOWASI/include -Xcc -I/Users/admin/builder/spi-builder-workspace/.dependencies/checkouts/swift-nio/Sources/CNIOWindows/include -Xcc -I/Users/admin/builder/spi-builder-workspace/.dependencies/checkouts/swift-nio/Sources/CNIOLinux/include -Xcc -I/Users/admin/builder/spi-builder-workspace/.dependencies/checkouts/swift-nio/Sources/CNIODarwin/include -Xcc -I/Users/admin/builder/spi-builder-workspace/.dependencies/checkouts/swift-nio/Sources/CNIOFreeBSD/include -Xcc -I/Users/admin/builder/spi-builder-workspace/.dependencies/checkouts/swift-nio/Sources/CNIOOpenBSD/include -Xcc -I/Users/admin/builder/spi-builder-workspace/.dependencies/checkouts/swift-nio/Sources/CNIOAtomics/include -Xcc -I/Users/admin/builder/spi-builder-workspace/.derivedData/Build/Products/Debug/include -Xcc -I/Users/admin/builder/spi-builder-workspace/.derivedData/Build/Intermediates.noindex/swift-nio-extras.build/Debug/NIOExtras-t.build/DerivedSources-normal/arm64 -Xcc -I/Users/admin/builder/spi-builder-workspace/.derivedData/Build/Intermediates.noindex/swift-nio-extras.build/Debug/NIOExtras-t.build/DerivedSources/arm64 -Xcc -I/Users/admin/builder/spi-builder-workspace/.derivedData/Build/Intermediates.noindex/swift-nio-extras.build/Debug/NIOExtras-t.build/DerivedSources -Xcc -DSWIFT_PACKAGE -Xcc -DDEBUG\=1 -emit-objc-header -emit-objc-header-path /Users/admin/builder/spi-builder-workspace/.derivedData/Build/Intermediates.noindex/swift-nio-extras.build/Debug/NIOExtras-t.build/Objects-normal/arm64/NIOExtras-Swift.h -working-directory /Users/admin/builder/spi-builder-workspace/.swiftpm/xcode -experimental-emit-module-separately -disable-cmo
SwiftCompile normal arm64 Compiling\ MatterPayload.swift,\ MatterStream.swift /Users/admin/builder/spi-builder-workspace/.dependencies/checkouts/swift-nmtp/Sources/NMTP/Matter/MatterPayload.swift /Users/admin/builder/spi-builder-workspace/.dependencies/checkouts/swift-nmtp/Sources/NMTP/Matter/MatterStream.swift (in target 'NMTP' from project 'swift-nmtp')
SwiftCompile normal arm64 /Users/admin/builder/spi-builder-workspace/.dependencies/checkouts/swift-nmtp/Sources/NMTP/Matter/MatterPayload.swift (in target 'NMTP' from project 'swift-nmtp')
cd /Users/admin/builder/spi-builder-workspace/.swiftpm/xcode
builtin-SwiftPerFileCompile MatterPayload.swift
SwiftCompile normal arm64 /Users/admin/builder/spi-builder-workspace/.dependencies/checkouts/swift-nmtp/Sources/NMTP/Matter/MatterStream.swift (in target 'NMTP' from project 'swift-nmtp')
cd /Users/admin/builder/spi-builder-workspace/.swiftpm/xcode
builtin-SwiftPerFileCompile MatterStream.swift
SwiftCompile normal arm64 Compiling\ MatterDecoder.swift,\ MatterEncoder.swift /Users/admin/builder/spi-builder-workspace/.dependencies/checkouts/swift-nmtp/Sources/NMTP/NMT/MatterDecoder.swift /Users/admin/builder/spi-builder-workspace/.dependencies/checkouts/swift-nmtp/Sources/NMTP/NMT/MatterEncoder.swift (in target 'NMTP' from project 'swift-nmtp')
SwiftCompile normal arm64 /Users/admin/builder/spi-builder-workspace/.dependencies/checkouts/swift-nmtp/Sources/NMTP/NMT/MatterDecoder.swift (in target 'NMTP' from project 'swift-nmtp')
cd /Users/admin/builder/spi-builder-workspace/.swiftpm/xcode
builtin-SwiftPerFileCompile MatterDecoder.swift
SwiftCompile normal arm64 /Users/admin/builder/spi-builder-workspace/.dependencies/checkouts/swift-nmtp/Sources/NMTP/NMT/MatterEncoder.swift (in target 'NMTP' from project 'swift-nmtp')
cd /Users/admin/builder/spi-builder-workspace/.swiftpm/xcode
builtin-SwiftPerFileCompile MatterEncoder.swift
SwiftEmitModule normal arm64 Emitting\ module\ for\ NMTP (in target 'NMTP' from project 'swift-nmtp')
SwiftCompile normal arm64 (in target 'NMTP' from project 'swift-nmtp')
cd /Users/admin/builder/spi-builder-workspace/.swiftpm/xcode
SwiftCompile normal arm64 Compiling\ NMTTransport.swift /Users/admin/builder/spi-builder-workspace/.dependencies/checkouts/swift-nmtp/Sources/NMTP/Transport/NMTTransport.swift (in target 'NMTP' from project 'swift-nmtp')
SwiftCompile normal arm64 /Users/admin/builder/spi-builder-workspace/.dependencies/checkouts/swift-nmtp/Sources/NMTP/Transport/NMTTransport.swift (in target 'NMTP' from project 'swift-nmtp')
cd /Users/admin/builder/spi-builder-workspace/.swiftpm/xcode
builtin-SwiftPerFileCompile NMTTransport.swift
SwiftCompile normal arm64 Compiling\ NMTPError.swift,\ TLSContext.swift /Users/admin/builder/spi-builder-workspace/.dependencies/checkouts/swift-nmtp/Sources/NMTP/NMTPError.swift /Users/admin/builder/spi-builder-workspace/.dependencies/checkouts/swift-nmtp/Sources/NMTP/TLS/TLSContext.swift (in target 'NMTP' from project 'swift-nmtp')
SwiftCompile normal arm64 /Users/admin/builder/spi-builder-workspace/.dependencies/checkouts/swift-nmtp/Sources/NMTP/NMTPError.swift (in target 'NMTP' from project 'swift-nmtp')
cd /Users/admin/builder/spi-builder-workspace/.swiftpm/xcode
builtin-SwiftPerFileCompile NMTPError.swift
SwiftCompile normal arm64 /Users/admin/builder/spi-builder-workspace/.dependencies/checkouts/swift-nmtp/Sources/NMTP/TLS/TLSContext.swift (in target 'NMTP' from project 'swift-nmtp')
cd /Users/admin/builder/spi-builder-workspace/.swiftpm/xcode
builtin-SwiftPerFileCompile TLSContext.swift
SwiftCompile normal arm64 Compiling\ MatterType.swift,\ HeartbeatHandler.swift /Users/admin/builder/spi-builder-workspace/.dependencies/checkouts/swift-nmtp/Sources/NMTP/Matter/MatterType.swift /Users/admin/builder/spi-builder-workspace/.dependencies/checkouts/swift-nmtp/Sources/NMTP/NMT/HeartbeatHandler.swift (in target 'NMTP' from project 'swift-nmtp')
SwiftCompile normal arm64 /Users/admin/builder/spi-builder-workspace/.dependencies/checkouts/swift-nmtp/Sources/NMTP/Matter/MatterType.swift (in target 'NMTP' from project 'swift-nmtp')
cd /Users/admin/builder/spi-builder-workspace/.swiftpm/xcode
builtin-SwiftPerFileCompile MatterType.swift
SwiftCompile normal arm64 /Users/admin/builder/spi-builder-workspace/.dependencies/checkouts/swift-nmtp/Sources/NMTP/NMT/HeartbeatHandler.swift (in target 'NMTP' from project 'swift-nmtp')
cd /Users/admin/builder/spi-builder-workspace/.swiftpm/xcode
builtin-SwiftPerFileCompile HeartbeatHandler.swift
SwiftCompile normal arm64 Compiling\ NMTClient.swift,\ NMTHandler.swift /Users/admin/builder/spi-builder-workspace/.dependencies/checkouts/swift-nmtp/Sources/NMTP/NMT/NMTClient.swift /Users/admin/builder/spi-builder-workspace/.dependencies/checkouts/swift-nmtp/Sources/NMTP/NMT/NMTHandler.swift (in target 'NMTP' from project 'swift-nmtp')
SwiftCompile normal arm64 /Users/admin/builder/spi-builder-workspace/.dependencies/checkouts/swift-nmtp/Sources/NMTP/NMT/NMTClient.swift (in target 'NMTP' from project 'swift-nmtp')
cd /Users/admin/builder/spi-builder-workspace/.swiftpm/xcode
builtin-SwiftPerFileCompile NMTClient.swift
SwiftCompile normal arm64 /Users/admin/builder/spi-builder-workspace/.dependencies/checkouts/swift-nmtp/Sources/NMTP/NMT/NMTHandler.swift (in target 'NMTP' from project 'swift-nmtp')
cd /Users/admin/builder/spi-builder-workspace/.swiftpm/xcode
builtin-SwiftPerFileCompile NMTHandler.swift
SwiftCompile normal arm64 Compiling\ Matter+Coding.swift,\ Matter.swift /Users/admin/builder/spi-builder-workspace/.dependencies/checkouts/swift-nmtp/Sources/NMTP/Matter/Matter+Coding.swift /Users/admin/builder/spi-builder-workspace/.dependencies/checkouts/swift-nmtp/Sources/NMTP/Matter/Matter.swift (in target 'NMTP' from project 'swift-nmtp')
SwiftCompile normal arm64 /Users/admin/builder/spi-builder-workspace/.dependencies/checkouts/swift-nmtp/Sources/NMTP/Matter/Matter+Coding.swift (in target 'NMTP' from project 'swift-nmtp')
cd /Users/admin/builder/spi-builder-workspace/.swiftpm/xcode
builtin-SwiftPerFileCompile Matter+Coding.swift
SwiftCompile normal arm64 /Users/admin/builder/spi-builder-workspace/.dependencies/checkouts/swift-nmtp/Sources/NMTP/Matter/Matter.swift (in target 'NMTP' from project 'swift-nmtp')
cd /Users/admin/builder/spi-builder-workspace/.swiftpm/xcode
builtin-SwiftPerFileCompile Matter.swift
SwiftCompile normal arm64 Compiling\ NMTServer.swift,\ PendingRequests.swift /Users/admin/builder/spi-builder-workspace/.dependencies/checkouts/swift-nmtp/Sources/NMTP/NMT/NMTServer.swift /Users/admin/builder/spi-builder-workspace/.dependencies/checkouts/swift-nmtp/Sources/NMTP/NMT/PendingRequests.swift (in target 'NMTP' from project 'swift-nmtp')
SwiftCompile normal arm64 /Users/admin/builder/spi-builder-workspace/.dependencies/checkouts/swift-nmtp/Sources/NMTP/NMT/NMTServer.swift (in target 'NMTP' from project 'swift-nmtp')
cd /Users/admin/builder/spi-builder-workspace/.swiftpm/xcode
builtin-SwiftPerFileCompile NMTServer.swift
SwiftCompile normal arm64 /Users/admin/builder/spi-builder-workspace/.dependencies/checkouts/swift-nmtp/Sources/NMTP/NMT/PendingRequests.swift (in target 'NMTP' from project 'swift-nmtp')
cd /Users/admin/builder/spi-builder-workspace/.swiftpm/xcode
builtin-SwiftPerFileCompile PendingRequests.swift
SwiftCompile normal arm64 Compiling\ TCPTransport.swift /Users/admin/builder/spi-builder-workspace/.dependencies/checkouts/swift-nmtp/Sources/NMTP/Transport/TCPTransport.swift (in target 'NMTP' from project 'swift-nmtp')
SwiftCompile normal arm64 /Users/admin/builder/spi-builder-workspace/.dependencies/checkouts/swift-nmtp/Sources/NMTP/Transport/TCPTransport.swift (in target 'NMTP' from project 'swift-nmtp')
cd /Users/admin/builder/spi-builder-workspace/.swiftpm/xcode
builtin-SwiftPerFileCompile TCPTransport.swift
SwiftDriverJobDiscovery normal arm64 Compiling NMTPError.swift, TLSContext.swift (in target 'NMTP' from project 'swift-nmtp')
SwiftCompile normal arm64 Compiling\ Duration+TimeAmount.swift,\ UUID+Bytes.swift /Users/admin/builder/spi-builder-workspace/.dependencies/checkouts/swift-nmtp/Sources/NMTP/Extensions/Duration+TimeAmount.swift /Users/admin/builder/spi-builder-workspace/.dependencies/checkouts/swift-nmtp/Sources/NMTP/Extensions/UUID+Bytes.swift (in target 'NMTP' from project 'swift-nmtp')
SwiftCompile normal arm64 /Users/admin/builder/spi-builder-workspace/.dependencies/checkouts/swift-nmtp/Sources/NMTP/Extensions/Duration+TimeAmount.swift (in target 'NMTP' from project 'swift-nmtp')
cd /Users/admin/builder/spi-builder-workspace/.swiftpm/xcode
builtin-SwiftPerFileCompile Duration+TimeAmount.swift
SwiftCompile normal arm64 /Users/admin/builder/spi-builder-workspace/.dependencies/checkouts/swift-nmtp/Sources/NMTP/Extensions/UUID+Bytes.swift (in target 'NMTP' from project 'swift-nmtp')
cd /Users/admin/builder/spi-builder-workspace/.swiftpm/xcode
builtin-SwiftPerFileCompile UUID+Bytes.swift
SwiftDriverJobDiscovery normal arm64 Compiling NMTTransport.swift (in target 'NMTP' from project 'swift-nmtp')
SwiftDriverJobDiscovery normal arm64 Emitting module for NMTP (in target 'NMTP' from project 'swift-nmtp')
SwiftDriver\ Compilation\ Requirements NMTP normal arm64 com.apple.xcode.tools.swift.compiler (in target 'NMTP' from project 'swift-nmtp')
cd /Users/admin/builder/spi-builder-workspace/.swiftpm/xcode
builtin-Swift-Compilation-Requirements -- /Applications/Xcode-27.0.0-Release.Candidate.app/Contents/Developer/Toolchains/XcodeDefault.xctoolchain/usr/bin/swiftc -parse-as-library -module-name NMTP -Onone @/Users/admin/builder/spi-builder-workspace/.derivedData/Build/Intermediates.noindex/swift-nmtp.build/Debug/NMTP-t.build/Objects-normal/arm64/NMTP.SwiftFileList -DSWIFT_PACKAGE -DDEBUG -DSWIFT_MODULE_RESOURCE_BUNDLE_UNAVAILABLE -Xcc -fmodule-map-file\=/Users/admin/builder/spi-builder-workspace/.dependencies/checkouts/swift-atomics/Sources/_AtomicsShims/include/module.modulemap -Xcc -fmodule-map-file\=/Users/admin/builder/spi-builder-workspace/.derivedData/Build/Intermediates.noindex/GeneratedModuleMaps/CNIOLLHTTP.modulemap -Xcc -fmodule-map-file\=/Users/admin/builder/spi-builder-workspace/.derivedData/Build/Intermediates.noindex/GeneratedModuleMaps/CNIOPosix.modulemap -Xcc -fmodule-map-file\=/Users/admin/builder/spi-builder-workspace/.derivedData/Build/Intermediates.noindex/GeneratedModuleMaps/CNIOWASI.modulemap -Xcc -fmodule-map-file\=/Users/admin/builder/spi-builder-workspace/.dependencies/checkouts/swift-nio/Sources/CNIOWindows/include/module.modulemap -Xcc -fmodule-map-file\=/Users/admin/builder/spi-builder-workspace/.derivedData/Build/Intermediates.noindex/GeneratedModuleMaps/CNIOLinux.modulemap -Xcc -fmodule-map-file\=/Users/admin/builder/spi-builder-workspace/.derivedData/Build/Intermediates.noindex/GeneratedModuleMaps/CNIODarwin.modulemap -Xcc -fmodule-map-file\=/Users/admin/builder/spi-builder-workspace/.derivedData/Build/Intermediates.noindex/GeneratedModuleMaps/CNIOFreeBSD.modulemap -Xcc -fmodule-map-file\=/Users/admin/builder/spi-builder-workspace/.derivedData/Build/Intermediates.noindex/GeneratedModuleMaps/CNIOOpenBSD.modulemap -Xcc -fmodule-map-file\=/Users/admin/builder/spi-builder-workspace/.derivedData/Build/Intermediates.noindex/GeneratedModuleMaps/CNIOAtomics.modulemap -DXcode -plugin-path /Applications/Xcode-27.0.0-Release.Candidate.app/Contents/Developer/Toolchains/XcodeDefault.xctoolchain/usr/lib/swift/host/plugins/testing -enable-experimental-feature DebugDescriptionMacro -sdk /Applications/Xcode-27.0.0-Release.Candidate.app/Contents/Developer/Platforms/MacOSX.platform/Developer/SDKs/MacOSX27.0.sdk -target arm64-apple-macos15.0 -g -module-cache-path /Users/admin/builder/spi-builder-workspace/.derivedData/ModuleCache.noindex -Xfrontend -serialize-debugging-options -profile-coverage-mapping -profile-generate -enable-testing -suppress-warnings -index-store-path /Users/admin/builder/spi-builder-workspace/.derivedData/Index.noindex/DataStore -Xcc -D_LIBCPP_HARDENING_MODE\=_LIBCPP_HARDENING_MODE_DEBUG -swift-version 6 -I /Users/admin/builder/spi-builder-workspace/.derivedData/Build/Products/Debug -Isystem /Applications/Xcode-27.0.0-Release.Candidate.app/Contents/Developer/Platforms/MacOSX.platform/Developer/usr/lib -F /Users/admin/builder/spi-builder-workspace/.derivedData/Build/Products/Debug/PackageFrameworks -F /Users/admin/builder/spi-builder-workspace/.derivedData/Build/Products/Debug -F /Applications/Xcode-27.0.0-Release.Candidate.app/Contents/Developer/Platforms/MacOSX.platform/Developer/Library/Frameworks -c -j10 -enable-batch-mode -incremental -Xcc -ivfsstatcache -Xcc /Users/admin/builder/spi-builder-workspace/.derivedData/SDKStatCaches.noindex/macosx27.0-26A425-e829b21a6f8c9b70876ba0858053c0446a22442a12e9d48fe1a705f55a1adfc4.sdkstatcache -output-file-map /Users/admin/builder/spi-builder-workspace/.derivedData/Build/Intermediates.noindex/swift-nmtp.build/Debug/NMTP-t.build/Objects-normal/arm64/NMTP-OutputFileMap.json -save-temps -no-color-diagnostics -explicit-module-build -module-cache-path /Users/admin/builder/spi-builder-workspace/.derivedData/Build/Intermediates.noindex/SwiftExplicitPrecompiledModules -clang-scanner-module-cache-path /Users/admin/builder/spi-builder-workspace/.derivedData/ModuleCache.noindex -sdk-module-cache-path /Users/admin/builder/spi-builder-workspace/.derivedData/SDKExplicitPrecompiledModules -emit-dependencies -emit-module -emit-module-path /Users/admin/builder/spi-builder-workspace/.derivedData/Build/Intermediates.noindex/swift-nmtp.build/Debug/NMTP-t.build/Objects-normal/arm64/NMTP.swiftmodule -serialize-diagnostics -dependency-scan-serialize-diagnostics-path /Users/admin/builder/spi-builder-workspace/.derivedData/Build/Intermediates.noindex/swift-nmtp.build/Debug/NMTP-t.build/Objects-normal/arm64/NMTP-dependency-scan.dia -user-module-version 0.1.0 -validate-clang-modules-once -clang-build-session-file /Users/admin/builder/spi-builder-workspace/.derivedData/ModuleCache.noindex/Session.modulevalidation -Xcc -fmodules-prune-interval\=86400 -Xcc -fmodules-prune-after\=345600 -package-name swift_nmtp -emit-const-values -const-gather-protocols-list /Users/admin/builder/spi-builder-workspace/.derivedData/Build/Intermediates.noindex/swift-nmtp.build/Debug/NMTP-t.build/Objects-normal/arm64/NMTP_const_extract_protocols.json -Xcc -I/Users/admin/builder/spi-builder-workspace/.dependencies/checkouts/swift-atomics/Sources/_AtomicsShims/include -Xcc -I/Users/admin/builder/spi-builder-workspace/.dependencies/checkouts/swift-nio/Sources/CNIOLLHTTP/include -Xcc -I/Users/admin/builder/spi-builder-workspace/.dependencies/checkouts/swift-nio/Sources/CNIOPosix/include -Xcc -I/Users/admin/builder/spi-builder-workspace/.dependencies/checkouts/swift-nio/Sources/CNIOWASI/include -Xcc -I/Users/admin/builder/spi-builder-workspace/.dependencies/checkouts/swift-nio/Sources/CNIOWindows/include -Xcc -I/Users/admin/builder/spi-builder-workspace/.dependencies/checkouts/swift-nio/Sources/CNIOLinux/include -Xcc -I/Users/admin/builder/spi-builder-workspace/.dependencies/checkouts/swift-nio/Sources/CNIODarwin/include -Xcc -I/Users/admin/builder/spi-builder-workspace/.dependencies/checkouts/swift-nio/Sources/CNIOFreeBSD/include -Xcc -I/Users/admin/builder/spi-builder-workspace/.dependencies/checkouts/swift-nio/Sources/CNIOOpenBSD/include -Xcc -I/Users/admin/builder/spi-builder-workspace/.dependencies/checkouts/swift-nio/Sources/CNIOAtomics/include -Xcc -I/Users/admin/builder/spi-builder-workspace/.derivedData/Build/Products/Debug/include -Xcc -I/Users/admin/builder/spi-builder-workspace/.derivedData/Build/Intermediates.noindex/swift-nmtp.build/Debug/NMTP-t.build/DerivedSources-normal/arm64 -Xcc -I/Users/admin/builder/spi-builder-workspace/.derivedData/Build/Intermediates.noindex/swift-nmtp.build/Debug/NMTP-t.build/DerivedSources/arm64 -Xcc -I/Users/admin/builder/spi-builder-workspace/.derivedData/Build/Intermediates.noindex/swift-nmtp.build/Debug/NMTP-t.build/DerivedSources -Xcc -DSWIFT_PACKAGE -Xcc -DDEBUG\=1 -emit-objc-header -emit-objc-header-path /Users/admin/builder/spi-builder-workspace/.derivedData/Build/Intermediates.noindex/swift-nmtp.build/Debug/NMTP-t.build/Objects-normal/arm64/NMTP-Swift.h -working-directory /Users/admin/builder/spi-builder-workspace/.swiftpm/xcode -experimental-emit-module-separately -disable-cmo
SwiftMergeGeneratedHeaders /Users/admin/builder/spi-builder-workspace/.derivedData/Build/Intermediates.noindex/GeneratedModuleMaps/NMTP-Swift.h /Users/admin/builder/spi-builder-workspace/.derivedData/Build/Intermediates.noindex/swift-nmtp.build/Debug/NMTP-t.build/Objects-normal/arm64/NMTP-Swift.h (in target 'NMTP' from project 'swift-nmtp')
cd /Users/admin/builder/spi-builder-workspace/.dependencies/checkouts/swift-nmtp
builtin-swiftHeaderTool -arch arm64 /Users/admin/builder/spi-builder-workspace/.derivedData/Build/Intermediates.noindex/swift-nmtp.build/Debug/NMTP-t.build/Objects-normal/arm64/NMTP-Swift.h -o /Users/admin/builder/spi-builder-workspace/.derivedData/Build/Intermediates.noindex/GeneratedModuleMaps/NMTP-Swift.h
Copy /Users/admin/builder/spi-builder-workspace/.derivedData/Build/Products/Debug/NMTP.swiftmodule/arm64-apple-macos.swiftmodule /Users/admin/builder/spi-builder-workspace/.derivedData/Build/Intermediates.noindex/swift-nmtp.build/Debug/NMTP-t.build/Objects-normal/arm64/NMTP.swiftmodule (in target 'NMTP' from project 'swift-nmtp')
cd /Users/admin/builder/spi-builder-workspace/.dependencies/checkouts/swift-nmtp
builtin-copy -exclude .DS_Store -exclude CVS -exclude .svn -exclude .git -exclude .hg -resolve-src-symlinks -rename /Users/admin/builder/spi-builder-workspace/.derivedData/Build/Intermediates.noindex/swift-nmtp.build/Debug/NMTP-t.build/Objects-normal/arm64/NMTP.swiftmodule /Users/admin/builder/spi-builder-workspace/.derivedData/Build/Products/Debug/NMTP.swiftmodule/arm64-apple-macos.swiftmodule
Copy /Users/admin/builder/spi-builder-workspace/.derivedData/Build/Products/Debug/NMTP.swiftmodule/arm64-apple-macos.swiftdoc /Users/admin/builder/spi-builder-workspace/.derivedData/Build/Intermediates.noindex/swift-nmtp.build/Debug/NMTP-t.build/Objects-normal/arm64/NMTP.swiftdoc (in target 'NMTP' from project 'swift-nmtp')
cd /Users/admin/builder/spi-builder-workspace/.dependencies/checkouts/swift-nmtp
builtin-copy -exclude .DS_Store -exclude CVS -exclude .svn -exclude .git -exclude .hg -resolve-src-symlinks -rename /Users/admin/builder/spi-builder-workspace/.derivedData/Build/Intermediates.noindex/swift-nmtp.build/Debug/NMTP-t.build/Objects-normal/arm64/NMTP.swiftdoc /Users/admin/builder/spi-builder-workspace/.derivedData/Build/Products/Debug/NMTP.swiftmodule/arm64-apple-macos.swiftdoc
Copy /Users/admin/builder/spi-builder-workspace/.derivedData/Build/Products/Debug/NMTP.swiftmodule/arm64-apple-macos.abi.json /Users/admin/builder/spi-builder-workspace/.derivedData/Build/Intermediates.noindex/swift-nmtp.build/Debug/NMTP-t.build/Objects-normal/arm64/NMTP.abi.json (in target 'NMTP' from project 'swift-nmtp')
cd /Users/admin/builder/spi-builder-workspace/.dependencies/checkouts/swift-nmtp
builtin-copy -exclude .DS_Store -exclude CVS -exclude .svn -exclude .git -exclude .hg -resolve-src-symlinks -rename /Users/admin/builder/spi-builder-workspace/.derivedData/Build/Intermediates.noindex/swift-nmtp.build/Debug/NMTP-t.build/Objects-normal/arm64/NMTP.abi.json /Users/admin/builder/spi-builder-workspace/.derivedData/Build/Products/Debug/NMTP.swiftmodule/arm64-apple-macos.abi.json
Copy /Users/admin/builder/spi-builder-workspace/.derivedData/Build/Products/Debug/NMTP.swiftmodule/Project/arm64-apple-macos.swiftsourceinfo /Users/admin/builder/spi-builder-workspace/.derivedData/Build/Intermediates.noindex/swift-nmtp.build/Debug/NMTP-t.build/Objects-normal/arm64/NMTP.swiftsourceinfo (in target 'NMTP' from project 'swift-nmtp')
cd /Users/admin/builder/spi-builder-workspace/.dependencies/checkouts/swift-nmtp
builtin-copy -exclude .DS_Store -exclude CVS -exclude .svn -exclude .git -exclude .hg -resolve-src-symlinks -rename /Users/admin/builder/spi-builder-workspace/.derivedData/Build/Intermediates.noindex/swift-nmtp.build/Debug/NMTP-t.build/Objects-normal/arm64/NMTP.swiftsourceinfo /Users/admin/builder/spi-builder-workspace/.derivedData/Build/Products/Debug/NMTP.swiftmodule/Project/arm64-apple-macos.swiftsourceinfo
SwiftDriverJobDiscovery normal arm64 Compiling MatterType.swift, HeartbeatHandler.swift (in target 'NMTP' from project 'swift-nmtp')
SwiftDriver NebulaClient normal arm64 com.apple.xcode.tools.swift.compiler (in target 'NebulaClient' from project 'swift-nebula-client')
cd /Users/admin/builder/spi-builder-workspace/.swiftpm/xcode
builtin-SwiftDriver -- /Applications/Xcode-27.0.0-Release.Candidate.app/Contents/Developer/Toolchains/XcodeDefault.xctoolchain/usr/bin/swiftc -parse-as-library -module-name NebulaClient -Onone @/Users/admin/builder/spi-builder-workspace/.derivedData/Build/Intermediates.noindex/swift-nebula-client.build/Debug/NebulaClient-t.build/Objects-normal/arm64/NebulaClient.SwiftFileList -DSWIFT_PACKAGE -DDEBUG -DSWIFT_MODULE_RESOURCE_BUNDLE_UNAVAILABLE -Xcc -fmodule-map-file\=/Users/admin/builder/spi-builder-workspace/.derivedData/Build/Intermediates.noindex/GeneratedModuleMaps/CNIOLLHTTP.modulemap -Xcc -fmodule-map-file\=/Users/admin/builder/spi-builder-workspace/.dependencies/checkouts/swift-atomics/Sources/_AtomicsShims/include/module.modulemap -Xcc -fmodule-map-file\=/Users/admin/builder/spi-builder-workspace/.derivedData/Build/Intermediates.noindex/GeneratedModuleMaps/CNIOPosix.modulemap -Xcc -fmodule-map-file\=/Users/admin/builder/spi-builder-workspace/.derivedData/Build/Intermediates.noindex/GeneratedModuleMaps/CNIOWASI.modulemap -Xcc -fmodule-map-file\=/Users/admin/builder/spi-builder-workspace/.dependencies/checkouts/swift-nio/Sources/CNIOWindows/include/module.modulemap -Xcc -fmodule-map-file\=/Users/admin/builder/spi-builder-workspace/.derivedData/Build/Intermediates.noindex/GeneratedModuleMaps/CNIOLinux.modulemap -Xcc -fmodule-map-file\=/Users/admin/builder/spi-builder-workspace/.derivedData/Build/Intermediates.noindex/GeneratedModuleMaps/CNIODarwin.modulemap -Xcc -fmodule-map-file\=/Users/admin/builder/spi-builder-workspace/.derivedData/Build/Intermediates.noindex/GeneratedModuleMaps/CNIOFreeBSD.modulemap -Xcc -fmodule-map-file\=/Users/admin/builder/spi-builder-workspace/.derivedData/Build/Intermediates.noindex/GeneratedModuleMaps/CNIOOpenBSD.modulemap -Xcc -fmodule-map-file\=/Users/admin/builder/spi-builder-workspace/.derivedData/Build/Intermediates.noindex/GeneratedModuleMaps/CNIOAtomics.modulemap -DXcode -plugin-path /Applications/Xcode-27.0.0-Release.Candidate.app/Contents/Developer/Toolchains/XcodeDefault.xctoolchain/usr/lib/swift/host/plugins/testing -enable-experimental-feature DebugDescriptionMacro -sdk /Applications/Xcode-27.0.0-Release.Candidate.app/Contents/Developer/Platforms/MacOSX.platform/Developer/SDKs/MacOSX27.0.sdk -target arm64-apple-macos15.0 -g -module-cache-path /Users/admin/builder/spi-builder-workspace/.derivedData/ModuleCache.noindex -Xfrontend -serialize-debugging-options -profile-coverage-mapping -profile-generate -enable-testing -index-store-path /Users/admin/builder/spi-builder-workspace/.derivedData/Index.noindex/DataStore -Xcc -D_LIBCPP_HARDENING_MODE\=_LIBCPP_HARDENING_MODE_DEBUG -swift-version 6 -I /Users/admin/builder/spi-builder-workspace/.derivedData/Build/Products/Debug -Isystem /Applications/Xcode-27.0.0-Release.Candidate.app/Contents/Developer/Platforms/MacOSX.platform/Developer/usr/lib -F /Users/admin/builder/spi-builder-workspace/.derivedData/Build/Products/Debug/PackageFrameworks -F /Users/admin/builder/spi-builder-workspace/.derivedData/Build/Products/Debug -F /Applications/Xcode-27.0.0-Release.Candidate.app/Contents/Developer/Platforms/MacOSX.platform/Developer/Library/Frameworks -c -j10 -enable-batch-mode -incremental -Xcc -ivfsstatcache -Xcc /Users/admin/builder/spi-builder-workspace/.derivedData/SDKStatCaches.noindex/macosx27.0-26A425-e829b21a6f8c9b70876ba0858053c0446a22442a12e9d48fe1a705f55a1adfc4.sdkstatcache -output-file-map /Users/admin/builder/spi-builder-workspace/.derivedData/Build/Intermediates.noindex/swift-nebula-client.build/Debug/NebulaClient-t.build/Objects-normal/arm64/NebulaClient-OutputFileMap.json -save-temps -no-color-diagnostics -explicit-module-build -module-cache-path /Users/admin/builder/spi-builder-workspace/.derivedData/Build/Intermediates.noindex/SwiftExplicitPrecompiledModules -clang-scanner-module-cache-path /Users/admin/builder/spi-builder-workspace/.derivedData/ModuleCache.noindex -sdk-module-cache-path /Users/admin/builder/spi-builder-workspace/.derivedData/SDKExplicitPrecompiledModules -emit-dependencies -emit-module -emit-module-path /Users/admin/builder/spi-builder-workspace/.derivedData/Build/Intermediates.noindex/swift-nebula-client.build/Debug/NebulaClient-t.build/Objects-normal/arm64/NebulaClient.swiftmodule -serialize-diagnostics -dependency-scan-serialize-diagnostics-path /Users/admin/builder/spi-builder-workspace/.derivedData/Build/Intermediates.noindex/swift-nebula-client.build/Debug/NebulaClient-t.build/Objects-normal/arm64/NebulaClient-dependency-scan.dia -validate-clang-modules-once -clang-build-session-file /Users/admin/builder/spi-builder-workspace/.derivedData/ModuleCache.noindex/Session.modulevalidation -Xcc -fmodules-prune-interval\=86400 -Xcc -fmodules-prune-after\=345600 -package-name spi_builder_workspace -emit-const-values -const-gather-protocols-list /Users/admin/builder/spi-builder-workspace/.derivedData/Build/Intermediates.noindex/swift-nebula-client.build/Debug/NebulaClient-t.build/Objects-normal/arm64/NebulaClient_const_extract_protocols.json -Xcc -I/Users/admin/builder/spi-builder-workspace/.dependencies/checkouts/swift-nio/Sources/CNIOLLHTTP/include -Xcc -I/Users/admin/builder/spi-builder-workspace/.dependencies/checkouts/swift-atomics/Sources/_AtomicsShims/include -Xcc -I/Users/admin/builder/spi-builder-workspace/.dependencies/checkouts/swift-nio/Sources/CNIOPosix/include -Xcc -I/Users/admin/builder/spi-builder-workspace/.dependencies/checkouts/swift-nio/Sources/CNIOWASI/include -Xcc -I/Users/admin/builder/spi-builder-workspace/.dependencies/checkouts/swift-nio/Sources/CNIOWindows/include -Xcc -I/Users/admin/builder/spi-builder-workspace/.dependencies/checkouts/swift-nio/Sources/CNIOLinux/include -Xcc -I/Users/admin/builder/spi-builder-workspace/.dependencies/checkouts/swift-nio/Sources/CNIODarwin/include -Xcc -I/Users/admin/builder/spi-builder-workspace/.dependencies/checkouts/swift-nio/Sources/CNIOFreeBSD/include -Xcc -I/Users/admin/builder/spi-builder-workspace/.dependencies/checkouts/swift-nio/Sources/CNIOOpenBSD/include -Xcc -I/Users/admin/builder/spi-builder-workspace/.dependencies/checkouts/swift-nio/Sources/CNIOAtomics/include -Xcc -I/Users/admin/builder/spi-builder-workspace/.derivedData/Build/Products/Debug/include -Xcc -I/Users/admin/builder/spi-builder-workspace/.derivedData/Build/Intermediates.noindex/swift-nebula-client.build/Debug/NebulaClient-t.build/DerivedSources-normal/arm64 -Xcc -I/Users/admin/builder/spi-builder-workspace/.derivedData/Build/Intermediates.noindex/swift-nebula-client.build/Debug/NebulaClient-t.build/DerivedSources/arm64 -Xcc -I/Users/admin/builder/spi-builder-workspace/.derivedData/Build/Intermediates.noindex/swift-nebula-client.build/Debug/NebulaClient-t.build/DerivedSources -Xcc -DSWIFT_PACKAGE -Xcc -DDEBUG\=1 -emit-objc-header -emit-objc-header-path /Users/admin/builder/spi-builder-workspace/.derivedData/Build/Intermediates.noindex/swift-nebula-client.build/Debug/NebulaClient-t.build/Objects-normal/arm64/NebulaClient-Swift.h -working-directory /Users/admin/builder/spi-builder-workspace/.swiftpm/xcode -experimental-emit-module-separately -disable-cmo
SwiftDriverJobDiscovery normal arm64 Compiling MatterDecoder.swift, MatterEncoder.swift (in target 'NMTP' from project 'swift-nmtp')
SwiftDriverJobDiscovery normal arm64 Compiling MatterPayload.swift, MatterStream.swift (in target 'NMTP' from project 'swift-nmtp')
SwiftDriverJobDiscovery normal arm64 Compiling NMTClient.swift, NMTHandler.swift (in target 'NMTP' from project 'swift-nmtp')
SwiftDriverJobDiscovery normal arm64 Compiling Matter+Coding.swift, Matter.swift (in target 'NMTP' from project 'swift-nmtp')
SwiftDriverJobDiscovery normal arm64 Compiling TCPTransport.swift (in target 'NMTP' from project 'swift-nmtp')
SwiftDriverJobDiscovery normal arm64 Compiling NMTServer.swift, PendingRequests.swift (in target 'NMTP' from project 'swift-nmtp')
SwiftDriverJobDiscovery normal arm64 Compiling Duration+TimeAmount.swift, UUID+Bytes.swift (in target 'NMTP' from project 'swift-nmtp')
SwiftDriver\ Compilation NMTP normal arm64 com.apple.xcode.tools.swift.compiler (in target 'NMTP' from project 'swift-nmtp')
cd /Users/admin/builder/spi-builder-workspace/.swiftpm/xcode
builtin-Swift-Compilation -- /Applications/Xcode-27.0.0-Release.Candidate.app/Contents/Developer/Toolchains/XcodeDefault.xctoolchain/usr/bin/swiftc -parse-as-library -module-name NMTP -Onone @/Users/admin/builder/spi-builder-workspace/.derivedData/Build/Intermediates.noindex/swift-nmtp.build/Debug/NMTP-t.build/Objects-normal/arm64/NMTP.SwiftFileList -DSWIFT_PACKAGE -DDEBUG -DSWIFT_MODULE_RESOURCE_BUNDLE_UNAVAILABLE -Xcc -fmodule-map-file\=/Users/admin/builder/spi-builder-workspace/.dependencies/checkouts/swift-atomics/Sources/_AtomicsShims/include/module.modulemap -Xcc -fmodule-map-file\=/Users/admin/builder/spi-builder-workspace/.derivedData/Build/Intermediates.noindex/GeneratedModuleMaps/CNIOLLHTTP.modulemap -Xcc -fmodule-map-file\=/Users/admin/builder/spi-builder-workspace/.derivedData/Build/Intermediates.noindex/GeneratedModuleMaps/CNIOPosix.modulemap -Xcc -fmodule-map-file\=/Users/admin/builder/spi-builder-workspace/.derivedData/Build/Intermediates.noindex/GeneratedModuleMaps/CNIOWASI.modulemap -Xcc -fmodule-map-file\=/Users/admin/builder/spi-builder-workspace/.dependencies/checkouts/swift-nio/Sources/CNIOWindows/include/module.modulemap -Xcc -fmodule-map-file\=/Users/admin/builder/spi-builder-workspace/.derivedData/Build/Intermediates.noindex/GeneratedModuleMaps/CNIOLinux.modulemap -Xcc -fmodule-map-file\=/Users/admin/builder/spi-builder-workspace/.derivedData/Build/Intermediates.noindex/GeneratedModuleMaps/CNIODarwin.modulemap -Xcc -fmodule-map-file\=/Users/admin/builder/spi-builder-workspace/.derivedData/Build/Intermediates.noindex/GeneratedModuleMaps/CNIOFreeBSD.modulemap -Xcc -fmodule-map-file\=/Users/admin/builder/spi-builder-workspace/.derivedData/Build/Intermediates.noindex/GeneratedModuleMaps/CNIOOpenBSD.modulemap -Xcc -fmodule-map-file\=/Users/admin/builder/spi-builder-workspace/.derivedData/Build/Intermediates.noindex/GeneratedModuleMaps/CNIOAtomics.modulemap -DXcode -plugin-path /Applications/Xcode-27.0.0-Release.Candidate.app/Contents/Developer/Toolchains/XcodeDefault.xctoolchain/usr/lib/swift/host/plugins/testing -enable-experimental-feature DebugDescriptionMacro -sdk /Applications/Xcode-27.0.0-Release.Candidate.app/Contents/Developer/Platforms/MacOSX.platform/Developer/SDKs/MacOSX27.0.sdk -target arm64-apple-macos15.0 -g -module-cache-path /Users/admin/builder/spi-builder-workspace/.derivedData/ModuleCache.noindex -Xfrontend -serialize-debugging-options -profile-coverage-mapping -profile-generate -enable-testing -suppress-warnings -index-store-path /Users/admin/builder/spi-builder-workspace/.derivedData/Index.noindex/DataStore -Xcc -D_LIBCPP_HARDENING_MODE\=_LIBCPP_HARDENING_MODE_DEBUG -swift-version 6 -I /Users/admin/builder/spi-builder-workspace/.derivedData/Build/Products/Debug -Isystem /Applications/Xcode-27.0.0-Release.Candidate.app/Contents/Developer/Platforms/MacOSX.platform/Developer/usr/lib -F /Users/admin/builder/spi-builder-workspace/.derivedData/Build/Products/Debug/PackageFrameworks -F /Users/admin/builder/spi-builder-workspace/.derivedData/Build/Products/Debug -F /Applications/Xcode-27.0.0-Release.Candidate.app/Contents/Developer/Platforms/MacOSX.platform/Developer/Library/Frameworks -c -j10 -enable-batch-mode -incremental -Xcc -ivfsstatcache -Xcc /Users/admin/builder/spi-builder-workspace/.derivedData/SDKStatCaches.noindex/macosx27.0-26A425-e829b21a6f8c9b70876ba0858053c0446a22442a12e9d48fe1a705f55a1adfc4.sdkstatcache -output-file-map /Users/admin/builder/spi-builder-workspace/.derivedData/Build/Intermediates.noindex/swift-nmtp.build/Debug/NMTP-t.build/Objects-normal/arm64/NMTP-OutputFileMap.json -save-temps -no-color-diagnostics -explicit-module-build -module-cache-path /Users/admin/builder/spi-builder-workspace/.derivedData/Build/Intermediates.noindex/SwiftExplicitPrecompiledModules -clang-scanner-module-cache-path /Users/admin/builder/spi-builder-workspace/.derivedData/ModuleCache.noindex -sdk-module-cache-path /Users/admin/builder/spi-builder-workspace/.derivedData/SDKExplicitPrecompiledModules -emit-dependencies -emit-module -emit-module-path /Users/admin/builder/spi-builder-workspace/.derivedData/Build/Intermediates.noindex/swift-nmtp.build/Debug/NMTP-t.build/Objects-normal/arm64/NMTP.swiftmodule -serialize-diagnostics -dependency-scan-serialize-diagnostics-path /Users/admin/builder/spi-builder-workspace/.derivedData/Build/Intermediates.noindex/swift-nmtp.build/Debug/NMTP-t.build/Objects-normal/arm64/NMTP-dependency-scan.dia -user-module-version 0.1.0 -validate-clang-modules-once -clang-build-session-file /Users/admin/builder/spi-builder-workspace/.derivedData/ModuleCache.noindex/Session.modulevalidation -Xcc -fmodules-prune-interval\=86400 -Xcc -fmodules-prune-after\=345600 -package-name swift_nmtp -emit-const-values -const-gather-protocols-list /Users/admin/builder/spi-builder-workspace/.derivedData/Build/Intermediates.noindex/swift-nmtp.build/Debug/NMTP-t.build/Objects-normal/arm64/NMTP_const_extract_protocols.json -Xcc -I/Users/admin/builder/spi-builder-workspace/.dependencies/checkouts/swift-atomics/Sources/_AtomicsShims/include -Xcc -I/Users/admin/builder/spi-builder-workspace/.dependencies/checkouts/swift-nio/Sources/CNIOLLHTTP/include -Xcc -I/Users/admin/builder/spi-builder-workspace/.dependencies/checkouts/swift-nio/Sources/CNIOPosix/include -Xcc -I/Users/admin/builder/spi-builder-workspace/.dependencies/checkouts/swift-nio/Sources/CNIOWASI/include -Xcc -I/Users/admin/builder/spi-builder-workspace/.dependencies/checkouts/swift-nio/Sources/CNIOWindows/include -Xcc -I/Users/admin/builder/spi-builder-workspace/.dependencies/checkouts/swift-nio/Sources/CNIOLinux/include -Xcc -I/Users/admin/builder/spi-builder-workspace/.dependencies/checkouts/swift-nio/Sources/CNIODarwin/include -Xcc -I/Users/admin/builder/spi-builder-workspace/.dependencies/checkouts/swift-nio/Sources/CNIOFreeBSD/include -Xcc -I/Users/admin/builder/spi-builder-workspace/.dependencies/checkouts/swift-nio/Sources/CNIOOpenBSD/include -Xcc -I/Users/admin/builder/spi-builder-workspace/.dependencies/checkouts/swift-nio/Sources/CNIOAtomics/include -Xcc -I/Users/admin/builder/spi-builder-workspace/.derivedData/Build/Products/Debug/include -Xcc -I/Users/admin/builder/spi-builder-workspace/.derivedData/Build/Intermediates.noindex/swift-nmtp.build/Debug/NMTP-t.build/DerivedSources-normal/arm64 -Xcc -I/Users/admin/builder/spi-builder-workspace/.derivedData/Build/Intermediates.noindex/swift-nmtp.build/Debug/NMTP-t.build/DerivedSources/arm64 -Xcc -I/Users/admin/builder/spi-builder-workspace/.derivedData/Build/Intermediates.noindex/swift-nmtp.build/Debug/NMTP-t.build/DerivedSources -Xcc -DSWIFT_PACKAGE -Xcc -DDEBUG\=1 -emit-objc-header -emit-objc-header-path /Users/admin/builder/spi-builder-workspace/.derivedData/Build/Intermediates.noindex/swift-nmtp.build/Debug/NMTP-t.build/Objects-normal/arm64/NMTP-Swift.h -working-directory /Users/admin/builder/spi-builder-workspace/.swiftpm/xcode -experimental-emit-module-separately -disable-cmo
SwiftDriverJobDiscovery normal arm64 Compiling NIORandomizedDNSResolver.swift, NIOThreadPool.swift, NonBlockingFileIO.swift, PendingDatagramWritesManager.swift, PendingWritesManager.swift, PipeChannel.swift (in target 'NIOPosix' from project 'swift-nio')
SwiftDriver\ Compilation NIOPosix normal arm64 com.apple.xcode.tools.swift.compiler (in target 'NIOPosix' from project 'swift-nio')
cd /Users/admin/builder/spi-builder-workspace/.swiftpm/xcode
builtin-Swift-Compilation -- /Applications/Xcode-27.0.0-Release.Candidate.app/Contents/Developer/Toolchains/XcodeDefault.xctoolchain/usr/bin/swiftc -parse-as-library -module-name NIOPosix -Onone @/Users/admin/builder/spi-builder-workspace/.derivedData/Build/Intermediates.noindex/swift-nio.build/Debug/NIOPosix-t.build/Objects-normal/arm64/NIOPosix.SwiftFileList -DSWIFT_PACKAGE -DDEBUG -DSWIFT_MODULE_RESOURCE_BUNDLE_AVAILABLE -Xcc -fmodule-map-file\=/Users/admin/builder/spi-builder-workspace/.dependencies/checkouts/swift-atomics/Sources/_AtomicsShims/include/module.modulemap -Xcc -fmodule-map-file\=/Users/admin/builder/spi-builder-workspace/.derivedData/Build/Intermediates.noindex/GeneratedModuleMaps/CNIOPosix.modulemap -Xcc -fmodule-map-file\=/Users/admin/builder/spi-builder-workspace/.derivedData/Build/Intermediates.noindex/GeneratedModuleMaps/CNIOWASI.modulemap -Xcc -fmodule-map-file\=/Users/admin/builder/spi-builder-workspace/.derivedData/Build/Intermediates.noindex/GeneratedModuleMaps/CNIOFreeBSD.modulemap -Xcc -fmodule-map-file\=/Users/admin/builder/spi-builder-workspace/.derivedData/Build/Intermediates.noindex/GeneratedModuleMaps/CNIOAtomics.modulemap -Xcc -fmodule-map-file\=/Users/admin/builder/spi-builder-workspace/.dependencies/checkouts/swift-nio/Sources/CNIOWindows/include/module.modulemap -Xcc -fmodule-map-file\=/Users/admin/builder/spi-builder-workspace/.derivedData/Build/Intermediates.noindex/GeneratedModuleMaps/CNIODarwin.modulemap -Xcc -fmodule-map-file\=/Users/admin/builder/spi-builder-workspace/.derivedData/Build/Intermediates.noindex/GeneratedModuleMaps/CNIOLinux.modulemap -Xcc -fmodule-map-file\=/Users/admin/builder/spi-builder-workspace/.derivedData/Build/Intermediates.noindex/GeneratedModuleMaps/CNIOOpenBSD.modulemap -DXcode -enable-experimental-feature Lifetimes -enable-upcoming-feature MemberImportVisibility -plugin-path /Applications/Xcode-27.0.0-Release.Candidate.app/Contents/Developer/Toolchains/XcodeDefault.xctoolchain/usr/lib/swift/host/plugins/testing -enable-experimental-feature DebugDescriptionMacro -sdk /Applications/Xcode-27.0.0-Release.Candidate.app/Contents/Developer/Platforms/MacOSX.platform/Developer/SDKs/MacOSX27.0.sdk -target arm64-apple-macos12.0 -g -module-cache-path /Users/admin/builder/spi-builder-workspace/.derivedData/ModuleCache.noindex -Xfrontend -serialize-debugging-options -profile-coverage-mapping -profile-generate -enable-testing -suppress-warnings -index-store-path /Users/admin/builder/spi-builder-workspace/.derivedData/Index.noindex/DataStore -Xcc -D_LIBCPP_HARDENING_MODE\=_LIBCPP_HARDENING_MODE_DEBUG -swift-version 6 -I /Users/admin/builder/spi-builder-workspace/.derivedData/Build/Products/Debug -Isystem /Applications/Xcode-27.0.0-Release.Candidate.app/Contents/Developer/Platforms/MacOSX.platform/Developer/usr/lib -F /Users/admin/builder/spi-builder-workspace/.derivedData/Build/Products/Debug/PackageFrameworks -F /Users/admin/builder/spi-builder-workspace/.derivedData/Build/Products/Debug -F /Applications/Xcode-27.0.0-Release.Candidate.app/Contents/Developer/Platforms/MacOSX.platform/Developer/Library/Frameworks -c -j10 -enable-batch-mode -incremental -Xcc -ivfsstatcache -Xcc /Users/admin/builder/spi-builder-workspace/.derivedData/SDKStatCaches.noindex/macosx27.0-26A425-e829b21a6f8c9b70876ba0858053c0446a22442a12e9d48fe1a705f55a1adfc4.sdkstatcache -output-file-map /Users/admin/builder/spi-builder-workspace/.derivedData/Build/Intermediates.noindex/swift-nio.build/Debug/NIOPosix-t.build/Objects-normal/arm64/NIOPosix-OutputFileMap.json -save-temps -no-color-diagnostics -explicit-module-build -module-cache-path /Users/admin/builder/spi-builder-workspace/.derivedData/Build/Intermediates.noindex/SwiftExplicitPrecompiledModules -clang-scanner-module-cache-path /Users/admin/builder/spi-builder-workspace/.derivedData/ModuleCache.noindex -sdk-module-cache-path /Users/admin/builder/spi-builder-workspace/.derivedData/SDKExplicitPrecompiledModules -emit-dependencies -emit-module -emit-module-path /Users/admin/builder/spi-builder-workspace/.derivedData/Build/Intermediates.noindex/swift-nio.build/Debug/NIOPosix-t.build/Objects-normal/arm64/NIOPosix.swiftmodule -serialize-diagnostics -dependency-scan-serialize-diagnostics-path /Users/admin/builder/spi-builder-workspace/.derivedData/Build/Intermediates.noindex/swift-nio.build/Debug/NIOPosix-t.build/Objects-normal/arm64/NIOPosix-dependency-scan.dia -user-module-version 2.103.0 -validate-clang-modules-once -clang-build-session-file /Users/admin/builder/spi-builder-workspace/.derivedData/ModuleCache.noindex/Session.modulevalidation -Xcc -fmodules-prune-interval\=86400 -Xcc -fmodules-prune-after\=345600 -package-name swift_nio -emit-const-values -const-gather-protocols-list /Users/admin/builder/spi-builder-workspace/.derivedData/Build/Intermediates.noindex/swift-nio.build/Debug/NIOPosix-t.build/Objects-normal/arm64/NIOPosix_const_extract_protocols.json -Xcc -I/Users/admin/builder/spi-builder-workspace/.dependencies/checkouts/swift-atomics/Sources/_AtomicsShims/include -Xcc -I/Users/admin/builder/spi-builder-workspace/.dependencies/checkouts/swift-nio/Sources/CNIOPosix/include -Xcc -I/Users/admin/builder/spi-builder-workspace/.dependencies/checkouts/swift-nio/Sources/CNIOWASI/include -Xcc -I/Users/admin/builder/spi-builder-workspace/.dependencies/checkouts/swift-nio/Sources/CNIOFreeBSD/include -Xcc -I/Users/admin/builder/spi-builder-workspace/.dependencies/checkouts/swift-nio/Sources/CNIOAtomics/include -Xcc -I/Users/admin/builder/spi-builder-workspace/.dependencies/checkouts/swift-nio/Sources/CNIOWindows/include -Xcc -I/Users/admin/builder/spi-builder-workspace/.dependencies/checkouts/swift-nio/Sources/CNIODarwin/include -Xcc -I/Users/admin/builder/spi-builder-workspace/.dependencies/checkouts/swift-nio/Sources/CNIOLinux/include -Xcc -I/Users/admin/builder/spi-builder-workspace/.dependencies/checkouts/swift-nio/Sources/CNIOOpenBSD/include -Xcc -I/Users/admin/builder/spi-builder-workspace/.derivedData/Build/Products/Debug/include -Xcc -I/Users/admin/builder/spi-builder-workspace/.derivedData/Build/Intermediates.noindex/swift-nio.build/Debug/NIOPosix-t.build/DerivedSources-normal/arm64 -Xcc -I/Users/admin/builder/spi-builder-workspace/.derivedData/Build/Intermediates.noindex/swift-nio.build/Debug/NIOPosix-t.build/DerivedSources/arm64 -Xcc -I/Users/admin/builder/spi-builder-workspace/.derivedData/Build/Intermediates.noindex/swift-nio.build/Debug/NIOPosix-t.build/DerivedSources -Xcc -DSWIFT_PACKAGE -Xcc -DDEBUG\=1 -emit-objc-header -emit-objc-header-path /Users/admin/builder/spi-builder-workspace/.derivedData/Build/Intermediates.noindex/swift-nio.build/Debug/NIOPosix-t.build/Objects-normal/arm64/NIOPosix-Swift.h -working-directory /Users/admin/builder/spi-builder-workspace/.swiftpm/xcode -experimental-emit-module-separately -disable-cmo
Ld /Users/admin/builder/spi-builder-workspace/.derivedData/Build/Products/Debug/NIOPosix.o normal (in target 'NIOPosix' from project 'swift-nio')
cd /Users/admin/builder/spi-builder-workspace/.dependencies/checkouts/swift-nio
/Applications/Xcode-27.0.0-Release.Candidate.app/Contents/Developer/Toolchains/XcodeDefault.xctoolchain/usr/bin/clang -Xlinker -reproducible -target arm64-apple-macos12.0 -r -isysroot /Applications/Xcode-27.0.0-Release.Candidate.app/Contents/Developer/Platforms/MacOSX.platform/Developer/SDKs/MacOSX27.0.sdk -O0 -w -Xlinker -no_warn_duplicate_libraries -F/Users/admin/builder/spi-builder-workspace/.derivedData/Build/Intermediates.noindex/EagerLinkingTBDs/Debug -F/Users/admin/builder/spi-builder-workspace/.derivedData/Build/Products/Debug/PackageFrameworks -F/Users/admin/builder/spi-builder-workspace/.derivedData/Build/Products/Debug -iframework /Applications/Xcode-27.0.0-Release.Candidate.app/Contents/Developer/Platforms/MacOSX.platform/Developer/Library/Frameworks -filelist /Users/admin/builder/spi-builder-workspace/.derivedData/Build/Intermediates.noindex/swift-nio.build/Debug/NIOPosix-t.build/Objects-normal/arm64/NIOPosix.LinkFileList -nostdlib -Xlinker -object_path_lto -Xlinker /Users/admin/builder/spi-builder-workspace/.derivedData/Build/Intermediates.noindex/swift-nio.build/Debug/NIOPosix-t.build/Objects-normal/arm64/NIOPosix_lto.o -Xlinker -no_deduplicate -Xlinker -debug_variant -Xlinker -dependency_info -Xlinker /Users/admin/builder/spi-builder-workspace/.derivedData/Build/Intermediates.noindex/swift-nio.build/Debug/NIOPosix-t.build/Objects-normal/arm64/NIOPosix_dependency_info.dat -fobjc-link-runtime -L/Applications/Xcode-27.0.0-Release.Candidate.app/Contents/Developer/Toolchains/XcodeDefault.xctoolchain/usr/lib/swift/macosx -L/usr/lib/swift -Xlinker -add_ast_path -Xlinker /Users/admin/builder/spi-builder-workspace/.derivedData/Build/Intermediates.noindex/swift-nio.build/Debug/NIOPosix-t.build/Objects-normal/arm64/NIOPosix.swiftmodule -o /Users/admin/builder/spi-builder-workspace/.derivedData/Build/Products/Debug/NIOPosix.o
ExtractAppIntentsMetadata (in target 'NIOPosix' from project 'swift-nio')
cd /Users/admin/builder/spi-builder-workspace/.dependencies/checkouts/swift-nio
/Applications/Xcode-27.0.0-Release.Candidate.app/Contents/Developer/Toolchains/XcodeDefault.xctoolchain/usr/bin/appintentsmetadataprocessor --toolchain-dir /var/run/com.apple.security.cryptexd/mnt/com.apple.MobileAsset.MetalToolchain-v27.1.266.1.wPYjTO/Metal.xctoolchain --module-name NIOPosix --sdk-root /Applications/Xcode-27.0.0-Release.Candidate.app/Contents/Developer/Platforms/MacOSX.platform/Developer/SDKs/MacOSX27.0.sdk --xcode-version 27A266a --platform-family macOS --deployment-target 12.0 --bundle-identifier swift-nio.NIOPosix --output /Users/admin/builder/spi-builder-workspace/.derivedData/Build/Products/Debug/NIOPosix.appintents --target-triple arm64-apple-macos12.0 --binary-file /Users/admin/builder/spi-builder-workspace/.derivedData/Build/Products/Debug/NIOPosix.o --dependency-file /Users/admin/builder/spi-builder-workspace/.derivedData/Build/Intermediates.noindex/swift-nio.build/Debug/NIOPosix-t.build/Objects-normal/arm64/NIOPosix_dependency_info.dat --stringsdata-file /Users/admin/builder/spi-builder-workspace/.derivedData/Build/Intermediates.noindex/swift-nio.build/Debug/NIOPosix-t.build/Objects-normal/arm64/ExtractedAppShortcutsMetadata.stringsdata --source-file-list /Users/admin/builder/spi-builder-workspace/.derivedData/Build/Intermediates.noindex/swift-nio.build/Debug/NIOPosix-t.build/Objects-normal/arm64/NIOPosix.SwiftFileList --metadata-file-list /Users/admin/builder/spi-builder-workspace/.derivedData/Build/Intermediates.noindex/swift-nio.build/Debug/NIOPosix-t.build/NIOPosix.DependencyMetadataFileList --static-metadata-file-list /Users/admin/builder/spi-builder-workspace/.derivedData/Build/Intermediates.noindex/swift-nio.build/Debug/NIOPosix-t.build/NIOPosix.DependencyStaticMetadataFileList --swift-const-vals-list /Users/admin/builder/spi-builder-workspace/.derivedData/Build/Intermediates.noindex/swift-nio.build/Debug/NIOPosix-t.build/Objects-normal/arm64/NIOPosix.SwiftConstValuesFileList --force --compile-time-extraction --deployment-aware-processing --no-app-shortcuts-localization
2026-09-24 13:14:02.067 appintentsmetadataprocessor[1845:9727] Starting appintentsmetadataprocessor export
2026-09-24 13:14:02.127 appintentsmetadataprocessor[1845:9727] Extracted no relevant App Intents symbols, skipping writing output
Ld /Users/admin/builder/spi-builder-workspace/.derivedData/Build/Products/Debug/NIO.o normal (in target 'NIO' from project 'swift-nio')
cd /Users/admin/builder/spi-builder-workspace/.dependencies/checkouts/swift-nio
/Applications/Xcode-27.0.0-Release.Candidate.app/Contents/Developer/Toolchains/XcodeDefault.xctoolchain/usr/bin/clang -Xlinker -reproducible -target arm64-apple-macos12.0 -r -isysroot /Applications/Xcode-27.0.0-Release.Candidate.app/Contents/Developer/Platforms/MacOSX.platform/Developer/SDKs/MacOSX27.0.sdk -O0 -w -Xlinker -no_warn_duplicate_libraries -F/Users/admin/builder/spi-builder-workspace/.derivedData/Build/Intermediates.noindex/EagerLinkingTBDs/Debug -F/Users/admin/builder/spi-builder-workspace/.derivedData/Build/Products/Debug/PackageFrameworks -F/Users/admin/builder/spi-builder-workspace/.derivedData/Build/Products/Debug -iframework /Applications/Xcode-27.0.0-Release.Candidate.app/Contents/Developer/Platforms/MacOSX.platform/Developer/Library/Frameworks -filelist /Users/admin/builder/spi-builder-workspace/.derivedData/Build/Intermediates.noindex/swift-nio.build/Debug/NIO-t.build/Objects-normal/arm64/NIO.LinkFileList -nostdlib -Xlinker -object_path_lto -Xlinker /Users/admin/builder/spi-builder-workspace/.derivedData/Build/Intermediates.noindex/swift-nio.build/Debug/NIO-t.build/Objects-normal/arm64/NIO_lto.o -Xlinker -no_deduplicate -Xlinker -debug_variant -Xlinker -dependency_info -Xlinker /Users/admin/builder/spi-builder-workspace/.derivedData/Build/Intermediates.noindex/swift-nio.build/Debug/NIO-t.build/Objects-normal/arm64/NIO_dependency_info.dat -fobjc-link-runtime -L/Applications/Xcode-27.0.0-Release.Candidate.app/Contents/Developer/Toolchains/XcodeDefault.xctoolchain/usr/lib/swift/macosx -L/usr/lib/swift -Xlinker -add_ast_path -Xlinker /Users/admin/builder/spi-builder-workspace/.derivedData/Build/Intermediates.noindex/swift-nio.build/Debug/NIO-t.build/Objects-normal/arm64/NIO.swiftmodule -o /Users/admin/builder/spi-builder-workspace/.derivedData/Build/Products/Debug/NIO.o
ExtractAppIntentsMetadata (in target 'NIO' from project 'swift-nio')
cd /Users/admin/builder/spi-builder-workspace/.dependencies/checkouts/swift-nio
/Applications/Xcode-27.0.0-Release.Candidate.app/Contents/Developer/Toolchains/XcodeDefault.xctoolchain/usr/bin/appintentsmetadataprocessor --toolchain-dir /var/run/com.apple.security.cryptexd/mnt/com.apple.MobileAsset.MetalToolchain-v27.1.266.1.wPYjTO/Metal.xctoolchain --module-name NIO --sdk-root /Applications/Xcode-27.0.0-Release.Candidate.app/Contents/Developer/Platforms/MacOSX.platform/Developer/SDKs/MacOSX27.0.sdk --xcode-version 27A266a --platform-family macOS --deployment-target 12.0 --bundle-identifier swift-nio.NIO --output /Users/admin/builder/spi-builder-workspace/.derivedData/Build/Products/Debug/NIO.appintents --target-triple arm64-apple-macos12.0 --binary-file /Users/admin/builder/spi-builder-workspace/.derivedData/Build/Products/Debug/NIO.o --dependency-file /Users/admin/builder/spi-builder-workspace/.derivedData/Build/Intermediates.noindex/swift-nio.build/Debug/NIO-t.build/Objects-normal/arm64/NIO_dependency_info.dat --stringsdata-file /Users/admin/builder/spi-builder-workspace/.derivedData/Build/Intermediates.noindex/swift-nio.build/Debug/NIO-t.build/Objects-normal/arm64/ExtractedAppShortcutsMetadata.stringsdata --source-file-list /Users/admin/builder/spi-builder-workspace/.derivedData/Build/Intermediates.noindex/swift-nio.build/Debug/NIO-t.build/Objects-normal/arm64/NIO.SwiftFileList --metadata-file-list /Users/admin/builder/spi-builder-workspace/.derivedData/Build/Intermediates.noindex/swift-nio.build/Debug/NIO-t.build/NIO.DependencyMetadataFileList --static-metadata-file-list /Users/admin/builder/spi-builder-workspace/.derivedData/Build/Intermediates.noindex/swift-nio.build/Debug/NIO-t.build/NIO.DependencyStaticMetadataFileList --swift-const-vals-list /Users/admin/builder/spi-builder-workspace/.derivedData/Build/Intermediates.noindex/swift-nio.build/Debug/NIO-t.build/Objects-normal/arm64/NIO.SwiftConstValuesFileList --force --compile-time-extraction --deployment-aware-processing --no-app-shortcuts-localization
2026-09-24 13:14:02.165 appintentsmetadataprocessor[1848:9745] Starting appintentsmetadataprocessor export
2026-09-24 13:14:02.238 appintentsmetadataprocessor[1848:9745] Extracted no relevant App Intents symbols, skipping writing output
SwiftCompile normal arm64 Compiling\ NMTClients.swift /Users/admin/builder/spi-builder-workspace/Sources/NebulaClient/NMT/NMTClients.swift (in target 'NebulaClient' from project 'swift-nebula-client')
SwiftCompile normal arm64 /Users/admin/builder/spi-builder-workspace/Sources/NebulaClient/NMT/NMTClients.swift (in target 'NebulaClient' from project 'swift-nebula-client')
cd /Users/admin/builder/spi-builder-workspace/.swiftpm/xcode
builtin-SwiftPerFileCompile NMTClients.swift
/Users/admin/builder/spi-builder-workspace/Sources/NebulaClient/NMT/NMTClients.swift:54:21: error: cannot find type 'Argument' in scope
52 | service: String,
53 | method: String,
54 | arguments: [Argument] = []
| `- error: cannot find type 'Argument' in scope
55 | ) async throws {
56 | let body = EnqueueBody(
/Users/admin/builder/spi-builder-workspace/Sources/NebulaClient/NMT/NMTClients.swift:34:51: error: cannot convert return expression of type 'MatterStream' to return type 'AsyncStream<Matter>'
32 | }
33 |
34 | public var pushes: AsyncStream<Matter> { base.pushes }
| `- error: cannot convert return expression of type 'MatterStream' to return type 'AsyncStream<Matter>'
35 |
36 | public func close() async throws { try await base.close() }
/Users/admin/builder/spi-builder-workspace/Sources/NebulaClient/NMT/NMTClients.swift:39:20: error: cannot find 'FindBody' in scope
37 |
38 | public func find(namespace: String) async throws -> FindResult {
39 | let body = FindBody(namespace: namespace)
| `- error: cannot find 'FindBody' in scope
40 | let matter = try Matter.make(type: .find, body: body)
41 | let reply = try await base.request(matter: matter)
/Users/admin/builder/spi-builder-workspace/Sources/NebulaClient/NMT/NMTClients.swift:40:45: error: type 'MatterType' has no member 'find'
38 | public func find(namespace: String) async throws -> FindResult {
39 | let body = FindBody(namespace: namespace)
40 | let matter = try Matter.make(type: .find, body: body)
| `- error: type 'MatterType' has no member 'find'
41 | let reply = try await base.request(matter: matter)
42 | let replyBody = try reply.decodeBody(FindReplyBody.self)
/Users/admin/builder/spi-builder-workspace/Sources/NebulaClient/NMT/NMTClients.swift:42:46: error: cannot find 'FindReplyBody' in scope
40 | let matter = try Matter.make(type: .find, body: body)
41 | let reply = try await base.request(matter: matter)
42 | let replyBody = try reply.decodeBody(FindReplyBody.self)
| `- error: cannot find 'FindReplyBody' in scope
43 | let stellarAddress: SocketAddress? = try {
44 | guard let host = replyBody.stellarHost, let port = replyBody.stellarPort else { return nil }
/Users/admin/builder/spi-builder-workspace/Sources/NebulaClient/NMT/NMTClients.swift:56:20: error: cannot find 'EnqueueBody' in scope
54 | arguments: [Argument] = []
55 | ) async throws {
56 | let body = EnqueueBody(
| `- error: cannot find 'EnqueueBody' in scope
57 | namespace: namespace,
58 | service: service,
/Users/admin/builder/spi-builder-workspace/Sources/NebulaClient/NMT/NMTClients.swift:62:45: error: type 'MatterType' has no member 'enqueue'
60 | arguments: arguments.toEncoded()
61 | )
62 | let matter = try Matter.make(type: .enqueue, body: body)
| `- error: type 'MatterType' has no member 'enqueue'
63 | let reply = try await base.request(matter: matter)
64 | let replyBody = try reply.decodeBody(RegisterReplyBody.self)
SwiftCompile normal arm64 Compiling\ Astral.swift,\ Comet.swift /Users/admin/builder/spi-builder-workspace/Sources/NebulaClient/Astral/Astral.swift /Users/admin/builder/spi-builder-workspace/Sources/NebulaClient/Comet/Comet.swift (in target 'NebulaClient' from project 'swift-nebula-client')
SwiftCompile normal arm64 /Users/admin/builder/spi-builder-workspace/Sources/NebulaClient/Astral/Astral.swift (in target 'NebulaClient' from project 'swift-nebula-client')
cd /Users/admin/builder/spi-builder-workspace/.swiftpm/xcode
builtin-SwiftPerFileCompile Astral.swift
SwiftCompile normal arm64 /Users/admin/builder/spi-builder-workspace/Sources/NebulaClient/Comet/Comet.swift (in target 'NebulaClient' from project 'swift-nebula-client')
cd /Users/admin/builder/spi-builder-workspace/.swiftpm/xcode
builtin-SwiftPerFileCompile Comet.swift
SwiftCompile normal arm64 Compiling\ NebulaURI.swift /Users/admin/builder/spi-builder-workspace/Sources/NebulaClient/NebulaURI.swift (in target 'NebulaClient' from project 'swift-nebula-client')
SwiftCompile normal arm64 /Users/admin/builder/spi-builder-workspace/Sources/NebulaClient/NebulaURI.swift (in target 'NebulaClient' from project 'swift-nebula-client')
cd /Users/admin/builder/spi-builder-workspace/.swiftpm/xcode
builtin-SwiftPerFileCompile NebulaURI.swift
SwiftCompile normal arm64 Compiling\ NebulaClient.swift /Users/admin/builder/spi-builder-workspace/Sources/NebulaClient/NebulaClient.swift (in target 'NebulaClient' from project 'swift-nebula-client')
SwiftCompile normal arm64 /Users/admin/builder/spi-builder-workspace/Sources/NebulaClient/NebulaClient.swift (in target 'NebulaClient' from project 'swift-nebula-client')
cd /Users/admin/builder/spi-builder-workspace/.swiftpm/xcode
builtin-SwiftPerFileCompile NebulaClient.swift
SwiftCompile normal arm64 Compiling\ NebulaClientError.swift /Users/admin/builder/spi-builder-workspace/Sources/NebulaClient/NebulaClientError.swift (in target 'NebulaClient' from project 'swift-nebula-client')
SwiftCompile normal arm64 /Users/admin/builder/spi-builder-workspace/Sources/NebulaClient/NebulaClientError.swift (in target 'NebulaClient' from project 'swift-nebula-client')
cd /Users/admin/builder/spi-builder-workspace/.swiftpm/xcode
builtin-SwiftPerFileCompile NebulaClientError.swift
SwiftCompile normal arm64 Compiling\ MethodProxy.swift /Users/admin/builder/spi-builder-workspace/Sources/NebulaClient/Planet/MethodProxy.swift (in target 'NebulaClient' from project 'swift-nebula-client')
/Users/admin/builder/spi-builder-workspace/Sources/NebulaClient/Planet/MethodProxy.swift:26:58: error: cannot find type 'ArgumentValue' in scope
24 | @discardableResult
25 | public func dynamicallyCall(
26 | withKeywordArguments args: KeyValuePairs<String, ArgumentValue>
| `- error: cannot find type 'ArgumentValue' in scope
27 | ) async throws -> Data? {
28 | let arguments = try args.map { key, value in
/Users/admin/builder/spi-builder-workspace/Sources/NebulaClient/Planet/MethodProxy.swift:9:1: error: '@dynamicCallable' requires 'MethodProxy' to have either a valid 'dynamicallyCall(withArguments:)' method or 'dynamicallyCall(withKeywordArguments:)' method [#DynamicCallable]
7 | /// via `@dynamicCallable`. Returns `Data?` by default; use `call(as:_:)` for
8 | /// typed decoding.
9 | @dynamicCallable
| `- error: '@dynamicCallable' requires 'MethodProxy' to have either a valid 'dynamicallyCall(withArguments:)' method or 'dynamicallyCall(withKeywordArguments:)' method [#DynamicCallable]
10 | public struct MethodProxy: Sendable {
11 | public let planet: RoguePlanet
/Users/admin/builder/spi-builder-workspace/Sources/NebulaClient/Planet/MethodProxy.swift:41:39: error: cannot find type 'ArgumentValue' in scope
39 | public func call<T: Decodable & Sendable>(
40 | as type: T.Type,
41 | _ args: KeyValuePairs<String, ArgumentValue> = [:]
| `- error: cannot find type 'ArgumentValue' in scope
42 | ) async throws -> T {
43 | let arguments = try args.map { key, value in
/Users/admin/builder/spi-builder-workspace/Sources/NebulaClient/Planet/MethodProxy.swift:29:17: error: cannot find 'Argument' in scope
27 | ) async throws -> Data? {
28 | let arguments = try args.map { key, value in
29 | try Argument.wrap(key: key, value: value)
| `- error: cannot find 'Argument' in scope
30 | }
31 | return try await planet.call(method: method, arguments: arguments)
/Users/admin/builder/spi-builder-workspace/Sources/NebulaClient/Planet/Planet.swift:47:21: error: cannot find type 'Argument' in scope
45 | public func call(
46 | method: String,
47 | arguments: [Argument] = []
| `- error: cannot find type 'Argument' in scope
48 | ) async throws -> Data? {
49 | let body = CallBody(
/Users/admin/builder/spi-builder-workspace/Sources/NebulaClient/Planet/Planet.swift:65:21: error: cannot find type 'Argument' in scope
63 | public func call<T: Decodable>(
64 | method: String,
65 | arguments: [Argument] = [],
| `- error: cannot find type 'Argument' in scope
66 | as type: T.Type
67 | ) async throws -> T {
/Users/admin/builder/spi-builder-workspace/Sources/NebulaClient/Planet/MethodProxy.swift:44:17: error: cannot find 'Argument' in scope
42 | ) async throws -> T {
43 | let arguments = try args.map { key, value in
44 | try Argument.wrap(key: key, value: value)
| `- error: cannot find 'Argument' in scope
45 | }
46 | return try await planet.call(method: method, arguments: arguments, as: type)
[#DynamicCallable]: <https://docs.swift.org/compiler/documentation/diagnostics/dynamic-callable-requirements>
Failed frontend command:
/Applications/Xcode-27.0.0-Release.Candidate.app/Contents/Developer/Toolchains/XcodeDefault.xctoolchain/usr/bin/swift-frontend -frontend -c /Users/admin/builder/spi-builder-workspace/Sources/NebulaClient/Astral/Astral.swift /Users/admin/builder/spi-builder-workspace/Sources/NebulaClient/Comet/Comet.swift /Users/admin/builder/spi-builder-workspace/Sources/NebulaClient/NMT/NMTClients.swift /Users/admin/builder/spi-builder-workspace/Sources/NebulaClient/NebulaClient.swift /Users/admin/builder/spi-builder-workspace/Sources/NebulaClient/NebulaClientError.swift /Users/admin/builder/spi-builder-workspace/Sources/NebulaClient/NebulaURI.swift -primary-file /Users/admin/builder/spi-builder-workspace/Sources/NebulaClient/Planet/MethodProxy.swift /Users/admin/builder/spi-builder-workspace/Sources/NebulaClient/Planet/Moon.swift /Users/admin/builder/spi-builder-workspace/Sources/NebulaClient/Planet/Planet.swift /Users/admin/builder/spi-builder-workspace/Sources/NebulaClient/Planet/Satellite.swift /Users/admin/builder/spi-builder-workspace/Sources/NebulaClient/Subscriber/Subscriber.swift -emit-dependencies-path /Users/admin/builder/spi-builder-workspace/.derivedData/Build/Intermediates.noindex/swift-nebula-client.build/Debug/NebulaClient-t.build/Objects-normal/arm64/MethodProxy.d -emit-const-values-path /Users/admin/builder/spi-builder-workspace/.derivedData/Build/Intermediates.noindex/swift-nebula-client.build/Debug/NebulaClient-t.build/Objects-normal/arm64/MethodProxy.swiftconstvalues -emit-reference-dependencies-path /Users/admin/builder/spi-builder-workspace/.derivedData/Build/Intermediates.noindex/swift-nebula-client.build/Debug/NebulaClient-t.build/Objects-normal/arm64/MethodProxy.swiftdeps -serialize-diagnostics-path /Users/admin/builder/spi-builder-workspace/.derivedData/Build/Intermediates.noindex/swift-nebula-client.build/Debug/NebulaClient-t.build/Objects-normal/arm64/MethodProxy.dia -target arm64-apple-macos15.0 -disable-cross-import-overlay-search -swift-module-cross-import Darwin /Applications/Xcode-27.0.0-Release.Candidate.app/Contents/Developer/Platforms/MacOSX.platform/Developer/SDKs/MacOSX.sdk/usr/include/Darwin.swiftcrossimport/xlocale.swiftoverlay -load-resolved-plugin /Applications/Xcode-27.0.0-Release.Candidate.app/Contents/Developer/Platforms/MacOSX.platform/Developer/usr/lib/swift/host/plugins/libFoundationMacros.dylib\#/Applications/Xcode-27.0.0-Release.Candidate.app/Contents/Developer/Platforms/MacOSX.platform/Developer/usr/bin/swift-plugin-server\#FoundationMacros -load-resolved-plugin /Applications/Xcode-27.0.0-Release.Candidate.app/Contents/Developer/Platforms/MacOSX.platform/Developer/usr/lib/swift/host/plugins/libObservationMacros.dylib\#/Applications/Xcode-27.0.0-Release.Candidate.app/Contents/Developer/Platforms/MacOSX.platform/Developer/usr/bin/swift-plugin-server\#ObservationMacros -load-resolved-plugin /Applications/Xcode-27.0.0-Release.Candidate.app/Contents/Developer/Platforms/MacOSX.platform/Developer/usr/lib/swift/host/plugins/libSwiftMacros.dylib\#/Applications/Xcode-27.0.0-Release.Candidate.app/Contents/Developer/Platforms/MacOSX.platform/Developer/usr/bin/swift-plugin-server\#SwiftMacros -disable-implicit-swift-modules -Xcc -fno-implicit-modules -Xcc -fno-implicit-module-maps -explicit-swift-module-map-file /Users/admin/builder/spi-builder-workspace/.derivedData/Build/Intermediates.noindex/swift-nebula-client.build/Debug/NebulaClient-t.build/Objects-normal/arm64/NebulaClient-dependencies-1.json -Xllvm -aarch64-use-tbi -enable-objc-interop -stack-check -sdk /Applications/Xcode-27.0.0-Release.Candidate.app/Contents/Developer/Platforms/MacOSX.platform/Developer/SDKs/MacOSX27.0.sdk -I /Users/admin/builder/spi-builder-workspace/.derivedData/Build/Products/Debug -Isystem /Applications/Xcode-27.0.0-Release.Candidate.app/Contents/Developer/Platforms/MacOSX.platform/Developer/usr/lib -F /Users/admin/builder/spi-builder-workspace/.derivedData/Build/Products/Debug/PackageFrameworks -F /Users/admin/builder/spi-builder-workspace/.derivedData/Build/Products/Debug -F /Applications/Xcode-27.0.0-Release.Candidate.app/Contents/Developer/Platforms/MacOSX.platform/Developer/Library/Frameworks -module-cache-path /Users/admin/builder/spi-builder-workspace/.derivedData/Build/Intermediates.noindex/SwiftExplicitPrecompiledModules -no-color-diagnostics -Xcc -fno-color-diagnostics -enable-testing -g -debug-info-format\=dwarf -dwarf-version\=5 -profile-generate -profile-coverage-mapping -swift-version 6 -Onone -D SWIFT_PACKAGE -D DEBUG -D SWIFT_MODULE_RESOURCE_BUNDLE_UNAVAILABLE -D Xcode -serialize-debugging-options -enable-experimental-feature DebugDescriptionMacro -empty-abi-descriptor -validate-clang-modules-once -clang-build-session-file /Users/admin/builder/spi-builder-workspace/.derivedData/ModuleCache.noindex/Session.modulevalidation -Xcc -working-directory -Xcc /Users/admin/builder/spi-builder-workspace/.swiftpm/xcode -enable-anonymous-context-mangled-names -file-compilation-dir /Users/admin/builder/spi-builder-workspace/.swiftpm/xcode -Xcc -fmodule-map-file\=/Users/admin/builder/spi-builder-workspace/.derivedData/Build/Intermediates.noindex/GeneratedModuleMaps/CNIOLLHTTP.modulemap -Xcc -fmodule-map-file\=/Users/admin/builder/spi-builder-workspace/.dependencies/checkouts/swift-atomics/Sources/_AtomicsShims/include/module.modulemap -Xcc -fmodule-map-file\=/Users/admin/builder/spi-builder-workspace/.derivedData/Build/Intermediates.noindex/GeneratedModuleMaps/CNIOPosix.modulemap -Xcc -fmodule-map-file\=/Users/admin/builder/spi-builder-workspace/.derivedData/Build/Intermediates.noindex/GeneratedModuleMaps/CNIOWASI.modulemap -Xcc -fmodule-map-file\=/Users/admin/builder/spi-builder-workspace/.dependencies/checkouts/swift-nio/Sources/CNIOWindows/include/module.modulemap -Xcc -fmodule-map-file\=/Users/admin/builder/spi-builder-workspace/.derivedData/Build/Intermediates.noindex/GeneratedModuleMaps/CNIOLinux.modulemap -Xcc -fmodule-map-file\=/Users/admin/builder/spi-builder-workspace/.derivedData/Build/Intermediates.noindex/GeneratedModuleMaps/CNIODarwin.modulemap -Xcc -fmodule-map-file\=/Users/admin/builder/spi-builder-workspace/.derivedData/Build/Intermediates.noindex/GeneratedModuleMaps/CNIOFreeBSD.modulemap -Xcc -fmodule-map-file\=/Users/admin/builder/spi-builder-workspace/.derivedData/Build/Intermediates.noindex/GeneratedModuleMaps/CNIOOpenBSD.modulemap -Xcc -fmodule-map-file\=/Users/admin/builder/spi-builder-workspace/.derivedData/Build/Intermediates.noindex/GeneratedModuleMaps/CNIOAtomics.modulemap -Xcc -D_LIBCPP_HARDENING_MODE\=_LIBCPP_HARDENING_MODE_DEBUG -Xcc -ivfsstatcache -Xcc /Users/admin/builder/spi-builder-workspace/.derivedData/SDKStatCaches.noindex/macosx27.0-26A425-e829b21a6f8c9b70876ba0858053c0446a22442a12e9d48fe1a705f55a1adfc4.sdkstatcache -Xcc -fmodules-prune-interval\=86400 -Xcc -fmodules-prune-after\=345600 -Xcc -I/Users/admin/builder/spi-builder-workspace/.dependencies/checkouts/swift-nio/Sources/CNIOLLHTTP/include -Xcc -I/Users/admin/builder/spi-builder-workspace/.dependencies/checkouts/swift-atomics/Sources/_AtomicsShims/include -Xcc -I/Users/admin/builder/spi-builder-workspace/.dependencies/checkouts/swift-nio/Sources/CNIOPosix/include -Xcc -I/Users/admin/builder/spi-builder-workspace/.dependencies/checkouts/swift-nio/Sources/CNIOWASI/include -Xcc -I/Users/admin/builder/spi-builder-workspace/.dependencies/checkouts/swift-nio/Sources/CNIOWindows/include -Xcc -I/Users/admin/builder/spi-builder-workspace/.dependencies/checkouts/swift-nio/Sources/CNIOLinux/include -Xcc -I/Users/admin/builder/spi-builder-workspace/.dependencies/checkouts/swift-nio/Sources/CNIODarwin/include -Xcc -I/Users/admin/builder/spi-builder-workspace/.dependencies/checkouts/swift-nio/Sources/CNIOFreeBSD/include -Xcc -I/Users/admin/builder/spi-builder-workspace/.dependencies/checkouts/swift-nio/Sources/CNIOOpenBSD/include -Xcc -I/Users/admin/builder/spi-builder-workspace/.dependencies/checkouts/swift-nio/Sources/CNIOAtomics/include -Xcc -I/Users/admin/builder/spi-builder-workspace/.derivedData/Build/Products/Debug/include -Xcc -I/Users/admin/builder/spi-builder-workspace/.derivedData/Build/Intermediates.noindex/swift-nebula-client.build/Debug/NebulaClient-t.build/DerivedSources-normal/arm64 -Xcc -I/Users/admin/builder/spi-builder-workspace/.derivedData/Build/Intermediates.noindex/swift-nebula-client.build/Debug/NebulaClient-t.build/DerivedSources/arm64 -Xcc -I/Users/admin/builder/spi-builder-workspace/.derivedData/Build/Intermediates.noindex/swift-nebula-client.build/Debug/NebulaClient-t.build/DerivedSources -Xcc -DSWIFT_PACKAGE -Xcc -DDEBUG\=1 -no-auto-bridging-header-chaining -module-name NebulaClient -package-name spi_builder_workspace -const-gather-protocols-file /Users/admin/builder/spi-builder-workspace/.derivedData/Build/Intermediates.noindex/swift-nebula-client.build/Debug/NebulaClient-t.build/Objects-normal/arm64/NebulaClient_const_extract_protocols.json -disable-clang-spi -clang-target arm64-apple-macos27.0 -target-sdk-version 27.0 -target-sdk-name macosx27.0 -in-process-plugin-server-path /Applications/Xcode-27.0.0-Release.Candidate.app/Contents/Developer/Toolchains/XcodeDefault.xctoolchain/usr/lib/swift/host/libSwiftInProcPluginServer.dylib -parse-as-library -o /Users/admin/builder/spi-builder-workspace/.derivedData/Build/Intermediates.noindex/swift-nebula-client.build/Debug/NebulaClient-t.build/Objects-normal/arm64/MethodProxy.o -debug-module-path /Users/admin/builder/spi-builder-workspace/.derivedData/Build/Intermediates.noindex/swift-nebula-client.build/Debug/NebulaClient-t.build/Objects-normal/arm64/NebulaClient.swiftmodule -index-unit-output-path /swift-nebula-client.build/Debug/NebulaClient-t.build/Objects-normal/arm64/MethodProxy.o -index-store-path /Users/admin/builder/spi-builder-workspace/.derivedData/Index.noindex/DataStore -index-system-modules
SwiftCompile normal arm64 /Users/admin/builder/spi-builder-workspace/Sources/NebulaClient/Planet/MethodProxy.swift (in target 'NebulaClient' from project 'swift-nebula-client')
cd /Users/admin/builder/spi-builder-workspace/.swiftpm/xcode
builtin-SwiftPerFileCompile MethodProxy.swift
SwiftCompile normal arm64 Compiling\ Moon.swift /Users/admin/builder/spi-builder-workspace/Sources/NebulaClient/Planet/Moon.swift (in target 'NebulaClient' from project 'swift-nebula-client')
SwiftCompile normal arm64 /Users/admin/builder/spi-builder-workspace/Sources/NebulaClient/Planet/Moon.swift (in target 'NebulaClient' from project 'swift-nebula-client')
cd /Users/admin/builder/spi-builder-workspace/.swiftpm/xcode
builtin-SwiftPerFileCompile Moon.swift
SwiftCompile normal arm64 Compiling\ Planet.swift /Users/admin/builder/spi-builder-workspace/Sources/NebulaClient/Planet/Planet.swift (in target 'NebulaClient' from project 'swift-nebula-client')
/Users/admin/builder/spi-builder-workspace/Sources/NebulaClient/Planet/Planet.swift:47:21: error: cannot find type 'Argument' in scope
45 | public func call(
46 | method: String,
47 | arguments: [Argument] = []
| `- error: cannot find type 'Argument' in scope
48 | ) async throws -> Data? {
49 | let body = CallBody(
/Users/admin/builder/spi-builder-workspace/Sources/NebulaClient/Planet/Planet.swift:65:21: error: cannot find type 'Argument' in scope
63 | public func call<T: Decodable>(
64 | method: String,
65 | arguments: [Argument] = [],
| `- error: cannot find type 'Argument' in scope
66 | as type: T.Type
67 | ) async throws -> T {
/Users/admin/builder/spi-builder-workspace/Sources/NebulaClient/Planet/Planet.swift:93:32: error: cannot find type 'CallBody' in scope
91 | }
92 |
93 | private func perform(body: CallBody, via client: StellarClient) async throws -> Data? {
| `- error: cannot find type 'CallBody' in scope
94 | let matter = try Matter.make(type: .call, body: body)
95 | let replyMatter = try await client.request(matter: matter)
/Users/admin/builder/spi-builder-workspace/Sources/NebulaClient/Planet/Planet.swift:111:15: error: cannot find type 'CallBody' in scope
109 | namespace: String,
110 | deadConnection: PlanetConnection,
111 | body: CallBody
| `- error: cannot find type 'CallBody' in scope
112 | ) async throws -> Data? {
113 | let result = try await ingressClient.unregister(
SwiftCompile normal arm64 /Users/admin/builder/spi-builder-workspace/Sources/NebulaClient/Planet/Planet.swift (in target 'NebulaClient' from project 'swift-nebula-client')
cd /Users/admin/builder/spi-builder-workspace/.swiftpm/xcode
builtin-SwiftPerFileCompile Planet.swift
SwiftEmitModule normal arm64 Emitting\ module\ for\ NebulaClient (in target 'NebulaClient' from project 'swift-nebula-client')
SwiftCompile normal arm64 (in target 'NebulaClient' from project 'swift-nebula-client')
cd /Users/admin/builder/spi-builder-workspace/.swiftpm/xcode
SwiftCompile normal arm64 Compiling\ Subscriber.swift /Users/admin/builder/spi-builder-workspace/Sources/NebulaClient/Subscriber/Subscriber.swift (in target 'NebulaClient' from project 'swift-nebula-client')
SwiftCompile normal arm64 /Users/admin/builder/spi-builder-workspace/Sources/NebulaClient/Subscriber/Subscriber.swift (in target 'NebulaClient' from project 'swift-nebula-client')
cd /Users/admin/builder/spi-builder-workspace/.swiftpm/xcode
builtin-SwiftPerFileCompile Subscriber.swift
SwiftCompile normal arm64 Compiling\ Satellite.swift /Users/admin/builder/spi-builder-workspace/Sources/NebulaClient/Planet/Satellite.swift (in target 'NebulaClient' from project 'swift-nebula-client')
SwiftCompile normal arm64 /Users/admin/builder/spi-builder-workspace/Sources/NebulaClient/Planet/Satellite.swift (in target 'NebulaClient' from project 'swift-nebula-client')
cd /Users/admin/builder/spi-builder-workspace/.swiftpm/xcode
builtin-SwiftPerFileCompile Satellite.swift
PruneExplicitPrecompiledModules /Users/admin/builder/spi-builder-workspace/.derivedData/SDKExplicitPrecompiledModules
PruneExplicitPrecompiledModules /Users/admin/builder/spi-builder-workspace/.derivedData/Build/Intermediates.noindex/SwiftExplicitPrecompiledModules
PruneExplicitPrecompiledModules /Users/admin/builder/spi-builder-workspace/.derivedData/Build/Intermediates.noindex/ExplicitPrecompiledModules
2026-09-24 13:13:41.830 xcodebuild[1349:7062] [MT] IDERunDestination: Supported platforms for the buildables in the current scheme is empty.
--- xcodebuild: WARNING: Using the first of multiple matching destinations:
{ platform:macOS, arch:arm64, id:984711139517febecec47c903a6d8d84e2bd3a51, name:My Mac }
{ platform:macOS, arch:arm64, variant:Mac Catalyst, id:984711139517febecec47c903a6d8d84e2bd3a51, name:My Mac }
{ platform:macOS, arch:arm64, variant:DriverKit, id:984711139517febecec47c903a6d8d84e2bd3a51, name:My Mac }
{ platform:macOS, arch:arm64, variant:Designed for [iPad,iPhone], id:984711139517febecec47c903a6d8d84e2bd3a51, name:My Mac }
** BUILD FAILED **
The following build commands failed:
SwiftCompile normal arm64 Compiling\ MethodProxy.swift /Users/admin/builder/spi-builder-workspace/Sources/NebulaClient/Planet/MethodProxy.swift (in target 'NebulaClient' from project 'swift-nebula-client')
SwiftCompile normal arm64 /Users/admin/builder/spi-builder-workspace/Sources/NebulaClient/Planet/MethodProxy.swift (in target 'NebulaClient' from project 'swift-nebula-client')
Building workspace swift-nebula-client with scheme swift-nebula-client
(3 failures)
Command line invocation:
/Applications/Xcode-27.0.0-Release.Candidate.app/Contents/Developer/usr/bin/xcodebuild -IDEClonedSourcePackagesDirPathOverride=/Users/admin/builder/spi-builder-workspace/.dependencies -resolvePackageDependencies
Resolve Package Graph
Resolved source packages:
swift-nio-ssl: https://github.com/apple/swift-nio-ssl.git @ 2.37.5
swift-numerics: https://github.com/apple/swift-numerics.git @ 1.1.1
swift-asn1: https://github.com/apple/swift-asn1.git @ 1.7.3
swift-crypto: https://github.com/apple/swift-crypto.git @ 5.0.0
swift-http-types: https://github.com/apple/swift-http-types.git @ 1.8.0
swift-async-algorithms: https://github.com/apple/swift-async-algorithms.git @ 1.1.5
swift-collections: https://github.com/apple/swift-collections.git @ 1.7.0
swift-http-structured-headers: https://github.com/apple/swift-http-structured-headers.git @ 1.7.0
swift-nebula-client: /Users/admin/builder/spi-builder-workspace
swift-system: https://github.com/apple/swift-system.git @ 1.8.1
swift-nio: https://github.com/apple/swift-nio.git @ 2.103.0
swift-service-lifecycle: https://github.com/swift-server/swift-service-lifecycle.git @ 2.12.0
MessagePacker: https://github.com/hirotakan/MessagePacker.git @ 0.4.7
swift-nio-extras: https://github.com/apple/swift-nio-extras.git @ 1.35.1
swift-certificates: https://github.com/apple/swift-certificates.git @ 1.21.0
swift-log: https://github.com/apple/swift-log.git @ 1.15.1
swift-algorithms: https://github.com/apple/swift-algorithms.git @ 1.2.1
swift-atomics: https://github.com/apple/swift-atomics.git @ 1.3.1
swift-nmtp: https://github.com/OffskyLab/swift-nmtp.git @ 0.1.0
swift-nio-http2: https://github.com/apple/swift-nio-http2.git @ 1.46.0
resolved source packages: swift-nio-ssl, swift-numerics, swift-asn1, swift-crypto, swift-http-types, swift-async-algorithms, swift-collections, swift-http-structured-headers, swift-nebula-client, swift-system, swift-nio, swift-service-lifecycle, MessagePacker, swift-nio-extras, swift-certificates, swift-log, swift-algorithms, swift-atomics, swift-nmtp, swift-nio-http2
2026-09-24 13:14:04.224 xcodebuild[1859:9804] [MT] IDERunDestination: Supported platforms for the buildables in the current scheme is empty.
{
"dependencies" : [
{
"identity" : "swift-nmtp",
"requirement" : {
"range" : [
{
"lower_bound" : "0.0.1",
"upper_bound" : "1.0.0"
}
]
},
"type" : "sourceControl",
"url" : "https://github.com/OffskyLab/swift-nmtp.git"
},
{
"identity" : "swift-nio",
"requirement" : {
"range" : [
{
"lower_bound" : "2.40.0",
"upper_bound" : "3.0.0"
}
]
},
"type" : "sourceControl",
"url" : "https://github.com/apple/swift-nio.git"
},
{
"identity" : "messagepacker",
"requirement" : {
"range" : [
{
"lower_bound" : "0.4.0",
"upper_bound" : "1.0.0"
}
]
},
"type" : "sourceControl",
"url" : "https://github.com/hirotakan/MessagePacker.git"
},
{
"identity" : "swift-log",
"requirement" : {
"range" : [
{
"lower_bound" : "1.5.0",
"upper_bound" : "2.0.0"
}
]
},
"type" : "sourceControl",
"url" : "https://github.com/apple/swift-log.git"
}
],
"manifest_display_name" : "swift-nebula-client",
"name" : "swift-nebula-client",
"path" : "/Users/admin/builder/spi-builder-workspace",
"platforms" : [
{
"name" : "macos",
"version" : "15.0"
}
],
"products" : [
{
"name" : "NebulaClient",
"targets" : [
"NebulaClient"
],
"type" : {
"library" : [
"automatic"
]
}
}
],
"targets" : [
{
"c99name" : "NebulaClientTests",
"module_type" : "SwiftTarget",
"name" : "NebulaClientTests",
"path" : "Tests/NebulaClientTests",
"sources" : [
"NebulaClientTests.swift"
],
"target_dependencies" : [
"NebulaClient"
],
"type" : "test"
},
{
"c99name" : "NebulaClient",
"module_type" : "SwiftTarget",
"name" : "NebulaClient",
"path" : "Sources/NebulaClient",
"product_dependencies" : [
"NMTP",
"NIO",
"MessagePacker",
"Logging"
],
"product_memberships" : [
"NebulaClient"
],
"sources" : [
"Astral/Astral.swift",
"Comet/Comet.swift",
"NMT/NMTClients.swift",
"NebulaClient.swift",
"NebulaClientError.swift",
"NebulaURI.swift",
"Planet/MethodProxy.swift",
"Planet/Moon.swift",
"Planet/Planet.swift",
"Planet/Satellite.swift",
"Subscriber/Subscriber.swift"
],
"type" : "library"
}
],
"tools_version" : "6.0"
}
{
"workspace" : {
"name" : "swift-nebula-client",
"schemes" : [
"swift-nebula-client"
]
}
}
2026-09-24 13:14:06.491 xcodebuild[1867:9878] [MT] IDERunDestination: Supported platforms for the buildables in the current scheme is empty.
Running build ...
env DEVELOPER_DIR=/Applications/Xcode-27.0.0-Release.Candidate.app xcrun xcodebuild -IDEClonedSourcePackagesDirPathOverride=$PWD/.dependencies -skipMacroValidation -skipPackagePluginValidation -derivedDataPath $PWD/.derivedData build -scheme swift-nebula-client -destination platform=macOS,arch=arm64
Command line invocation:
/Applications/Xcode-27.0.0-Release.Candidate.app/Contents/Developer/usr/bin/xcodebuild -IDEClonedSourcePackagesDirPathOverride=/Users/admin/builder/spi-builder-workspace/.dependencies -skipMacroValidation -skipPackagePluginValidation -derivedDataPath /Users/admin/builder/spi-builder-workspace/.derivedData build -scheme swift-nebula-client -destination platform=macOS,arch=arm64
Resolve Package Graph
Resolved source packages:
swift-collections: https://github.com/apple/swift-collections.git @ 1.7.0
swift-service-lifecycle: https://github.com/swift-server/swift-service-lifecycle.git @ 2.12.0
swift-http-types: https://github.com/apple/swift-http-types.git @ 1.8.0
swift-crypto: https://github.com/apple/swift-crypto.git @ 5.0.0
MessagePacker: https://github.com/hirotakan/MessagePacker.git @ 0.4.7
swift-nio: https://github.com/apple/swift-nio.git @ 2.103.0
swift-nmtp: https://github.com/OffskyLab/swift-nmtp.git @ 0.1.0
swift-numerics: https://github.com/apple/swift-numerics.git @ 1.1.1
swift-system: https://github.com/apple/swift-system.git @ 1.8.1
swift-asn1: https://github.com/apple/swift-asn1.git @ 1.7.3
swift-algorithms: https://github.com/apple/swift-algorithms.git @ 1.2.1
swift-async-algorithms: https://github.com/apple/swift-async-algorithms.git @ 1.1.5
swift-nebula-client: /Users/admin/builder/spi-builder-workspace
swift-http-structured-headers: https://github.com/apple/swift-http-structured-headers.git @ 1.7.0
swift-nio-ssl: https://github.com/apple/swift-nio-ssl.git @ 2.37.5
swift-nio-http2: https://github.com/apple/swift-nio-http2.git @ 1.46.0
swift-nio-extras: https://github.com/apple/swift-nio-extras.git @ 1.35.1
swift-certificates: https://github.com/apple/swift-certificates.git @ 1.21.0
swift-atomics: https://github.com/apple/swift-atomics.git @ 1.3.1
swift-log: https://github.com/apple/swift-log.git @ 1.15.1
ComputePackagePrebuildTargetDependencyGraph
Prepare packages
CreateBuildRequest
SendProjectDescription
CreateBuildOperation
ComputeTargetDependencyGraph
note: Building targets in dependency order
note: Target dependency graph (38 targets)
Target 'NebulaClient-product' in project 'swift-nebula-client'
➜ Explicit dependency on target 'NebulaClient' in project 'swift-nebula-client'
➜ Explicit dependency on target 'NMTP-product' in project 'swift-nmtp'
➜ Explicit dependency on target 'NIO-product' in project 'swift-nio'
➜ Explicit dependency on target 'MessagePacker-product' in project 'MessagePacker'
➜ Explicit dependency on target 'Logging-product' in project 'swift-log'
Target 'NebulaClient' in project 'swift-nebula-client'
➜ Explicit dependency on target 'NMTP-product' in project 'swift-nmtp'
➜ Explicit dependency on target 'NIO-product' in project 'swift-nio'
➜ Explicit dependency on target 'MessagePacker-product' in project 'MessagePacker'
➜ Explicit dependency on target 'Logging-product' in project 'swift-log'
Target 'MessagePacker-product' in project 'MessagePacker'
➜ Explicit dependency on target 'MessagePacker' in project 'MessagePacker'
Target 'MessagePacker' in project 'MessagePacker' (no dependencies)
Target 'NMTP-product' in project 'swift-nmtp'
➜ Explicit dependency on target 'NMTP' in project 'swift-nmtp'
➜ Explicit dependency on target 'NIO-product' in project 'swift-nio'
➜ Explicit dependency on target 'NIOExtras-product' in project 'swift-nio-extras'
➜ Explicit dependency on target 'Logging-product' in project 'swift-log'
Target 'NMTP' in project 'swift-nmtp'
➜ Explicit dependency on target 'NIO-product' in project 'swift-nio'
➜ Explicit dependency on target 'NIOExtras-product' in project 'swift-nio-extras'
➜ Explicit dependency on target 'Logging-product' in project 'swift-log'
Target 'Logging-product' in project 'swift-log'
➜ Explicit dependency on target 'Logging' in project 'swift-log'
Target 'Logging' in project 'swift-log' (no dependencies)
Target 'NIOExtras-product' in project 'swift-nio-extras'
➜ Explicit dependency on target 'NIOExtras' in project 'swift-nio-extras'
➜ Explicit dependency on target 'NIO-product' in project 'swift-nio'
➜ Explicit dependency on target 'NIOCore-product' in project 'swift-nio'
➜ Explicit dependency on target 'NIOHTTP1-product' in project 'swift-nio'
Target 'NIOExtras' in project 'swift-nio-extras'
➜ Explicit dependency on target 'NIO-product' in project 'swift-nio'
➜ Explicit dependency on target 'NIOCore-product' in project 'swift-nio'
➜ Explicit dependency on target 'NIOHTTP1-product' in project 'swift-nio'
Target 'NIOHTTP1-product' in project 'swift-nio'
➜ Explicit dependency on target 'NIOHTTP1' in project 'swift-nio'
➜ Explicit dependency on target 'CNIOAtomics' in project 'swift-nio'
➜ Explicit dependency on target 'NIOConcurrencyHelpers' in project 'swift-nio'
➜ Explicit dependency on target '_NIOBase64' in project 'swift-nio'
➜ Explicit dependency on target 'CNIOOpenBSD' in project 'swift-nio'
➜ Explicit dependency on target 'CNIOFreeBSD' in project 'swift-nio'
➜ Explicit dependency on target 'CNIODarwin' in project 'swift-nio'
➜ Explicit dependency on target 'CNIOLinux' in project 'swift-nio'
➜ Explicit dependency on target 'CNIOWindows' in project 'swift-nio'
➜ Explicit dependency on target 'CNIOWASI' in project 'swift-nio'
➜ Explicit dependency on target '_NIODataStructures' in project 'swift-nio'
➜ Explicit dependency on target 'NIOCore' in project 'swift-nio'
➜ Explicit dependency on target 'NIOEmbedded' in project 'swift-nio'
➜ Explicit dependency on target 'CNIOPosix' in project 'swift-nio'
➜ Explicit dependency on target 'NIOPosix' in project 'swift-nio'
➜ Explicit dependency on target 'NIO' in project 'swift-nio'
➜ Explicit dependency on target 'CNIOLLHTTP' in project 'swift-nio'
➜ Explicit dependency on target 'DequeModule-product' in project 'swift-collections'
➜ Explicit dependency on target 'Atomics-product' in project 'swift-atomics'
Target 'NIOHTTP1' in project 'swift-nio'
➜ Explicit dependency on target 'CNIOAtomics' in project 'swift-nio'
➜ Explicit dependency on target 'NIOConcurrencyHelpers' in project 'swift-nio'
➜ Explicit dependency on target '_NIOBase64' in project 'swift-nio'
➜ Explicit dependency on target 'CNIOOpenBSD' in project 'swift-nio'
➜ Explicit dependency on target 'CNIOFreeBSD' in project 'swift-nio'
➜ Explicit dependency on target 'CNIODarwin' in project 'swift-nio'
➜ Explicit dependency on target 'CNIOLinux' in project 'swift-nio'
➜ Explicit dependency on target 'CNIOWindows' in project 'swift-nio'
➜ Explicit dependency on target 'CNIOWASI' in project 'swift-nio'
➜ Explicit dependency on target '_NIODataStructures' in project 'swift-nio'
➜ Explicit dependency on target 'NIOCore' in project 'swift-nio'
➜ Explicit dependency on target 'NIOEmbedded' in project 'swift-nio'
➜ Explicit dependency on target 'CNIOPosix' in project 'swift-nio'
➜ Explicit dependency on target 'NIOPosix' in project 'swift-nio'
➜ Explicit dependency on target 'NIO' in project 'swift-nio'
➜ Explicit dependency on target 'CNIOLLHTTP' in project 'swift-nio'
➜ Explicit dependency on target 'DequeModule-product' in project 'swift-collections'
➜ Explicit dependency on target 'Atomics-product' in project 'swift-atomics'
Target 'CNIOLLHTTP' in project 'swift-nio' (no dependencies)
Target 'NIOCore-product' in project 'swift-nio'
➜ Explicit dependency on target 'NIOCore' in project 'swift-nio'
➜ Explicit dependency on target 'CNIOAtomics' in project 'swift-nio'
➜ Explicit dependency on target 'NIOConcurrencyHelpers' in project 'swift-nio'
➜ Explicit dependency on target '_NIOBase64' in project 'swift-nio'
➜ Explicit dependency on target 'CNIOOpenBSD' in project 'swift-nio'
➜ Explicit dependency on target 'CNIOFreeBSD' in project 'swift-nio'
➜ Explicit dependency on target 'CNIODarwin' in project 'swift-nio'
➜ Explicit dependency on target 'CNIOLinux' in project 'swift-nio'
➜ Explicit dependency on target 'CNIOWindows' in project 'swift-nio'
➜ Explicit dependency on target 'CNIOWASI' in project 'swift-nio'
➜ Explicit dependency on target '_NIODataStructures' in project 'swift-nio'
➜ Explicit dependency on target 'DequeModule-product' in project 'swift-collections'
➜ Explicit dependency on target 'Atomics-product' in project 'swift-atomics'
Target 'NIO-product' in project 'swift-nio'
➜ Explicit dependency on target 'NIO' in project 'swift-nio'
➜ Explicit dependency on target 'CNIOAtomics' in project 'swift-nio'
➜ Explicit dependency on target 'NIOConcurrencyHelpers' in project 'swift-nio'
➜ Explicit dependency on target '_NIOBase64' in project 'swift-nio'
➜ Explicit dependency on target 'CNIOOpenBSD' in project 'swift-nio'
➜ Explicit dependency on target 'CNIOFreeBSD' in project 'swift-nio'
➜ Explicit dependency on target 'CNIODarwin' in project 'swift-nio'
➜ Explicit dependency on target 'CNIOLinux' in project 'swift-nio'
➜ Explicit dependency on target 'CNIOWindows' in project 'swift-nio'
➜ Explicit dependency on target 'CNIOWASI' in project 'swift-nio'
➜ Explicit dependency on target '_NIODataStructures' in project 'swift-nio'
➜ Explicit dependency on target 'NIOCore' in project 'swift-nio'
➜ Explicit dependency on target 'NIOEmbedded' in project 'swift-nio'
➜ Explicit dependency on target 'CNIOPosix' in project 'swift-nio'
➜ Explicit dependency on target 'NIOPosix' in project 'swift-nio'
➜ Explicit dependency on target 'DequeModule-product' in project 'swift-collections'
➜ Explicit dependency on target 'Atomics-product' in project 'swift-atomics'
Target 'NIO' in project 'swift-nio'
➜ Explicit dependency on target 'CNIOAtomics' in project 'swift-nio'
➜ Explicit dependency on target 'NIOConcurrencyHelpers' in project 'swift-nio'
➜ Explicit dependency on target '_NIOBase64' in project 'swift-nio'
➜ Explicit dependency on target 'CNIOOpenBSD' in project 'swift-nio'
➜ Explicit dependency on target 'CNIOFreeBSD' in project 'swift-nio'
➜ Explicit dependency on target 'CNIODarwin' in project 'swift-nio'
➜ Explicit dependency on target 'CNIOLinux' in project 'swift-nio'
➜ Explicit dependency on target 'CNIOWindows' in project 'swift-nio'
➜ Explicit dependency on target 'CNIOWASI' in project 'swift-nio'
➜ Explicit dependency on target '_NIODataStructures' in project 'swift-nio'
➜ Explicit dependency on target 'NIOCore' in project 'swift-nio'
➜ Explicit dependency on target 'NIOEmbedded' in project 'swift-nio'
➜ Explicit dependency on target 'CNIOPosix' in project 'swift-nio'
➜ Explicit dependency on target 'NIOPosix' in project 'swift-nio'
➜ Explicit dependency on target 'DequeModule-product' in project 'swift-collections'
➜ Explicit dependency on target 'Atomics-product' in project 'swift-atomics'
Target 'NIOPosix' in project 'swift-nio'
➜ Explicit dependency on target 'swift-nio_NIOPosix' in project 'swift-nio'
➜ Explicit dependency on target 'CNIOOpenBSD' in project 'swift-nio'
➜ Explicit dependency on target 'CNIOLinux' in project 'swift-nio'
➜ Explicit dependency on target 'CNIODarwin' in project 'swift-nio'
➜ Explicit dependency on target 'CNIOWindows' in project 'swift-nio'
➜ Explicit dependency on target 'CNIOAtomics' in project 'swift-nio'
➜ Explicit dependency on target 'NIOConcurrencyHelpers' in project 'swift-nio'
➜ Explicit dependency on target '_NIOBase64' in project 'swift-nio'
➜ Explicit dependency on target 'CNIOFreeBSD' in project 'swift-nio'
➜ Explicit dependency on target 'CNIOWASI' in project 'swift-nio'
➜ Explicit dependency on target '_NIODataStructures' in project 'swift-nio'
➜ Explicit dependency on target 'NIOCore' in project 'swift-nio'
➜ Explicit dependency on target 'CNIOPosix' in project 'swift-nio'
➜ Explicit dependency on target 'DequeModule-product' in project 'swift-collections'
➜ Explicit dependency on target 'Atomics-product' in project 'swift-atomics'
Target 'swift-nio_NIOPosix' in project 'swift-nio' (no dependencies)
Target 'CNIOPosix' in project 'swift-nio' (no dependencies)
Target 'NIOEmbedded' in project 'swift-nio'
➜ Explicit dependency on target 'CNIOAtomics' in project 'swift-nio'
➜ Explicit dependency on target 'NIOConcurrencyHelpers' in project 'swift-nio'
➜ Explicit dependency on target '_NIOBase64' in project 'swift-nio'
➜ Explicit dependency on target 'CNIOOpenBSD' in project 'swift-nio'
➜ Explicit dependency on target 'CNIOFreeBSD' in project 'swift-nio'
➜ Explicit dependency on target 'CNIODarwin' in project 'swift-nio'
➜ Explicit dependency on target 'CNIOLinux' in project 'swift-nio'
➜ Explicit dependency on target 'CNIOWindows' in project 'swift-nio'
➜ Explicit dependency on target 'CNIOWASI' in project 'swift-nio'
➜ Explicit dependency on target '_NIODataStructures' in project 'swift-nio'
➜ Explicit dependency on target 'NIOCore' in project 'swift-nio'
➜ Explicit dependency on target 'DequeModule-product' in project 'swift-collections'
➜ Explicit dependency on target 'Atomics-product' in project 'swift-atomics'
Target 'NIOCore' in project 'swift-nio'
➜ Explicit dependency on target 'CNIOAtomics' in project 'swift-nio'
➜ Explicit dependency on target 'NIOConcurrencyHelpers' in project 'swift-nio'
➜ Explicit dependency on target '_NIOBase64' in project 'swift-nio'
➜ Explicit dependency on target 'CNIOOpenBSD' in project 'swift-nio'
➜ Explicit dependency on target 'CNIOFreeBSD' in project 'swift-nio'
➜ Explicit dependency on target 'CNIODarwin' in project 'swift-nio'
➜ Explicit dependency on target 'CNIOLinux' in project 'swift-nio'
➜ Explicit dependency on target 'CNIOWindows' in project 'swift-nio'
➜ Explicit dependency on target 'CNIOWASI' in project 'swift-nio'
➜ Explicit dependency on target '_NIODataStructures' in project 'swift-nio'
➜ Explicit dependency on target 'DequeModule-product' in project 'swift-collections'
➜ Explicit dependency on target 'Atomics-product' in project 'swift-atomics'
Target 'Atomics-product' in project 'swift-atomics'
➜ Explicit dependency on target 'Atomics' in project 'swift-atomics'
➜ Explicit dependency on target '_AtomicsShims' in project 'swift-atomics'
Target 'Atomics' in project 'swift-atomics'
➜ Explicit dependency on target '_AtomicsShims' in project 'swift-atomics'
Target '_AtomicsShims' in project 'swift-atomics' (no dependencies)
Target 'DequeModule-product' in project 'swift-collections'
➜ Explicit dependency on target 'DequeModule' in project 'swift-collections'
➜ Explicit dependency on target 'InternalCollectionsUtilities' in project 'swift-collections'
➜ Explicit dependency on target 'SpanPreview' in project 'swift-collections'
Target 'DequeModule' in project 'swift-collections'
➜ Explicit dependency on target 'InternalCollectionsUtilities' in project 'swift-collections'
➜ Explicit dependency on target 'SpanPreview' in project 'swift-collections'
Target 'SpanPreview' in project 'swift-collections'
➜ Explicit dependency on target 'InternalCollectionsUtilities' in project 'swift-collections'
Target 'InternalCollectionsUtilities' in project 'swift-collections' (no dependencies)
Target '_NIODataStructures' in project 'swift-nio' (no dependencies)
Target 'CNIOWASI' in project 'swift-nio' (no dependencies)
Target 'CNIOWindows' in project 'swift-nio' (no dependencies)
Target 'CNIOLinux' in project 'swift-nio' (no dependencies)
Target 'CNIODarwin' in project 'swift-nio' (no dependencies)
Target 'CNIOFreeBSD' in project 'swift-nio' (no dependencies)
Target 'CNIOOpenBSD' in project 'swift-nio' (no dependencies)
Target '_NIOBase64' in project 'swift-nio' (no dependencies)
Target 'NIOConcurrencyHelpers' in project 'swift-nio'
➜ Explicit dependency on target 'CNIOAtomics' in project 'swift-nio'
Target 'CNIOAtomics' in project 'swift-nio' (no dependencies)
GatherProvisioningInputs
CreateBuildDescription
ClangStatCache /Applications/Xcode-27.0.0-Release.Candidate.app/Contents/Developer/Toolchains/XcodeDefault.xctoolchain/usr/bin/clang-stat-cache /Applications/Xcode-27.0.0-Release.Candidate.app/Contents/Developer/Platforms/MacOSX.platform/Developer/SDKs/MacOSX27.0.sdk /Users/admin/builder/spi-builder-workspace/.derivedData/SDKStatCaches.noindex/macosx27.0-26A425-e829b21a6f8c9b70876ba0858053c0446a22442a12e9d48fe1a705f55a1adfc4.sdkstatcache
cd /Users/admin/builder/spi-builder-workspace/.swiftpm/xcode
/Applications/Xcode-27.0.0-Release.Candidate.app/Contents/Developer/Toolchains/XcodeDefault.xctoolchain/usr/bin/clang-stat-cache /Applications/Xcode-27.0.0-Release.Candidate.app/Contents/Developer/Platforms/MacOSX.platform/Developer/SDKs/MacOSX27.0.sdk -o /Users/admin/builder/spi-builder-workspace/.derivedData/SDKStatCaches.noindex/macosx27.0-26A425-e829b21a6f8c9b70876ba0858053c0446a22442a12e9d48fe1a705f55a1adfc4.sdkstatcache
SwiftDriver NebulaClient normal arm64 com.apple.xcode.tools.swift.compiler (in target 'NebulaClient' from project 'swift-nebula-client')
cd /Users/admin/builder/spi-builder-workspace/.swiftpm/xcode
builtin-SwiftDriver -- /Applications/Xcode-27.0.0-Release.Candidate.app/Contents/Developer/Toolchains/XcodeDefault.xctoolchain/usr/bin/swiftc -parse-as-library -module-name NebulaClient -Onone @/Users/admin/builder/spi-builder-workspace/.derivedData/Build/Intermediates.noindex/swift-nebula-client.build/Debug/NebulaClient-t.build/Objects-normal/arm64/NebulaClient.SwiftFileList -DSWIFT_PACKAGE -DDEBUG -DSWIFT_MODULE_RESOURCE_BUNDLE_UNAVAILABLE -Xcc -fmodule-map-file\=/Users/admin/builder/spi-builder-workspace/.derivedData/Build/Intermediates.noindex/GeneratedModuleMaps/CNIOLLHTTP.modulemap -Xcc -fmodule-map-file\=/Users/admin/builder/spi-builder-workspace/.dependencies/checkouts/swift-atomics/Sources/_AtomicsShims/include/module.modulemap -Xcc -fmodule-map-file\=/Users/admin/builder/spi-builder-workspace/.derivedData/Build/Intermediates.noindex/GeneratedModuleMaps/CNIOPosix.modulemap -Xcc -fmodule-map-file\=/Users/admin/builder/spi-builder-workspace/.derivedData/Build/Intermediates.noindex/GeneratedModuleMaps/CNIOWASI.modulemap -Xcc -fmodule-map-file\=/Users/admin/builder/spi-builder-workspace/.dependencies/checkouts/swift-nio/Sources/CNIOWindows/include/module.modulemap -Xcc -fmodule-map-file\=/Users/admin/builder/spi-builder-workspace/.derivedData/Build/Intermediates.noindex/GeneratedModuleMaps/CNIOLinux.modulemap -Xcc -fmodule-map-file\=/Users/admin/builder/spi-builder-workspace/.derivedData/Build/Intermediates.noindex/GeneratedModuleMaps/CNIODarwin.modulemap -Xcc -fmodule-map-file\=/Users/admin/builder/spi-builder-workspace/.derivedData/Build/Intermediates.noindex/GeneratedModuleMaps/CNIOFreeBSD.modulemap -Xcc -fmodule-map-file\=/Users/admin/builder/spi-builder-workspace/.derivedData/Build/Intermediates.noindex/GeneratedModuleMaps/CNIOOpenBSD.modulemap -Xcc -fmodule-map-file\=/Users/admin/builder/spi-builder-workspace/.derivedData/Build/Intermediates.noindex/GeneratedModuleMaps/CNIOAtomics.modulemap -DXcode -plugin-path /Applications/Xcode-27.0.0-Release.Candidate.app/Contents/Developer/Toolchains/XcodeDefault.xctoolchain/usr/lib/swift/host/plugins/testing -enable-experimental-feature DebugDescriptionMacro -sdk /Applications/Xcode-27.0.0-Release.Candidate.app/Contents/Developer/Platforms/MacOSX.platform/Developer/SDKs/MacOSX27.0.sdk -target arm64-apple-macos15.0 -g -module-cache-path /Users/admin/builder/spi-builder-workspace/.derivedData/ModuleCache.noindex -Xfrontend -serialize-debugging-options -profile-coverage-mapping -profile-generate -enable-testing -index-store-path /Users/admin/builder/spi-builder-workspace/.derivedData/Index.noindex/DataStore -Xcc -D_LIBCPP_HARDENING_MODE\=_LIBCPP_HARDENING_MODE_DEBUG -swift-version 6 -I /Users/admin/builder/spi-builder-workspace/.derivedData/Build/Products/Debug -Isystem /Applications/Xcode-27.0.0-Release.Candidate.app/Contents/Developer/Platforms/MacOSX.platform/Developer/usr/lib -F /Users/admin/builder/spi-builder-workspace/.derivedData/Build/Products/Debug/PackageFrameworks -F /Users/admin/builder/spi-builder-workspace/.derivedData/Build/Products/Debug -F /Applications/Xcode-27.0.0-Release.Candidate.app/Contents/Developer/Platforms/MacOSX.platform/Developer/Library/Frameworks -c -j10 -enable-batch-mode -incremental -Xcc -ivfsstatcache -Xcc /Users/admin/builder/spi-builder-workspace/.derivedData/SDKStatCaches.noindex/macosx27.0-26A425-e829b21a6f8c9b70876ba0858053c0446a22442a12e9d48fe1a705f55a1adfc4.sdkstatcache -output-file-map /Users/admin/builder/spi-builder-workspace/.derivedData/Build/Intermediates.noindex/swift-nebula-client.build/Debug/NebulaClient-t.build/Objects-normal/arm64/NebulaClient-OutputFileMap.json -save-temps -no-color-diagnostics -explicit-module-build -module-cache-path /Users/admin/builder/spi-builder-workspace/.derivedData/Build/Intermediates.noindex/SwiftExplicitPrecompiledModules -clang-scanner-module-cache-path /Users/admin/builder/spi-builder-workspace/.derivedData/ModuleCache.noindex -sdk-module-cache-path /Users/admin/builder/spi-builder-workspace/.derivedData/SDKExplicitPrecompiledModules -emit-dependencies -emit-module -emit-module-path /Users/admin/builder/spi-builder-workspace/.derivedData/Build/Intermediates.noindex/swift-nebula-client.build/Debug/NebulaClient-t.build/Objects-normal/arm64/NebulaClient.swiftmodule -serialize-diagnostics -dependency-scan-serialize-diagnostics-path /Users/admin/builder/spi-builder-workspace/.derivedData/Build/Intermediates.noindex/swift-nebula-client.build/Debug/NebulaClient-t.build/Objects-normal/arm64/NebulaClient-dependency-scan.dia -validate-clang-modules-once -clang-build-session-file /Users/admin/builder/spi-builder-workspace/.derivedData/ModuleCache.noindex/Session.modulevalidation -Xcc -fmodules-prune-interval\=86400 -Xcc -fmodules-prune-after\=345600 -package-name spi_builder_workspace -emit-const-values -const-gather-protocols-list /Users/admin/builder/spi-builder-workspace/.derivedData/Build/Intermediates.noindex/swift-nebula-client.build/Debug/NebulaClient-t.build/Objects-normal/arm64/NebulaClient_const_extract_protocols.json -Xcc -I/Users/admin/builder/spi-builder-workspace/.dependencies/checkouts/swift-nio/Sources/CNIOLLHTTP/include -Xcc -I/Users/admin/builder/spi-builder-workspace/.dependencies/checkouts/swift-atomics/Sources/_AtomicsShims/include -Xcc -I/Users/admin/builder/spi-builder-workspace/.dependencies/checkouts/swift-nio/Sources/CNIOPosix/include -Xcc -I/Users/admin/builder/spi-builder-workspace/.dependencies/checkouts/swift-nio/Sources/CNIOWASI/include -Xcc -I/Users/admin/builder/spi-builder-workspace/.dependencies/checkouts/swift-nio/Sources/CNIOWindows/include -Xcc -I/Users/admin/builder/spi-builder-workspace/.dependencies/checkouts/swift-nio/Sources/CNIOLinux/include -Xcc -I/Users/admin/builder/spi-builder-workspace/.dependencies/checkouts/swift-nio/Sources/CNIODarwin/include -Xcc -I/Users/admin/builder/spi-builder-workspace/.dependencies/checkouts/swift-nio/Sources/CNIOFreeBSD/include -Xcc -I/Users/admin/builder/spi-builder-workspace/.dependencies/checkouts/swift-nio/Sources/CNIOOpenBSD/include -Xcc -I/Users/admin/builder/spi-builder-workspace/.dependencies/checkouts/swift-nio/Sources/CNIOAtomics/include -Xcc -I/Users/admin/builder/spi-builder-workspace/.derivedData/Build/Products/Debug/include -Xcc -I/Users/admin/builder/spi-builder-workspace/.derivedData/Build/Intermediates.noindex/swift-nebula-client.build/Debug/NebulaClient-t.build/DerivedSources-normal/arm64 -Xcc -I/Users/admin/builder/spi-builder-workspace/.derivedData/Build/Intermediates.noindex/swift-nebula-client.build/Debug/NebulaClient-t.build/DerivedSources/arm64 -Xcc -I/Users/admin/builder/spi-builder-workspace/.derivedData/Build/Intermediates.noindex/swift-nebula-client.build/Debug/NebulaClient-t.build/DerivedSources -Xcc -DSWIFT_PACKAGE -Xcc -DDEBUG\=1 -emit-objc-header -emit-objc-header-path /Users/admin/builder/spi-builder-workspace/.derivedData/Build/Intermediates.noindex/swift-nebula-client.build/Debug/NebulaClient-t.build/Objects-normal/arm64/NebulaClient-Swift.h -working-directory /Users/admin/builder/spi-builder-workspace/.swiftpm/xcode -experimental-emit-module-separately -disable-cmo
Ld /Users/admin/builder/spi-builder-workspace/.derivedData/Build/Products/Debug/NIOHTTP1.o normal (in target 'NIOHTTP1' from project 'swift-nio')
cd /Users/admin/builder/spi-builder-workspace/.dependencies/checkouts/swift-nio
/Applications/Xcode-27.0.0-Release.Candidate.app/Contents/Developer/Toolchains/XcodeDefault.xctoolchain/usr/bin/clang -Xlinker -reproducible -target arm64-apple-macos12.0 -r -isysroot /Applications/Xcode-27.0.0-Release.Candidate.app/Contents/Developer/Platforms/MacOSX.platform/Developer/SDKs/MacOSX27.0.sdk -O0 -w -Xlinker -no_warn_duplicate_libraries -F/Users/admin/builder/spi-builder-workspace/.derivedData/Build/Intermediates.noindex/EagerLinkingTBDs/Debug -F/Users/admin/builder/spi-builder-workspace/.derivedData/Build/Products/Debug/PackageFrameworks -F/Users/admin/builder/spi-builder-workspace/.derivedData/Build/Products/Debug -iframework /Applications/Xcode-27.0.0-Release.Candidate.app/Contents/Developer/Platforms/MacOSX.platform/Developer/Library/Frameworks -filelist /Users/admin/builder/spi-builder-workspace/.derivedData/Build/Intermediates.noindex/swift-nio.build/Debug/NIOHTTP1-t.build/Objects-normal/arm64/NIOHTTP1.LinkFileList -nostdlib -Xlinker -object_path_lto -Xlinker /Users/admin/builder/spi-builder-workspace/.derivedData/Build/Intermediates.noindex/swift-nio.build/Debug/NIOHTTP1-t.build/Objects-normal/arm64/NIOHTTP1_lto.o -Xlinker -no_deduplicate -Xlinker -debug_variant -Xlinker -dependency_info -Xlinker /Users/admin/builder/spi-builder-workspace/.derivedData/Build/Intermediates.noindex/swift-nio.build/Debug/NIOHTTP1-t.build/Objects-normal/arm64/NIOHTTP1_dependency_info.dat -fobjc-link-runtime -L/Applications/Xcode-27.0.0-Release.Candidate.app/Contents/Developer/Toolchains/XcodeDefault.xctoolchain/usr/lib/swift/macosx -L/usr/lib/swift -Xlinker -add_ast_path -Xlinker /Users/admin/builder/spi-builder-workspace/.derivedData/Build/Intermediates.noindex/swift-nio.build/Debug/NIOHTTP1-t.build/Objects-normal/arm64/NIOHTTP1.swiftmodule -o /Users/admin/builder/spi-builder-workspace/.derivedData/Build/Products/Debug/NIOHTTP1.o
ExtractAppIntentsMetadata (in target 'NIOHTTP1' from project 'swift-nio')
cd /Users/admin/builder/spi-builder-workspace/.dependencies/checkouts/swift-nio
/Applications/Xcode-27.0.0-Release.Candidate.app/Contents/Developer/Toolchains/XcodeDefault.xctoolchain/usr/bin/appintentsmetadataprocessor --toolchain-dir /var/run/com.apple.security.cryptexd/mnt/com.apple.MobileAsset.MetalToolchain-v27.1.266.1.wPYjTO/Metal.xctoolchain --module-name NIOHTTP1 --sdk-root /Applications/Xcode-27.0.0-Release.Candidate.app/Contents/Developer/Platforms/MacOSX.platform/Developer/SDKs/MacOSX27.0.sdk --xcode-version 27A266a --platform-family macOS --deployment-target 12.0 --bundle-identifier swift-nio.NIOHTTP1 --output /Users/admin/builder/spi-builder-workspace/.derivedData/Build/Products/Debug/NIOHTTP1.appintents --target-triple arm64-apple-macos12.0 --binary-file /Users/admin/builder/spi-builder-workspace/.derivedData/Build/Products/Debug/NIOHTTP1.o --dependency-file /Users/admin/builder/spi-builder-workspace/.derivedData/Build/Intermediates.noindex/swift-nio.build/Debug/NIOHTTP1-t.build/Objects-normal/arm64/NIOHTTP1_dependency_info.dat --stringsdata-file /Users/admin/builder/spi-builder-workspace/.derivedData/Build/Intermediates.noindex/swift-nio.build/Debug/NIOHTTP1-t.build/Objects-normal/arm64/ExtractedAppShortcutsMetadata.stringsdata --source-file-list /Users/admin/builder/spi-builder-workspace/.derivedData/Build/Intermediates.noindex/swift-nio.build/Debug/NIOHTTP1-t.build/Objects-normal/arm64/NIOHTTP1.SwiftFileList --metadata-file-list /Users/admin/builder/spi-builder-workspace/.derivedData/Build/Intermediates.noindex/swift-nio.build/Debug/NIOHTTP1-t.build/NIOHTTP1.DependencyMetadataFileList --static-metadata-file-list /Users/admin/builder/spi-builder-workspace/.derivedData/Build/Intermediates.noindex/swift-nio.build/Debug/NIOHTTP1-t.build/NIOHTTP1.DependencyStaticMetadataFileList --swift-const-vals-list /Users/admin/builder/spi-builder-workspace/.derivedData/Build/Intermediates.noindex/swift-nio.build/Debug/NIOHTTP1-t.build/Objects-normal/arm64/NIOHTTP1.SwiftConstValuesFileList --force --compile-time-extraction --deployment-aware-processing --no-app-shortcuts-localization
2026-09-24 13:14:10.989 appintentsmetadataprocessor[1873:9965] Starting appintentsmetadataprocessor export
2026-09-24 13:14:11.057 appintentsmetadataprocessor[1873:9965] Extracted no relevant App Intents symbols, skipping writing output
Ld /Users/admin/builder/spi-builder-workspace/.derivedData/Build/Products/Debug/NIOExtras.o normal (in target 'NIOExtras' from project 'swift-nio-extras')
cd /Users/admin/builder/spi-builder-workspace/.dependencies/checkouts/swift-nio-extras
/Applications/Xcode-27.0.0-Release.Candidate.app/Contents/Developer/Toolchains/XcodeDefault.xctoolchain/usr/bin/clang -Xlinker -reproducible -target arm64-apple-macos12.0 -r -isysroot /Applications/Xcode-27.0.0-Release.Candidate.app/Contents/Developer/Platforms/MacOSX.platform/Developer/SDKs/MacOSX27.0.sdk -O0 -w -Xlinker -no_warn_duplicate_libraries -F/Users/admin/builder/spi-builder-workspace/.derivedData/Build/Intermediates.noindex/EagerLinkingTBDs/Debug -F/Users/admin/builder/spi-builder-workspace/.derivedData/Build/Products/Debug/PackageFrameworks -F/Users/admin/builder/spi-builder-workspace/.derivedData/Build/Products/Debug -iframework /Applications/Xcode-27.0.0-Release.Candidate.app/Contents/Developer/Platforms/MacOSX.platform/Developer/Library/Frameworks -filelist /Users/admin/builder/spi-builder-workspace/.derivedData/Build/Intermediates.noindex/swift-nio-extras.build/Debug/NIOExtras-t.build/Objects-normal/arm64/NIOExtras.LinkFileList -nostdlib -Xlinker -object_path_lto -Xlinker /Users/admin/builder/spi-builder-workspace/.derivedData/Build/Intermediates.noindex/swift-nio-extras.build/Debug/NIOExtras-t.build/Objects-normal/arm64/NIOExtras_lto.o -Xlinker -no_deduplicate -Xlinker -debug_variant -Xlinker -dependency_info -Xlinker /Users/admin/builder/spi-builder-workspace/.derivedData/Build/Intermediates.noindex/swift-nio-extras.build/Debug/NIOExtras-t.build/Objects-normal/arm64/NIOExtras_dependency_info.dat -fobjc-link-runtime -L/Applications/Xcode-27.0.0-Release.Candidate.app/Contents/Developer/Toolchains/XcodeDefault.xctoolchain/usr/lib/swift/macosx -L/usr/lib/swift -Xlinker -add_ast_path -Xlinker /Users/admin/builder/spi-builder-workspace/.derivedData/Build/Intermediates.noindex/swift-nio-extras.build/Debug/NIOExtras-t.build/Objects-normal/arm64/NIOExtras.swiftmodule -o /Users/admin/builder/spi-builder-workspace/.derivedData/Build/Products/Debug/NIOExtras.o
ExtractAppIntentsMetadata (in target 'NIOExtras' from project 'swift-nio-extras')
cd /Users/admin/builder/spi-builder-workspace/.dependencies/checkouts/swift-nio-extras
/Applications/Xcode-27.0.0-Release.Candidate.app/Contents/Developer/Toolchains/XcodeDefault.xctoolchain/usr/bin/appintentsmetadataprocessor --toolchain-dir /var/run/com.apple.security.cryptexd/mnt/com.apple.MobileAsset.MetalToolchain-v27.1.266.1.wPYjTO/Metal.xctoolchain --module-name NIOExtras --sdk-root /Applications/Xcode-27.0.0-Release.Candidate.app/Contents/Developer/Platforms/MacOSX.platform/Developer/SDKs/MacOSX27.0.sdk --xcode-version 27A266a --platform-family macOS --deployment-target 12.0 --bundle-identifier swift-nio-extras.NIOExtras --output /Users/admin/builder/spi-builder-workspace/.derivedData/Build/Products/Debug/NIOExtras.appintents --target-triple arm64-apple-macos12.0 --binary-file /Users/admin/builder/spi-builder-workspace/.derivedData/Build/Products/Debug/NIOExtras.o --dependency-file /Users/admin/builder/spi-builder-workspace/.derivedData/Build/Intermediates.noindex/swift-nio-extras.build/Debug/NIOExtras-t.build/Objects-normal/arm64/NIOExtras_dependency_info.dat --stringsdata-file /Users/admin/builder/spi-builder-workspace/.derivedData/Build/Intermediates.noindex/swift-nio-extras.build/Debug/NIOExtras-t.build/Objects-normal/arm64/ExtractedAppShortcutsMetadata.stringsdata --source-file-list /Users/admin/builder/spi-builder-workspace/.derivedData/Build/Intermediates.noindex/swift-nio-extras.build/Debug/NIOExtras-t.build/Objects-normal/arm64/NIOExtras.SwiftFileList --metadata-file-list /Users/admin/builder/spi-builder-workspace/.derivedData/Build/Intermediates.noindex/swift-nio-extras.build/Debug/NIOExtras-t.build/NIOExtras.DependencyMetadataFileList --static-metadata-file-list /Users/admin/builder/spi-builder-workspace/.derivedData/Build/Intermediates.noindex/swift-nio-extras.build/Debug/NIOExtras-t.build/NIOExtras.DependencyStaticMetadataFileList --swift-const-vals-list /Users/admin/builder/spi-builder-workspace/.derivedData/Build/Intermediates.noindex/swift-nio-extras.build/Debug/NIOExtras-t.build/Objects-normal/arm64/NIOExtras.SwiftConstValuesFileList --force --compile-time-extraction --deployment-aware-processing --no-app-shortcuts-localization
2026-09-24 13:14:11.105 appintentsmetadataprocessor[1876:9989] Starting appintentsmetadataprocessor export
2026-09-24 13:14:11.168 appintentsmetadataprocessor[1876:9989] Extracted no relevant App Intents symbols, skipping writing output
SwiftCompile normal arm64 Compiling\ NMTClients.swift /Users/admin/builder/spi-builder-workspace/Sources/NebulaClient/NMT/NMTClients.swift (in target 'NebulaClient' from project 'swift-nebula-client')
SwiftCompile normal arm64 /Users/admin/builder/spi-builder-workspace/Sources/NebulaClient/NMT/NMTClients.swift (in target 'NebulaClient' from project 'swift-nebula-client')
cd /Users/admin/builder/spi-builder-workspace/.swiftpm/xcode
builtin-SwiftPerFileCompile NMTClients.swift
/Users/admin/builder/spi-builder-workspace/Sources/NebulaClient/NMT/NMTClients.swift:54:21: error: cannot find type 'Argument' in scope
52 | service: String,
53 | method: String,
54 | arguments: [Argument] = []
| `- error: cannot find type 'Argument' in scope
55 | ) async throws {
56 | let body = EnqueueBody(
/Users/admin/builder/spi-builder-workspace/Sources/NebulaClient/NMT/NMTClients.swift:34:51: error: cannot convert return expression of type 'MatterStream' to return type 'AsyncStream<Matter>'
32 | }
33 |
34 | public var pushes: AsyncStream<Matter> { base.pushes }
| `- error: cannot convert return expression of type 'MatterStream' to return type 'AsyncStream<Matter>'
35 |
36 | public func close() async throws { try await base.close() }
/Users/admin/builder/spi-builder-workspace/Sources/NebulaClient/NMT/NMTClients.swift:39:20: error: cannot find 'FindBody' in scope
37 |
38 | public func find(namespace: String) async throws -> FindResult {
39 | let body = FindBody(namespace: namespace)
| `- error: cannot find 'FindBody' in scope
40 | let matter = try Matter.make(type: .find, body: body)
41 | let reply = try await base.request(matter: matter)
/Users/admin/builder/spi-builder-workspace/Sources/NebulaClient/NMT/NMTClients.swift:40:45: error: type 'MatterType' has no member 'find'
38 | public func find(namespace: String) async throws -> FindResult {
39 | let body = FindBody(namespace: namespace)
40 | let matter = try Matter.make(type: .find, body: body)
| `- error: type 'MatterType' has no member 'find'
41 | let reply = try await base.request(matter: matter)
42 | let replyBody = try reply.decodeBody(FindReplyBody.self)
/Users/admin/builder/spi-builder-workspace/Sources/NebulaClient/NMT/NMTClients.swift:42:46: error: cannot find 'FindReplyBody' in scope
40 | let matter = try Matter.make(type: .find, body: body)
41 | let reply = try await base.request(matter: matter)
42 | let replyBody = try reply.decodeBody(FindReplyBody.self)
| `- error: cannot find 'FindReplyBody' in scope
43 | let stellarAddress: SocketAddress? = try {
44 | guard let host = replyBody.stellarHost, let port = replyBody.stellarPort else { return nil }
/Users/admin/builder/spi-builder-workspace/Sources/NebulaClient/NMT/NMTClients.swift:56:20: error: cannot find 'EnqueueBody' in scope
54 | arguments: [Argument] = []
55 | ) async throws {
56 | let body = EnqueueBody(
| `- error: cannot find 'EnqueueBody' in scope
57 | namespace: namespace,
58 | service: service,
/Users/admin/builder/spi-builder-workspace/Sources/NebulaClient/NMT/NMTClients.swift:62:45: error: type 'MatterType' has no member 'enqueue'
60 | arguments: arguments.toEncoded()
61 | )
62 | let matter = try Matter.make(type: .enqueue, body: body)
| `- error: type 'MatterType' has no member 'enqueue'
63 | let reply = try await base.request(matter: matter)
64 | let replyBody = try reply.decodeBody(RegisterReplyBody.self)
SwiftEmitModule normal arm64 Emitting\ module\ for\ NebulaClient (in target 'NebulaClient' from project 'swift-nebula-client')
SwiftCompile normal arm64 (in target 'NebulaClient' from project 'swift-nebula-client')
cd /Users/admin/builder/spi-builder-workspace/.swiftpm/xcode
SwiftCompile normal arm64 Compiling\ Planet.swift /Users/admin/builder/spi-builder-workspace/Sources/NebulaClient/Planet/Planet.swift (in target 'NebulaClient' from project 'swift-nebula-client')
/Users/admin/builder/spi-builder-workspace/Sources/NebulaClient/Planet/Planet.swift:47:21: error: cannot find type 'Argument' in scope
45 | public func call(
46 | method: String,
47 | arguments: [Argument] = []
| `- error: cannot find type 'Argument' in scope
48 | ) async throws -> Data? {
49 | let body = CallBody(
/Users/admin/builder/spi-builder-workspace/Sources/NebulaClient/Planet/Planet.swift:65:21: error: cannot find type 'Argument' in scope
63 | public func call<T: Decodable>(
64 | method: String,
65 | arguments: [Argument] = [],
| `- error: cannot find type 'Argument' in scope
66 | as type: T.Type
67 | ) async throws -> T {
/Users/admin/builder/spi-builder-workspace/Sources/NebulaClient/Planet/Planet.swift:93:32: error: cannot find type 'CallBody' in scope
91 | }
92 |
93 | private func perform(body: CallBody, via client: StellarClient) async throws -> Data? {
| `- error: cannot find type 'CallBody' in scope
94 | let matter = try Matter.make(type: .call, body: body)
95 | let replyMatter = try await client.request(matter: matter)
/Users/admin/builder/spi-builder-workspace/Sources/NebulaClient/Planet/Planet.swift:111:15: error: cannot find type 'CallBody' in scope
109 | namespace: String,
110 | deadConnection: PlanetConnection,
111 | body: CallBody
| `- error: cannot find type 'CallBody' in scope
112 | ) async throws -> Data? {
113 | let result = try await ingressClient.unregister(
/Users/admin/builder/spi-builder-workspace/Sources/NebulaClient/Planet/Planet.swift:49:20: error: cannot find 'CallBody' in scope
47 | arguments: [Argument] = []
48 | ) async throws -> Data? {
49 | let body = CallBody(
| `- error: cannot find 'CallBody' in scope
50 | namespace: namespace,
51 | service: service,
/Users/admin/builder/spi-builder-workspace/Sources/NebulaClient/Planet/Planet.swift:94:45: error: type 'MatterType' has no member 'call'
92 |
93 | private func perform(body: CallBody, via client: StellarClient) async throws -> Data? {
94 | let matter = try Matter.make(type: .call, body: body)
| `- error: type 'MatterType' has no member 'call'
95 | let replyMatter = try await client.request(matter: matter)
96 | let reply = try replyMatter.decodeBody(CallReplyBody.self)
SwiftCompile normal arm64 /Users/admin/builder/spi-builder-workspace/Sources/NebulaClient/Planet/Planet.swift (in target 'NebulaClient' from project 'swift-nebula-client')
cd /Users/admin/builder/spi-builder-workspace/.swiftpm/xcode
builtin-SwiftPerFileCompile Planet.swift
SwiftCompile normal arm64 Compiling\ NebulaClient.swift /Users/admin/builder/spi-builder-workspace/Sources/NebulaClient/NebulaClient.swift (in target 'NebulaClient' from project 'swift-nebula-client')
SwiftCompile normal arm64 /Users/admin/builder/spi-builder-workspace/Sources/NebulaClient/NebulaClient.swift (in target 'NebulaClient' from project 'swift-nebula-client')
cd /Users/admin/builder/spi-builder-workspace/.swiftpm/xcode
builtin-SwiftPerFileCompile NebulaClient.swift
SwiftCompile normal arm64 Compiling\ Moon.swift /Users/admin/builder/spi-builder-workspace/Sources/NebulaClient/Planet/Moon.swift (in target 'NebulaClient' from project 'swift-nebula-client')
SwiftCompile normal arm64 /Users/admin/builder/spi-builder-workspace/Sources/NebulaClient/Planet/Moon.swift (in target 'NebulaClient' from project 'swift-nebula-client')
cd /Users/admin/builder/spi-builder-workspace/.swiftpm/xcode
builtin-SwiftPerFileCompile Moon.swift
SwiftCompile normal arm64 Compiling\ MethodProxy.swift /Users/admin/builder/spi-builder-workspace/Sources/NebulaClient/Planet/MethodProxy.swift (in target 'NebulaClient' from project 'swift-nebula-client')
/Users/admin/builder/spi-builder-workspace/Sources/NebulaClient/Planet/MethodProxy.swift:26:58: error: cannot find type 'ArgumentValue' in scope
24 | @discardableResult
25 | public func dynamicallyCall(
26 | withKeywordArguments args: KeyValuePairs<String, ArgumentValue>
| `- error: cannot find type 'ArgumentValue' in scope
27 | ) async throws -> Data? {
28 | let arguments = try args.map { key, value in
/Users/admin/builder/spi-builder-workspace/Sources/NebulaClient/Planet/MethodProxy.swift:9:1: error: '@dynamicCallable' requires 'MethodProxy' to have either a valid 'dynamicallyCall(withArguments:)' method or 'dynamicallyCall(withKeywordArguments:)' method [#DynamicCallable]
7 | /// via `@dynamicCallable`. Returns `Data?` by default; use `call(as:_:)` for
8 | /// typed decoding.
9 | @dynamicCallable
| `- error: '@dynamicCallable' requires 'MethodProxy' to have either a valid 'dynamicallyCall(withArguments:)' method or 'dynamicallyCall(withKeywordArguments:)' method [#DynamicCallable]
10 | public struct MethodProxy: Sendable {
11 | public let planet: RoguePlanet
/Users/admin/builder/spi-builder-workspace/Sources/NebulaClient/Planet/MethodProxy.swift:41:39: error: cannot find type 'ArgumentValue' in scope
39 | public func call<T: Decodable & Sendable>(
40 | as type: T.Type,
41 | _ args: KeyValuePairs<String, ArgumentValue> = [:]
| `- error: cannot find type 'ArgumentValue' in scope
42 | ) async throws -> T {
43 | let arguments = try args.map { key, value in
/Users/admin/builder/spi-builder-workspace/Sources/NebulaClient/Planet/MethodProxy.swift:29:17: error: cannot find 'Argument' in scope
27 | ) async throws -> Data? {
28 | let arguments = try args.map { key, value in
29 | try Argument.wrap(key: key, value: value)
| `- error: cannot find 'Argument' in scope
30 | }
31 | return try await planet.call(method: method, arguments: arguments)
/Users/admin/builder/spi-builder-workspace/Sources/NebulaClient/Planet/Planet.swift:47:21: error: cannot find type 'Argument' in scope
45 | public func call(
46 | method: String,
47 | arguments: [Argument] = []
| `- error: cannot find type 'Argument' in scope
48 | ) async throws -> Data? {
49 | let body = CallBody(
/Users/admin/builder/spi-builder-workspace/Sources/NebulaClient/Planet/Planet.swift:65:21: error: cannot find type 'Argument' in scope
63 | public func call<T: Decodable>(
64 | method: String,
65 | arguments: [Argument] = [],
| `- error: cannot find type 'Argument' in scope
66 | as type: T.Type
67 | ) async throws -> T {
/Users/admin/builder/spi-builder-workspace/Sources/NebulaClient/Planet/MethodProxy.swift:44:17: error: cannot find 'Argument' in scope
42 | ) async throws -> T {
43 | let arguments = try args.map { key, value in
44 | try Argument.wrap(key: key, value: value)
| `- error: cannot find 'Argument' in scope
45 | }
46 | return try await planet.call(method: method, arguments: arguments, as: type)
[#DynamicCallable]: <https://docs.swift.org/compiler/documentation/diagnostics/dynamic-callable-requirements>
Failed frontend command:
/Applications/Xcode-27.0.0-Release.Candidate.app/Contents/Developer/Toolchains/XcodeDefault.xctoolchain/usr/bin/swift-frontend -frontend -c /Users/admin/builder/spi-builder-workspace/Sources/NebulaClient/Astral/Astral.swift /Users/admin/builder/spi-builder-workspace/Sources/NebulaClient/Comet/Comet.swift /Users/admin/builder/spi-builder-workspace/Sources/NebulaClient/NMT/NMTClients.swift /Users/admin/builder/spi-builder-workspace/Sources/NebulaClient/NebulaClient.swift /Users/admin/builder/spi-builder-workspace/Sources/NebulaClient/NebulaClientError.swift /Users/admin/builder/spi-builder-workspace/Sources/NebulaClient/NebulaURI.swift -primary-file /Users/admin/builder/spi-builder-workspace/Sources/NebulaClient/Planet/MethodProxy.swift /Users/admin/builder/spi-builder-workspace/Sources/NebulaClient/Planet/Moon.swift /Users/admin/builder/spi-builder-workspace/Sources/NebulaClient/Planet/Planet.swift /Users/admin/builder/spi-builder-workspace/Sources/NebulaClient/Planet/Satellite.swift /Users/admin/builder/spi-builder-workspace/Sources/NebulaClient/Subscriber/Subscriber.swift -emit-dependencies-path /Users/admin/builder/spi-builder-workspace/.derivedData/Build/Intermediates.noindex/swift-nebula-client.build/Debug/NebulaClient-t.build/Objects-normal/arm64/MethodProxy.d -emit-const-values-path /Users/admin/builder/spi-builder-workspace/.derivedData/Build/Intermediates.noindex/swift-nebula-client.build/Debug/NebulaClient-t.build/Objects-normal/arm64/MethodProxy.swiftconstvalues -emit-reference-dependencies-path /Users/admin/builder/spi-builder-workspace/.derivedData/Build/Intermediates.noindex/swift-nebula-client.build/Debug/NebulaClient-t.build/Objects-normal/arm64/MethodProxy.swiftdeps -serialize-diagnostics-path /Users/admin/builder/spi-builder-workspace/.derivedData/Build/Intermediates.noindex/swift-nebula-client.build/Debug/NebulaClient-t.build/Objects-normal/arm64/MethodProxy.dia -target arm64-apple-macos15.0 -disable-cross-import-overlay-search -swift-module-cross-import Darwin /Applications/Xcode-27.0.0-Release.Candidate.app/Contents/Developer/Platforms/MacOSX.platform/Developer/SDKs/MacOSX.sdk/usr/include/Darwin.swiftcrossimport/xlocale.swiftoverlay -load-resolved-plugin /Applications/Xcode-27.0.0-Release.Candidate.app/Contents/Developer/Platforms/MacOSX.platform/Developer/usr/lib/swift/host/plugins/libFoundationMacros.dylib\#/Applications/Xcode-27.0.0-Release.Candidate.app/Contents/Developer/Platforms/MacOSX.platform/Developer/usr/bin/swift-plugin-server\#FoundationMacros -load-resolved-plugin /Applications/Xcode-27.0.0-Release.Candidate.app/Contents/Developer/Platforms/MacOSX.platform/Developer/usr/lib/swift/host/plugins/libObservationMacros.dylib\#/Applications/Xcode-27.0.0-Release.Candidate.app/Contents/Developer/Platforms/MacOSX.platform/Developer/usr/bin/swift-plugin-server\#ObservationMacros -load-resolved-plugin /Applications/Xcode-27.0.0-Release.Candidate.app/Contents/Developer/Platforms/MacOSX.platform/Developer/usr/lib/swift/host/plugins/libSwiftMacros.dylib\#/Applications/Xcode-27.0.0-Release.Candidate.app/Contents/Developer/Platforms/MacOSX.platform/Developer/usr/bin/swift-plugin-server\#SwiftMacros -disable-implicit-swift-modules -Xcc -fno-implicit-modules -Xcc -fno-implicit-module-maps -explicit-swift-module-map-file /Users/admin/builder/spi-builder-workspace/.derivedData/Build/Intermediates.noindex/swift-nebula-client.build/Debug/NebulaClient-t.build/Objects-normal/arm64/NebulaClient-dependencies-1.json -Xllvm -aarch64-use-tbi -enable-objc-interop -stack-check -sdk /Applications/Xcode-27.0.0-Release.Candidate.app/Contents/Developer/Platforms/MacOSX.platform/Developer/SDKs/MacOSX27.0.sdk -I /Users/admin/builder/spi-builder-workspace/.derivedData/Build/Products/Debug -Isystem /Applications/Xcode-27.0.0-Release.Candidate.app/Contents/Developer/Platforms/MacOSX.platform/Developer/usr/lib -F /Users/admin/builder/spi-builder-workspace/.derivedData/Build/Products/Debug/PackageFrameworks -F /Users/admin/builder/spi-builder-workspace/.derivedData/Build/Products/Debug -F /Applications/Xcode-27.0.0-Release.Candidate.app/Contents/Developer/Platforms/MacOSX.platform/Developer/Library/Frameworks -module-cache-path /Users/admin/builder/spi-builder-workspace/.derivedData/Build/Intermediates.noindex/SwiftExplicitPrecompiledModules -no-color-diagnostics -Xcc -fno-color-diagnostics -enable-testing -g -debug-info-format\=dwarf -dwarf-version\=5 -profile-generate -profile-coverage-mapping -swift-version 6 -Onone -D SWIFT_PACKAGE -D DEBUG -D SWIFT_MODULE_RESOURCE_BUNDLE_UNAVAILABLE -D Xcode -serialize-debugging-options -enable-experimental-feature DebugDescriptionMacro -empty-abi-descriptor -validate-clang-modules-once -clang-build-session-file /Users/admin/builder/spi-builder-workspace/.derivedData/ModuleCache.noindex/Session.modulevalidation -Xcc -working-directory -Xcc /Users/admin/builder/spi-builder-workspace/.swiftpm/xcode -enable-anonymous-context-mangled-names -file-compilation-dir /Users/admin/builder/spi-builder-workspace/.swiftpm/xcode -Xcc -fmodule-map-file\=/Users/admin/builder/spi-builder-workspace/.derivedData/Build/Intermediates.noindex/GeneratedModuleMaps/CNIOLLHTTP.modulemap -Xcc -fmodule-map-file\=/Users/admin/builder/spi-builder-workspace/.dependencies/checkouts/swift-atomics/Sources/_AtomicsShims/include/module.modulemap -Xcc -fmodule-map-file\=/Users/admin/builder/spi-builder-workspace/.derivedData/Build/Intermediates.noindex/GeneratedModuleMaps/CNIOPosix.modulemap -Xcc -fmodule-map-file\=/Users/admin/builder/spi-builder-workspace/.derivedData/Build/Intermediates.noindex/GeneratedModuleMaps/CNIOWASI.modulemap -Xcc -fmodule-map-file\=/Users/admin/builder/spi-builder-workspace/.dependencies/checkouts/swift-nio/Sources/CNIOWindows/include/module.modulemap -Xcc -fmodule-map-file\=/Users/admin/builder/spi-builder-workspace/.derivedData/Build/Intermediates.noindex/GeneratedModuleMaps/CNIOLinux.modulemap -Xcc -fmodule-map-file\=/Users/admin/builder/spi-builder-workspace/.derivedData/Build/Intermediates.noindex/GeneratedModuleMaps/CNIODarwin.modulemap -Xcc -fmodule-map-file\=/Users/admin/builder/spi-builder-workspace/.derivedData/Build/Intermediates.noindex/GeneratedModuleMaps/CNIOFreeBSD.modulemap -Xcc -fmodule-map-file\=/Users/admin/builder/spi-builder-workspace/.derivedData/Build/Intermediates.noindex/GeneratedModuleMaps/CNIOOpenBSD.modulemap -Xcc -fmodule-map-file\=/Users/admin/builder/spi-builder-workspace/.derivedData/Build/Intermediates.noindex/GeneratedModuleMaps/CNIOAtomics.modulemap -Xcc -D_LIBCPP_HARDENING_MODE\=_LIBCPP_HARDENING_MODE_DEBUG -Xcc -ivfsstatcache -Xcc /Users/admin/builder/spi-builder-workspace/.derivedData/SDKStatCaches.noindex/macosx27.0-26A425-e829b21a6f8c9b70876ba0858053c0446a22442a12e9d48fe1a705f55a1adfc4.sdkstatcache -Xcc -fmodules-prune-interval\=86400 -Xcc -fmodules-prune-after\=345600 -Xcc -I/Users/admin/builder/spi-builder-workspace/.dependencies/checkouts/swift-nio/Sources/CNIOLLHTTP/include -Xcc -I/Users/admin/builder/spi-builder-workspace/.dependencies/checkouts/swift-atomics/Sources/_AtomicsShims/include -Xcc -I/Users/admin/builder/spi-builder-workspace/.dependencies/checkouts/swift-nio/Sources/CNIOPosix/include -Xcc -I/Users/admin/builder/spi-builder-workspace/.dependencies/checkouts/swift-nio/Sources/CNIOWASI/include -Xcc -I/Users/admin/builder/spi-builder-workspace/.dependencies/checkouts/swift-nio/Sources/CNIOWindows/include -Xcc -I/Users/admin/builder/spi-builder-workspace/.dependencies/checkouts/swift-nio/Sources/CNIOLinux/include -Xcc -I/Users/admin/builder/spi-builder-workspace/.dependencies/checkouts/swift-nio/Sources/CNIODarwin/include -Xcc -I/Users/admin/builder/spi-builder-workspace/.dependencies/checkouts/swift-nio/Sources/CNIOFreeBSD/include -Xcc -I/Users/admin/builder/spi-builder-workspace/.dependencies/checkouts/swift-nio/Sources/CNIOOpenBSD/include -Xcc -I/Users/admin/builder/spi-builder-workspace/.dependencies/checkouts/swift-nio/Sources/CNIOAtomics/include -Xcc -I/Users/admin/builder/spi-builder-workspace/.derivedData/Build/Products/Debug/include -Xcc -I/Users/admin/builder/spi-builder-workspace/.derivedData/Build/Intermediates.noindex/swift-nebula-client.build/Debug/NebulaClient-t.build/DerivedSources-normal/arm64 -Xcc -I/Users/admin/builder/spi-builder-workspace/.derivedData/Build/Intermediates.noindex/swift-nebula-client.build/Debug/NebulaClient-t.build/DerivedSources/arm64 -Xcc -I/Users/admin/builder/spi-builder-workspace/.derivedData/Build/Intermediates.noindex/swift-nebula-client.build/Debug/NebulaClient-t.build/DerivedSources -Xcc -DSWIFT_PACKAGE -Xcc -DDEBUG\=1 -no-auto-bridging-header-chaining -module-name NebulaClient -package-name spi_builder_workspace -const-gather-protocols-file /Users/admin/builder/spi-builder-workspace/.derivedData/Build/Intermediates.noindex/swift-nebula-client.build/Debug/NebulaClient-t.build/Objects-normal/arm64/NebulaClient_const_extract_protocols.json -disable-clang-spi -clang-target arm64-apple-macos27.0 -target-sdk-version 27.0 -target-sdk-name macosx27.0 -in-process-plugin-server-path /Applications/Xcode-27.0.0-Release.Candidate.app/Contents/Developer/Toolchains/XcodeDefault.xctoolchain/usr/lib/swift/host/libSwiftInProcPluginServer.dylib -parse-as-library -o /Users/admin/builder/spi-builder-workspace/.derivedData/Build/Intermediates.noindex/swift-nebula-client.build/Debug/NebulaClient-t.build/Objects-normal/arm64/MethodProxy.o -debug-module-path /Users/admin/builder/spi-builder-workspace/.derivedData/Build/Intermediates.noindex/swift-nebula-client.build/Debug/NebulaClient-t.build/Objects-normal/arm64/NebulaClient.swiftmodule -index-unit-output-path /swift-nebula-client.build/Debug/NebulaClient-t.build/Objects-normal/arm64/MethodProxy.o -index-store-path /Users/admin/builder/spi-builder-workspace/.derivedData/Index.noindex/DataStore -index-system-modules
SwiftCompile normal arm64 /Users/admin/builder/spi-builder-workspace/Sources/NebulaClient/Planet/MethodProxy.swift (in target 'NebulaClient' from project 'swift-nebula-client')
cd /Users/admin/builder/spi-builder-workspace/.swiftpm/xcode
builtin-SwiftPerFileCompile MethodProxy.swift
SwiftCompile normal arm64 Compiling\ Satellite.swift /Users/admin/builder/spi-builder-workspace/Sources/NebulaClient/Planet/Satellite.swift (in target 'NebulaClient' from project 'swift-nebula-client')
SwiftCompile normal arm64 /Users/admin/builder/spi-builder-workspace/Sources/NebulaClient/Planet/Satellite.swift (in target 'NebulaClient' from project 'swift-nebula-client')
cd /Users/admin/builder/spi-builder-workspace/.swiftpm/xcode
builtin-SwiftPerFileCompile Satellite.swift
SwiftCompile normal arm64 Compiling\ Astral.swift,\ Comet.swift /Users/admin/builder/spi-builder-workspace/Sources/NebulaClient/Astral/Astral.swift /Users/admin/builder/spi-builder-workspace/Sources/NebulaClient/Comet/Comet.swift (in target 'NebulaClient' from project 'swift-nebula-client')
SwiftCompile normal arm64 /Users/admin/builder/spi-builder-workspace/Sources/NebulaClient/Astral/Astral.swift (in target 'NebulaClient' from project 'swift-nebula-client')
cd /Users/admin/builder/spi-builder-workspace/.swiftpm/xcode
builtin-SwiftPerFileCompile Astral.swift
SwiftCompile normal arm64 /Users/admin/builder/spi-builder-workspace/Sources/NebulaClient/Comet/Comet.swift (in target 'NebulaClient' from project 'swift-nebula-client')
cd /Users/admin/builder/spi-builder-workspace/.swiftpm/xcode
builtin-SwiftPerFileCompile Comet.swift
SwiftCompile normal arm64 Compiling\ Subscriber.swift /Users/admin/builder/spi-builder-workspace/Sources/NebulaClient/Subscriber/Subscriber.swift (in target 'NebulaClient' from project 'swift-nebula-client')
/Users/admin/builder/spi-builder-workspace/Sources/NebulaClient/Subscriber/Subscriber.swift:25:36: error: cannot find type 'EnqueueBody' in scope
23 |
24 | /// Server-pushed events from Galaxy's `BrokerCluster`.
25 | public let events: AsyncStream<EnqueueBody>
| `- error: cannot find type 'EnqueueBody' in scope
26 |
27 | private let galaxyClient: GalaxyClient
/Users/admin/builder/spi-builder-workspace/Sources/NebulaClient/Subscriber/Subscriber.swift:28:48: error: cannot find type 'EnqueueBody' in scope
26 |
27 | private let galaxyClient: GalaxyClient
28 | private let eventContinuation: AsyncStream<EnqueueBody>.Continuation
| `- error: cannot find type 'EnqueueBody' in scope
29 |
30 | public init(
/Users/admin/builder/spi-builder-workspace/Sources/NebulaClient/Subscriber/Subscriber.swift:45:31: error: cannot find type 'EnqueueBody' in scope
43 | self.galaxyClient = client
44 |
45 | var cont: AsyncStream<EnqueueBody>.Continuation!
| `- error: cannot find type 'EnqueueBody' in scope
46 | self.events = AsyncStream { cont = $0 }
47 | self.eventContinuation = cont
/Users/admin/builder/spi-builder-workspace/Sources/NebulaClient/Subscriber/Subscriber.swift:46:23: error: generic parameter 'Element' could not be inferred
44 |
45 | var cont: AsyncStream<EnqueueBody>.Continuation!
46 | self.events = AsyncStream { cont = $0 }
| |- error: generic parameter 'Element' could not be inferred
| `- note: explicitly specify the generic arguments to fix this issue
47 | self.eventContinuation = cont
48 |
/Users/admin/builder/spi-builder-workspace/Sources/NebulaClient/Subscriber/Subscriber.swift:49:20: error: cannot find 'SubscribeBody' in scope
47 | self.eventContinuation = cont
48 |
49 | let body = SubscribeBody(topic: topic, subscription: subscription)
| `- error: cannot find 'SubscribeBody' in scope
50 | let matter = try Matter.make(type: .subscribe, body: body)
51 | _ = try await client.request(matter: matter)
SwiftCompile normal arm64 /Users/admin/builder/spi-builder-workspace/Sources/NebulaClient/Subscriber/Subscriber.swift (in target 'NebulaClient' from project 'swift-nebula-client')
cd /Users/admin/builder/spi-builder-workspace/.swiftpm/xcode
builtin-SwiftPerFileCompile Subscriber.swift
SwiftCompile normal arm64 Compiling\ NebulaURI.swift /Users/admin/builder/spi-builder-workspace/Sources/NebulaClient/NebulaURI.swift (in target 'NebulaClient' from project 'swift-nebula-client')
SwiftCompile normal arm64 /Users/admin/builder/spi-builder-workspace/Sources/NebulaClient/NebulaURI.swift (in target 'NebulaClient' from project 'swift-nebula-client')
cd /Users/admin/builder/spi-builder-workspace/.swiftpm/xcode
builtin-SwiftPerFileCompile NebulaURI.swift
SwiftCompile normal arm64 Compiling\ NebulaClientError.swift /Users/admin/builder/spi-builder-workspace/Sources/NebulaClient/NebulaClientError.swift (in target 'NebulaClient' from project 'swift-nebula-client')
SwiftCompile normal arm64 /Users/admin/builder/spi-builder-workspace/Sources/NebulaClient/NebulaClientError.swift (in target 'NebulaClient' from project 'swift-nebula-client')
cd /Users/admin/builder/spi-builder-workspace/.swiftpm/xcode
builtin-SwiftPerFileCompile NebulaClientError.swift
SwiftDriverJobDiscovery normal arm64 Compiling Satellite.swift (in target 'NebulaClient' from project 'swift-nebula-client')
PruneExplicitPrecompiledModules /Users/admin/builder/spi-builder-workspace/.derivedData/Build/Intermediates.noindex/ExplicitPrecompiledModules
PruneExplicitPrecompiledModules /Users/admin/builder/spi-builder-workspace/.derivedData/SDKExplicitPrecompiledModules
PruneExplicitPrecompiledModules /Users/admin/builder/spi-builder-workspace/.derivedData/Build/Intermediates.noindex/SwiftExplicitPrecompiledModules
2026-09-24 13:14:08.515 xcodebuild[1868:9906] [MT] IDERunDestination: Supported platforms for the buildables in the current scheme is empty.
--- xcodebuild: WARNING: Using the first of multiple matching destinations:
{ platform:macOS, arch:arm64, id:984711139517febecec47c903a6d8d84e2bd3a51, name:My Mac }
{ platform:macOS, arch:arm64, variant:Mac Catalyst, id:984711139517febecec47c903a6d8d84e2bd3a51, name:My Mac }
{ platform:macOS, arch:arm64, variant:DriverKit, id:984711139517febecec47c903a6d8d84e2bd3a51, name:My Mac }
{ platform:macOS, arch:arm64, variant:Designed for [iPad,iPhone], id:984711139517febecec47c903a6d8d84e2bd3a51, name:My Mac }
** BUILD FAILED **
The following build commands failed:
SwiftCompile normal arm64 Compiling\ MethodProxy.swift /Users/admin/builder/spi-builder-workspace/Sources/NebulaClient/Planet/MethodProxy.swift (in target 'NebulaClient' from project 'swift-nebula-client')
SwiftCompile normal arm64 /Users/admin/builder/spi-builder-workspace/Sources/NebulaClient/Planet/MethodProxy.swift (in target 'NebulaClient' from project 'swift-nebula-client')
Building workspace swift-nebula-client with scheme swift-nebula-client
(3 failures)
BUILD FAILURE 6.4 macosXcodebuild