Build Information
Failed to build TestSpy, reference master (bf53ad), with Swift 6.4 for iOS using Xcode 27.0 on 17 Sep 2026 06:56:02 UTC.
Build Command
env DEVELOPER_DIR=/Applications/Xcode-27.0.0-Release.Candidate.app xcrun xcodebuild -IDEClonedSourcePackagesDirPathOverride=$PWD/.dependencies -skipMacroValidation -skipPackagePluginValidation -derivedDataPath $PWD/.derivedData build -scheme TestSpy -destination generic/platform=iOSBuild Log
========================================
RunAll
========================================
Builder version: 5.1.0
Interrupt handler set up.
========================================
Checkout
========================================
Clone URL: https://github.com/f-meloni/TestSpy.git
Reference: master
Initialized empty Git repository in /Users/admin/builder/spi-builder-workspace/.git/
From https://github.com/f-meloni/TestSpy
* branch master -> FETCH_HEAD
* [new branch] master -> origin/master
HEAD is now at bf53adc Merge pull request #9 from f-meloni/dependabot/bundler/cocoapods-downloader-1.6.3
Cloned https://github.com/f-meloni/TestSpy.git
Revision (git rev-parse @):
bf53adc8423743f44922627c6ada4825cfee3627
SUCCESS checkout https://github.com/f-meloni/TestSpy.git at master
========================================
Build
========================================
Selected platform: iOS
Swift version: 6.4
Building package at path: $PWD
https://github.com/f-meloni/TestSpy.git
Command line invocation:
/Applications/Xcode-27.0.0-Release.Candidate.app/Contents/Developer/usr/bin/xcodebuild -IDEClonedSourcePackagesDirPathOverride=/Users/admin/builder/spi-builder-workspace/.dependencies -resolvePackageDependencies
resolved source packages:
{
"dependencies" : [
{
"identity" : "nimble",
"requirement" : {
"range" : [
{
"lower_bound" : "8.1.1",
"upper_bound" : "9.0.0"
}
]
},
"type" : "sourceControl",
"url" : "https://github.com/Quick/Nimble"
},
{
"identity" : "quick",
"requirement" : {
"range" : [
{
"lower_bound" : "3.0.0",
"upper_bound" : "4.0.0"
}
]
},
"type" : "sourceControl",
"url" : "https://github.com/Quick/Quick"
}
],
"manifest_display_name" : "TestSpy",
"name" : "TestSpy",
"path" : "/Users/admin/builder/spi-builder-workspace",
"platforms" : [
],
"products" : [
{
"name" : "TestSpy",
"targets" : [
"TestSpy"
],
"type" : {
"library" : [
"automatic"
]
}
}
],
"swift_languages_versions" : [
"5"
],
"targets" : [
{
"c99name" : "TestSpyTests",
"module_type" : "SwiftTarget",
"name" : "TestSpyTests",
"path" : "Tests/TestSpyTests",
"product_dependencies" : [
"Quick"
],
"sources" : [
"CallStackContainerSpec.swift",
"CallstackMatcherSpec.swift",
"CallstackMatchers+NimbleSpec.swift",
"Test Classes/FakeCallstackPredicate.swift",
"Test Classes/TestMethod.swift",
"Test Classes/TestSpyObject.swift",
"TestSpy+MatchersSpec.swift",
"TestSpySpec.swift",
"XCTestManifests.swift"
],
"target_dependencies" : [
"TestSpy"
],
"type" : "test"
},
{
"c99name" : "TestSpy",
"module_type" : "SwiftTarget",
"name" : "TestSpy",
"path" : "Sources/TestSpy",
"product_dependencies" : [
"Nimble"
],
"product_memberships" : [
"TestSpy"
],
"sources" : [
"Nimble Matchers/TestSpy+Matchers.swift",
"TestSpy/CallstackContainer.swift",
"TestSpy/Predicates/AnyCallstackPredicate.swift",
"TestSpy/Predicates/CallStackMatcher/AfterMatcher.swift",
"TestSpy/Predicates/CallStackMatcher/AnyMatcher.swift",
"TestSpy/Predicates/CallStackMatcher/AtleastMatcher.swift",
"TestSpy/Predicates/CallStackMatcher/BeforeMatcher.swift",
"TestSpy/Predicates/CallStackMatcher/CallstackPredicates.swift",
"TestSpy/Predicates/CallStackMatcher/ImmediatelyAfterMatcher.swift",
"TestSpy/Predicates/CallStackMatcher/ImmediatelyBeforeMatcher.swift",
"TestSpy/Predicates/CallStackMatcher/NeverMatcher.swift",
"TestSpy/Predicates/CallStackMatcher/OnlyMatcher.swift",
"TestSpy/Predicates/CallStackMatcher/TimesMatcher.swift",
"TestSpy/Predicates/CallstackMatcher.swift",
"TestSpy/Predicates/CallstackPredicate.swift",
"TestSpy/Predicates/CallstackVerifyer.swift",
"TestSpy/TestSpy.swift"
],
"type" : "library"
}
],
"tools_version" : "5.0"
}
{
"project" : {
"configurations" : [
"Debug",
"Release"
],
"name" : "TestSpy",
"schemes" : [
"TestSpy"
],
"targets" : [
"TestSpy",
"TestSpyTests"
]
}
}
Running build ...
env DEVELOPER_DIR=/Applications/Xcode-27.0.0-Release.Candidate.app xcrun xcodebuild -IDEClonedSourcePackagesDirPathOverride=$PWD/.dependencies -skipMacroValidation -skipPackagePluginValidation -derivedDataPath $PWD/.derivedData build -scheme TestSpy -destination generic/platform=iOS
Command line invocation:
/Applications/Xcode-27.0.0-Release.Candidate.app/Contents/Developer/usr/bin/xcodebuild -IDEClonedSourcePackagesDirPathOverride=/Users/admin/builder/spi-builder-workspace/.dependencies -skipMacroValidation -skipPackagePluginValidation -derivedDataPath /Users/admin/builder/spi-builder-workspace/.derivedData build -scheme TestSpy -destination generic/platform=iOS
ComputePackagePrebuildTargetDependencyGraph
Prepare packages
CreateBuildRequest
SendProjectDescription
CreateBuildOperation
ComputeTargetDependencyGraph
note: Building targets in dependency order
note: Target dependency graph (1 target)
Target 'TestSpy' in project 'TestSpy' (no dependencies)
GatherProvisioningInputs
CreateBuildDescription
ExecuteExternalTool /Applications/Xcode-27.0.0-Release.Candidate.app/Contents/Developer/Toolchains/XcodeDefault.xctoolchain/usr/bin/clang -v -E -dM -isysroot /Applications/Xcode-27.0.0-Release.Candidate.app/Contents/Developer/Platforms/iPhoneOS.platform/Developer/SDKs/iPhoneOS27.0.sdk -x c -c /dev/null
ExecuteExternalTool /Applications/Xcode-27.0.0-Release.Candidate.app/Contents/Developer/Toolchains/XcodeDefault.xctoolchain/usr/bin/clang -v -E -dM -arch arm64 -isysroot /Applications/Xcode-27.0.0-Release.Candidate.app/Contents/Developer/Platforms/iPhoneOS.platform/Developer/SDKs/iPhoneOS27.0.sdk -x c -c /dev/null
ExecuteExternalTool /Applications/Xcode-27.0.0-Release.Candidate.app/Contents/Developer/Toolchains/XcodeDefault.xctoolchain/usr/bin/swiftc --version
ExecuteExternalTool /Applications/Xcode-27.0.0-Release.Candidate.app/Contents/Developer/Toolchains/XcodeDefault.xctoolchain/usr/bin/ld -version_details
Build description signature: bf8d158c5e2dab1ab94f85b42989302c
Build description path: /Users/admin/builder/spi-builder-workspace/.derivedData/Build/Intermediates.noindex/XCBuildData/bf8d158c5e2dab1ab94f85b42989302c.xcbuilddata
/Users/admin/builder/spi-builder-workspace/TestSpy.xcodeproj: error: The iOS deployment target 'IPHONEOS_DEPLOYMENT_TARGET' is set to 9.0, but the range of supported deployment target versions is 15.0 to 27.0.x. (in target 'TestSpy' from project 'TestSpy')
** BUILD FAILED **
The following build commands failed:
Building project TestSpy with scheme TestSpy
(1 failure)
Command line invocation:
/Applications/Xcode-27.0.0-Release.Candidate.app/Contents/Developer/usr/bin/xcodebuild -IDEClonedSourcePackagesDirPathOverride=/Users/admin/builder/spi-builder-workspace/.dependencies -resolvePackageDependencies
resolved source packages:
{
"dependencies" : [
{
"identity" : "nimble",
"requirement" : {
"range" : [
{
"lower_bound" : "8.1.1",
"upper_bound" : "9.0.0"
}
]
},
"type" : "sourceControl",
"url" : "https://github.com/Quick/Nimble"
},
{
"identity" : "quick",
"requirement" : {
"range" : [
{
"lower_bound" : "3.0.0",
"upper_bound" : "4.0.0"
}
]
},
"type" : "sourceControl",
"url" : "https://github.com/Quick/Quick"
}
],
"manifest_display_name" : "TestSpy",
"name" : "TestSpy",
"path" : "/Users/admin/builder/spi-builder-workspace",
"platforms" : [
],
"products" : [
{
"name" : "TestSpy",
"targets" : [
"TestSpy"
],
"type" : {
"library" : [
"automatic"
]
}
}
],
"swift_languages_versions" : [
"5"
],
"targets" : [
{
"c99name" : "TestSpyTests",
"module_type" : "SwiftTarget",
"name" : "TestSpyTests",
"path" : "Tests/TestSpyTests",
"product_dependencies" : [
"Quick"
],
"sources" : [
"CallStackContainerSpec.swift",
"CallstackMatcherSpec.swift",
"CallstackMatchers+NimbleSpec.swift",
"Test Classes/FakeCallstackPredicate.swift",
"Test Classes/TestMethod.swift",
"Test Classes/TestSpyObject.swift",
"TestSpy+MatchersSpec.swift",
"TestSpySpec.swift",
"XCTestManifests.swift"
],
"target_dependencies" : [
"TestSpy"
],
"type" : "test"
},
{
"c99name" : "TestSpy",
"module_type" : "SwiftTarget",
"name" : "TestSpy",
"path" : "Sources/TestSpy",
"product_dependencies" : [
"Nimble"
],
"product_memberships" : [
"TestSpy"
],
"sources" : [
"Nimble Matchers/TestSpy+Matchers.swift",
"TestSpy/CallstackContainer.swift",
"TestSpy/Predicates/AnyCallstackPredicate.swift",
"TestSpy/Predicates/CallStackMatcher/AfterMatcher.swift",
"TestSpy/Predicates/CallStackMatcher/AnyMatcher.swift",
"TestSpy/Predicates/CallStackMatcher/AtleastMatcher.swift",
"TestSpy/Predicates/CallStackMatcher/BeforeMatcher.swift",
"TestSpy/Predicates/CallStackMatcher/CallstackPredicates.swift",
"TestSpy/Predicates/CallStackMatcher/ImmediatelyAfterMatcher.swift",
"TestSpy/Predicates/CallStackMatcher/ImmediatelyBeforeMatcher.swift",
"TestSpy/Predicates/CallStackMatcher/NeverMatcher.swift",
"TestSpy/Predicates/CallStackMatcher/OnlyMatcher.swift",
"TestSpy/Predicates/CallStackMatcher/TimesMatcher.swift",
"TestSpy/Predicates/CallstackMatcher.swift",
"TestSpy/Predicates/CallstackPredicate.swift",
"TestSpy/Predicates/CallstackVerifyer.swift",
"TestSpy/TestSpy.swift"
],
"type" : "library"
}
],
"tools_version" : "5.0"
}
{
"project" : {
"configurations" : [
"Debug",
"Release"
],
"name" : "TestSpy",
"schemes" : [
"TestSpy"
],
"targets" : [
"TestSpy",
"TestSpyTests"
]
}
}
Running build ...
env DEVELOPER_DIR=/Applications/Xcode-27.0.0-Release.Candidate.app xcrun xcodebuild -IDEClonedSourcePackagesDirPathOverride=$PWD/.dependencies -skipMacroValidation -skipPackagePluginValidation -derivedDataPath $PWD/.derivedData build -scheme TestSpy -destination generic/platform=iOS
Command line invocation:
/Applications/Xcode-27.0.0-Release.Candidate.app/Contents/Developer/usr/bin/xcodebuild -IDEClonedSourcePackagesDirPathOverride=/Users/admin/builder/spi-builder-workspace/.dependencies -skipMacroValidation -skipPackagePluginValidation -derivedDataPath /Users/admin/builder/spi-builder-workspace/.derivedData build -scheme TestSpy -destination generic/platform=iOS
ComputePackagePrebuildTargetDependencyGraph
Prepare packages
CreateBuildRequest
SendProjectDescription
CreateBuildOperation
ComputeTargetDependencyGraph
note: Building targets in dependency order
note: Target dependency graph (1 target)
Target 'TestSpy' in project 'TestSpy' (no dependencies)
GatherProvisioningInputs
CreateBuildDescription
/Users/admin/builder/spi-builder-workspace/TestSpy.xcodeproj: error: The iOS deployment target 'IPHONEOS_DEPLOYMENT_TARGET' is set to 9.0, but the range of supported deployment target versions is 15.0 to 27.0.x. (in target 'TestSpy' from project 'TestSpy')
** BUILD FAILED **
The following build commands failed:
Building project TestSpy with scheme TestSpy
(1 failure)
BUILD FAILURE 6.4 iOS