The Swift Package Index logo.Swift Package Index

Build Information

Failed to build SwiftUIPullToRefresh, reference 0.0.1 (07a483), with Swift 6.4 for macOS (SPM) on 20 Sep 2026 21:48:58 UTC.

Build Command

env DEVELOPER_DIR=/Applications/Xcode-27.0.0-Release.Candidate.app xcrun swift build --arch arm64

Build Log

========================================
RunAll
========================================
Builder version: 5.1.0
Interrupt handler set up.
========================================
Checkout
========================================
Clone URL: https://github.com/tnrvrd/SwiftUIPullToRefresh.git
Reference: 0.0.1
Initialized empty Git repository in /Users/admin/builder/spi-builder-workspace/.git/
From https://github.com/tnrvrd/SwiftUIPullToRefresh
 * tag               0.0.1      -> FETCH_HEAD
HEAD is now at 07a483d Merge pull request #1 from muhammedtanriverdi/add-license-1
Cloned https://github.com/tnrvrd/SwiftUIPullToRefresh.git
Revision (git rev-parse @):
07a483dff176bf44a70c9f0e8bc19afde1b92421
SUCCESS checkout https://github.com/tnrvrd/SwiftUIPullToRefresh.git at 0.0.1
========================================
Build
========================================
Selected platform:         macosSpm
Swift version:             6.4
Building package at path:  $PWD
https://github.com/tnrvrd/SwiftUIPullToRefresh.git
Running build ...
env DEVELOPER_DIR=/Applications/Xcode-27.0.0-Release.Candidate.app xcrun swift build --arch arm64
Building for debugging...
[Planning deferred tasks]
[19 / 28]
[20 / 29] SwiftUIPullToRefresh
[30 / 97]
[33 / 97]
[41 / 97]
[43 / 97]
[44 / 97]
[49 / 97]
[52 / 97]
[55 / 97]
[61 / 97]
[64 / 97]
[66 / 97]
[67 / 97]
[77 / 97]
[79 / 97]
[80 / 97]
[83 / 97]
[85 / 97]
[88 / 97] SwiftUIPullToRefresh
error: SwiftCompile normal arm64 failed with a nonzero exit code. Command line:     cd /Users/admin/builder

/Users/admin/builder/spi-builder-workspace/Sources/SwiftUIPullToRefresh/SwiftUIPullToRefresh.swift:36:90: error: cannot find type 'UIView' in scope
34 |     }
35 |
36 |     public func makeUIView(context: UIViewRepresentableContext<SwiftUIPullToRefresh>) -> UIView {
   |                                                                                          `- error: cannot find type 'UIView' in scope
37 |         return UIView(frame: .zero)
38 |     }
/Users/admin/builder/spi-builder-workspace/Sources/SwiftUIPullToRefresh/SwiftUIPullToRefresh.swift:36:37: error: cannot find type 'UIViewRepresentableContext' in scope
34 |     }
35 |
36 |     public func makeUIView(context: UIViewRepresentableContext<SwiftUIPullToRefresh>) -> UIView {
   |                                     `- error: cannot find type 'UIViewRepresentableContext' in scope
37 |         return UIView(frame: .zero)
38 |     }
/Users/admin/builder/spi-builder-workspace/Sources/SwiftUIPullToRefresh/SwiftUIPullToRefresh.swift:40:46: error: cannot find type 'UIScrollView' in scope
38 |     }
39 |
40 |     private func scrollView(root: UIView) -> UIScrollView? {
   |                                              `- error: cannot find type 'UIScrollView' in scope
41 |         for subview in root.subviews {
42 |             if let scrollView = subview as? UIScrollView {
/Users/admin/builder/spi-builder-workspace/Sources/SwiftUIPullToRefresh/SwiftUIPullToRefresh.swift:40:35: error: cannot find type 'UIView' in scope
38 |     }
39 |
40 |     private func scrollView(root: UIView) -> UIScrollView? {
   |                                   `- error: cannot find type 'UIView' in scope
41 |         for subview in root.subviews {
42 |             if let scrollView = subview as? UIScrollView {
/Users/admin/builder/spi-builder-workspace/Sources/SwiftUIPullToRefresh/SwiftUIPullToRefresh.swift:52:40: error: cannot find type 'UIView' in scope
50 |
51 |
52 |     public func updateUIView(_ uiView: UIView, context: UIViewRepresentableContext<SwiftUIPullToRefresh>) {
   |                                        `- error: cannot find type 'UIView' in scope
53 |
54 |         DispatchQueue.main.asyncAfter(deadline: .now()) {
/Users/admin/builder/spi-builder-workspace/Sources/SwiftUIPullToRefresh/SwiftUIPullToRefresh.swift:52:57: error: cannot find type 'UIViewRepresentableContext' in scope
50 |
51 |
52 |     public func updateUIView(_ uiView: UIView, context: UIViewRepresentableContext<SwiftUIPullToRefresh>) {
   |                                                         `- error: cannot find type 'UIViewRepresentableContext' in scope
53 |
54 |         DispatchQueue.main.asyncAfter(deadline: .now()) {
/Users/admin/builder/spi-builder-workspace/Sources/SwiftUIPullToRefresh/SwiftUIPullToRefresh.swift:4:37: error: cannot find type 'UIViewRepresentable' in scope
 2 |
 3 | @available(iOS 13.0, OSX 10.15, tvOS 13.0, watchOS 6.0, *)
 4 | public struct SwiftUIPullToRefresh: UIViewRepresentable {
   |                                     `- error: cannot find type 'UIViewRepresentable' in scope
 5 |
 6 |     let action: () -> Void
Failed frontend command:
/Applications/Xcode-27.0.0-Release.Candidate.app/Contents/Developer/Toolchains/XcodeDefault.xctoolchain/usr/bin/swift-frontend -frontend -emit-module -experimental-skip-non-inlinable-function-bodies-without-types /Users/admin/builder/spi-builder-workspace/Sources/SwiftUIPullToRefresh/SwiftUIPullToRefresh.swift -target arm64-apple-macos12.0 -disable-cross-import-overlay-search -load-resolved-plugin /Applications/Xcode-27.0.0-Release.Candidate.app/Contents/Developer/Platforms/MacOSX.platform/Developer/usr/lib/swift/host/plugins/libFoundationMacros.dylib\#/Applications/Xcode-27.0.0-Release.Candidate.app/Contents/Developer/Platforms/MacOSX.platform/Developer/usr/bin/swift-plugin-server\#FoundationMacros -load-resolved-plugin /Applications/Xcode-27.0.0-Release.Candidate.app/Contents/Developer/Platforms/MacOSX.platform/Developer/usr/lib/swift/host/plugins/libObservationMacros.dylib\#/Applications/Xcode-27.0.0-Release.Candidate.app/Contents/Developer/Platforms/MacOSX.platform/Developer/usr/bin/swift-plugin-server\#ObservationMacros -load-resolved-plugin /Applications/Xcode-27.0.0-Release.Candidate.app/Contents/Developer/Platforms/MacOSX.platform/Developer/usr/lib/swift/host/plugins/libPreviewsMacros.dylib\#/Applications/Xcode-27.0.0-Release.Candidate.app/Contents/Developer/Platforms/MacOSX.platform/Developer/usr/bin/swift-plugin-server\#PreviewsMacros -load-resolved-plugin /Applications/Xcode-27.0.0-Release.Candidate.app/Contents/Developer/Platforms/MacOSX.platform/Developer/usr/lib/swift/host/plugins/libSwiftMacros.dylib\#/Applications/Xcode-27.0.0-Release.Candidate.app/Contents/Developer/Platforms/MacOSX.platform/Developer/usr/bin/swift-plugin-server\#SwiftMacros -load-resolved-plugin /Applications/Xcode-27.0.0-Release.Candidate.app/Contents/Developer/Platforms/MacOSX.platform/Developer/usr/lib/swift/host/plugins/libSwiftUIMacros.dylib\#/Applications/Xcode-27.0.0-Release.Candidate.app/Contents/Developer/Platforms/MacOSX.platform/Developer/usr/bin/swift-plugin-server\#SwiftUIMacros -disable-implicit-swift-modules -Xcc -fno-implicit-modules -Xcc -fno-implicit-module-maps -explicit-swift-module-map-file /Users/admin/builder/spi-builder-workspace/.build/out/Intermediates.noindex/SwiftUIPullToRefresh.build/Debug/SwiftUIPullToRefresh-t.build/Objects-normal/arm64/SwiftUIPullToRefresh-dependencies-1.json -Xllvm -aarch64-use-tbi -enable-objc-interop -stack-check -sdk /Applications/Xcode-27.0.0-Release.Candidate.app/Contents/Developer/Platforms/MacOSX.platform/Developer/SDKs/MacOSX27.0.sdk -I /Users/admin/builder/spi-builder-workspace/.build/out/Products/Debug -Isystem /Applications/Xcode-27.0.0-Release.Candidate.app/Contents/Developer/Platforms/MacOSX.platform/Developer/usr/lib -F /Users/admin/builder/spi-builder-workspace/.build/out/Products/Debug -F /Applications/Xcode-27.0.0-Release.Candidate.app/Contents/Developer/Platforms/MacOSX.platform/Developer/Library/Frameworks -module-cache-path /Users/admin/builder/spi-builder-workspace/.build/out/Intermediates.noindex/SwiftExplicitPrecompiledModules -color-diagnostics -Xcc -fcolor-diagnostics -enable-testing -g -debug-info-format\=dwarf -dwarf-version\=4 -swift-version 5 -Onone -D SWIFT_PACKAGE -D DEBUG -D SWIFT_MODULE_RESOURCE_BUNDLE_UNAVAILABLE -D Xcode -serialize-debugging-options -enable-experimental-feature DebugDescriptionMacro -empty-abi-descriptor -validate-clang-modules-once -clang-build-session-file /Users/admin/builder/spi-builder-workspace/.build/out/ModuleCache.noindex/Session.modulevalidation -Xcc -working-directory -Xcc /Users/admin/builder -enable-anonymous-context-mangled-names -file-compilation-dir /Users/admin/builder -Xcc -D_LIBCPP_HARDENING_MODE\=_LIBCPP_HARDENING_MODE_DEBUG -Xcc -ivfsstatcache -Xcc /Users/admin/builder/spi-builder-workspace/.build/out/SDKStatCaches.noindex/macosx27.0-26A425-80c5bbf1d171475443272936d42f90a36a22442a12e9d48fe1a705f55a1adfc4.sdkstatcache -Xcc -fmodules-prune-interval\=86400 -Xcc -fmodules-prune-after\=345600 -Xcc -I/Users/admin/builder/spi-builder-workspace/.build/out/Products/Debug/include -Xcc -I/Users/admin/builder/spi-builder-workspace/.build/out/Intermediates.noindex/SwiftUIPullToRefresh.build/Debug/SwiftUIPullToRefresh-t.build/DerivedSources-normal/arm64 -Xcc -I/Users/admin/builder/spi-builder-workspace/.build/out/Intermediates.noindex/SwiftUIPullToRefresh.build/Debug/SwiftUIPullToRefresh-t.build/DerivedSources/arm64 -Xcc -I/Users/admin/builder/spi-builder-workspace/.build/out/Intermediates.noindex/SwiftUIPullToRefresh.build/Debug/SwiftUIPullToRefresh-t.build/DerivedSources -Xcc -DSWIFT_PACKAGE -Xcc -DDEBUG\=1 -no-auto-bridging-header-chaining -module-name SwiftUIPullToRefresh -const-gather-protocols-file /Users/admin/builder/spi-builder-workspace/.build/out/Intermediates.noindex/SwiftUIPullToRefresh.build/Debug/SwiftUIPullToRefresh-t.build/Objects-normal/arm64/SwiftUIPullToRefresh_const_extract_protocols.json -disable-clang-spi -clang-target arm64-apple-macos27.0 -target-sdk-version 27.0 -target-sdk-name macosx27.0 -in-process-plugin-server-path /Applications/Xcode-27.0.0-Release.Candidate.app/Contents/Developer/Toolchains/XcodeDefault.xctoolchain/usr/lib/swift/host/libSwiftInProcPluginServer.dylib -emit-module-doc-path /Users/admin/builder/spi-builder-workspace/.build/out/Intermediates.noindex/SwiftUIPullToRefresh.build/Debug/SwiftUIPullToRefresh-t.build/Objects-normal/arm64/SwiftUIPullToRefresh.swiftdoc -emit-module-source-info-path /Users/admin/builder/spi-builder-workspace/.build/out/Intermediates.noindex/SwiftUIPullToRefresh.build/Debug/SwiftUIPullToRefresh-t.build/Objects-normal/arm64/SwiftUIPullToRefresh.swiftsourceinfo -emit-objc-header-path /Users/admin/builder/spi-builder-workspace/.build/out/Intermediates.noindex/SwiftUIPullToRefresh.build/Debug/SwiftUIPullToRefresh-t.build/Objects-normal/arm64/SwiftUIPullToRefresh-Swift.h -serialize-diagnostics-path /Users/admin/builder/spi-builder-workspace/.build/out/Intermediates.noindex/SwiftUIPullToRefresh.build/Debug/SwiftUIPullToRefresh-t.build/Objects-normal/arm64/SwiftUIPullToRefresh-primary-emit-module.dia -emit-dependencies-path /Users/admin/builder/spi-builder-workspace/.build/out/Intermediates.noindex/SwiftUIPullToRefresh.build/Debug/SwiftUIPullToRefresh-t.build/Objects-normal/arm64/SwiftUIPullToRefresh-primary-emit-module.d -parse-as-library -o /Users/admin/builder/spi-builder-workspace/.build/out/Intermediates.noindex/SwiftUIPullToRefresh.build/Debug/SwiftUIPullToRefresh-t.build/Objects-normal/arm64/SwiftUIPullToRefresh.swiftmodule -emit-abi-descriptor-path /Users/admin/builder/spi-builder-workspace/.build/out/Intermediates.noindex/SwiftUIPullToRefresh.build/Debug/SwiftUIPullToRefresh-t.build/Objects-normal/arm64/SwiftUIPullToRefresh.abi.json
error: Build failed
BUILD FAILURE 6.4 macosSpm