The Swift Package Index logo.Swift Package Index

Track the adoption of Swift 6 strict concurrency checks for data race safety. How many packages are Ready for Swift 6?

Build Information

Failed to build RFC3339DateFormatter with Swift 5.10 for watchOS using Xcode 15.4 at master.

Build Command

env DEVELOPER_DIR=/Applications/Xcode-15.3.0-Beta.2.app xcrun xcodebuild -IDEClonedSourcePackagesDirPathOverride=$workDir/.dependencies -skipMacroValidation -skipPackagePluginValidation -derivedDataPath $workDir/.derivedData build -scheme RFC3339DateFormatter -destination generic/platform=watchos

Build Log

========================================
RunAll
========================================
Builder version: 4.29.0
Interrupt handler set up.
========================================
Checkout
========================================
Clone URL: https://github.com/morishin/RFC3339DateFormatter.git
Reference: master
Initialized empty Git repository in /Users/builder/builds/UKfvDsi8u/2/finestructure/swiftpackageindex-builder/spi-builder-workspace/.git/
From https://github.com/morishin/RFC3339DateFormatter
 * branch            master     -> FETCH_HEAD
 * [new branch]      master     -> origin/master
HEAD is now at 9399fcb Merge pull request #2 from morishin/bump-version-to-1.0.1
Cloned https://github.com/morishin/RFC3339DateFormatter.git
Revision (git rev-parse @):
9399fcb96d6e005c2f63f9bdefb62c7c1ff631e2
SUCCESS checkout https://github.com/morishin/RFC3339DateFormatter.git at master
========================================
Build
========================================
Selected platform:         watchOS
Swift version:             5.10
Building package at path:  $workDir
https://github.com/morishin/RFC3339DateFormatter.git
Command line invocation:
    /Applications/Xcode-15.3.0-Beta.2.app/Contents/Developer/usr/bin/xcodebuild -IDEClonedSourcePackagesDirPathOverride=/Users/builder/builds/UKfvDsi8u/2/finestructure/swiftpackageindex-builder/spi-builder-workspace/.dependencies -resolvePackageDependencies
User defaults from command line:
    IDEClonedSourcePackagesDirPathOverride = /Users/builder/builds/UKfvDsi8u/2/finestructure/swiftpackageindex-builder/spi-builder-workspace/.dependencies
    IDEPackageSupportUseBuiltinSCM = YES
resolved source packages:
2024-02-14 07:22:11.956 xcodebuild[28588:1553018] Requested but did not find extension point with identifier Xcode.DVTDeviceFoundation.Aspect for extension Xcode.IDEiOSSupportCore.Aspect.NBDD of plug-in com.apple.dt.IDE.IDEiOSSupportCore
2024-02-14 07:22:12.195 xcodebuild[28588:1553018] [MT] DVTPlugInQuery: Requested but did not find extension point with identifier 'Xcode.DVTDeviceFoundation.CompatibleDeviceFamilyPair'. This is programmer error; code should only request extension points that are defined by itself or its dependencies.
{
  "project" : {
    "configurations" : [
      "Debug",
      "Release"
    ],
    "name" : "RFC3339DateFormatter",
    "schemes" : [
      "RFC3339DateFormatter"
    ],
    "targets" : [
      "RFC3339DateFormatter",
      "RFC3339DateFormatterTests"
    ]
  }
}
2024-02-14 07:22:12.428 xcodebuild[28598:1553053] Requested but did not find extension point with identifier Xcode.DVTDeviceFoundation.Aspect for extension Xcode.IDEiOSSupportCore.Aspect.NBDD of plug-in com.apple.dt.IDE.IDEiOSSupportCore
2024-02-14 07:22:12.667 xcodebuild[28598:1553053] [MT] DVTPlugInQuery: Requested but did not find extension point with identifier 'Xcode.DVTDeviceFoundation.CompatibleDeviceFamilyPair'. This is programmer error; code should only request extension points that are defined by itself or its dependencies.
Running build ...
env DEVELOPER_DIR=/Applications/Xcode-15.3.0-Beta.2.app xcrun xcodebuild -IDEClonedSourcePackagesDirPathOverride=$workDir/.dependencies -skipMacroValidation -skipPackagePluginValidation -derivedDataPath $workDir/.derivedData build -scheme RFC3339DateFormatter -destination generic/platform=watchos
Command line invocation:
    /Applications/Xcode-15.3.0-Beta.2.app/Contents/Developer/usr/bin/xcodebuild -IDEClonedSourcePackagesDirPathOverride=/Users/builder/builds/UKfvDsi8u/2/finestructure/swiftpackageindex-builder/spi-builder-workspace/.dependencies -skipMacroValidation -skipPackagePluginValidation -derivedDataPath /Users/builder/builds/UKfvDsi8u/2/finestructure/swiftpackageindex-builder/spi-builder-workspace/.derivedData build -scheme RFC3339DateFormatter -destination generic/platform=watchos
User defaults from command line:
    IDEClonedSourcePackagesDirPathOverride = /Users/builder/builds/UKfvDsi8u/2/finestructure/swiftpackageindex-builder/spi-builder-workspace/.dependencies
    IDEDerivedDataPathOverride = /Users/builder/builds/UKfvDsi8u/2/finestructure/swiftpackageindex-builder/spi-builder-workspace/.derivedData
    IDEPackageSupportUseBuiltinSCM = YES
2024-02-14 07:22:12.900 xcodebuild[28599:1553075] Requested but did not find extension point with identifier Xcode.DVTDeviceFoundation.Aspect for extension Xcode.IDEiOSSupportCore.Aspect.NBDD of plug-in com.apple.dt.IDE.IDEiOSSupportCore
2024-02-14 07:22:13.138 xcodebuild[28599:1553075] [MT] DVTPlugInQuery: Requested but did not find extension point with identifier 'Xcode.DVTDeviceFoundation.CompatibleDeviceFamilyPair'. This is programmer error; code should only request extension points that are defined by itself or its dependencies.
2024-02-14 07:22:13.176 xcodebuild[28599:1553075] Writing error result bundle to /var/folders/b3/8p5yvk0d16s637btgmtl295m0000gp/T/ResultBundle_2024-14-02_07-22-0013.xcresult
xcodebuild: error: Unable to find a destination matching the provided destination specifier:
		{ generic:1, platform:watchos }
	Available destinations for the "RFC3339DateFormatter" scheme:
		{ platform:macOS, arch:arm64, variant:Mac Catalyst, id:00008103-001A103E26D2001E, name:My Mac }
		{ platform:macOS, arch:x86_64, variant:Mac Catalyst, id:00008103-001A103E26D2001E, name:My Mac }
		{ platform:macOS, arch:arm64, variant:Designed for [iPad,iPhone], id:00008103-001A103E26D2001E, name:My Mac }
		{ platform:iOS, id:dvtdevice-DVTiPhonePlaceholder-iphoneos:placeholder, name:Any iOS Device }
		{ platform:iOS Simulator, id:dvtdevice-DVTiOSDeviceSimulatorPlaceholder-iphonesimulator:placeholder, name:Any iOS Simulator Device }
		{ platform:macOS, variant:Mac Catalyst, name:Any Mac }
		{ platform:visionOS Simulator, variant:Designed for [iPad,iPhone], id:F72B4774-80F1-46B1-8438-87CC44877F81, OS:1.1, name:Apple Vision Pro }
		{ platform:iOS Simulator, id:8C0985BD-C231-44A9-A42A-48E32D904F22, OS:17.2, name:iPad (10th generation) }
		{ platform:iOS Simulator, id:8C0985BD-C231-44A9-A42A-48E32D904F22, OS:17.2, name:iPad (10th generation) }
		{ platform:iOS Simulator, id:B356BE2B-EFC5-41D9-851F-D3F4BE4E9E18, OS:17.4, name:iPad (10th generation) }
		{ platform:iOS Simulator, id:B356BE2B-EFC5-41D9-851F-D3F4BE4E9E18, OS:17.4, name:iPad (10th generation) }
		{ platform:iOS Simulator, id:1061DA60-1B2C-43B4-8A12-AA8E17FDBF6B, OS:17.2, name:iPad Air (5th generation) }
		{ platform:iOS Simulator, id:1061DA60-1B2C-43B4-8A12-AA8E17FDBF6B, OS:17.2, name:iPad Air (5th generation) }
		{ platform:iOS Simulator, id:4E3FF828-C406-4B78-9927-9C976A8B1FCB, OS:17.4, name:iPad Air (5th generation) }
		{ platform:iOS Simulator, id:4E3FF828-C406-4B78-9927-9C976A8B1FCB, OS:17.4, name:iPad Air (5th generation) }
		{ platform:iOS Simulator, id:25D827DD-3847-4642-8622-9336A529A407, OS:17.2, name:iPad Pro (11-inch) (4th generation) }
		{ platform:iOS Simulator, id:25D827DD-3847-4642-8622-9336A529A407, OS:17.2, name:iPad Pro (11-inch) (4th generation) }
		{ platform:iOS Simulator, id:C3B8C198-8013-4BE6-959F-63057EDC6035, OS:17.4, name:iPad Pro (11-inch) (4th generation) }
		{ platform:iOS Simulator, id:C3B8C198-8013-4BE6-959F-63057EDC6035, OS:17.4, name:iPad Pro (11-inch) (4th generation) }
		{ platform:iOS Simulator, id:EF66F110-FED0-4A49-91C4-126AC2E5240C, OS:17.2, name:iPad Pro (12.9-inch) (6th generation) }
		{ platform:iOS Simulator, id:EF66F110-FED0-4A49-91C4-126AC2E5240C, OS:17.2, name:iPad Pro (12.9-inch) (6th generation) }
		{ platform:iOS Simulator, id:ECA6D07B-4A0E-4906-80ED-951B87F032DF, OS:17.4, name:iPad Pro (12.9-inch) (6th generation) }
		{ platform:iOS Simulator, id:ECA6D07B-4A0E-4906-80ED-951B87F032DF, OS:17.4, name:iPad Pro (12.9-inch) (6th generation) }
		{ platform:iOS Simulator, id:7D6DC3D2-B9B6-4F95-A23F-15029D0A987A, OS:17.2, name:iPad mini (6th generation) }
		{ platform:iOS Simulator, id:7D6DC3D2-B9B6-4F95-A23F-15029D0A987A, OS:17.2, name:iPad mini (6th generation) }
		{ platform:iOS Simulator, id:742F36DC-4CCD-4C21-B5A2-3A184C8FC8E2, OS:17.4, name:iPad mini (6th generation) }
		{ platform:iOS Simulator, id:742F36DC-4CCD-4C21-B5A2-3A184C8FC8E2, OS:17.4, name:iPad mini (6th generation) }
		{ platform:iOS Simulator, id:8C38D4D5-D1D3-4860-84B1-0A1FB8CF28E4, OS:17.2, name:iPhone 15 }
		{ platform:iOS Simulator, id:8C38D4D5-D1D3-4860-84B1-0A1FB8CF28E4, OS:17.2, name:iPhone 15 }
		{ platform:iOS Simulator, id:3CA0008B-DE9E-40AE-8796-57466FEC6CB4, OS:17.4, name:iPhone 15 }
		{ platform:iOS Simulator, id:3CA0008B-DE9E-40AE-8796-57466FEC6CB4, OS:17.4, name:iPhone 15 }
		{ platform:iOS Simulator, id:CBA75002-93AE-442A-9270-D70099CE0A53, OS:17.2, name:iPhone 15 Plus }
		{ platform:iOS Simulator, id:CBA75002-93AE-442A-9270-D70099CE0A53, OS:17.2, name:iPhone 15 Plus }
		{ platform:iOS Simulator, id:698BC705-0BA2-43A3-B6BE-6DA0A57E93D3, OS:17.4, name:iPhone 15 Plus }
		{ platform:iOS Simulator, id:698BC705-0BA2-43A3-B6BE-6DA0A57E93D3, OS:17.4, name:iPhone 15 Plus }
		{ platform:iOS Simulator, id:508BD349-D73E-44FD-9CC7-77D01749CA1F, OS:17.2, name:iPhone 15 Pro }
		{ platform:iOS Simulator, id:508BD349-D73E-44FD-9CC7-77D01749CA1F, OS:17.2, name:iPhone 15 Pro }
		{ platform:iOS Simulator, id:7AC01184-85A2-4585-8CB1-681C489D52AE, OS:17.4, name:iPhone 15 Pro }
		{ platform:iOS Simulator, id:7AC01184-85A2-4585-8CB1-681C489D52AE, OS:17.4, name:iPhone 15 Pro }
		{ platform:iOS Simulator, id:F3F94F7F-22C1-423E-9993-20876A4D535B, OS:17.2, name:iPhone 15 Pro Max }
		{ platform:iOS Simulator, id:F3F94F7F-22C1-423E-9993-20876A4D535B, OS:17.2, name:iPhone 15 Pro Max }
		{ platform:iOS Simulator, id:ACB7F155-FC1C-463C-9455-63BE11A7BA54, OS:17.4, name:iPhone 15 Pro Max }
		{ platform:iOS Simulator, id:ACB7F155-FC1C-463C-9455-63BE11A7BA54, OS:17.4, name:iPhone 15 Pro Max }
		{ platform:iOS Simulator, id:54F76F08-7524-4F62-A049-3CD511DF9155, OS:17.2, name:iPhone SE (3rd generation) }
		{ platform:iOS Simulator, id:54F76F08-7524-4F62-A049-3CD511DF9155, OS:17.2, name:iPhone SE (3rd generation) }
		{ platform:iOS Simulator, id:9937A015-E1C7-43F5-87C9-53FE3A21628D, OS:17.4, name:iPhone SE (3rd generation) }
		{ platform:iOS Simulator, id:9937A015-E1C7-43F5-87C9-53FE3A21628D, OS:17.4, name:iPhone SE (3rd generation) }
Command line invocation:
    /Applications/Xcode-15.3.0-Beta.2.app/Contents/Developer/usr/bin/xcodebuild -IDEClonedSourcePackagesDirPathOverride=/Users/builder/builds/UKfvDsi8u/2/finestructure/swiftpackageindex-builder/spi-builder-workspace/.dependencies -skipMacroValidation -skipPackagePluginValidation -derivedDataPath /Users/builder/builds/UKfvDsi8u/2/finestructure/swiftpackageindex-builder/spi-builder-workspace/.derivedData build -scheme RFC3339DateFormatter -destination generic/platform=watchos
User defaults from command line:
    IDEClonedSourcePackagesDirPathOverride = /Users/builder/builds/UKfvDsi8u/2/finestructure/swiftpackageindex-builder/spi-builder-workspace/.dependencies
    IDEDerivedDataPathOverride = /Users/builder/builds/UKfvDsi8u/2/finestructure/swiftpackageindex-builder/spi-builder-workspace/.derivedData
    IDEPackageSupportUseBuiltinSCM = YES
2024-02-14 07:22:14.463 xcodebuild[28644:1553221] Requested but did not find extension point with identifier Xcode.DVTDeviceFoundation.Aspect for extension Xcode.IDEiOSSupportCore.Aspect.NBDD of plug-in com.apple.dt.IDE.IDEiOSSupportCore
2024-02-14 07:22:14.723 xcodebuild[28644:1553221] [MT] DVTPlugInQuery: Requested but did not find extension point with identifier 'Xcode.DVTDeviceFoundation.CompatibleDeviceFamilyPair'. This is programmer error; code should only request extension points that are defined by itself or its dependencies.
2024-02-14 07:22:14.764 xcodebuild[28644:1553221] Writing error result bundle to /var/folders/b3/8p5yvk0d16s637btgmtl295m0000gp/T/ResultBundle_2024-14-02_07-22-0014.xcresult
xcodebuild: error: Unable to find a destination matching the provided destination specifier:
		{ generic:1, platform:watchos }
	Available destinations for the "RFC3339DateFormatter" scheme:
		{ platform:macOS, arch:arm64, variant:Mac Catalyst, id:00008103-001A103E26D2001E, name:My Mac }
		{ platform:macOS, arch:x86_64, variant:Mac Catalyst, id:00008103-001A103E26D2001E, name:My Mac }
		{ platform:macOS, arch:arm64, variant:Designed for [iPad,iPhone], id:00008103-001A103E26D2001E, name:My Mac }
		{ platform:iOS, id:dvtdevice-DVTiPhonePlaceholder-iphoneos:placeholder, name:Any iOS Device }
		{ platform:iOS Simulator, id:dvtdevice-DVTiOSDeviceSimulatorPlaceholder-iphonesimulator:placeholder, name:Any iOS Simulator Device }
		{ platform:macOS, variant:Mac Catalyst, name:Any Mac }
		{ platform:visionOS Simulator, variant:Designed for [iPad,iPhone], id:F72B4774-80F1-46B1-8438-87CC44877F81, OS:1.1, name:Apple Vision Pro }
		{ platform:iOS Simulator, id:8C0985BD-C231-44A9-A42A-48E32D904F22, OS:17.2, name:iPad (10th generation) }
		{ platform:iOS Simulator, id:8C0985BD-C231-44A9-A42A-48E32D904F22, OS:17.2, name:iPad (10th generation) }
		{ platform:iOS Simulator, id:B356BE2B-EFC5-41D9-851F-D3F4BE4E9E18, OS:17.4, name:iPad (10th generation) }
		{ platform:iOS Simulator, id:B356BE2B-EFC5-41D9-851F-D3F4BE4E9E18, OS:17.4, name:iPad (10th generation) }
		{ platform:iOS Simulator, id:1061DA60-1B2C-43B4-8A12-AA8E17FDBF6B, OS:17.2, name:iPad Air (5th generation) }
		{ platform:iOS Simulator, id:1061DA60-1B2C-43B4-8A12-AA8E17FDBF6B, OS:17.2, name:iPad Air (5th generation) }
		{ platform:iOS Simulator, id:4E3FF828-C406-4B78-9927-9C976A8B1FCB, OS:17.4, name:iPad Air (5th generation) }
		{ platform:iOS Simulator, id:4E3FF828-C406-4B78-9927-9C976A8B1FCB, OS:17.4, name:iPad Air (5th generation) }
		{ platform:iOS Simulator, id:25D827DD-3847-4642-8622-9336A529A407, OS:17.2, name:iPad Pro (11-inch) (4th generation) }
		{ platform:iOS Simulator, id:25D827DD-3847-4642-8622-9336A529A407, OS:17.2, name:iPad Pro (11-inch) (4th generation) }
		{ platform:iOS Simulator, id:C3B8C198-8013-4BE6-959F-63057EDC6035, OS:17.4, name:iPad Pro (11-inch) (4th generation) }
		{ platform:iOS Simulator, id:C3B8C198-8013-4BE6-959F-63057EDC6035, OS:17.4, name:iPad Pro (11-inch) (4th generation) }
		{ platform:iOS Simulator, id:EF66F110-FED0-4A49-91C4-126AC2E5240C, OS:17.2, name:iPad Pro (12.9-inch) (6th generation) }
		{ platform:iOS Simulator, id:EF66F110-FED0-4A49-91C4-126AC2E5240C, OS:17.2, name:iPad Pro (12.9-inch) (6th generation) }
		{ platform:iOS Simulator, id:ECA6D07B-4A0E-4906-80ED-951B87F032DF, OS:17.4, name:iPad Pro (12.9-inch) (6th generation) }
		{ platform:iOS Simulator, id:ECA6D07B-4A0E-4906-80ED-951B87F032DF, OS:17.4, name:iPad Pro (12.9-inch) (6th generation) }
		{ platform:iOS Simulator, id:7D6DC3D2-B9B6-4F95-A23F-15029D0A987A, OS:17.2, name:iPad mini (6th generation) }
		{ platform:iOS Simulator, id:7D6DC3D2-B9B6-4F95-A23F-15029D0A987A, OS:17.2, name:iPad mini (6th generation) }
		{ platform:iOS Simulator, id:742F36DC-4CCD-4C21-B5A2-3A184C8FC8E2, OS:17.4, name:iPad mini (6th generation) }
		{ platform:iOS Simulator, id:742F36DC-4CCD-4C21-B5A2-3A184C8FC8E2, OS:17.4, name:iPad mini (6th generation) }
		{ platform:iOS Simulator, id:8C38D4D5-D1D3-4860-84B1-0A1FB8CF28E4, OS:17.2, name:iPhone 15 }
		{ platform:iOS Simulator, id:8C38D4D5-D1D3-4860-84B1-0A1FB8CF28E4, OS:17.2, name:iPhone 15 }
		{ platform:iOS Simulator, id:3CA0008B-DE9E-40AE-8796-57466FEC6CB4, OS:17.4, name:iPhone 15 }
		{ platform:iOS Simulator, id:3CA0008B-DE9E-40AE-8796-57466FEC6CB4, OS:17.4, name:iPhone 15 }
		{ platform:iOS Simulator, id:CBA75002-93AE-442A-9270-D70099CE0A53, OS:17.2, name:iPhone 15 Plus }
		{ platform:iOS Simulator, id:CBA75002-93AE-442A-9270-D70099CE0A53, OS:17.2, name:iPhone 15 Plus }
		{ platform:iOS Simulator, id:698BC705-0BA2-43A3-B6BE-6DA0A57E93D3, OS:17.4, name:iPhone 15 Plus }
		{ platform:iOS Simulator, id:698BC705-0BA2-43A3-B6BE-6DA0A57E93D3, OS:17.4, name:iPhone 15 Plus }
		{ platform:iOS Simulator, id:508BD349-D73E-44FD-9CC7-77D01749CA1F, OS:17.2, name:iPhone 15 Pro }
		{ platform:iOS Simulator, id:508BD349-D73E-44FD-9CC7-77D01749CA1F, OS:17.2, name:iPhone 15 Pro }
		{ platform:iOS Simulator, id:7AC01184-85A2-4585-8CB1-681C489D52AE, OS:17.4, name:iPhone 15 Pro }
		{ platform:iOS Simulator, id:7AC01184-85A2-4585-8CB1-681C489D52AE, OS:17.4, name:iPhone 15 Pro }
		{ platform:iOS Simulator, id:F3F94F7F-22C1-423E-9993-20876A4D535B, OS:17.2, name:iPhone 15 Pro Max }
		{ platform:iOS Simulator, id:F3F94F7F-22C1-423E-9993-20876A4D535B, OS:17.2, name:iPhone 15 Pro Max }
		{ platform:iOS Simulator, id:ACB7F155-FC1C-463C-9455-63BE11A7BA54, OS:17.4, name:iPhone 15 Pro Max }
		{ platform:iOS Simulator, id:ACB7F155-FC1C-463C-9455-63BE11A7BA54, OS:17.4, name:iPhone 15 Pro Max }
		{ platform:iOS Simulator, id:54F76F08-7524-4F62-A049-3CD511DF9155, OS:17.2, name:iPhone SE (3rd generation) }
		{ platform:iOS Simulator, id:54F76F08-7524-4F62-A049-3CD511DF9155, OS:17.2, name:iPhone SE (3rd generation) }
		{ platform:iOS Simulator, id:9937A015-E1C7-43F5-87C9-53FE3A21628D, OS:17.4, name:iPhone SE (3rd generation) }
		{ platform:iOS Simulator, id:9937A015-E1C7-43F5-87C9-53FE3A21628D, OS:17.4, name:iPhone SE (3rd generation) }
BUILD FAILURE 5.10 watchOS

Build Machine: Mac 7