Build Information
Failed to build SwiftIcons, reference main (59b2f0), with Swift 6.3 for watchOS using Xcode 26.4 on 9 Oct 2026 09:52:35 UTC.
Build Command
env DEVELOPER_DIR=/Applications/Xcode-26.5.0.app xcrun xcodebuild -IDEClonedSourcePackagesDirPathOverride=$PWD/.dependencies -skipMacroValidation -skipPackagePluginValidation -derivedDataPath $PWD/.derivedData build -scheme SwiftIcons-Package -destination generic/platform=watchOSBuild Log
cd /Users/admin/builder/spi-builder-workspace
/Applications/Xcode-26.5.0.app/Contents/Developer/Toolchains/XcodeDefault.xctoolchain/usr/bin/clang -Xlinker -reproducible -target arm64-apple-watchos9.0 -isysroot /Applications/Xcode-26.5.0.app/Contents/Developer/Platforms/WatchOS.platform/Developer/SDKs/WatchOS26.5.sdk -O0 -L/Users/admin/builder/spi-builder-workspace/.derivedData/Build/Intermediates.noindex/EagerLinkingTBDs/Debug-watchos -L/Users/admin/builder/spi-builder-workspace/.derivedData/Build/Products/Debug-watchos -L/Applications/Xcode-26.5.0.app/Contents/Developer/Platforms/WatchOS.platform/Developer/usr/lib -F/Users/admin/builder/spi-builder-workspace/.derivedData/Build/Intermediates.noindex/EagerLinkingTBDs/Debug-watchos -F/Users/admin/builder/spi-builder-workspace/.derivedData/Build/Products/Debug-watchos -iframework /Applications/Xcode-26.5.0.app/Contents/Developer/Platforms/WatchOS.platform/Developer/Library/Frameworks -iframework /Applications/Xcode-26.5.0.app/Contents/Developer/Platforms/WatchOS.platform/Developer/SDKs/WatchOS26.5.sdk/Developer/Library/Frameworks -filelist /Users/admin/builder/spi-builder-workspace/.derivedData/Build/Intermediates.noindex/SwiftIcons.build/Debug-watchos/SwiftIconsGenerator.build/Objects-normal/arm64/SwiftIconsGenerator.LinkFileList -Xlinker -rpath -Xlinker /usr/lib/swift -Xlinker -rpath -Xlinker @executable_path/../lib -Xlinker -dead_strip -Xlinker -object_path_lto -Xlinker /Users/admin/builder/spi-builder-workspace/.derivedData/Build/Intermediates.noindex/SwiftIcons.build/Debug-watchos/SwiftIconsGenerator.build/Objects-normal/arm64/SwiftIconsGenerator_lto.o -rdynamic -Xlinker -no_deduplicate -Xlinker -dependency_info -Xlinker /Users/admin/builder/spi-builder-workspace/.derivedData/Build/Intermediates.noindex/SwiftIcons.build/Debug-watchos/SwiftIconsGenerator.build/Objects-normal/arm64/SwiftIconsGenerator_dependency_info.dat -fobjc-link-runtime -L/Applications/Xcode-26.5.0.app/Contents/Developer/Toolchains/XcodeDefault.xctoolchain/usr/lib/swift/watchos -L/usr/lib/swift -Xlinker -add_ast_path -Xlinker /Users/admin/builder/spi-builder-workspace/.derivedData/Build/Intermediates.noindex/SwiftIcons.build/Debug-watchos/SwiftIconsGenerator.build/Objects-normal/arm64/SwiftIconsGenerator.swiftmodule @/Users/admin/builder/spi-builder-workspace/.derivedData/Build/Intermediates.noindex/SwiftIcons.build/Debug-watchos/SwiftIconsGenerator.build/Objects-normal/arm64/SwiftIconsGenerator-linker-args.resp -o /Users/admin/builder/spi-builder-workspace/.derivedData/Build/Intermediates.noindex/SwiftIcons.build/Debug-watchos/SwiftIconsGenerator.build/Objects-normal/arm64/Binary/SwiftIconsGenerator
SwiftExplicitDependencyGeneratePcm armv7k /Users/admin/builder/spi-builder-workspace/.derivedData/ModuleCache.noindex/WatchKit-C4HBBPTRJGP8VZFSW6J8QGHEV.pcm
SwiftDriverJobDiscovery normal arm64 Compiling CSSParser.swift, SVGAttribute.swift, SVGFontSizeAttribute.swift, SVGLengthAttribute.swift, SVGElementParser.swift (in target 'SVGView' from project 'SVGView')
SwiftCompile normal arm64_32 Compiling\ SVGLogger.swift,\ SVGScreen.swift,\ SVGSettings.swift,\ DOMParser.swift,\ XMLNode.swift /Users/admin/builder/spi-builder-workspace/.dependencies/checkouts/SVGView/Source/Parser/SVG/Settings/SVGLogger.swift /Users/admin/builder/spi-builder-workspace/.dependencies/checkouts/SVGView/Source/Parser/SVG/Settings/SVGScreen.swift /Users/admin/builder/spi-builder-workspace/.dependencies/checkouts/SVGView/Source/Parser/SVG/Settings/SVGSettings.swift /Users/admin/builder/spi-builder-workspace/.dependencies/checkouts/SVGView/Source/Parser/XML/DOMParser.swift /Users/admin/builder/spi-builder-workspace/.dependencies/checkouts/SVGView/Source/Parser/XML/XMLNode.swift (in target 'SVGView' from project 'SVGView')
SwiftCompile normal arm64_32 /Users/admin/builder/spi-builder-workspace/.dependencies/checkouts/SVGView/Source/Parser/SVG/Settings/SVGLogger.swift (in target 'SVGView' from project 'SVGView')
cd /Users/admin/builder/spi-builder-workspace/.swiftpm/xcode
SwiftCompile normal arm64_32 /Users/admin/builder/spi-builder-workspace/.dependencies/checkouts/SVGView/Source/Parser/SVG/Settings/SVGScreen.swift (in target 'SVGView' from project 'SVGView')
cd /Users/admin/builder/spi-builder-workspace/.swiftpm/xcode
SwiftCompile normal arm64_32 /Users/admin/builder/spi-builder-workspace/.dependencies/checkouts/SVGView/Source/Parser/SVG/Settings/SVGSettings.swift (in target 'SVGView' from project 'SVGView')
cd /Users/admin/builder/spi-builder-workspace/.swiftpm/xcode
SwiftCompile normal arm64_32 /Users/admin/builder/spi-builder-workspace/.dependencies/checkouts/SVGView/Source/Parser/XML/DOMParser.swift (in target 'SVGView' from project 'SVGView')
cd /Users/admin/builder/spi-builder-workspace/.swiftpm/xcode
SwiftCompile normal arm64_32 /Users/admin/builder/spi-builder-workspace/.dependencies/checkouts/SVGView/Source/Parser/XML/XMLNode.swift (in target 'SVGView' from project 'SVGView')
cd /Users/admin/builder/spi-builder-workspace/.swiftpm/xcode
SwiftCompile normal arm64_32 Compiling\ SVGText.swift,\ SVGUserSpaceNode.swift,\ SVGViewport.swift,\ SVGColor.swift,\ SVGFont.swift,\ SVGGradient.swift /Users/admin/builder/spi-builder-workspace/.dependencies/checkouts/SVGView/Source/Model/Nodes/SVGText.swift /Users/admin/builder/spi-builder-workspace/.dependencies/checkouts/SVGView/Source/Model/Nodes/SVGUserSpaceNode.swift /Users/admin/builder/spi-builder-workspace/.dependencies/checkouts/SVGView/Source/Model/Nodes/SVGViewport.swift /Users/admin/builder/spi-builder-workspace/.dependencies/checkouts/SVGView/Source/Model/Primitives/SVGColor.swift /Users/admin/builder/spi-builder-workspace/.dependencies/checkouts/SVGView/Source/Model/Primitives/SVGFont.swift /Users/admin/builder/spi-builder-workspace/.dependencies/checkouts/SVGView/Source/Model/Primitives/SVGGradient.swift (in target 'SVGView' from project 'SVGView')
SwiftCompile normal arm64_32 /Users/admin/builder/spi-builder-workspace/.dependencies/checkouts/SVGView/Source/Model/Nodes/SVGText.swift (in target 'SVGView' from project 'SVGView')
cd /Users/admin/builder/spi-builder-workspace/.swiftpm/xcode
SwiftCompile normal arm64_32 /Users/admin/builder/spi-builder-workspace/.dependencies/checkouts/SVGView/Source/Model/Nodes/SVGUserSpaceNode.swift (in target 'SVGView' from project 'SVGView')
cd /Users/admin/builder/spi-builder-workspace/.swiftpm/xcode
SwiftCompile normal arm64_32 /Users/admin/builder/spi-builder-workspace/.dependencies/checkouts/SVGView/Source/Model/Nodes/SVGViewport.swift (in target 'SVGView' from project 'SVGView')
cd /Users/admin/builder/spi-builder-workspace/.swiftpm/xcode
SwiftCompile normal arm64_32 /Users/admin/builder/spi-builder-workspace/.dependencies/checkouts/SVGView/Source/Model/Primitives/SVGColor.swift (in target 'SVGView' from project 'SVGView')
cd /Users/admin/builder/spi-builder-workspace/.swiftpm/xcode
SwiftCompile normal arm64_32 /Users/admin/builder/spi-builder-workspace/.dependencies/checkouts/SVGView/Source/Model/Primitives/SVGFont.swift (in target 'SVGView' from project 'SVGView')
cd /Users/admin/builder/spi-builder-workspace/.swiftpm/xcode
SwiftCompile normal arm64_32 /Users/admin/builder/spi-builder-workspace/.dependencies/checkouts/SVGView/Source/Model/Primitives/SVGGradient.swift (in target 'SVGView' from project 'SVGView')
cd /Users/admin/builder/spi-builder-workspace/.swiftpm/xcode
SwiftExplicitDependencyGeneratePcm armv7k /Users/admin/builder/spi-builder-workspace/.derivedData/ModuleCache.noindex/SwiftUI-BZ9ILWZXG0BS509EJTAIUODU0.pcm
CreateUniversalBinary /Users/admin/builder/spi-builder-workspace/.derivedData/Build/Products/Debug-watchos/SwiftIconsGenerator normal arm64\ arm64_32 (in target 'SwiftIconsGenerator' from project 'SwiftIcons')
cd /Users/admin/builder/spi-builder-workspace
/Applications/Xcode-26.5.0.app/Contents/Developer/Toolchains/XcodeDefault.xctoolchain/usr/bin/lipo -create /Users/admin/builder/spi-builder-workspace/.derivedData/Build/Intermediates.noindex/SwiftIcons.build/Debug-watchos/SwiftIconsGenerator.build/Objects-normal/arm64/Binary/SwiftIconsGenerator /Users/admin/builder/spi-builder-workspace/.derivedData/Build/Intermediates.noindex/SwiftIcons.build/Debug-watchos/SwiftIconsGenerator.build/Objects-normal/arm64_32/Binary/SwiftIconsGenerator -output /Users/admin/builder/spi-builder-workspace/.derivedData/Build/Products/Debug-watchos/SwiftIconsGenerator
SwiftEmitModule normal armv7k Emitting\ module\ for\ SVGView (in target 'SVGView' from project 'SVGView')
EmitSwiftModule normal armv7k (in target 'SVGView' from project 'SVGView')
cd /Users/admin/builder/spi-builder-workspace/.swiftpm/xcode
SwiftDriverJobDiscovery normal arm64_32 Emitting module for SVGView (in target 'SVGView' from project 'SVGView')
SwiftDriver\ Compilation\ Requirements SVGView normal arm64_32 com.apple.xcode.tools.swift.compiler (in target 'SVGView' from project 'SVGView')
cd /Users/admin/builder/spi-builder-workspace/.swiftpm/xcode
builtin-Swift-Compilation-Requirements -- /Applications/Xcode-26.5.0.app/Contents/Developer/Toolchains/XcodeDefault.xctoolchain/usr/bin/swiftc -module-name SVGView -Onone @/Users/admin/builder/spi-builder-workspace/.derivedData/Build/Intermediates.noindex/SVGView.build/Debug-watchos/SVGView.build/Objects-normal/arm64_32/SVGView.SwiftFileList -DSWIFT_PACKAGE -DDEBUG -DSWIFT_MODULE_RESOURCE_BUNDLE_UNAVAILABLE -DXcode -plugin-path /Applications/Xcode-26.5.0.app/Contents/Developer/Toolchains/XcodeDefault.xctoolchain/usr/lib/swift/host/plugins/testing -enable-experimental-feature DebugDescriptionMacro -sdk /Applications/Xcode-26.5.0.app/Contents/Developer/Platforms/WatchOS.platform/Developer/SDKs/WatchOS26.5.sdk -target arm64_32-apple-watchos7.0 -g -module-cache-path /Users/admin/builder/spi-builder-workspace/.derivedData/ModuleCache.noindex -Xfrontend -serialize-debugging-options -enable-testing -suppress-warnings -index-store-path /Users/admin/builder/spi-builder-workspace/.derivedData/Index.noindex/DataStore -Xcc -D_LIBCPP_HARDENING_MODE\=_LIBCPP_HARDENING_MODE_DEBUG -swift-version 5 -I /Users/admin/builder/spi-builder-workspace/.derivedData/Build/Products/Debug-watchos -Isystem /Applications/Xcode-26.5.0.app/Contents/Developer/Platforms/WatchOS.platform/Developer/usr/lib -F /Users/admin/builder/spi-builder-workspace/.derivedData/Build/Products/Debug-watchos -F /Applications/Xcode-26.5.0.app/Contents/Developer/Platforms/WatchOS.platform/Developer/Library/Frameworks -F /Applications/Xcode-26.5.0.app/Contents/Developer/Platforms/WatchOS.platform/Developer/SDKs/WatchOS26.5.sdk/Developer/Library/Frameworks -c -j10 -enable-batch-mode -incremental -Xcc -ivfsstatcache -Xcc /Users/admin/builder/spi-builder-workspace/.derivedData/SDKStatCaches.noindex/watchos26.5-23T570-688ef53f1462e2c8f657fdc38a81448f7931b973dfc65d9472806dbbc3af9379.sdkstatcache -output-file-map /Users/admin/builder/spi-builder-workspace/.derivedData/Build/Intermediates.noindex/SVGView.build/Debug-watchos/SVGView.build/Objects-normal/arm64_32/SVGView-OutputFileMap.json -use-frontend-parseable-output -save-temps -no-color-diagnostics -explicit-module-build -module-cache-path /Users/admin/builder/spi-builder-workspace/.derivedData/Build/Intermediates.noindex/SwiftExplicitPrecompiledModules -clang-scanner-module-cache-path /Users/admin/builder/spi-builder-workspace/.derivedData/ModuleCache.noindex -sdk-module-cache-path /Users/admin/builder/spi-builder-workspace/.derivedData/ModuleCache.noindex -serialize-diagnostics -emit-dependencies -emit-module -emit-module-path /Users/admin/builder/spi-builder-workspace/.derivedData/Build/Intermediates.noindex/SVGView.build/Debug-watchos/SVGView.build/Objects-normal/arm64_32/SVGView.swiftmodule -validate-clang-modules-once -clang-build-session-file /Users/admin/builder/spi-builder-workspace/.derivedData/ModuleCache.noindex/Session.modulevalidation -Xcc -I/Users/admin/builder/spi-builder-workspace/.derivedData/Build/Intermediates.noindex/SVGView.build/Debug-watchos/SVGView.build/swift-overrides.hmap -emit-const-values -Xfrontend -const-gather-protocols-file -Xfrontend /Users/admin/builder/spi-builder-workspace/.derivedData/Build/Intermediates.noindex/SVGView.build/Debug-watchos/SVGView.build/Objects-normal/arm64_32/SVGView_const_extract_protocols.json -Xcc -I/Users/admin/builder/spi-builder-workspace/.derivedData/Build/Products/Debug-watchos/include -Xcc -I/Users/admin/builder/spi-builder-workspace/.derivedData/Build/Intermediates.noindex/SVGView.build/Debug-watchos/SVGView.build/DerivedSources-normal/arm64_32 -Xcc -I/Users/admin/builder/spi-builder-workspace/.derivedData/Build/Intermediates.noindex/SVGView.build/Debug-watchos/SVGView.build/DerivedSources/arm64_32 -Xcc -I/Users/admin/builder/spi-builder-workspace/.derivedData/Build/Intermediates.noindex/SVGView.build/Debug-watchos/SVGView.build/DerivedSources -Xcc -DSWIFT_PACKAGE -Xcc -DDEBUG\=1 -emit-objc-header -emit-objc-header-path /Users/admin/builder/spi-builder-workspace/.derivedData/Build/Intermediates.noindex/SVGView.build/Debug-watchos/SVGView.build/Objects-normal/arm64_32/SVGView-Swift.h -working-directory /Users/admin/builder/spi-builder-workspace/.swiftpm/xcode -experimental-emit-module-separately -disable-cmo
SwiftCompile normal armv7k Compiling\ Serializable.swift,\ Serializations.swift,\ Serializer.swift,\ MBezierPath+Extension_macOS.swift,\ UIExtensions.swift /Users/admin/builder/spi-builder-workspace/.dependencies/checkouts/SVGView/Source/Serialization/Serializable.swift /Users/admin/builder/spi-builder-workspace/.dependencies/checkouts/SVGView/Source/Serialization/Serializations.swift /Users/admin/builder/spi-builder-workspace/.dependencies/checkouts/SVGView/Source/Serialization/Serializer.swift /Users/admin/builder/spi-builder-workspace/.dependencies/checkouts/SVGView/Source/UI/MBezierPath+Extension_macOS.swift /Users/admin/builder/spi-builder-workspace/.dependencies/checkouts/SVGView/Source/UI/UIExtensions.swift (in target 'SVGView' from project 'SVGView')
SwiftCompile normal armv7k /Users/admin/builder/spi-builder-workspace/.dependencies/checkouts/SVGView/Source/Serialization/Serializable.swift (in target 'SVGView' from project 'SVGView')
cd /Users/admin/builder/spi-builder-workspace/.swiftpm/xcode
SwiftCompile normal armv7k /Users/admin/builder/spi-builder-workspace/.dependencies/checkouts/SVGView/Source/Serialization/Serializations.swift (in target 'SVGView' from project 'SVGView')
cd /Users/admin/builder/spi-builder-workspace/.swiftpm/xcode
SwiftCompile normal armv7k /Users/admin/builder/spi-builder-workspace/.dependencies/checkouts/SVGView/Source/Serialization/Serializer.swift (in target 'SVGView' from project 'SVGView')
cd /Users/admin/builder/spi-builder-workspace/.swiftpm/xcode
SwiftCompile normal armv7k /Users/admin/builder/spi-builder-workspace/.dependencies/checkouts/SVGView/Source/UI/MBezierPath+Extension_macOS.swift (in target 'SVGView' from project 'SVGView')
cd /Users/admin/builder/spi-builder-workspace/.swiftpm/xcode
SwiftCompile normal armv7k /Users/admin/builder/spi-builder-workspace/.dependencies/checkouts/SVGView/Source/UI/UIExtensions.swift (in target 'SVGView' from project 'SVGView')
cd /Users/admin/builder/spi-builder-workspace/.swiftpm/xcode
Copy /Users/admin/builder/spi-builder-workspace/.derivedData/Build/Products/Debug-watchos/SVGView.swiftmodule/arm64_32-apple-watchos.swiftmodule /Users/admin/builder/spi-builder-workspace/.derivedData/Build/Intermediates.noindex/SVGView.build/Debug-watchos/SVGView.build/Objects-normal/arm64_32/SVGView.swiftmodule (in target 'SVGView' from project 'SVGView')
cd /Users/admin/builder/spi-builder-workspace/.dependencies/checkouts/SVGView
builtin-copy -exclude .DS_Store -exclude CVS -exclude .svn -exclude .git -exclude .hg -resolve-src-symlinks -rename /Users/admin/builder/spi-builder-workspace/.derivedData/Build/Intermediates.noindex/SVGView.build/Debug-watchos/SVGView.build/Objects-normal/arm64_32/SVGView.swiftmodule /Users/admin/builder/spi-builder-workspace/.derivedData/Build/Products/Debug-watchos/SVGView.swiftmodule/arm64_32-apple-watchos.swiftmodule
SwiftDriverJobDiscovery normal armv7k Emitting module for SVGView (in target 'SVGView' from project 'SVGView')
SwiftDriver\ Compilation\ Requirements SVGView normal armv7k com.apple.xcode.tools.swift.compiler (in target 'SVGView' from project 'SVGView')
cd /Users/admin/builder/spi-builder-workspace/.swiftpm/xcode
builtin-Swift-Compilation-Requirements -- /Applications/Xcode-26.5.0.app/Contents/Developer/Toolchains/XcodeDefault.xctoolchain/usr/bin/swiftc -module-name SVGView -Onone @/Users/admin/builder/spi-builder-workspace/.derivedData/Build/Intermediates.noindex/SVGView.build/Debug-watchos/SVGView.build/Objects-normal/armv7k/SVGView.SwiftFileList -DSWIFT_PACKAGE -DDEBUG -DSWIFT_MODULE_RESOURCE_BUNDLE_UNAVAILABLE -DXcode -plugin-path /Applications/Xcode-26.5.0.app/Contents/Developer/Toolchains/XcodeDefault.xctoolchain/usr/lib/swift/host/plugins/testing -enable-experimental-feature DebugDescriptionMacro -sdk /Applications/Xcode-26.5.0.app/Contents/Developer/Platforms/WatchOS.platform/Developer/SDKs/WatchOS26.5.sdk -target armv7k-apple-watchos7.0 -g -module-cache-path /Users/admin/builder/spi-builder-workspace/.derivedData/ModuleCache.noindex -Xfrontend -serialize-debugging-options -enable-testing -suppress-warnings -index-store-path /Users/admin/builder/spi-builder-workspace/.derivedData/Index.noindex/DataStore -Xcc -D_LIBCPP_HARDENING_MODE\=_LIBCPP_HARDENING_MODE_DEBUG -swift-version 5 -I /Users/admin/builder/spi-builder-workspace/.derivedData/Build/Products/Debug-watchos -Isystem /Applications/Xcode-26.5.0.app/Contents/Developer/Platforms/WatchOS.platform/Developer/usr/lib -F /Users/admin/builder/spi-builder-workspace/.derivedData/Build/Products/Debug-watchos -F /Applications/Xcode-26.5.0.app/Contents/Developer/Platforms/WatchOS.platform/Developer/Library/Frameworks -F /Applications/Xcode-26.5.0.app/Contents/Developer/Platforms/WatchOS.platform/Developer/SDKs/WatchOS26.5.sdk/Developer/Library/Frameworks -c -j10 -enable-batch-mode -incremental -Xcc -ivfsstatcache -Xcc /Users/admin/builder/spi-builder-workspace/.derivedData/SDKStatCaches.noindex/watchos26.5-23T570-688ef53f1462e2c8f657fdc38a81448f7931b973dfc65d9472806dbbc3af9379.sdkstatcache -output-file-map /Users/admin/builder/spi-builder-workspace/.derivedData/Build/Intermediates.noindex/SVGView.build/Debug-watchos/SVGView.build/Objects-normal/armv7k/SVGView-OutputFileMap.json -use-frontend-parseable-output -save-temps -no-color-diagnostics -explicit-module-build -module-cache-path /Users/admin/builder/spi-builder-workspace/.derivedData/Build/Intermediates.noindex/SwiftExplicitPrecompiledModules -clang-scanner-module-cache-path /Users/admin/builder/spi-builder-workspace/.derivedData/ModuleCache.noindex -sdk-module-cache-path /Users/admin/builder/spi-builder-workspace/.derivedData/ModuleCache.noindex -serialize-diagnostics -emit-dependencies -emit-module -emit-module-path /Users/admin/builder/spi-builder-workspace/.derivedData/Build/Intermediates.noindex/SVGView.build/Debug-watchos/SVGView.build/Objects-normal/armv7k/SVGView.swiftmodule -validate-clang-modules-once -clang-build-session-file /Users/admin/builder/spi-builder-workspace/.derivedData/ModuleCache.noindex/Session.modulevalidation -Xcc -I/Users/admin/builder/spi-builder-workspace/.derivedData/Build/Intermediates.noindex/SVGView.build/Debug-watchos/SVGView.build/swift-overrides.hmap -emit-const-values -Xfrontend -const-gather-protocols-file -Xfrontend /Users/admin/builder/spi-builder-workspace/.derivedData/Build/Intermediates.noindex/SVGView.build/Debug-watchos/SVGView.build/Objects-normal/armv7k/SVGView_const_extract_protocols.json -Xcc -I/Users/admin/builder/spi-builder-workspace/.derivedData/Build/Products/Debug-watchos/include -Xcc -I/Users/admin/builder/spi-builder-workspace/.derivedData/Build/Intermediates.noindex/SVGView.build/Debug-watchos/SVGView.build/DerivedSources-normal/armv7k -Xcc -I/Users/admin/builder/spi-builder-workspace/.derivedData/Build/Intermediates.noindex/SVGView.build/Debug-watchos/SVGView.build/DerivedSources/armv7k -Xcc -I/Users/admin/builder/spi-builder-workspace/.derivedData/Build/Intermediates.noindex/SVGView.build/Debug-watchos/SVGView.build/DerivedSources -Xcc -DSWIFT_PACKAGE -Xcc -DDEBUG\=1 -emit-objc-header -emit-objc-header-path /Users/admin/builder/spi-builder-workspace/.derivedData/Build/Intermediates.noindex/SVGView.build/Debug-watchos/SVGView.build/Objects-normal/armv7k/SVGView-Swift.h -working-directory /Users/admin/builder/spi-builder-workspace/.swiftpm/xcode -experimental-emit-module-separately -disable-cmo
Copy /Users/admin/builder/spi-builder-workspace/.derivedData/Build/Products/Debug-watchos/SVGView.swiftmodule/arm64_32-apple-watchos.swiftdoc /Users/admin/builder/spi-builder-workspace/.derivedData/Build/Intermediates.noindex/SVGView.build/Debug-watchos/SVGView.build/Objects-normal/arm64_32/SVGView.swiftdoc (in target 'SVGView' from project 'SVGView')
cd /Users/admin/builder/spi-builder-workspace/.dependencies/checkouts/SVGView
builtin-copy -exclude .DS_Store -exclude CVS -exclude .svn -exclude .git -exclude .hg -resolve-src-symlinks -rename /Users/admin/builder/spi-builder-workspace/.derivedData/Build/Intermediates.noindex/SVGView.build/Debug-watchos/SVGView.build/Objects-normal/arm64_32/SVGView.swiftdoc /Users/admin/builder/spi-builder-workspace/.derivedData/Build/Products/Debug-watchos/SVGView.swiftmodule/arm64_32-apple-watchos.swiftdoc
SwiftMergeGeneratedHeaders /Users/admin/builder/spi-builder-workspace/.derivedData/Build/Intermediates.noindex/GeneratedModuleMaps-watchos/SVGView-Swift.h /Users/admin/builder/spi-builder-workspace/.derivedData/Build/Intermediates.noindex/SVGView.build/Debug-watchos/SVGView.build/Objects-normal/arm64/SVGView-Swift.h /Users/admin/builder/spi-builder-workspace/.derivedData/Build/Intermediates.noindex/SVGView.build/Debug-watchos/SVGView.build/Objects-normal/arm64_32/SVGView-Swift.h /Users/admin/builder/spi-builder-workspace/.derivedData/Build/Intermediates.noindex/SVGView.build/Debug-watchos/SVGView.build/Objects-normal/armv7k/SVGView-Swift.h (in target 'SVGView' from project 'SVGView')
cd /Users/admin/builder/spi-builder-workspace/.dependencies/checkouts/SVGView
builtin-swiftHeaderTool -arch arm64 /Users/admin/builder/spi-builder-workspace/.derivedData/Build/Intermediates.noindex/SVGView.build/Debug-watchos/SVGView.build/Objects-normal/arm64/SVGView-Swift.h -arch arm64_32 /Users/admin/builder/spi-builder-workspace/.derivedData/Build/Intermediates.noindex/SVGView.build/Debug-watchos/SVGView.build/Objects-normal/arm64_32/SVGView-Swift.h -arch armv7k /Users/admin/builder/spi-builder-workspace/.derivedData/Build/Intermediates.noindex/SVGView.build/Debug-watchos/SVGView.build/Objects-normal/armv7k/SVGView-Swift.h -o /Users/admin/builder/spi-builder-workspace/.derivedData/Build/Intermediates.noindex/GeneratedModuleMaps-watchos/SVGView-Swift.h
Copy /Users/admin/builder/spi-builder-workspace/.derivedData/Build/Products/Debug-watchos/SVGView.swiftmodule/armv7k-apple-watchos.swiftmodule /Users/admin/builder/spi-builder-workspace/.derivedData/Build/Intermediates.noindex/SVGView.build/Debug-watchos/SVGView.build/Objects-normal/armv7k/SVGView.swiftmodule (in target 'SVGView' from project 'SVGView')
cd /Users/admin/builder/spi-builder-workspace/.dependencies/checkouts/SVGView
builtin-copy -exclude .DS_Store -exclude CVS -exclude .svn -exclude .git -exclude .hg -resolve-src-symlinks -rename /Users/admin/builder/spi-builder-workspace/.derivedData/Build/Intermediates.noindex/SVGView.build/Debug-watchos/SVGView.build/Objects-normal/armv7k/SVGView.swiftmodule /Users/admin/builder/spi-builder-workspace/.derivedData/Build/Products/Debug-watchos/SVGView.swiftmodule/armv7k-apple-watchos.swiftmodule
Copy /Users/admin/builder/spi-builder-workspace/.derivedData/Build/Products/Debug-watchos/SVGView.swiftmodule/armv7k-apple-watchos.swiftdoc /Users/admin/builder/spi-builder-workspace/.derivedData/Build/Intermediates.noindex/SVGView.build/Debug-watchos/SVGView.build/Objects-normal/armv7k/SVGView.swiftdoc (in target 'SVGView' from project 'SVGView')
cd /Users/admin/builder/spi-builder-workspace/.dependencies/checkouts/SVGView
builtin-copy -exclude .DS_Store -exclude CVS -exclude .svn -exclude .git -exclude .hg -resolve-src-symlinks -rename /Users/admin/builder/spi-builder-workspace/.derivedData/Build/Intermediates.noindex/SVGView.build/Debug-watchos/SVGView.build/Objects-normal/armv7k/SVGView.swiftdoc /Users/admin/builder/spi-builder-workspace/.derivedData/Build/Products/Debug-watchos/SVGView.swiftmodule/armv7k-apple-watchos.swiftdoc
Copy /Users/admin/builder/spi-builder-workspace/.derivedData/Build/Products/Debug-watchos/SVGView.swiftmodule/armv7k-apple-watchos.abi.json /Users/admin/builder/spi-builder-workspace/.derivedData/Build/Intermediates.noindex/SVGView.build/Debug-watchos/SVGView.build/Objects-normal/armv7k/SVGView.abi.json (in target 'SVGView' from project 'SVGView')
cd /Users/admin/builder/spi-builder-workspace/.dependencies/checkouts/SVGView
builtin-copy -exclude .DS_Store -exclude CVS -exclude .svn -exclude .git -exclude .hg -resolve-src-symlinks -rename /Users/admin/builder/spi-builder-workspace/.derivedData/Build/Intermediates.noindex/SVGView.build/Debug-watchos/SVGView.build/Objects-normal/armv7k/SVGView.abi.json /Users/admin/builder/spi-builder-workspace/.derivedData/Build/Products/Debug-watchos/SVGView.swiftmodule/armv7k-apple-watchos.abi.json
Copy /Users/admin/builder/spi-builder-workspace/.derivedData/Build/Products/Debug-watchos/SVGView.swiftmodule/arm64_32-apple-watchos.abi.json /Users/admin/builder/spi-builder-workspace/.derivedData/Build/Intermediates.noindex/SVGView.build/Debug-watchos/SVGView.build/Objects-normal/arm64_32/SVGView.abi.json (in target 'SVGView' from project 'SVGView')
cd /Users/admin/builder/spi-builder-workspace/.dependencies/checkouts/SVGView
builtin-copy -exclude .DS_Store -exclude CVS -exclude .svn -exclude .git -exclude .hg -resolve-src-symlinks -rename /Users/admin/builder/spi-builder-workspace/.derivedData/Build/Intermediates.noindex/SVGView.build/Debug-watchos/SVGView.build/Objects-normal/arm64_32/SVGView.abi.json /Users/admin/builder/spi-builder-workspace/.derivedData/Build/Products/Debug-watchos/SVGView.swiftmodule/arm64_32-apple-watchos.abi.json
Copy /Users/admin/builder/spi-builder-workspace/.derivedData/Build/Products/Debug-watchos/SVGView.swiftmodule/Project/armv7k-apple-watchos.swiftsourceinfo /Users/admin/builder/spi-builder-workspace/.derivedData/Build/Intermediates.noindex/SVGView.build/Debug-watchos/SVGView.build/Objects-normal/armv7k/SVGView.swiftsourceinfo (in target 'SVGView' from project 'SVGView')
cd /Users/admin/builder/spi-builder-workspace/.dependencies/checkouts/SVGView
builtin-copy -exclude .DS_Store -exclude CVS -exclude .svn -exclude .git -exclude .hg -resolve-src-symlinks -rename /Users/admin/builder/spi-builder-workspace/.derivedData/Build/Intermediates.noindex/SVGView.build/Debug-watchos/SVGView.build/Objects-normal/armv7k/SVGView.swiftsourceinfo /Users/admin/builder/spi-builder-workspace/.derivedData/Build/Products/Debug-watchos/SVGView.swiftmodule/Project/armv7k-apple-watchos.swiftsourceinfo
Copy /Users/admin/builder/spi-builder-workspace/.derivedData/Build/Products/Debug-watchos/SVGView.swiftmodule/Project/arm64_32-apple-watchos.swiftsourceinfo /Users/admin/builder/spi-builder-workspace/.derivedData/Build/Intermediates.noindex/SVGView.build/Debug-watchos/SVGView.build/Objects-normal/arm64_32/SVGView.swiftsourceinfo (in target 'SVGView' from project 'SVGView')
cd /Users/admin/builder/spi-builder-workspace/.dependencies/checkouts/SVGView
builtin-copy -exclude .DS_Store -exclude CVS -exclude .svn -exclude .git -exclude .hg -resolve-src-symlinks -rename /Users/admin/builder/spi-builder-workspace/.derivedData/Build/Intermediates.noindex/SVGView.build/Debug-watchos/SVGView.build/Objects-normal/arm64_32/SVGView.swiftsourceinfo /Users/admin/builder/spi-builder-workspace/.derivedData/Build/Products/Debug-watchos/SVGView.swiftmodule/Project/arm64_32-apple-watchos.swiftsourceinfo
SwiftCompile normal armv7k Compiling\ SVGLine.swift,\ SVGPath.swift,\ SVGPolygon.swift,\ SVGPolyline.swift,\ SVGRect.swift /Users/admin/builder/spi-builder-workspace/.dependencies/checkouts/SVGView/Source/Model/Shapes/SVGLine.swift /Users/admin/builder/spi-builder-workspace/.dependencies/checkouts/SVGView/Source/Model/Shapes/SVGPath.swift /Users/admin/builder/spi-builder-workspace/.dependencies/checkouts/SVGView/Source/Model/Shapes/SVGPolygon.swift /Users/admin/builder/spi-builder-workspace/.dependencies/checkouts/SVGView/Source/Model/Shapes/SVGPolyline.swift /Users/admin/builder/spi-builder-workspace/.dependencies/checkouts/SVGView/Source/Model/Shapes/SVGRect.swift (in target 'SVGView' from project 'SVGView')
SwiftCompile normal armv7k /Users/admin/builder/spi-builder-workspace/.dependencies/checkouts/SVGView/Source/Model/Shapes/SVGLine.swift (in target 'SVGView' from project 'SVGView')
cd /Users/admin/builder/spi-builder-workspace/.swiftpm/xcode
SwiftCompile normal armv7k /Users/admin/builder/spi-builder-workspace/.dependencies/checkouts/SVGView/Source/Model/Shapes/SVGPath.swift (in target 'SVGView' from project 'SVGView')
cd /Users/admin/builder/spi-builder-workspace/.swiftpm/xcode
SwiftCompile normal armv7k /Users/admin/builder/spi-builder-workspace/.dependencies/checkouts/SVGView/Source/Model/Shapes/SVGPolygon.swift (in target 'SVGView' from project 'SVGView')
cd /Users/admin/builder/spi-builder-workspace/.swiftpm/xcode
SwiftCompile normal armv7k /Users/admin/builder/spi-builder-workspace/.dependencies/checkouts/SVGView/Source/Model/Shapes/SVGPolyline.swift (in target 'SVGView' from project 'SVGView')
cd /Users/admin/builder/spi-builder-workspace/.swiftpm/xcode
SwiftCompile normal armv7k /Users/admin/builder/spi-builder-workspace/.dependencies/checkouts/SVGView/Source/Model/Shapes/SVGRect.swift (in target 'SVGView' from project 'SVGView')
cd /Users/admin/builder/spi-builder-workspace/.swiftpm/xcode
SwiftCompile normal armv7k Compiling\ SVGDataImage.swift,\ SVGURLImage.swift,\ SVGGroup.swift,\ SVGImage.swift,\ SVGNode.swift,\ SVGShape.swift /Users/admin/builder/spi-builder-workspace/.dependencies/checkouts/SVGView/Source/Model/Images/SVGDataImage.swift /Users/admin/builder/spi-builder-workspace/.dependencies/checkouts/SVGView/Source/Model/Images/SVGURLImage.swift /Users/admin/builder/spi-builder-workspace/.dependencies/checkouts/SVGView/Source/Model/Nodes/SVGGroup.swift /Users/admin/builder/spi-builder-workspace/.dependencies/checkouts/SVGView/Source/Model/Nodes/SVGImage.swift /Users/admin/builder/spi-builder-workspace/.dependencies/checkouts/SVGView/Source/Model/Nodes/SVGNode.swift /Users/admin/builder/spi-builder-workspace/.dependencies/checkouts/SVGView/Source/Model/Nodes/SVGShape.swift (in target 'SVGView' from project 'SVGView')
SwiftCompile normal armv7k /Users/admin/builder/spi-builder-workspace/.dependencies/checkouts/SVGView/Source/Model/Images/SVGDataImage.swift (in target 'SVGView' from project 'SVGView')
cd /Users/admin/builder/spi-builder-workspace/.swiftpm/xcode
SwiftCompile normal armv7k /Users/admin/builder/spi-builder-workspace/.dependencies/checkouts/SVGView/Source/Model/Images/SVGURLImage.swift (in target 'SVGView' from project 'SVGView')
cd /Users/admin/builder/spi-builder-workspace/.swiftpm/xcode
SwiftCompile normal armv7k /Users/admin/builder/spi-builder-workspace/.dependencies/checkouts/SVGView/Source/Model/Nodes/SVGGroup.swift (in target 'SVGView' from project 'SVGView')
cd /Users/admin/builder/spi-builder-workspace/.swiftpm/xcode
SwiftCompile normal armv7k /Users/admin/builder/spi-builder-workspace/.dependencies/checkouts/SVGView/Source/Model/Nodes/SVGImage.swift (in target 'SVGView' from project 'SVGView')
cd /Users/admin/builder/spi-builder-workspace/.swiftpm/xcode
SwiftCompile normal armv7k /Users/admin/builder/spi-builder-workspace/.dependencies/checkouts/SVGView/Source/Model/Nodes/SVGNode.swift (in target 'SVGView' from project 'SVGView')
cd /Users/admin/builder/spi-builder-workspace/.swiftpm/xcode
SwiftCompile normal armv7k /Users/admin/builder/spi-builder-workspace/.dependencies/checkouts/SVGView/Source/Model/Nodes/SVGShape.swift (in target 'SVGView' from project 'SVGView')
cd /Users/admin/builder/spi-builder-workspace/.swiftpm/xcode
SwiftDriverJobDiscovery normal arm64 Compiling SVGLogger.swift, SVGScreen.swift, SVGSettings.swift, DOMParser.swift, XMLNode.swift (in target 'SVGView' from project 'SVGView')
SwiftDriverJobDiscovery normal arm64_32 Compiling SVGLogger.swift, SVGScreen.swift, SVGSettings.swift, DOMParser.swift, XMLNode.swift (in target 'SVGView' from project 'SVGView')
SwiftCompile normal armv7k Compiling\ SVGConstants.swift,\ SVGContext.swift,\ SVGIndex.swift,\ SVGParser.swift,\ SVGParserBasics.swift /Users/admin/builder/spi-builder-workspace/.dependencies/checkouts/SVGView/Source/Parser/SVG/SVGConstants.swift /Users/admin/builder/spi-builder-workspace/.dependencies/checkouts/SVGView/Source/Parser/SVG/SVGContext.swift /Users/admin/builder/spi-builder-workspace/.dependencies/checkouts/SVGView/Source/Parser/SVG/SVGIndex.swift /Users/admin/builder/spi-builder-workspace/.dependencies/checkouts/SVGView/Source/Parser/SVG/SVGParser.swift /Users/admin/builder/spi-builder-workspace/.dependencies/checkouts/SVGView/Source/Parser/SVG/SVGParserBasics.swift (in target 'SVGView' from project 'SVGView')
SwiftCompile normal armv7k /Users/admin/builder/spi-builder-workspace/.dependencies/checkouts/SVGView/Source/Parser/SVG/SVGConstants.swift (in target 'SVGView' from project 'SVGView')
cd /Users/admin/builder/spi-builder-workspace/.swiftpm/xcode
SwiftCompile normal armv7k /Users/admin/builder/spi-builder-workspace/.dependencies/checkouts/SVGView/Source/Parser/SVG/SVGContext.swift (in target 'SVGView' from project 'SVGView')
cd /Users/admin/builder/spi-builder-workspace/.swiftpm/xcode
SwiftCompile normal armv7k /Users/admin/builder/spi-builder-workspace/.dependencies/checkouts/SVGView/Source/Parser/SVG/SVGIndex.swift (in target 'SVGView' from project 'SVGView')
cd /Users/admin/builder/spi-builder-workspace/.swiftpm/xcode
SwiftCompile normal armv7k /Users/admin/builder/spi-builder-workspace/.dependencies/checkouts/SVGView/Source/Parser/SVG/SVGParser.swift (in target 'SVGView' from project 'SVGView')
cd /Users/admin/builder/spi-builder-workspace/.swiftpm/xcode
SwiftCompile normal armv7k /Users/admin/builder/spi-builder-workspace/.dependencies/checkouts/SVGView/Source/Parser/SVG/SVGParserBasics.swift (in target 'SVGView' from project 'SVGView')
cd /Users/admin/builder/spi-builder-workspace/.swiftpm/xcode
SwiftCompile normal arm64_32 Compiling\ SVGImageParser.swift,\ SVGShapeParser.swift,\ SVGStructureParsers.swift,\ SVGTextParser.swift,\ SVGLengthParser.swift /Users/admin/builder/spi-builder-workspace/.dependencies/checkouts/SVGView/Source/Parser/SVG/Elements/SVGImageParser.swift /Users/admin/builder/spi-builder-workspace/.dependencies/checkouts/SVGView/Source/Parser/SVG/Elements/SVGShapeParser.swift /Users/admin/builder/spi-builder-workspace/.dependencies/checkouts/SVGView/Source/Parser/SVG/Elements/SVGStructureParsers.swift /Users/admin/builder/spi-builder-workspace/.dependencies/checkouts/SVGView/Source/Parser/SVG/Elements/SVGTextParser.swift /Users/admin/builder/spi-builder-workspace/.dependencies/checkouts/SVGView/Source/Parser/SVG/Primitives/SVGLengthParser.swift (in target 'SVGView' from project 'SVGView')
SwiftCompile normal arm64_32 /Users/admin/builder/spi-builder-workspace/.dependencies/checkouts/SVGView/Source/Parser/SVG/Elements/SVGImageParser.swift (in target 'SVGView' from project 'SVGView')
cd /Users/admin/builder/spi-builder-workspace/.swiftpm/xcode
SwiftCompile normal arm64_32 /Users/admin/builder/spi-builder-workspace/.dependencies/checkouts/SVGView/Source/Parser/SVG/Elements/SVGShapeParser.swift (in target 'SVGView' from project 'SVGView')
cd /Users/admin/builder/spi-builder-workspace/.swiftpm/xcode
SwiftCompile normal arm64_32 /Users/admin/builder/spi-builder-workspace/.dependencies/checkouts/SVGView/Source/Parser/SVG/Elements/SVGStructureParsers.swift (in target 'SVGView' from project 'SVGView')
cd /Users/admin/builder/spi-builder-workspace/.swiftpm/xcode
SwiftCompile normal arm64_32 /Users/admin/builder/spi-builder-workspace/.dependencies/checkouts/SVGView/Source/Parser/SVG/Elements/SVGTextParser.swift (in target 'SVGView' from project 'SVGView')
cd /Users/admin/builder/spi-builder-workspace/.swiftpm/xcode
SwiftCompile normal arm64_32 /Users/admin/builder/spi-builder-workspace/.dependencies/checkouts/SVGView/Source/Parser/SVG/Primitives/SVGLengthParser.swift (in target 'SVGView' from project 'SVGView')
cd /Users/admin/builder/spi-builder-workspace/.swiftpm/xcode
SwiftDriverJobDiscovery normal arm64 Compiling SVGParserExtensions.swift, SVGParserPrimitives.swift, SVGPathReader.swift, SVGView.swift, SVGLinker.swift (in target 'SVGView' from project 'SVGView')
SwiftCompile normal arm64_32 Compiling\ SVGDataImage.swift,\ SVGURLImage.swift,\ SVGGroup.swift,\ SVGImage.swift,\ SVGNode.swift,\ SVGShape.swift /Users/admin/builder/spi-builder-workspace/.dependencies/checkouts/SVGView/Source/Model/Images/SVGDataImage.swift /Users/admin/builder/spi-builder-workspace/.dependencies/checkouts/SVGView/Source/Model/Images/SVGURLImage.swift /Users/admin/builder/spi-builder-workspace/.dependencies/checkouts/SVGView/Source/Model/Nodes/SVGGroup.swift /Users/admin/builder/spi-builder-workspace/.dependencies/checkouts/SVGView/Source/Model/Nodes/SVGImage.swift /Users/admin/builder/spi-builder-workspace/.dependencies/checkouts/SVGView/Source/Model/Nodes/SVGNode.swift /Users/admin/builder/spi-builder-workspace/.dependencies/checkouts/SVGView/Source/Model/Nodes/SVGShape.swift (in target 'SVGView' from project 'SVGView')
SwiftCompile normal arm64_32 /Users/admin/builder/spi-builder-workspace/.dependencies/checkouts/SVGView/Source/Model/Images/SVGDataImage.swift (in target 'SVGView' from project 'SVGView')
cd /Users/admin/builder/spi-builder-workspace/.swiftpm/xcode
SwiftCompile normal arm64_32 /Users/admin/builder/spi-builder-workspace/.dependencies/checkouts/SVGView/Source/Model/Images/SVGURLImage.swift (in target 'SVGView' from project 'SVGView')
cd /Users/admin/builder/spi-builder-workspace/.swiftpm/xcode
SwiftCompile normal arm64_32 /Users/admin/builder/spi-builder-workspace/.dependencies/checkouts/SVGView/Source/Model/Nodes/SVGGroup.swift (in target 'SVGView' from project 'SVGView')
cd /Users/admin/builder/spi-builder-workspace/.swiftpm/xcode
SwiftCompile normal arm64_32 /Users/admin/builder/spi-builder-workspace/.dependencies/checkouts/SVGView/Source/Model/Nodes/SVGImage.swift (in target 'SVGView' from project 'SVGView')
cd /Users/admin/builder/spi-builder-workspace/.swiftpm/xcode
SwiftCompile normal arm64_32 /Users/admin/builder/spi-builder-workspace/.dependencies/checkouts/SVGView/Source/Model/Nodes/SVGNode.swift (in target 'SVGView' from project 'SVGView')
cd /Users/admin/builder/spi-builder-workspace/.swiftpm/xcode
SwiftCompile normal arm64_32 /Users/admin/builder/spi-builder-workspace/.dependencies/checkouts/SVGView/Source/Model/Nodes/SVGShape.swift (in target 'SVGView' from project 'SVGView')
cd /Users/admin/builder/spi-builder-workspace/.swiftpm/xcode
SwiftDriverJobDiscovery normal arm64 Compiling SVGImageParser.swift, SVGShapeParser.swift, SVGStructureParsers.swift, SVGTextParser.swift, SVGLengthParser.swift (in target 'SVGView' from project 'SVGView')
SwiftCompile normal armv7k Compiling\ SVGLength.swift,\ SVGPaint.swift,\ SVGPreserveAspectRatio.swift,\ SVGStroke.swift,\ SVGCircle.swift,\ SVGEllipse.swift /Users/admin/builder/spi-builder-workspace/.dependencies/checkouts/SVGView/Source/Model/Primitives/SVGLength.swift /Users/admin/builder/spi-builder-workspace/.dependencies/checkouts/SVGView/Source/Model/Primitives/SVGPaint.swift /Users/admin/builder/spi-builder-workspace/.dependencies/checkouts/SVGView/Source/Model/Primitives/SVGPreserveAspectRatio.swift /Users/admin/builder/spi-builder-workspace/.dependencies/checkouts/SVGView/Source/Model/Primitives/SVGStroke.swift /Users/admin/builder/spi-builder-workspace/.dependencies/checkouts/SVGView/Source/Model/Shapes/SVGCircle.swift /Users/admin/builder/spi-builder-workspace/.dependencies/checkouts/SVGView/Source/Model/Shapes/SVGEllipse.swift (in target 'SVGView' from project 'SVGView')
SwiftCompile normal armv7k /Users/admin/builder/spi-builder-workspace/.dependencies/checkouts/SVGView/Source/Model/Primitives/SVGLength.swift (in target 'SVGView' from project 'SVGView')
cd /Users/admin/builder/spi-builder-workspace/.swiftpm/xcode
SwiftCompile normal armv7k /Users/admin/builder/spi-builder-workspace/.dependencies/checkouts/SVGView/Source/Model/Primitives/SVGPaint.swift (in target 'SVGView' from project 'SVGView')
cd /Users/admin/builder/spi-builder-workspace/.swiftpm/xcode
SwiftCompile normal armv7k /Users/admin/builder/spi-builder-workspace/.dependencies/checkouts/SVGView/Source/Model/Primitives/SVGPreserveAspectRatio.swift (in target 'SVGView' from project 'SVGView')
cd /Users/admin/builder/spi-builder-workspace/.swiftpm/xcode
SwiftCompile normal armv7k /Users/admin/builder/spi-builder-workspace/.dependencies/checkouts/SVGView/Source/Model/Primitives/SVGStroke.swift (in target 'SVGView' from project 'SVGView')
cd /Users/admin/builder/spi-builder-workspace/.swiftpm/xcode
SwiftCompile normal armv7k /Users/admin/builder/spi-builder-workspace/.dependencies/checkouts/SVGView/Source/Model/Shapes/SVGCircle.swift (in target 'SVGView' from project 'SVGView')
cd /Users/admin/builder/spi-builder-workspace/.swiftpm/xcode
SwiftCompile normal armv7k /Users/admin/builder/spi-builder-workspace/.dependencies/checkouts/SVGView/Source/Model/Shapes/SVGEllipse.swift (in target 'SVGView' from project 'SVGView')
cd /Users/admin/builder/spi-builder-workspace/.swiftpm/xcode
SwiftCompile normal armv7k Compiling\ SVGLogger.swift,\ SVGScreen.swift,\ SVGSettings.swift,\ DOMParser.swift,\ XMLNode.swift /Users/admin/builder/spi-builder-workspace/.dependencies/checkouts/SVGView/Source/Parser/SVG/Settings/SVGLogger.swift /Users/admin/builder/spi-builder-workspace/.dependencies/checkouts/SVGView/Source/Parser/SVG/Settings/SVGScreen.swift /Users/admin/builder/spi-builder-workspace/.dependencies/checkouts/SVGView/Source/Parser/SVG/Settings/SVGSettings.swift /Users/admin/builder/spi-builder-workspace/.dependencies/checkouts/SVGView/Source/Parser/XML/DOMParser.swift /Users/admin/builder/spi-builder-workspace/.dependencies/checkouts/SVGView/Source/Parser/XML/XMLNode.swift (in target 'SVGView' from project 'SVGView')
SwiftCompile normal armv7k /Users/admin/builder/spi-builder-workspace/.dependencies/checkouts/SVGView/Source/Parser/SVG/Settings/SVGLogger.swift (in target 'SVGView' from project 'SVGView')
cd /Users/admin/builder/spi-builder-workspace/.swiftpm/xcode
SwiftCompile normal armv7k /Users/admin/builder/spi-builder-workspace/.dependencies/checkouts/SVGView/Source/Parser/SVG/Settings/SVGScreen.swift (in target 'SVGView' from project 'SVGView')
cd /Users/admin/builder/spi-builder-workspace/.swiftpm/xcode
SwiftCompile normal armv7k /Users/admin/builder/spi-builder-workspace/.dependencies/checkouts/SVGView/Source/Parser/SVG/Settings/SVGSettings.swift (in target 'SVGView' from project 'SVGView')
cd /Users/admin/builder/spi-builder-workspace/.swiftpm/xcode
SwiftCompile normal armv7k /Users/admin/builder/spi-builder-workspace/.dependencies/checkouts/SVGView/Source/Parser/XML/DOMParser.swift (in target 'SVGView' from project 'SVGView')
cd /Users/admin/builder/spi-builder-workspace/.swiftpm/xcode
SwiftCompile normal armv7k /Users/admin/builder/spi-builder-workspace/.dependencies/checkouts/SVGView/Source/Parser/XML/XMLNode.swift (in target 'SVGView' from project 'SVGView')
cd /Users/admin/builder/spi-builder-workspace/.swiftpm/xcode
SwiftDriverJobDiscovery normal arm64 Compiling SVGDataImage.swift, SVGURLImage.swift, SVGGroup.swift, SVGImage.swift, SVGNode.swift, SVGShape.swift (in target 'SVGView' from project 'SVGView')
SwiftDriverJobDiscovery normal arm64_32 Compiling Serializable.swift, Serializations.swift, Serializer.swift, MBezierPath+Extension_macOS.swift, UIExtensions.swift (in target 'SVGView' from project 'SVGView')
SwiftCompile normal arm64_32 Compiling\ SVGParserExtensions.swift,\ SVGParserPrimitives.swift,\ SVGPathReader.swift,\ SVGView.swift,\ SVGLinker.swift /Users/admin/builder/spi-builder-workspace/.dependencies/checkouts/SVGView/Source/Parser/SVG/SVGParserExtensions.swift /Users/admin/builder/spi-builder-workspace/.dependencies/checkouts/SVGView/Source/Parser/SVG/SVGParserPrimitives.swift /Users/admin/builder/spi-builder-workspace/.dependencies/checkouts/SVGView/Source/Parser/SVG/SVGPathReader.swift /Users/admin/builder/spi-builder-workspace/.dependencies/checkouts/SVGView/Source/Parser/SVG/SVGView.swift /Users/admin/builder/spi-builder-workspace/.dependencies/checkouts/SVGView/Source/Parser/SVG/Settings/SVGLinker.swift (in target 'SVGView' from project 'SVGView')
SwiftCompile normal arm64_32 /Users/admin/builder/spi-builder-workspace/.dependencies/checkouts/SVGView/Source/Parser/SVG/SVGParserExtensions.swift (in target 'SVGView' from project 'SVGView')
cd /Users/admin/builder/spi-builder-workspace/.swiftpm/xcode
SwiftCompile normal arm64_32 /Users/admin/builder/spi-builder-workspace/.dependencies/checkouts/SVGView/Source/Parser/SVG/SVGParserPrimitives.swift (in target 'SVGView' from project 'SVGView')
cd /Users/admin/builder/spi-builder-workspace/.swiftpm/xcode
SwiftCompile normal arm64_32 /Users/admin/builder/spi-builder-workspace/.dependencies/checkouts/SVGView/Source/Parser/SVG/SVGPathReader.swift (in target 'SVGView' from project 'SVGView')
cd /Users/admin/builder/spi-builder-workspace/.swiftpm/xcode
SwiftCompile normal arm64_32 /Users/admin/builder/spi-builder-workspace/.dependencies/checkouts/SVGView/Source/Parser/SVG/SVGView.swift (in target 'SVGView' from project 'SVGView')
cd /Users/admin/builder/spi-builder-workspace/.swiftpm/xcode
SwiftCompile normal arm64_32 /Users/admin/builder/spi-builder-workspace/.dependencies/checkouts/SVGView/Source/Parser/SVG/Settings/SVGLinker.swift (in target 'SVGView' from project 'SVGView')
cd /Users/admin/builder/spi-builder-workspace/.swiftpm/xcode
SwiftDriverJobDiscovery normal arm64 Compiling SVGText.swift, SVGUserSpaceNode.swift, SVGViewport.swift, SVGColor.swift, SVGFont.swift, SVGGradient.swift (in target 'SVGView' from project 'SVGView')
SwiftCompile normal arm64_32 Compiling\ SVGConstants.swift,\ SVGContext.swift,\ SVGIndex.swift,\ SVGParser.swift,\ SVGParserBasics.swift /Users/admin/builder/spi-builder-workspace/.dependencies/checkouts/SVGView/Source/Parser/SVG/SVGConstants.swift /Users/admin/builder/spi-builder-workspace/.dependencies/checkouts/SVGView/Source/Parser/SVG/SVGContext.swift /Users/admin/builder/spi-builder-workspace/.dependencies/checkouts/SVGView/Source/Parser/SVG/SVGIndex.swift /Users/admin/builder/spi-builder-workspace/.dependencies/checkouts/SVGView/Source/Parser/SVG/SVGParser.swift /Users/admin/builder/spi-builder-workspace/.dependencies/checkouts/SVGView/Source/Parser/SVG/SVGParserBasics.swift (in target 'SVGView' from project 'SVGView')
SwiftCompile normal arm64_32 /Users/admin/builder/spi-builder-workspace/.dependencies/checkouts/SVGView/Source/Parser/SVG/SVGConstants.swift (in target 'SVGView' from project 'SVGView')
cd /Users/admin/builder/spi-builder-workspace/.swiftpm/xcode
SwiftCompile normal arm64_32 /Users/admin/builder/spi-builder-workspace/.dependencies/checkouts/SVGView/Source/Parser/SVG/SVGContext.swift (in target 'SVGView' from project 'SVGView')
cd /Users/admin/builder/spi-builder-workspace/.swiftpm/xcode
SwiftCompile normal arm64_32 /Users/admin/builder/spi-builder-workspace/.dependencies/checkouts/SVGView/Source/Parser/SVG/SVGIndex.swift (in target 'SVGView' from project 'SVGView')
cd /Users/admin/builder/spi-builder-workspace/.swiftpm/xcode
SwiftCompile normal arm64_32 /Users/admin/builder/spi-builder-workspace/.dependencies/checkouts/SVGView/Source/Parser/SVG/SVGParser.swift (in target 'SVGView' from project 'SVGView')
cd /Users/admin/builder/spi-builder-workspace/.swiftpm/xcode
SwiftCompile normal arm64_32 /Users/admin/builder/spi-builder-workspace/.dependencies/checkouts/SVGView/Source/Parser/SVG/SVGParserBasics.swift (in target 'SVGView' from project 'SVGView')
cd /Users/admin/builder/spi-builder-workspace/.swiftpm/xcode
SwiftDriverJobDiscovery normal arm64_32 Compiling SVGText.swift, SVGUserSpaceNode.swift, SVGViewport.swift, SVGColor.swift, SVGFont.swift, SVGGradient.swift (in target 'SVGView' from project 'SVGView')
SwiftCompile normal arm64_32 Compiling\ SVGLength.swift,\ SVGPaint.swift,\ SVGPreserveAspectRatio.swift,\ SVGStroke.swift,\ SVGCircle.swift,\ SVGEllipse.swift /Users/admin/builder/spi-builder-workspace/.dependencies/checkouts/SVGView/Source/Model/Primitives/SVGLength.swift /Users/admin/builder/spi-builder-workspace/.dependencies/checkouts/SVGView/Source/Model/Primitives/SVGPaint.swift /Users/admin/builder/spi-builder-workspace/.dependencies/checkouts/SVGView/Source/Model/Primitives/SVGPreserveAspectRatio.swift /Users/admin/builder/spi-builder-workspace/.dependencies/checkouts/SVGView/Source/Model/Primitives/SVGStroke.swift /Users/admin/builder/spi-builder-workspace/.dependencies/checkouts/SVGView/Source/Model/Shapes/SVGCircle.swift /Users/admin/builder/spi-builder-workspace/.dependencies/checkouts/SVGView/Source/Model/Shapes/SVGEllipse.swift (in target 'SVGView' from project 'SVGView')
SwiftCompile normal arm64_32 /Users/admin/builder/spi-builder-workspace/.dependencies/checkouts/SVGView/Source/Model/Primitives/SVGLength.swift (in target 'SVGView' from project 'SVGView')
cd /Users/admin/builder/spi-builder-workspace/.swiftpm/xcode
SwiftCompile normal arm64_32 /Users/admin/builder/spi-builder-workspace/.dependencies/checkouts/SVGView/Source/Model/Primitives/SVGPaint.swift (in target 'SVGView' from project 'SVGView')
cd /Users/admin/builder/spi-builder-workspace/.swiftpm/xcode
SwiftCompile normal arm64_32 /Users/admin/builder/spi-builder-workspace/.dependencies/checkouts/SVGView/Source/Model/Primitives/SVGPreserveAspectRatio.swift (in target 'SVGView' from project 'SVGView')
cd /Users/admin/builder/spi-builder-workspace/.swiftpm/xcode
SwiftCompile normal arm64_32 /Users/admin/builder/spi-builder-workspace/.dependencies/checkouts/SVGView/Source/Model/Primitives/SVGStroke.swift (in target 'SVGView' from project 'SVGView')
cd /Users/admin/builder/spi-builder-workspace/.swiftpm/xcode
SwiftCompile normal arm64_32 /Users/admin/builder/spi-builder-workspace/.dependencies/checkouts/SVGView/Source/Model/Shapes/SVGCircle.swift (in target 'SVGView' from project 'SVGView')
cd /Users/admin/builder/spi-builder-workspace/.swiftpm/xcode
SwiftCompile normal arm64_32 /Users/admin/builder/spi-builder-workspace/.dependencies/checkouts/SVGView/Source/Model/Shapes/SVGEllipse.swift (in target 'SVGView' from project 'SVGView')
cd /Users/admin/builder/spi-builder-workspace/.swiftpm/xcode
SwiftDriverJobDiscovery normal arm64_32 Compiling SVGImageParser.swift, SVGShapeParser.swift, SVGStructureParsers.swift, SVGTextParser.swift, SVGLengthParser.swift (in target 'SVGView' from project 'SVGView')
SwiftCompile normal armv7k Compiling\ CSSParser.swift,\ SVGAttribute.swift,\ SVGFontSizeAttribute.swift,\ SVGLengthAttribute.swift,\ SVGElementParser.swift /Users/admin/builder/spi-builder-workspace/.dependencies/checkouts/SVGView/Source/Parser/CSS/CSSParser.swift /Users/admin/builder/spi-builder-workspace/.dependencies/checkouts/SVGView/Source/Parser/SVG/Attributes/SVGAttribute.swift /Users/admin/builder/spi-builder-workspace/.dependencies/checkouts/SVGView/Source/Parser/SVG/Attributes/SVGFontSizeAttribute.swift /Users/admin/builder/spi-builder-workspace/.dependencies/checkouts/SVGView/Source/Parser/SVG/Attributes/SVGLengthAttribute.swift /Users/admin/builder/spi-builder-workspace/.dependencies/checkouts/SVGView/Source/Parser/SVG/Elements/SVGElementParser.swift (in target 'SVGView' from project 'SVGView')
SwiftCompile normal armv7k /Users/admin/builder/spi-builder-workspace/.dependencies/checkouts/SVGView/Source/Parser/CSS/CSSParser.swift (in target 'SVGView' from project 'SVGView')
cd /Users/admin/builder/spi-builder-workspace/.swiftpm/xcode
SwiftCompile normal armv7k /Users/admin/builder/spi-builder-workspace/.dependencies/checkouts/SVGView/Source/Parser/SVG/Attributes/SVGAttribute.swift (in target 'SVGView' from project 'SVGView')
cd /Users/admin/builder/spi-builder-workspace/.swiftpm/xcode
SwiftCompile normal armv7k /Users/admin/builder/spi-builder-workspace/.dependencies/checkouts/SVGView/Source/Parser/SVG/Attributes/SVGFontSizeAttribute.swift (in target 'SVGView' from project 'SVGView')
cd /Users/admin/builder/spi-builder-workspace/.swiftpm/xcode
SwiftCompile normal armv7k /Users/admin/builder/spi-builder-workspace/.dependencies/checkouts/SVGView/Source/Parser/SVG/Attributes/SVGLengthAttribute.swift (in target 'SVGView' from project 'SVGView')
cd /Users/admin/builder/spi-builder-workspace/.swiftpm/xcode
SwiftCompile normal armv7k /Users/admin/builder/spi-builder-workspace/.dependencies/checkouts/SVGView/Source/Parser/SVG/Elements/SVGElementParser.swift (in target 'SVGView' from project 'SVGView')
cd /Users/admin/builder/spi-builder-workspace/.swiftpm/xcode
SwiftDriverJobDiscovery normal arm64_32 Compiling SVGDataImage.swift, SVGURLImage.swift, SVGGroup.swift, SVGImage.swift, SVGNode.swift, SVGShape.swift (in target 'SVGView' from project 'SVGView')
SwiftCompile normal armv7k Compiling\ SVGParserExtensions.swift,\ SVGParserPrimitives.swift,\ SVGPathReader.swift,\ SVGView.swift,\ SVGLinker.swift /Users/admin/builder/spi-builder-workspace/.dependencies/checkouts/SVGView/Source/Parser/SVG/SVGParserExtensions.swift /Users/admin/builder/spi-builder-workspace/.dependencies/checkouts/SVGView/Source/Parser/SVG/SVGParserPrimitives.swift /Users/admin/builder/spi-builder-workspace/.dependencies/checkouts/SVGView/Source/Parser/SVG/SVGPathReader.swift /Users/admin/builder/spi-builder-workspace/.dependencies/checkouts/SVGView/Source/Parser/SVG/SVGView.swift /Users/admin/builder/spi-builder-workspace/.dependencies/checkouts/SVGView/Source/Parser/SVG/Settings/SVGLinker.swift (in target 'SVGView' from project 'SVGView')
SwiftCompile normal armv7k /Users/admin/builder/spi-builder-workspace/.dependencies/checkouts/SVGView/Source/Parser/SVG/SVGParserExtensions.swift (in target 'SVGView' from project 'SVGView')
cd /Users/admin/builder/spi-builder-workspace/.swiftpm/xcode
SwiftCompile normal armv7k /Users/admin/builder/spi-builder-workspace/.dependencies/checkouts/SVGView/Source/Parser/SVG/SVGParserPrimitives.swift (in target 'SVGView' from project 'SVGView')
cd /Users/admin/builder/spi-builder-workspace/.swiftpm/xcode
SwiftCompile normal armv7k /Users/admin/builder/spi-builder-workspace/.dependencies/checkouts/SVGView/Source/Parser/SVG/SVGPathReader.swift (in target 'SVGView' from project 'SVGView')
cd /Users/admin/builder/spi-builder-workspace/.swiftpm/xcode
SwiftCompile normal armv7k /Users/admin/builder/spi-builder-workspace/.dependencies/checkouts/SVGView/Source/Parser/SVG/SVGView.swift (in target 'SVGView' from project 'SVGView')
cd /Users/admin/builder/spi-builder-workspace/.swiftpm/xcode
SwiftCompile normal armv7k /Users/admin/builder/spi-builder-workspace/.dependencies/checkouts/SVGView/Source/Parser/SVG/Settings/SVGLinker.swift (in target 'SVGView' from project 'SVGView')
cd /Users/admin/builder/spi-builder-workspace/.swiftpm/xcode
SwiftDriverJobDiscovery normal arm64_32 Compiling SVGParserExtensions.swift, SVGParserPrimitives.swift, SVGPathReader.swift, SVGView.swift, SVGLinker.swift (in target 'SVGView' from project 'SVGView')
SwiftCompile normal arm64_32 Compiling\ SVGLine.swift,\ SVGPath.swift,\ SVGPolygon.swift,\ SVGPolyline.swift,\ SVGRect.swift /Users/admin/builder/spi-builder-workspace/.dependencies/checkouts/SVGView/Source/Model/Shapes/SVGLine.swift /Users/admin/builder/spi-builder-workspace/.dependencies/checkouts/SVGView/Source/Model/Shapes/SVGPath.swift /Users/admin/builder/spi-builder-workspace/.dependencies/checkouts/SVGView/Source/Model/Shapes/SVGPolygon.swift /Users/admin/builder/spi-builder-workspace/.dependencies/checkouts/SVGView/Source/Model/Shapes/SVGPolyline.swift /Users/admin/builder/spi-builder-workspace/.dependencies/checkouts/SVGView/Source/Model/Shapes/SVGRect.swift (in target 'SVGView' from project 'SVGView')
SwiftCompile normal arm64_32 /Users/admin/builder/spi-builder-workspace/.dependencies/checkouts/SVGView/Source/Model/Shapes/SVGLine.swift (in target 'SVGView' from project 'SVGView')
cd /Users/admin/builder/spi-builder-workspace/.swiftpm/xcode
SwiftCompile normal arm64_32 /Users/admin/builder/spi-builder-workspace/.dependencies/checkouts/SVGView/Source/Model/Shapes/SVGPath.swift (in target 'SVGView' from project 'SVGView')
cd /Users/admin/builder/spi-builder-workspace/.swiftpm/xcode
SwiftCompile normal arm64_32 /Users/admin/builder/spi-builder-workspace/.dependencies/checkouts/SVGView/Source/Model/Shapes/SVGPolygon.swift (in target 'SVGView' from project 'SVGView')
cd /Users/admin/builder/spi-builder-workspace/.swiftpm/xcode
SwiftCompile normal arm64_32 /Users/admin/builder/spi-builder-workspace/.dependencies/checkouts/SVGView/Source/Model/Shapes/SVGPolyline.swift (in target 'SVGView' from project 'SVGView')
cd /Users/admin/builder/spi-builder-workspace/.swiftpm/xcode
SwiftCompile normal arm64_32 /Users/admin/builder/spi-builder-workspace/.dependencies/checkouts/SVGView/Source/Model/Shapes/SVGRect.swift (in target 'SVGView' from project 'SVGView')
cd /Users/admin/builder/spi-builder-workspace/.swiftpm/xcode
SwiftDriverJobDiscovery normal arm64_32 Compiling SVGConstants.swift, SVGContext.swift, SVGIndex.swift, SVGParser.swift, SVGParserBasics.swift (in target 'SVGView' from project 'SVGView')
SwiftCompile normal armv7k Compiling\ SVGImageParser.swift,\ SVGShapeParser.swift,\ SVGStructureParsers.swift,\ SVGTextParser.swift,\ SVGLengthParser.swift /Users/admin/builder/spi-builder-workspace/.dependencies/checkouts/SVGView/Source/Parser/SVG/Elements/SVGImageParser.swift /Users/admin/builder/spi-builder-workspace/.dependencies/checkouts/SVGView/Source/Parser/SVG/Elements/SVGShapeParser.swift /Users/admin/builder/spi-builder-workspace/.dependencies/checkouts/SVGView/Source/Parser/SVG/Elements/SVGStructureParsers.swift /Users/admin/builder/spi-builder-workspace/.dependencies/checkouts/SVGView/Source/Parser/SVG/Elements/SVGTextParser.swift /Users/admin/builder/spi-builder-workspace/.dependencies/checkouts/SVGView/Source/Parser/SVG/Primitives/SVGLengthParser.swift (in target 'SVGView' from project 'SVGView')
SwiftCompile normal armv7k /Users/admin/builder/spi-builder-workspace/.dependencies/checkouts/SVGView/Source/Parser/SVG/Elements/SVGImageParser.swift (in target 'SVGView' from project 'SVGView')
cd /Users/admin/builder/spi-builder-workspace/.swiftpm/xcode
SwiftCompile normal armv7k /Users/admin/builder/spi-builder-workspace/.dependencies/checkouts/SVGView/Source/Parser/SVG/Elements/SVGShapeParser.swift (in target 'SVGView' from project 'SVGView')
cd /Users/admin/builder/spi-builder-workspace/.swiftpm/xcode
SwiftCompile normal armv7k /Users/admin/builder/spi-builder-workspace/.dependencies/checkouts/SVGView/Source/Parser/SVG/Elements/SVGStructureParsers.swift (in target 'SVGView' from project 'SVGView')
cd /Users/admin/builder/spi-builder-workspace/.swiftpm/xcode
SwiftCompile normal armv7k /Users/admin/builder/spi-builder-workspace/.dependencies/checkouts/SVGView/Source/Parser/SVG/Elements/SVGTextParser.swift (in target 'SVGView' from project 'SVGView')
cd /Users/admin/builder/spi-builder-workspace/.swiftpm/xcode
SwiftCompile normal armv7k /Users/admin/builder/spi-builder-workspace/.dependencies/checkouts/SVGView/Source/Parser/SVG/Primitives/SVGLengthParser.swift (in target 'SVGView' from project 'SVGView')
cd /Users/admin/builder/spi-builder-workspace/.swiftpm/xcode
SwiftDriverJobDiscovery normal arm64_32 Compiling SVGLength.swift, SVGPaint.swift, SVGPreserveAspectRatio.swift, SVGStroke.swift, SVGCircle.swift, SVGEllipse.swift (in target 'SVGView' from project 'SVGView')
SwiftCompile normal arm64_32 Compiling\ CSSParser.swift,\ SVGAttribute.swift,\ SVGFontSizeAttribute.swift,\ SVGLengthAttribute.swift,\ SVGElementParser.swift /Users/admin/builder/spi-builder-workspace/.dependencies/checkouts/SVGView/Source/Parser/CSS/CSSParser.swift /Users/admin/builder/spi-builder-workspace/.dependencies/checkouts/SVGView/Source/Parser/SVG/Attributes/SVGAttribute.swift /Users/admin/builder/spi-builder-workspace/.dependencies/checkouts/SVGView/Source/Parser/SVG/Attributes/SVGFontSizeAttribute.swift /Users/admin/builder/spi-builder-workspace/.dependencies/checkouts/SVGView/Source/Parser/SVG/Attributes/SVGLengthAttribute.swift /Users/admin/builder/spi-builder-workspace/.dependencies/checkouts/SVGView/Source/Parser/SVG/Elements/SVGElementParser.swift (in target 'SVGView' from project 'SVGView')
SwiftCompile normal arm64_32 /Users/admin/builder/spi-builder-workspace/.dependencies/checkouts/SVGView/Source/Parser/CSS/CSSParser.swift (in target 'SVGView' from project 'SVGView')
cd /Users/admin/builder/spi-builder-workspace/.swiftpm/xcode
SwiftCompile normal arm64_32 /Users/admin/builder/spi-builder-workspace/.dependencies/checkouts/SVGView/Source/Parser/SVG/Attributes/SVGAttribute.swift (in target 'SVGView' from project 'SVGView')
cd /Users/admin/builder/spi-builder-workspace/.swiftpm/xcode
SwiftCompile normal arm64_32 /Users/admin/builder/spi-builder-workspace/.dependencies/checkouts/SVGView/Source/Parser/SVG/Attributes/SVGFontSizeAttribute.swift (in target 'SVGView' from project 'SVGView')
cd /Users/admin/builder/spi-builder-workspace/.swiftpm/xcode
SwiftCompile normal arm64_32 /Users/admin/builder/spi-builder-workspace/.dependencies/checkouts/SVGView/Source/Parser/SVG/Attributes/SVGLengthAttribute.swift (in target 'SVGView' from project 'SVGView')
cd /Users/admin/builder/spi-builder-workspace/.swiftpm/xcode
SwiftCompile normal arm64_32 /Users/admin/builder/spi-builder-workspace/.dependencies/checkouts/SVGView/Source/Parser/SVG/Elements/SVGElementParser.swift (in target 'SVGView' from project 'SVGView')
cd /Users/admin/builder/spi-builder-workspace/.swiftpm/xcode
SwiftDriverJobDiscovery normal armv7k Compiling SVGLength.swift, SVGPaint.swift, SVGPreserveAspectRatio.swift, SVGStroke.swift, SVGCircle.swift, SVGEllipse.swift (in target 'SVGView' from project 'SVGView')
SwiftCompile normal arm64 Compiling\ SVGConstants.swift,\ SVGContext.swift,\ SVGIndex.swift,\ SVGParser.swift,\ SVGParserBasics.swift /Users/admin/builder/spi-builder-workspace/.dependencies/checkouts/SVGView/Source/Parser/SVG/SVGConstants.swift /Users/admin/builder/spi-builder-workspace/.dependencies/checkouts/SVGView/Source/Parser/SVG/SVGContext.swift /Users/admin/builder/spi-builder-workspace/.dependencies/checkouts/SVGView/Source/Parser/SVG/SVGIndex.swift /Users/admin/builder/spi-builder-workspace/.dependencies/checkouts/SVGView/Source/Parser/SVG/SVGParser.swift /Users/admin/builder/spi-builder-workspace/.dependencies/checkouts/SVGView/Source/Parser/SVG/SVGParserBasics.swift (in target 'SVGView' from project 'SVGView')
SwiftCompile normal arm64 /Users/admin/builder/spi-builder-workspace/.dependencies/checkouts/SVGView/Source/Parser/SVG/SVGConstants.swift (in target 'SVGView' from project 'SVGView')
cd /Users/admin/builder/spi-builder-workspace/.swiftpm/xcode
SwiftCompile normal arm64 /Users/admin/builder/spi-builder-workspace/.dependencies/checkouts/SVGView/Source/Parser/SVG/SVGContext.swift (in target 'SVGView' from project 'SVGView')
cd /Users/admin/builder/spi-builder-workspace/.swiftpm/xcode
SwiftCompile normal arm64 /Users/admin/builder/spi-builder-workspace/.dependencies/checkouts/SVGView/Source/Parser/SVG/SVGIndex.swift (in target 'SVGView' from project 'SVGView')
cd /Users/admin/builder/spi-builder-workspace/.swiftpm/xcode
SwiftCompile normal arm64 /Users/admin/builder/spi-builder-workspace/.dependencies/checkouts/SVGView/Source/Parser/SVG/SVGParser.swift (in target 'SVGView' from project 'SVGView')
cd /Users/admin/builder/spi-builder-workspace/.swiftpm/xcode
SwiftCompile normal arm64 /Users/admin/builder/spi-builder-workspace/.dependencies/checkouts/SVGView/Source/Parser/SVG/SVGParserBasics.swift (in target 'SVGView' from project 'SVGView')
cd /Users/admin/builder/spi-builder-workspace/.swiftpm/xcode
SwiftDriverJobDiscovery normal armv7k Compiling SVGLogger.swift, SVGScreen.swift, SVGSettings.swift, DOMParser.swift, XMLNode.swift (in target 'SVGView' from project 'SVGView')
SwiftCompile normal arm64 Compiling\ SVGLine.swift,\ SVGPath.swift,\ SVGPolygon.swift,\ SVGPolyline.swift,\ SVGRect.swift /Users/admin/builder/spi-builder-workspace/.dependencies/checkouts/SVGView/Source/Model/Shapes/SVGLine.swift /Users/admin/builder/spi-builder-workspace/.dependencies/checkouts/SVGView/Source/Model/Shapes/SVGPath.swift /Users/admin/builder/spi-builder-workspace/.dependencies/checkouts/SVGView/Source/Model/Shapes/SVGPolygon.swift /Users/admin/builder/spi-builder-workspace/.dependencies/checkouts/SVGView/Source/Model/Shapes/SVGPolyline.swift /Users/admin/builder/spi-builder-workspace/.dependencies/checkouts/SVGView/Source/Model/Shapes/SVGRect.swift (in target 'SVGView' from project 'SVGView')
SwiftCompile normal arm64 /Users/admin/builder/spi-builder-workspace/.dependencies/checkouts/SVGView/Source/Model/Shapes/SVGLine.swift (in target 'SVGView' from project 'SVGView')
cd /Users/admin/builder/spi-builder-workspace/.swiftpm/xcode
SwiftCompile normal arm64 /Users/admin/builder/spi-builder-workspace/.dependencies/checkouts/SVGView/Source/Model/Shapes/SVGPath.swift (in target 'SVGView' from project 'SVGView')
cd /Users/admin/builder/spi-builder-workspace/.swiftpm/xcode
SwiftCompile normal arm64 /Users/admin/builder/spi-builder-workspace/.dependencies/checkouts/SVGView/Source/Model/Shapes/SVGPolygon.swift (in target 'SVGView' from project 'SVGView')
cd /Users/admin/builder/spi-builder-workspace/.swiftpm/xcode
SwiftCompile normal arm64 /Users/admin/builder/spi-builder-workspace/.dependencies/checkouts/SVGView/Source/Model/Shapes/SVGPolyline.swift (in target 'SVGView' from project 'SVGView')
cd /Users/admin/builder/spi-builder-workspace/.swiftpm/xcode
SwiftCompile normal arm64 /Users/admin/builder/spi-builder-workspace/.dependencies/checkouts/SVGView/Source/Model/Shapes/SVGRect.swift (in target 'SVGView' from project 'SVGView')
cd /Users/admin/builder/spi-builder-workspace/.swiftpm/xcode
SwiftDriverJobDiscovery normal armv7k Compiling SVGLine.swift, SVGPath.swift, SVGPolygon.swift, SVGPolyline.swift, SVGRect.swift (in target 'SVGView' from project 'SVGView')
SwiftCompile normal armv7k Compiling\ SVGText.swift,\ SVGUserSpaceNode.swift,\ SVGViewport.swift,\ SVGColor.swift,\ SVGFont.swift,\ SVGGradient.swift /Users/admin/builder/spi-builder-workspace/.dependencies/checkouts/SVGView/Source/Model/Nodes/SVGText.swift /Users/admin/builder/spi-builder-workspace/.dependencies/checkouts/SVGView/Source/Model/Nodes/SVGUserSpaceNode.swift /Users/admin/builder/spi-builder-workspace/.dependencies/checkouts/SVGView/Source/Model/Nodes/SVGViewport.swift /Users/admin/builder/spi-builder-workspace/.dependencies/checkouts/SVGView/Source/Model/Primitives/SVGColor.swift /Users/admin/builder/spi-builder-workspace/.dependencies/checkouts/SVGView/Source/Model/Primitives/SVGFont.swift /Users/admin/builder/spi-builder-workspace/.dependencies/checkouts/SVGView/Source/Model/Primitives/SVGGradient.swift (in target 'SVGView' from project 'SVGView')
SwiftCompile normal armv7k /Users/admin/builder/spi-builder-workspace/.dependencies/checkouts/SVGView/Source/Model/Nodes/SVGText.swift (in target 'SVGView' from project 'SVGView')
cd /Users/admin/builder/spi-builder-workspace/.swiftpm/xcode
SwiftCompile normal armv7k /Users/admin/builder/spi-builder-workspace/.dependencies/checkouts/SVGView/Source/Model/Nodes/SVGUserSpaceNode.swift (in target 'SVGView' from project 'SVGView')
cd /Users/admin/builder/spi-builder-workspace/.swiftpm/xcode
SwiftCompile normal armv7k /Users/admin/builder/spi-builder-workspace/.dependencies/checkouts/SVGView/Source/Model/Nodes/SVGViewport.swift (in target 'SVGView' from project 'SVGView')
cd /Users/admin/builder/spi-builder-workspace/.swiftpm/xcode
SwiftCompile normal armv7k /Users/admin/builder/spi-builder-workspace/.dependencies/checkouts/SVGView/Source/Model/Primitives/SVGColor.swift (in target 'SVGView' from project 'SVGView')
cd /Users/admin/builder/spi-builder-workspace/.swiftpm/xcode
SwiftCompile normal armv7k /Users/admin/builder/spi-builder-workspace/.dependencies/checkouts/SVGView/Source/Model/Primitives/SVGFont.swift (in target 'SVGView' from project 'SVGView')
cd /Users/admin/builder/spi-builder-workspace/.swiftpm/xcode
SwiftCompile normal armv7k /Users/admin/builder/spi-builder-workspace/.dependencies/checkouts/SVGView/Source/Model/Primitives/SVGGradient.swift (in target 'SVGView' from project 'SVGView')
cd /Users/admin/builder/spi-builder-workspace/.swiftpm/xcode
SwiftCompile normal arm64 Compiling\ Serializable.swift,\ Serializations.swift,\ Serializer.swift,\ MBezierPath+Extension_macOS.swift,\ UIExtensions.swift /Users/admin/builder/spi-builder-workspace/.dependencies/checkouts/SVGView/Source/Serialization/Serializable.swift /Users/admin/builder/spi-builder-workspace/.dependencies/checkouts/SVGView/Source/Serialization/Serializations.swift /Users/admin/builder/spi-builder-workspace/.dependencies/checkouts/SVGView/Source/Serialization/Serializer.swift /Users/admin/builder/spi-builder-workspace/.dependencies/checkouts/SVGView/Source/UI/MBezierPath+Extension_macOS.swift /Users/admin/builder/spi-builder-workspace/.dependencies/checkouts/SVGView/Source/UI/UIExtensions.swift (in target 'SVGView' from project 'SVGView')
SwiftCompile normal arm64 /Users/admin/builder/spi-builder-workspace/.dependencies/checkouts/SVGView/Source/Serialization/Serializable.swift (in target 'SVGView' from project 'SVGView')
cd /Users/admin/builder/spi-builder-workspace/.swiftpm/xcode
SwiftCompile normal arm64 /Users/admin/builder/spi-builder-workspace/.dependencies/checkouts/SVGView/Source/Serialization/Serializations.swift (in target 'SVGView' from project 'SVGView')
cd /Users/admin/builder/spi-builder-workspace/.swiftpm/xcode
SwiftCompile normal arm64 /Users/admin/builder/spi-builder-workspace/.dependencies/checkouts/SVGView/Source/Serialization/Serializer.swift (in target 'SVGView' from project 'SVGView')
cd /Users/admin/builder/spi-builder-workspace/.swiftpm/xcode
SwiftCompile normal arm64 /Users/admin/builder/spi-builder-workspace/.dependencies/checkouts/SVGView/Source/UI/MBezierPath+Extension_macOS.swift (in target 'SVGView' from project 'SVGView')
cd /Users/admin/builder/spi-builder-workspace/.swiftpm/xcode
SwiftCompile normal arm64 /Users/admin/builder/spi-builder-workspace/.dependencies/checkouts/SVGView/Source/UI/UIExtensions.swift (in target 'SVGView' from project 'SVGView')
cd /Users/admin/builder/spi-builder-workspace/.swiftpm/xcode
SwiftDriverJobDiscovery normal armv7k Compiling SVGConstants.swift, SVGContext.swift, SVGIndex.swift, SVGParser.swift, SVGParserBasics.swift (in target 'SVGView' from project 'SVGView')
SwiftDriverJobDiscovery normal armv7k Compiling CSSParser.swift, SVGAttribute.swift, SVGFontSizeAttribute.swift, SVGLengthAttribute.swift, SVGElementParser.swift (in target 'SVGView' from project 'SVGView')
SwiftCompile normal arm64 Compiling\ SVGLength.swift,\ SVGPaint.swift,\ SVGPreserveAspectRatio.swift,\ SVGStroke.swift,\ SVGCircle.swift,\ SVGEllipse.swift /Users/admin/builder/spi-builder-workspace/.dependencies/checkouts/SVGView/Source/Model/Primitives/SVGLength.swift /Users/admin/builder/spi-builder-workspace/.dependencies/checkouts/SVGView/Source/Model/Primitives/SVGPaint.swift /Users/admin/builder/spi-builder-workspace/.dependencies/checkouts/SVGView/Source/Model/Primitives/SVGPreserveAspectRatio.swift /Users/admin/builder/spi-builder-workspace/.dependencies/checkouts/SVGView/Source/Model/Primitives/SVGStroke.swift /Users/admin/builder/spi-builder-workspace/.dependencies/checkouts/SVGView/Source/Model/Shapes/SVGCircle.swift /Users/admin/builder/spi-builder-workspace/.dependencies/checkouts/SVGView/Source/Model/Shapes/SVGEllipse.swift (in target 'SVGView' from project 'SVGView')
SwiftCompile normal arm64 /Users/admin/builder/spi-builder-workspace/.dependencies/checkouts/SVGView/Source/Model/Primitives/SVGLength.swift (in target 'SVGView' from project 'SVGView')
cd /Users/admin/builder/spi-builder-workspace/.swiftpm/xcode
SwiftCompile normal arm64 /Users/admin/builder/spi-builder-workspace/.dependencies/checkouts/SVGView/Source/Model/Primitives/SVGPaint.swift (in target 'SVGView' from project 'SVGView')
cd /Users/admin/builder/spi-builder-workspace/.swiftpm/xcode
SwiftCompile normal arm64 /Users/admin/builder/spi-builder-workspace/.dependencies/checkouts/SVGView/Source/Model/Primitives/SVGPreserveAspectRatio.swift (in target 'SVGView' from project 'SVGView')
cd /Users/admin/builder/spi-builder-workspace/.swiftpm/xcode
SwiftCompile normal arm64 /Users/admin/builder/spi-builder-workspace/.dependencies/checkouts/SVGView/Source/Model/Primitives/SVGStroke.swift (in target 'SVGView' from project 'SVGView')
cd /Users/admin/builder/spi-builder-workspace/.swiftpm/xcode
SwiftCompile normal arm64 /Users/admin/builder/spi-builder-workspace/.dependencies/checkouts/SVGView/Source/Model/Shapes/SVGCircle.swift (in target 'SVGView' from project 'SVGView')
cd /Users/admin/builder/spi-builder-workspace/.swiftpm/xcode
SwiftCompile normal arm64 /Users/admin/builder/spi-builder-workspace/.dependencies/checkouts/SVGView/Source/Model/Shapes/SVGEllipse.swift (in target 'SVGView' from project 'SVGView')
cd /Users/admin/builder/spi-builder-workspace/.swiftpm/xcode
SwiftDriverJobDiscovery normal armv7k Compiling Serializable.swift, Serializations.swift, Serializer.swift, MBezierPath+Extension_macOS.swift, UIExtensions.swift (in target 'SVGView' from project 'SVGView')
SwiftDriverJobDiscovery normal armv7k Compiling SVGDataImage.swift, SVGURLImage.swift, SVGGroup.swift, SVGImage.swift, SVGNode.swift, SVGShape.swift (in target 'SVGView' from project 'SVGView')
RegisterExecutionPolicyException /Users/admin/builder/spi-builder-workspace/.derivedData/Build/Products/Debug-watchos/SwiftIconsGenerator (in target 'SwiftIconsGenerator' from project 'SwiftIcons')
cd /Users/admin/builder/spi-builder-workspace
builtin-RegisterExecutionPolicyException /Users/admin/builder/spi-builder-workspace/.derivedData/Build/Products/Debug-watchos/SwiftIconsGenerator
SwiftDriver SwiftIcons normal arm64 com.apple.xcode.tools.swift.compiler (in target 'SwiftIcons' from project 'SwiftIcons')
cd /Users/admin/builder/spi-builder-workspace/.swiftpm/xcode
builtin-SwiftDriver -- /Applications/Xcode-26.5.0.app/Contents/Developer/Toolchains/XcodeDefault.xctoolchain/usr/bin/swiftc -module-name SwiftIcons -Onone @/Users/admin/builder/spi-builder-workspace/.derivedData/Build/Intermediates.noindex/SwiftIcons.build/Debug-watchos/SwiftIcons.build/Objects-normal/arm64/SwiftIcons.SwiftFileList -DSWIFT_PACKAGE -DDEBUG -DSWIFT_MODULE_RESOURCE_BUNDLE_UNAVAILABLE -DXcode -plugin-path /Applications/Xcode-26.5.0.app/Contents/Developer/Toolchains/XcodeDefault.xctoolchain/usr/lib/swift/host/plugins/testing -enable-experimental-feature DebugDescriptionMacro -sdk /Applications/Xcode-26.5.0.app/Contents/Developer/Platforms/WatchOS.platform/Developer/SDKs/WatchOS26.5.sdk -target arm64-apple-watchos9.0 -g -module-cache-path /Users/admin/builder/spi-builder-workspace/.derivedData/ModuleCache.noindex -Xfrontend -serialize-debugging-options -enable-testing -index-store-path /Users/admin/builder/spi-builder-workspace/.derivedData/Index.noindex/DataStore -Xcc -D_LIBCPP_HARDENING_MODE\=_LIBCPP_HARDENING_MODE_DEBUG -swift-version 5 -I /Users/admin/builder/spi-builder-workspace/.derivedData/Build/Products/Debug-watchos -Isystem /Applications/Xcode-26.5.0.app/Contents/Developer/Platforms/WatchOS.platform/Developer/usr/lib -F /Users/admin/builder/spi-builder-workspace/.derivedData/Build/Products/Debug-watchos/PackageFrameworks -F /Users/admin/builder/spi-builder-workspace/.derivedData/Build/Products/Debug-watchos -F /Applications/Xcode-26.5.0.app/Contents/Developer/Platforms/WatchOS.platform/Developer/Library/Frameworks -F /Applications/Xcode-26.5.0.app/Contents/Developer/Platforms/WatchOS.platform/Developer/SDKs/WatchOS26.5.sdk/Developer/Library/Frameworks -c -j10 -enable-batch-mode -incremental -Xcc -ivfsstatcache -Xcc /Users/admin/builder/spi-builder-workspace/.derivedData/SDKStatCaches.noindex/watchos26.5-23T570-688ef53f1462e2c8f657fdc38a81448f7931b973dfc65d9472806dbbc3af9379.sdkstatcache -output-file-map /Users/admin/builder/spi-builder-workspace/.derivedData/Build/Intermediates.noindex/SwiftIcons.build/Debug-watchos/SwiftIcons.build/Objects-normal/arm64/SwiftIcons-OutputFileMap.json -use-frontend-parseable-output -save-temps -no-color-diagnostics -explicit-module-build -module-cache-path /Users/admin/builder/spi-builder-workspace/.derivedData/Build/Intermediates.noindex/SwiftExplicitPrecompiledModules -clang-scanner-module-cache-path /Users/admin/builder/spi-builder-workspace/.derivedData/ModuleCache.noindex -sdk-module-cache-path /Users/admin/builder/spi-builder-workspace/.derivedData/ModuleCache.noindex -serialize-diagnostics -emit-dependencies -emit-module -emit-module-path /Users/admin/builder/spi-builder-workspace/.derivedData/Build/Intermediates.noindex/SwiftIcons.build/Debug-watchos/SwiftIcons.build/Objects-normal/arm64/SwiftIcons.swiftmodule -validate-clang-modules-once -clang-build-session-file /Users/admin/builder/spi-builder-workspace/.derivedData/ModuleCache.noindex/Session.modulevalidation -package-name spi_builder_workspace -Xcc -I/Users/admin/builder/spi-builder-workspace/.derivedData/Build/Intermediates.noindex/SwiftIcons.build/Debug-watchos/SwiftIcons.build/swift-overrides.hmap -emit-const-values -Xfrontend -const-gather-protocols-file -Xfrontend /Users/admin/builder/spi-builder-workspace/.derivedData/Build/Intermediates.noindex/SwiftIcons.build/Debug-watchos/SwiftIcons.build/Objects-normal/arm64/SwiftIcons_const_extract_protocols.json -Xcc -I/Users/admin/builder/spi-builder-workspace/.derivedData/Build/Products/Debug-watchos/include -Xcc -I/Users/admin/builder/spi-builder-workspace/.derivedData/Build/Intermediates.noindex/SwiftIcons.build/Debug-watchos/SwiftIcons.build/DerivedSources-normal/arm64 -Xcc -I/Users/admin/builder/spi-builder-workspace/.derivedData/Build/Intermediates.noindex/SwiftIcons.build/Debug-watchos/SwiftIcons.build/DerivedSources/arm64 -Xcc -I/Users/admin/builder/spi-builder-workspace/.derivedData/Build/Intermediates.noindex/SwiftIcons.build/Debug-watchos/SwiftIcons.build/DerivedSources -Xcc -DSWIFT_PACKAGE -Xcc -DDEBUG\=1 -emit-objc-header -emit-objc-header-path /Users/admin/builder/spi-builder-workspace/.derivedData/Build/Intermediates.noindex/SwiftIcons.build/Debug-watchos/SwiftIcons.build/Objects-normal/arm64/SwiftIcons-Swift.h -working-directory /Users/admin/builder/spi-builder-workspace/.swiftpm/xcode -experimental-emit-module-separately -disable-cmo
SwiftDriver SwiftIcons normal arm64_32 com.apple.xcode.tools.swift.compiler (in target 'SwiftIcons' from project 'SwiftIcons')
cd /Users/admin/builder/spi-builder-workspace/.swiftpm/xcode
builtin-SwiftDriver -- /Applications/Xcode-26.5.0.app/Contents/Developer/Toolchains/XcodeDefault.xctoolchain/usr/bin/swiftc -module-name SwiftIcons -Onone @/Users/admin/builder/spi-builder-workspace/.derivedData/Build/Intermediates.noindex/SwiftIcons.build/Debug-watchos/SwiftIcons.build/Objects-normal/arm64_32/SwiftIcons.SwiftFileList -DSWIFT_PACKAGE -DDEBUG -DSWIFT_MODULE_RESOURCE_BUNDLE_UNAVAILABLE -DXcode -plugin-path /Applications/Xcode-26.5.0.app/Contents/Developer/Toolchains/XcodeDefault.xctoolchain/usr/lib/swift/host/plugins/testing -enable-experimental-feature DebugDescriptionMacro -sdk /Applications/Xcode-26.5.0.app/Contents/Developer/Platforms/WatchOS.platform/Developer/SDKs/WatchOS26.5.sdk -target arm64_32-apple-watchos9.0 -g -module-cache-path /Users/admin/builder/spi-builder-workspace/.derivedData/ModuleCache.noindex -Xfrontend -serialize-debugging-options -enable-testing -index-store-path /Users/admin/builder/spi-builder-workspace/.derivedData/Index.noindex/DataStore -Xcc -D_LIBCPP_HARDENING_MODE\=_LIBCPP_HARDENING_MODE_DEBUG -swift-version 5 -I /Users/admin/builder/spi-builder-workspace/.derivedData/Build/Products/Debug-watchos -Isystem /Applications/Xcode-26.5.0.app/Contents/Developer/Platforms/WatchOS.platform/Developer/usr/lib -F /Users/admin/builder/spi-builder-workspace/.derivedData/Build/Products/Debug-watchos/PackageFrameworks -F /Users/admin/builder/spi-builder-workspace/.derivedData/Build/Products/Debug-watchos -F /Applications/Xcode-26.5.0.app/Contents/Developer/Platforms/WatchOS.platform/Developer/Library/Frameworks -F /Applications/Xcode-26.5.0.app/Contents/Developer/Platforms/WatchOS.platform/Developer/SDKs/WatchOS26.5.sdk/Developer/Library/Frameworks -c -j10 -enable-batch-mode -incremental -Xcc -ivfsstatcache -Xcc /Users/admin/builder/spi-builder-workspace/.derivedData/SDKStatCaches.noindex/watchos26.5-23T570-688ef53f1462e2c8f657fdc38a81448f7931b973dfc65d9472806dbbc3af9379.sdkstatcache -output-file-map /Users/admin/builder/spi-builder-workspace/.derivedData/Build/Intermediates.noindex/SwiftIcons.build/Debug-watchos/SwiftIcons.build/Objects-normal/arm64_32/SwiftIcons-OutputFileMap.json -use-frontend-parseable-output -save-temps -no-color-diagnostics -explicit-module-build -module-cache-path /Users/admin/builder/spi-builder-workspace/.derivedData/Build/Intermediates.noindex/SwiftExplicitPrecompiledModules -clang-scanner-module-cache-path /Users/admin/builder/spi-builder-workspace/.derivedData/ModuleCache.noindex -sdk-module-cache-path /Users/admin/builder/spi-builder-workspace/.derivedData/ModuleCache.noindex -serialize-diagnostics -emit-dependencies -emit-module -emit-module-path /Users/admin/builder/spi-builder-workspace/.derivedData/Build/Intermediates.noindex/SwiftIcons.build/Debug-watchos/SwiftIcons.build/Objects-normal/arm64_32/SwiftIcons.swiftmodule -validate-clang-modules-once -clang-build-session-file /Users/admin/builder/spi-builder-workspace/.derivedData/ModuleCache.noindex/Session.modulevalidation -package-name spi_builder_workspace -Xcc -I/Users/admin/builder/spi-builder-workspace/.derivedData/Build/Intermediates.noindex/SwiftIcons.build/Debug-watchos/SwiftIcons.build/swift-overrides.hmap -emit-const-values -Xfrontend -const-gather-protocols-file -Xfrontend /Users/admin/builder/spi-builder-workspace/.derivedData/Build/Intermediates.noindex/SwiftIcons.build/Debug-watchos/SwiftIcons.build/Objects-normal/arm64_32/SwiftIcons_const_extract_protocols.json -Xcc -I/Users/admin/builder/spi-builder-workspace/.derivedData/Build/Products/Debug-watchos/include -Xcc -I/Users/admin/builder/spi-builder-workspace/.derivedData/Build/Intermediates.noindex/SwiftIcons.build/Debug-watchos/SwiftIcons.build/DerivedSources-normal/arm64_32 -Xcc -I/Users/admin/builder/spi-builder-workspace/.derivedData/Build/Intermediates.noindex/SwiftIcons.build/Debug-watchos/SwiftIcons.build/DerivedSources/arm64_32 -Xcc -I/Users/admin/builder/spi-builder-workspace/.derivedData/Build/Intermediates.noindex/SwiftIcons.build/Debug-watchos/SwiftIcons.build/DerivedSources -Xcc -DSWIFT_PACKAGE -Xcc -DDEBUG\=1 -emit-objc-header -emit-objc-header-path /Users/admin/builder/spi-builder-workspace/.derivedData/Build/Intermediates.noindex/SwiftIcons.build/Debug-watchos/SwiftIcons.build/Objects-normal/arm64_32/SwiftIcons-Swift.h -working-directory /Users/admin/builder/spi-builder-workspace/.swiftpm/xcode -experimental-emit-module-separately -disable-cmo
SwiftDriverJobDiscovery normal arm64_32 Compiling CSSParser.swift, SVGAttribute.swift, SVGFontSizeAttribute.swift, SVGLengthAttribute.swift, SVGElementParser.swift (in target 'SVGView' from project 'SVGView')
SwiftDriverJobDiscovery normal armv7k Compiling SVGImageParser.swift, SVGShapeParser.swift, SVGStructureParsers.swift, SVGTextParser.swift, SVGLengthParser.swift (in target 'SVGView' from project 'SVGView')
SwiftDriverJobDiscovery normal arm64 Compiling Serializable.swift, Serializations.swift, Serializer.swift, MBezierPath+Extension_macOS.swift, UIExtensions.swift (in target 'SVGView' from project 'SVGView')
SwiftDriverJobDiscovery normal arm64 Compiling SVGLength.swift, SVGPaint.swift, SVGPreserveAspectRatio.swift, SVGStroke.swift, SVGCircle.swift, SVGEllipse.swift (in target 'SVGView' from project 'SVGView')
SwiftDriverJobDiscovery normal arm64_32 Compiling SVGLine.swift, SVGPath.swift, SVGPolygon.swift, SVGPolyline.swift, SVGRect.swift (in target 'SVGView' from project 'SVGView')
SwiftDriver\ Compilation SVGView normal arm64_32 com.apple.xcode.tools.swift.compiler (in target 'SVGView' from project 'SVGView')
cd /Users/admin/builder/spi-builder-workspace/.swiftpm/xcode
builtin-Swift-Compilation -- /Applications/Xcode-26.5.0.app/Contents/Developer/Toolchains/XcodeDefault.xctoolchain/usr/bin/swiftc -module-name SVGView -Onone @/Users/admin/builder/spi-builder-workspace/.derivedData/Build/Intermediates.noindex/SVGView.build/Debug-watchos/SVGView.build/Objects-normal/arm64_32/SVGView.SwiftFileList -DSWIFT_PACKAGE -DDEBUG -DSWIFT_MODULE_RESOURCE_BUNDLE_UNAVAILABLE -DXcode -plugin-path /Applications/Xcode-26.5.0.app/Contents/Developer/Toolchains/XcodeDefault.xctoolchain/usr/lib/swift/host/plugins/testing -enable-experimental-feature DebugDescriptionMacro -sdk /Applications/Xcode-26.5.0.app/Contents/Developer/Platforms/WatchOS.platform/Developer/SDKs/WatchOS26.5.sdk -target arm64_32-apple-watchos7.0 -g -module-cache-path /Users/admin/builder/spi-builder-workspace/.derivedData/ModuleCache.noindex -Xfrontend -serialize-debugging-options -enable-testing -suppress-warnings -index-store-path /Users/admin/builder/spi-builder-workspace/.derivedData/Index.noindex/DataStore -Xcc -D_LIBCPP_HARDENING_MODE\=_LIBCPP_HARDENING_MODE_DEBUG -swift-version 5 -I /Users/admin/builder/spi-builder-workspace/.derivedData/Build/Products/Debug-watchos -Isystem /Applications/Xcode-26.5.0.app/Contents/Developer/Platforms/WatchOS.platform/Developer/usr/lib -F /Users/admin/builder/spi-builder-workspace/.derivedData/Build/Products/Debug-watchos -F /Applications/Xcode-26.5.0.app/Contents/Developer/Platforms/WatchOS.platform/Developer/Library/Frameworks -F /Applications/Xcode-26.5.0.app/Contents/Developer/Platforms/WatchOS.platform/Developer/SDKs/WatchOS26.5.sdk/Developer/Library/Frameworks -c -j10 -enable-batch-mode -incremental -Xcc -ivfsstatcache -Xcc /Users/admin/builder/spi-builder-workspace/.derivedData/SDKStatCaches.noindex/watchos26.5-23T570-688ef53f1462e2c8f657fdc38a81448f7931b973dfc65d9472806dbbc3af9379.sdkstatcache -output-file-map /Users/admin/builder/spi-builder-workspace/.derivedData/Build/Intermediates.noindex/SVGView.build/Debug-watchos/SVGView.build/Objects-normal/arm64_32/SVGView-OutputFileMap.json -use-frontend-parseable-output -save-temps -no-color-diagnostics -explicit-module-build -module-cache-path /Users/admin/builder/spi-builder-workspace/.derivedData/Build/Intermediates.noindex/SwiftExplicitPrecompiledModules -clang-scanner-module-cache-path /Users/admin/builder/spi-builder-workspace/.derivedData/ModuleCache.noindex -sdk-module-cache-path /Users/admin/builder/spi-builder-workspace/.derivedData/ModuleCache.noindex -serialize-diagnostics -emit-dependencies -emit-module -emit-module-path /Users/admin/builder/spi-builder-workspace/.derivedData/Build/Intermediates.noindex/SVGView.build/Debug-watchos/SVGView.build/Objects-normal/arm64_32/SVGView.swiftmodule -validate-clang-modules-once -clang-build-session-file /Users/admin/builder/spi-builder-workspace/.derivedData/ModuleCache.noindex/Session.modulevalidation -Xcc -I/Users/admin/builder/spi-builder-workspace/.derivedData/Build/Intermediates.noindex/SVGView.build/Debug-watchos/SVGView.build/swift-overrides.hmap -emit-const-values -Xfrontend -const-gather-protocols-file -Xfrontend /Users/admin/builder/spi-builder-workspace/.derivedData/Build/Intermediates.noindex/SVGView.build/Debug-watchos/SVGView.build/Objects-normal/arm64_32/SVGView_const_extract_protocols.json -Xcc -I/Users/admin/builder/spi-builder-workspace/.derivedData/Build/Products/Debug-watchos/include -Xcc -I/Users/admin/builder/spi-builder-workspace/.derivedData/Build/Intermediates.noindex/SVGView.build/Debug-watchos/SVGView.build/DerivedSources-normal/arm64_32 -Xcc -I/Users/admin/builder/spi-builder-workspace/.derivedData/Build/Intermediates.noindex/SVGView.build/Debug-watchos/SVGView.build/DerivedSources/arm64_32 -Xcc -I/Users/admin/builder/spi-builder-workspace/.derivedData/Build/Intermediates.noindex/SVGView.build/Debug-watchos/SVGView.build/DerivedSources -Xcc -DSWIFT_PACKAGE -Xcc -DDEBUG\=1 -emit-objc-header -emit-objc-header-path /Users/admin/builder/spi-builder-workspace/.derivedData/Build/Intermediates.noindex/SVGView.build/Debug-watchos/SVGView.build/Objects-normal/arm64_32/SVGView-Swift.h -working-directory /Users/admin/builder/spi-builder-workspace/.swiftpm/xcode -experimental-emit-module-separately -disable-cmo
Ld /Users/admin/builder/spi-builder-workspace/.derivedData/Build/Intermediates.noindex/SVGView.build/Debug-watchos/SVGView.build/Objects-normal/arm64_32/Binary/SVGView.o normal arm64_32 (in target 'SVGView' from project 'SVGView')
cd /Users/admin/builder/spi-builder-workspace/.dependencies/checkouts/SVGView
/Applications/Xcode-26.5.0.app/Contents/Developer/Toolchains/XcodeDefault.xctoolchain/usr/bin/clang -Xlinker -reproducible -target arm64_32-apple-watchos7.0 -r -isysroot /Applications/Xcode-26.5.0.app/Contents/Developer/Platforms/WatchOS.platform/Developer/SDKs/WatchOS26.5.sdk -O0 -w -F/Users/admin/builder/spi-builder-workspace/.derivedData/Build/Intermediates.noindex/EagerLinkingTBDs/Debug-watchos -F/Users/admin/builder/spi-builder-workspace/.derivedData/Build/Products/Debug-watchos -iframework /Applications/Xcode-26.5.0.app/Contents/Developer/Platforms/WatchOS.platform/Developer/Library/Frameworks -iframework /Applications/Xcode-26.5.0.app/Contents/Developer/Platforms/WatchOS.platform/Developer/SDKs/WatchOS26.5.sdk/Developer/Library/Frameworks -filelist /Users/admin/builder/spi-builder-workspace/.derivedData/Build/Intermediates.noindex/SVGView.build/Debug-watchos/SVGView.build/Objects-normal/arm64_32/SVGView.LinkFileList -nostdlib -Xlinker -object_path_lto -Xlinker /Users/admin/builder/spi-builder-workspace/.derivedData/Build/Intermediates.noindex/SVGView.build/Debug-watchos/SVGView.build/Objects-normal/arm64_32/SVGView_lto.o -Xlinker -no_deduplicate -Xlinker -dependency_info -Xlinker /Users/admin/builder/spi-builder-workspace/.derivedData/Build/Intermediates.noindex/SVGView.build/Debug-watchos/SVGView.build/Objects-normal/arm64_32/SVGView_dependency_info.dat -fobjc-link-runtime -L/Applications/Xcode-26.5.0.app/Contents/Developer/Toolchains/XcodeDefault.xctoolchain/usr/lib/swift/watchos -L/usr/lib/swift -Xlinker -add_ast_path -Xlinker /Users/admin/builder/spi-builder-workspace/.derivedData/Build/Intermediates.noindex/SVGView.build/Debug-watchos/SVGView.build/Objects-normal/arm64_32/SVGView.swiftmodule @/Users/admin/builder/spi-builder-workspace/.derivedData/Build/Intermediates.noindex/SVGView.build/Debug-watchos/SVGView.build/Objects-normal/arm64_32/SVGView-linker-args.resp -o /Users/admin/builder/spi-builder-workspace/.derivedData/Build/Intermediates.noindex/SVGView.build/Debug-watchos/SVGView.build/Objects-normal/arm64_32/Binary/SVGView.o
SwiftDriverJobDiscovery normal arm64 Compiling SVGConstants.swift, SVGContext.swift, SVGIndex.swift, SVGParser.swift, SVGParserBasics.swift (in target 'SVGView' from project 'SVGView')
SwiftDriverJobDiscovery normal armv7k Compiling SVGParserExtensions.swift, SVGParserPrimitives.swift, SVGPathReader.swift, SVGView.swift, SVGLinker.swift (in target 'SVGView' from project 'SVGView')
SwiftDriverJobDiscovery normal arm64 Compiling SVGLine.swift, SVGPath.swift, SVGPolygon.swift, SVGPolyline.swift, SVGRect.swift (in target 'SVGView' from project 'SVGView')
SwiftDriver\ Compilation SVGView normal arm64 com.apple.xcode.tools.swift.compiler (in target 'SVGView' from project 'SVGView')
cd /Users/admin/builder/spi-builder-workspace/.swiftpm/xcode
builtin-Swift-Compilation -- /Applications/Xcode-26.5.0.app/Contents/Developer/Toolchains/XcodeDefault.xctoolchain/usr/bin/swiftc -module-name SVGView -Onone @/Users/admin/builder/spi-builder-workspace/.derivedData/Build/Intermediates.noindex/SVGView.build/Debug-watchos/SVGView.build/Objects-normal/arm64/SVGView.SwiftFileList -DSWIFT_PACKAGE -DDEBUG -DSWIFT_MODULE_RESOURCE_BUNDLE_UNAVAILABLE -DXcode -plugin-path /Applications/Xcode-26.5.0.app/Contents/Developer/Toolchains/XcodeDefault.xctoolchain/usr/lib/swift/host/plugins/testing -enable-experimental-feature DebugDescriptionMacro -sdk /Applications/Xcode-26.5.0.app/Contents/Developer/Platforms/WatchOS.platform/Developer/SDKs/WatchOS26.5.sdk -target arm64-apple-watchos7.0 -g -module-cache-path /Users/admin/builder/spi-builder-workspace/.derivedData/ModuleCache.noindex -Xfrontend -serialize-debugging-options -enable-testing -suppress-warnings -index-store-path /Users/admin/builder/spi-builder-workspace/.derivedData/Index.noindex/DataStore -Xcc -D_LIBCPP_HARDENING_MODE\=_LIBCPP_HARDENING_MODE_DEBUG -swift-version 5 -I /Users/admin/builder/spi-builder-workspace/.derivedData/Build/Products/Debug-watchos -Isystem /Applications/Xcode-26.5.0.app/Contents/Developer/Platforms/WatchOS.platform/Developer/usr/lib -F /Users/admin/builder/spi-builder-workspace/.derivedData/Build/Products/Debug-watchos -F /Applications/Xcode-26.5.0.app/Contents/Developer/Platforms/WatchOS.platform/Developer/Library/Frameworks -F /Applications/Xcode-26.5.0.app/Contents/Developer/Platforms/WatchOS.platform/Developer/SDKs/WatchOS26.5.sdk/Developer/Library/Frameworks -c -j10 -enable-batch-mode -incremental -Xcc -ivfsstatcache -Xcc /Users/admin/builder/spi-builder-workspace/.derivedData/SDKStatCaches.noindex/watchos26.5-23T570-688ef53f1462e2c8f657fdc38a81448f7931b973dfc65d9472806dbbc3af9379.sdkstatcache -output-file-map /Users/admin/builder/spi-builder-workspace/.derivedData/Build/Intermediates.noindex/SVGView.build/Debug-watchos/SVGView.build/Objects-normal/arm64/SVGView-OutputFileMap.json -use-frontend-parseable-output -save-temps -no-color-diagnostics -explicit-module-build -module-cache-path /Users/admin/builder/spi-builder-workspace/.derivedData/Build/Intermediates.noindex/SwiftExplicitPrecompiledModules -clang-scanner-module-cache-path /Users/admin/builder/spi-builder-workspace/.derivedData/ModuleCache.noindex -sdk-module-cache-path /Users/admin/builder/spi-builder-workspace/.derivedData/ModuleCache.noindex -serialize-diagnostics -emit-dependencies -emit-module -emit-module-path /Users/admin/builder/spi-builder-workspace/.derivedData/Build/Intermediates.noindex/SVGView.build/Debug-watchos/SVGView.build/Objects-normal/arm64/SVGView.swiftmodule -validate-clang-modules-once -clang-build-session-file /Users/admin/builder/spi-builder-workspace/.derivedData/ModuleCache.noindex/Session.modulevalidation -Xcc -I/Users/admin/builder/spi-builder-workspace/.derivedData/Build/Intermediates.noindex/SVGView.build/Debug-watchos/SVGView.build/swift-overrides.hmap -emit-const-values -Xfrontend -const-gather-protocols-file -Xfrontend /Users/admin/builder/spi-builder-workspace/.derivedData/Build/Intermediates.noindex/SVGView.build/Debug-watchos/SVGView.build/Objects-normal/arm64/SVGView_const_extract_protocols.json -Xcc -I/Users/admin/builder/spi-builder-workspace/.derivedData/Build/Products/Debug-watchos/include -Xcc -I/Users/admin/builder/spi-builder-workspace/.derivedData/Build/Intermediates.noindex/SVGView.build/Debug-watchos/SVGView.build/DerivedSources-normal/arm64 -Xcc -I/Users/admin/builder/spi-builder-workspace/.derivedData/Build/Intermediates.noindex/SVGView.build/Debug-watchos/SVGView.build/DerivedSources/arm64 -Xcc -I/Users/admin/builder/spi-builder-workspace/.derivedData/Build/Intermediates.noindex/SVGView.build/Debug-watchos/SVGView.build/DerivedSources -Xcc -DSWIFT_PACKAGE -Xcc -DDEBUG\=1 -emit-objc-header -emit-objc-header-path /Users/admin/builder/spi-builder-workspace/.derivedData/Build/Intermediates.noindex/SVGView.build/Debug-watchos/SVGView.build/Objects-normal/arm64/SVGView-Swift.h -working-directory /Users/admin/builder/spi-builder-workspace/.swiftpm/xcode -experimental-emit-module-separately -disable-cmo
Ld /Users/admin/builder/spi-builder-workspace/.derivedData/Build/Intermediates.noindex/SVGView.build/Debug-watchos/SVGView.build/Objects-normal/arm64/Binary/SVGView.o normal arm64 (in target 'SVGView' from project 'SVGView')
cd /Users/admin/builder/spi-builder-workspace/.dependencies/checkouts/SVGView
/Applications/Xcode-26.5.0.app/Contents/Developer/Toolchains/XcodeDefault.xctoolchain/usr/bin/clang -Xlinker -reproducible -target arm64-apple-watchos7.0 -r -isysroot /Applications/Xcode-26.5.0.app/Contents/Developer/Platforms/WatchOS.platform/Developer/SDKs/WatchOS26.5.sdk -O0 -w -F/Users/admin/builder/spi-builder-workspace/.derivedData/Build/Intermediates.noindex/EagerLinkingTBDs/Debug-watchos -F/Users/admin/builder/spi-builder-workspace/.derivedData/Build/Products/Debug-watchos -iframework /Applications/Xcode-26.5.0.app/Contents/Developer/Platforms/WatchOS.platform/Developer/Library/Frameworks -iframework /Applications/Xcode-26.5.0.app/Contents/Developer/Platforms/WatchOS.platform/Developer/SDKs/WatchOS26.5.sdk/Developer/Library/Frameworks -filelist /Users/admin/builder/spi-builder-workspace/.derivedData/Build/Intermediates.noindex/SVGView.build/Debug-watchos/SVGView.build/Objects-normal/arm64/SVGView.LinkFileList -nostdlib -Xlinker -object_path_lto -Xlinker /Users/admin/builder/spi-builder-workspace/.derivedData/Build/Intermediates.noindex/SVGView.build/Debug-watchos/SVGView.build/Objects-normal/arm64/SVGView_lto.o -Xlinker -no_deduplicate -Xlinker -dependency_info -Xlinker /Users/admin/builder/spi-builder-workspace/.derivedData/Build/Intermediates.noindex/SVGView.build/Debug-watchos/SVGView.build/Objects-normal/arm64/SVGView_dependency_info.dat -fobjc-link-runtime -L/Applications/Xcode-26.5.0.app/Contents/Developer/Toolchains/XcodeDefault.xctoolchain/usr/lib/swift/watchos -L/usr/lib/swift -Xlinker -add_ast_path -Xlinker /Users/admin/builder/spi-builder-workspace/.derivedData/Build/Intermediates.noindex/SVGView.build/Debug-watchos/SVGView.build/Objects-normal/arm64/SVGView.swiftmodule @/Users/admin/builder/spi-builder-workspace/.derivedData/Build/Intermediates.noindex/SVGView.build/Debug-watchos/SVGView.build/Objects-normal/arm64/SVGView-linker-args.resp -o /Users/admin/builder/spi-builder-workspace/.derivedData/Build/Intermediates.noindex/SVGView.build/Debug-watchos/SVGView.build/Objects-normal/arm64/Binary/SVGView.o
SwiftCompile normal arm64 Compiling\ Icon+FontAwesome.swift,\ Icon+FontAwesomeBrand.swift /Users/admin/builder/spi-builder-workspace/Sources/SwiftIcons/Icon+FontAwesome.swift /Users/admin/builder/spi-builder-workspace/Sources/SwiftIcons/Icon+FontAwesomeBrand.swift (in target 'SwiftIcons' from project 'SwiftIcons')
SwiftCompile normal arm64 /Users/admin/builder/spi-builder-workspace/Sources/SwiftIcons/Icon+FontAwesome.swift (in target 'SwiftIcons' from project 'SwiftIcons')
cd /Users/admin/builder/spi-builder-workspace/.swiftpm/xcode
SwiftCompile normal arm64 /Users/admin/builder/spi-builder-workspace/Sources/SwiftIcons/Icon+FontAwesomeBrand.swift (in target 'SwiftIcons' from project 'SwiftIcons')
cd /Users/admin/builder/spi-builder-workspace/.swiftpm/xcode
SwiftCompile normal arm64 Compiling\ Icon+FontAwesomeFilled.swift,\ Icon+Heroicons.swift /Users/admin/builder/spi-builder-workspace/Sources/SwiftIcons/Icon+FontAwesomeFilled.swift /Users/admin/builder/spi-builder-workspace/Sources/SwiftIcons/Icon+Heroicons.swift (in target 'SwiftIcons' from project 'SwiftIcons')
SwiftCompile normal arm64 /Users/admin/builder/spi-builder-workspace/Sources/SwiftIcons/Icon+FontAwesomeFilled.swift (in target 'SwiftIcons' from project 'SwiftIcons')
cd /Users/admin/builder/spi-builder-workspace/.swiftpm/xcode
SwiftCompile normal arm64 /Users/admin/builder/spi-builder-workspace/Sources/SwiftIcons/Icon+Heroicons.swift (in target 'SwiftIcons' from project 'SwiftIcons')
cd /Users/admin/builder/spi-builder-workspace/.swiftpm/xcode
SwiftCompile normal arm64 Compiling\ Icon+Bootstrap.swift,\ Icon+Feather.swift /Users/admin/builder/spi-builder-workspace/Sources/SwiftIcons/Icon+Bootstrap.swift /Users/admin/builder/spi-builder-workspace/Sources/SwiftIcons/Icon+Feather.swift (in target 'SwiftIcons' from project 'SwiftIcons')
SwiftCompile normal arm64 /Users/admin/builder/spi-builder-workspace/Sources/SwiftIcons/Icon+Bootstrap.swift (in target 'SwiftIcons' from project 'SwiftIcons')
cd /Users/admin/builder/spi-builder-workspace/.swiftpm/xcode
SwiftCompile normal arm64 /Users/admin/builder/spi-builder-workspace/Sources/SwiftIcons/Icon+Feather.swift (in target 'SwiftIcons' from project 'SwiftIcons')
cd /Users/admin/builder/spi-builder-workspace/.swiftpm/xcode
SwiftCompile normal arm64 Compiling\ Icon+PhosphorLight.swift,\ Icon+PhosphorThin.swift /Users/admin/builder/spi-builder-workspace/Sources/SwiftIcons/Icon+PhosphorLight.swift /Users/admin/builder/spi-builder-workspace/Sources/SwiftIcons/Icon+PhosphorThin.swift (in target 'SwiftIcons' from project 'SwiftIcons')
SwiftCompile normal arm64 /Users/admin/builder/spi-builder-workspace/Sources/SwiftIcons/Icon+PhosphorLight.swift (in target 'SwiftIcons' from project 'SwiftIcons')
cd /Users/admin/builder/spi-builder-workspace/.swiftpm/xcode
SwiftCompile normal arm64 /Users/admin/builder/spi-builder-workspace/Sources/SwiftIcons/Icon+PhosphorThin.swift (in target 'SwiftIcons' from project 'SwiftIcons')
cd /Users/admin/builder/spi-builder-workspace/.swiftpm/xcode
SwiftCompile normal arm64 Compiling\ Icon+Tabler.swift /Users/admin/builder/spi-builder-workspace/Sources/SwiftIcons/Icon+Tabler.swift (in target 'SwiftIcons' from project 'SwiftIcons')
SwiftCompile normal arm64 /Users/admin/builder/spi-builder-workspace/Sources/SwiftIcons/Icon+Tabler.swift (in target 'SwiftIcons' from project 'SwiftIcons')
cd /Users/admin/builder/spi-builder-workspace/.swiftpm/xcode
SwiftCompile normal arm64 Compiling\ Icon+TablerFilled.swift /Users/admin/builder/spi-builder-workspace/Sources/SwiftIcons/Icon+TablerFilled.swift (in target 'SwiftIcons' from project 'SwiftIcons')
SwiftCompile normal arm64 /Users/admin/builder/spi-builder-workspace/Sources/SwiftIcons/Icon+TablerFilled.swift (in target 'SwiftIcons' from project 'SwiftIcons')
cd /Users/admin/builder/spi-builder-workspace/.swiftpm/xcode
SwiftEmitModule normal arm64 Emitting\ module\ for\ SwiftIcons (in target 'SwiftIcons' from project 'SwiftIcons')
EmitSwiftModule normal arm64 (in target 'SwiftIcons' from project 'SwiftIcons')
cd /Users/admin/builder/spi-builder-workspace/.swiftpm/xcode
SwiftCompile normal arm64 Compiling\ Icon+PhosphorDuotone.swift,\ Icon+PhosphorFilled.swift /Users/admin/builder/spi-builder-workspace/Sources/SwiftIcons/Icon+PhosphorDuotone.swift /Users/admin/builder/spi-builder-workspace/Sources/SwiftIcons/Icon+PhosphorFilled.swift (in target 'SwiftIcons' from project 'SwiftIcons')
SwiftCompile normal arm64 /Users/admin/builder/spi-builder-workspace/Sources/SwiftIcons/Icon+PhosphorDuotone.swift (in target 'SwiftIcons' from project 'SwiftIcons')
cd /Users/admin/builder/spi-builder-workspace/.swiftpm/xcode
SwiftCompile normal arm64 /Users/admin/builder/spi-builder-workspace/Sources/SwiftIcons/Icon+PhosphorFilled.swift (in target 'SwiftIcons' from project 'SwiftIcons')
cd /Users/admin/builder/spi-builder-workspace/.swiftpm/xcode
SwiftCompile normal arm64 Compiling\ Icon+Phosphor.swift,\ Icon+PhosphorBold.swift /Users/admin/builder/spi-builder-workspace/Sources/SwiftIcons/Icon+Phosphor.swift /Users/admin/builder/spi-builder-workspace/Sources/SwiftIcons/Icon+PhosphorBold.swift (in target 'SwiftIcons' from project 'SwiftIcons')
SwiftCompile normal arm64 /Users/admin/builder/spi-builder-workspace/Sources/SwiftIcons/Icon+Phosphor.swift (in target 'SwiftIcons' from project 'SwiftIcons')
cd /Users/admin/builder/spi-builder-workspace/.swiftpm/xcode
SwiftCompile normal arm64 /Users/admin/builder/spi-builder-workspace/Sources/SwiftIcons/Icon+PhosphorBold.swift (in target 'SwiftIcons' from project 'SwiftIcons')
cd /Users/admin/builder/spi-builder-workspace/.swiftpm/xcode
SwiftEmitModule normal arm64_32 Emitting\ module\ for\ SwiftIcons (in target 'SwiftIcons' from project 'SwiftIcons')
EmitSwiftModule normal arm64_32 (in target 'SwiftIcons' from project 'SwiftIcons')
cd /Users/admin/builder/spi-builder-workspace/.swiftpm/xcode
SwiftDriverJobDiscovery normal armv7k Compiling SVGText.swift, SVGUserSpaceNode.swift, SVGViewport.swift, SVGColor.swift, SVGFont.swift, SVGGradient.swift (in target 'SVGView' from project 'SVGView')
SwiftCompile normal arm64_32 Compiling\ SwiftIcon.swift /Users/admin/builder/spi-builder-workspace/Sources/SwiftIcons/SwiftIcon.swift (in target 'SwiftIcons' from project 'SwiftIcons')
Failed frontend command:
/Applications/Xcode-26.5.0.app/Contents/Developer/Toolchains/XcodeDefault.xctoolchain/usr/bin/swift-frontend -frontend -c /Users/admin/builder/spi-builder-workspace/Sources/SwiftIcons/Icon+Bootstrap.swift /Users/admin/builder/spi-builder-workspace/Sources/SwiftIcons/Icon+Feather.swift /Users/admin/builder/spi-builder-workspace/Sources/SwiftIcons/Icon+FontAwesome.swift /Users/admin/builder/spi-builder-workspace/Sources/SwiftIcons/Icon+FontAwesomeBrand.swift /Users/admin/builder/spi-builder-workspace/Sources/SwiftIcons/Icon+FontAwesomeFilled.swift /Users/admin/builder/spi-builder-workspace/Sources/SwiftIcons/Icon+Heroicons.swift /Users/admin/builder/spi-builder-workspace/Sources/SwiftIcons/Icon+HeroiconsFilled.swift /Users/admin/builder/spi-builder-workspace/Sources/SwiftIcons/Icon+Lucide.swift /Users/admin/builder/spi-builder-workspace/Sources/SwiftIcons/Icon+Phosphor.swift /Users/admin/builder/spi-builder-workspace/Sources/SwiftIcons/Icon+PhosphorBold.swift /Users/admin/builder/spi-builder-workspace/Sources/SwiftIcons/Icon+PhosphorDuotone.swift /Users/admin/builder/spi-builder-workspace/Sources/SwiftIcons/Icon+PhosphorFilled.swift /Users/admin/builder/spi-builder-workspace/Sources/SwiftIcons/Icon+PhosphorLight.swift /Users/admin/builder/spi-builder-workspace/Sources/SwiftIcons/Icon+PhosphorThin.swift /Users/admin/builder/spi-builder-workspace/Sources/SwiftIcons/Icon+Tabler.swift /Users/admin/builder/spi-builder-workspace/Sources/SwiftIcons/Icon+TablerFilled.swift -primary-file /Users/admin/builder/spi-builder-workspace/Sources/SwiftIcons/SwiftIcon.swift -emit-dependencies-path /Users/admin/builder/spi-builder-workspace/.derivedData/Build/Intermediates.noindex/SwiftIcons.build/Debug-watchos/SwiftIcons.build/Objects-normal/arm64_32/SwiftIcon.d -emit-const-values-path /Users/admin/builder/spi-builder-workspace/.derivedData/Build/Intermediates.noindex/SwiftIcons.build/Debug-watchos/SwiftIcons.build/Objects-normal/arm64_32/SwiftIcon.swiftconstvalues -emit-reference-dependencies-path /Users/admin/builder/spi-builder-workspace/.derivedData/Build/Intermediates.noindex/SwiftIcons.build/Debug-watchos/SwiftIcons.build/Objects-normal/arm64_32/SwiftIcon.swiftdeps -serialize-diagnostics-path /Users/admin/builder/spi-builder-workspace/.derivedData/Build/Intermediates.noindex/SwiftIcons.build/Debug-watchos/SwiftIcons.build/Objects-normal/arm64_32/SwiftIcon.dia -target arm64_32-apple-watchos9.0 -module-can-import-version UIKit 9126.5.5 9126.5.5 -load-resolved-plugin /Applications/Xcode-26.5.0.app/Contents/Developer/Platforms/WatchOS.platform/Developer/usr/lib/swift/host/plugins/libFoundationMacros.dylib\#/Applications/Xcode-26.5.0.app/Contents/Developer/Platforms/WatchOS.platform/Developer/usr/bin/swift-plugin-server\#FoundationMacros -load-resolved-plugin /Applications/Xcode-26.5.0.app/Contents/Developer/Platforms/WatchOS.platform/Developer/usr/lib/swift/host/plugins/libObservationMacros.dylib\#/Applications/Xcode-26.5.0.app/Contents/Developer/Platforms/WatchOS.platform/Developer/usr/bin/swift-plugin-server\#ObservationMacros -load-resolved-plugin /Applications/Xcode-26.5.0.app/Contents/Developer/Platforms/WatchOS.platform/Developer/usr/lib/swift/host/plugins/libPreviewsMacros.dylib\#/Applications/Xcode-26.5.0.app/Contents/Developer/Platforms/WatchOS.platform/Developer/usr/bin/swift-plugin-server\#PreviewsMacros -load-resolved-plugin /Applications/Xcode-26.5.0.app/Contents/Developer/Platforms/WatchOS.platform/Developer/usr/lib/swift/host/plugins/libSwiftMacros.dylib\#/Applications/Xcode-26.5.0.app/Contents/Developer/Platforms/WatchOS.platform/Developer/usr/bin/swift-plugin-server\#SwiftMacros -load-resolved-plugin /Applications/Xcode-26.5.0.app/Contents/Developer/Platforms/WatchOS.platform/Developer/usr/lib/swift/host/plugins/libSwiftUIMacros.dylib\#/Applications/Xcode-26.5.0.app/Contents/Developer/Platforms/WatchOS.platform/Developer/usr/bin/swift-plugin-server\#SwiftUIMacros -disable-implicit-swift-modules -Xcc -fno-implicit-modules -Xcc -fno-implicit-module-maps -explicit-swift-module-map-file /Users/admin/builder/spi-builder-workspace/.derivedData/Build/Intermediates.noindex/SwiftIcons.build/Debug-watchos/SwiftIcons.build/Objects-normal/arm64_32/SwiftIcons-dependencies-2.json -debug-module-path /Users/admin/builder/spi-builder-workspace/.derivedData/Build/Intermediates.noindex/SwiftIcons.build/Debug-watchos/SwiftIcons.build/Objects-normal/arm64_32/SwiftIcons.swiftmodule -enable-objc-interop -sdk /Applications/Xcode-26.5.0.app/Contents/Developer/Platforms/WatchOS.platform/Developer/SDKs/WatchOS26.5.sdk -I /Users/admin/builder/spi-builder-workspace/.derivedData/Build/Products/Debug-watchos -Isystem /Applications/Xcode-26.5.0.app/Contents/Developer/Platforms/WatchOS.platform/Developer/usr/lib -F /Users/admin/builder/spi-builder-workspace/.derivedData/Build/Products/Debug-watchos/PackageFrameworks -F /Users/admin/builder/spi-builder-workspace/.derivedData/Build/Products/Debug-watchos -F /Applications/Xcode-26.5.0.app/Contents/Developer/Platforms/WatchOS.platform/Developer/Library/Frameworks -F /Applications/Xcode-26.5.0.app/Contents/Developer/Platforms/WatchOS.platform/Developer/SDKs/WatchOS26.5.sdk/Developer/Library/Frameworks -no-color-diagnostics -Xcc -fno-color-diagnostics -enable-testing -g -debug-info-format\=dwarf -dwarf-version\=4 -module-cache-path /Users/admin/builder/spi-builder-workspace/.derivedData/Build/Intermediates.noindex/SwiftExplicitPrecompiledModules -swift-version 5 -Onone -D SWIFT_PACKAGE -D DEBUG -D SWIFT_MODULE_RESOURCE_BUNDLE_UNAVAILABLE -D Xcode -serialize-debugging-options -const-gather-protocols-file /Users/admin/builder/spi-builder-workspace/.derivedData/Build/Intermediates.noindex/SwiftIcons.build/Debug-watchos/SwiftIcons.build/Objects-normal/arm64_32/SwiftIcons_const_extract_protocols.json -enable-experimental-feature DebugDescriptionMacro -empty-abi-descriptor -validate-clang-modules-once -clang-build-session-file /Users/admin/builder/spi-builder-workspace/.derivedData/ModuleCache.noindex/Session.modulevalidation -Xcc -working-directory -Xcc /Users/admin/builder/spi-builder-workspace/.swiftpm/xcode -enable-anonymous-context-mangled-names -file-compilation-dir /Users/admin/builder/spi-builder-workspace/.swiftpm/xcode -Xcc -D_LIBCPP_HARDENING_MODE\=_LIBCPP_HARDENING_MODE_DEBUG -Xcc -ivfsstatcache -Xcc /Users/admin/builder/spi-builder-workspace/.derivedData/SDKStatCaches.noindex/watchos26.5-23T570-688ef53f1462e2c8f657fdc38a81448f7931b973dfc65d9472806dbbc3af9379.sdkstatcache -Xcc -I/Users/admin/builder/spi-builder-workspace/.derivedData/Build/Intermediates.noindex/SwiftIcons.build/Debug-watchos/SwiftIcons.build/swift-overrides.hmap -Xcc -I/Users/admin/builder/spi-builder-workspace/.derivedData/Build/Products/Debug-watchos/include -Xcc -I/Users/admin/builder/spi-builder-workspace/.derivedData/Build/Intermediates.noindex/SwiftIcons.build/Debug-watchos/SwiftIcons.build/DerivedSources-normal/arm64_32 -Xcc -I/Users/admin/builder/spi-builder-workspace/.derivedData/Build/Intermediates.noindex/SwiftIcons.build/Debug-watchos/SwiftIcons.build/DerivedSources/arm64_32 -Xcc -I/Users/admin/builder/spi-builder-workspace/.derivedData/Build/Intermediates.noindex/SwiftIcons.build/Debug-watchos/SwiftIcons.build/DerivedSources -Xcc -DSWIFT_PACKAGE -Xcc -DDEBUG\=1 -no-auto-bridging-header-chaining -module-name SwiftIcons -package-name spi_builder_workspace -frontend-parseable-output -disable-clang-spi -clang-target arm64_32-apple-watchos26.5 -target-sdk-version 26.5 -target-sdk-name watchos26.5 -in-process-plugin-server-path /Applications/Xcode-26.5.0.app/Contents/Developer/Toolchains/XcodeDefault.xctoolchain/usr/lib/swift/host/libSwiftInProcPluginServer.dylib -o /Users/admin/builder/spi-builder-workspace/.derivedData/Build/Intermediates.noindex/SwiftIcons.build/Debug-watchos/SwiftIcons.build/Objects-normal/arm64_32/SwiftIcon.o -index-unit-output-path /SwiftIcons.build/Debug-watchos/SwiftIcons.build/Objects-normal/arm64_32/SwiftIcon.o -index-store-path /Users/admin/builder/spi-builder-workspace/.derivedData/Index.noindex/DataStore -index-system-modules
SwiftCompile normal arm64_32 /Users/admin/builder/spi-builder-workspace/Sources/SwiftIcons/SwiftIcon.swift (in target 'SwiftIcons' from project 'SwiftIcons')
cd /Users/admin/builder/spi-builder-workspace/.swiftpm/xcode
/Users/admin/builder/spi-builder-workspace/Sources/SwiftIcons/SwiftIcon.swift:62:25: error: 'UIScreen' is unavailable in watchOS
imageRenderer.scale = UIScreen.main.scale
^~~~~~~~
/Applications/Xcode-26.5.0.app/Contents/Developer/Platforms/WatchOS.platform/Developer/SDKs/WatchOS26.5.sdk/System/Library/Frameworks/UIKit.framework/Headers/UIScreen.h:54:12: note: 'UIScreen' has been explicitly marked unavailable here
@interface UIScreen : NSObject <UITraitEnvironment>
^
/Users/admin/builder/spi-builder-workspace/Sources/SwiftIcons/SwiftIcon.swift:62:34: error: 'main' is unavailable in watchOS
imageRenderer.scale = UIScreen.main.scale
^~~~
/Applications/Xcode-26.5.0.app/Contents/Developer/Platforms/WatchOS.platform/Developer/SDKs/WatchOS26.5.sdk/System/Library/Frameworks/UIKit.framework/Headers/UIScreen.h:57:49: note: 'main' has been explicitly marked unavailable here
@property(class, nonatomic, readonly) UIScreen *mainScreen API_DEPRECATED("Use a UIScreen instance found through context instead (i.e, view.window.windowScene.screen), or for properties like UIScreen.scale with trait equivalents, use a traitCollection found through context.", ios(2.0, 26.0), tvos(9.0, 26.0), visionos(1.0, 26.0)) API_UNAVAILABLE(watchos);
^
/Users/admin/builder/spi-builder-workspace/Sources/SwiftIcons/SwiftIcon.swift:87:25: error: 'UIScreen' is unavailable in watchOS
imageRenderer.scale = UIScreen.main.scale
^~~~~~~~
/Applications/Xcode-26.5.0.app/Contents/Developer/Platforms/WatchOS.platform/Developer/SDKs/WatchOS26.5.sdk/System/Library/Frameworks/UIKit.framework/Headers/UIScreen.h:54:12: note: 'UIScreen' has been explicitly marked unavailable here
@interface UIScreen : NSObject <UITraitEnvironment>
^
/Users/admin/builder/spi-builder-workspace/Sources/SwiftIcons/SwiftIcon.swift:87:34: error: 'main' is unavailable in watchOS
imageRenderer.scale = UIScreen.main.scale
^~~~
/Applications/Xcode-26.5.0.app/Contents/Developer/Platforms/WatchOS.platform/Developer/SDKs/WatchOS26.5.sdk/System/Library/Frameworks/UIKit.framework/Headers/UIScreen.h:57:49: note: 'main' has been explicitly marked unavailable here
@property(class, nonatomic, readonly) UIScreen *mainScreen API_DEPRECATED("Use a UIScreen instance found through context instead (i.e, view.window.windowScene.screen), or for properties like UIScreen.scale with trait equivalents, use a traitCollection found through context.", ios(2.0, 26.0), tvos(9.0, 26.0), visionos(1.0, 26.0)) API_UNAVAILABLE(watchos);
^
SwiftDriverJobDiscovery normal arm64 Compiling Icon+FontAwesome.swift, Icon+FontAwesomeBrand.swift (in target 'SwiftIcons' from project 'SwiftIcons')
SwiftCompile normal arm64_32 Compiling\ Icon+PhosphorDuotone.swift,\ Icon+PhosphorFilled.swift /Users/admin/builder/spi-builder-workspace/Sources/SwiftIcons/Icon+PhosphorDuotone.swift /Users/admin/builder/spi-builder-workspace/Sources/SwiftIcons/Icon+PhosphorFilled.swift (in target 'SwiftIcons' from project 'SwiftIcons')
SwiftCompile normal arm64_32 /Users/admin/builder/spi-builder-workspace/Sources/SwiftIcons/Icon+PhosphorDuotone.swift (in target 'SwiftIcons' from project 'SwiftIcons')
cd /Users/admin/builder/spi-builder-workspace/.swiftpm/xcode
SwiftCompile normal arm64_32 /Users/admin/builder/spi-builder-workspace/Sources/SwiftIcons/Icon+PhosphorFilled.swift (in target 'SwiftIcons' from project 'SwiftIcons')
cd /Users/admin/builder/spi-builder-workspace/.swiftpm/xcode
SwiftDriverJobDiscovery normal arm64 Compiling Icon+TablerFilled.swift (in target 'SwiftIcons' from project 'SwiftIcons')
SwiftCompile normal arm64_32 Compiling\ Icon+Bootstrap.swift,\ Icon+Feather.swift /Users/admin/builder/spi-builder-workspace/Sources/SwiftIcons/Icon+Bootstrap.swift /Users/admin/builder/spi-builder-workspace/Sources/SwiftIcons/Icon+Feather.swift (in target 'SwiftIcons' from project 'SwiftIcons')
2026-10-09 05:52:10.890 xcodebuild[696:4241] [MT] IDERunDestination: Supported platforms for the buildables in the current scheme is empty.
** BUILD FAILED **
The following build commands failed:
SwiftCompile normal arm64_32 Compiling\ SwiftIcon.swift /Users/admin/builder/spi-builder-workspace/Sources/SwiftIcons/SwiftIcon.swift (in target 'SwiftIcons' from project 'SwiftIcons')
SwiftCompile normal arm64_32 /Users/admin/builder/spi-builder-workspace/Sources/SwiftIcons/SwiftIcon.swift (in target 'SwiftIcons' from project 'SwiftIcons')
Building workspace spi-builder-workspace with scheme SwiftIcons-Package
(3 failures)
Command line invocation:
/Applications/Xcode-26.5.0.app/Contents/Developer/usr/bin/xcodebuild -IDEClonedSourcePackagesDirPathOverride=/Users/admin/builder/spi-builder-workspace/.dependencies -resolvePackageDependencies
Resolve Package Graph
Resolved source packages:
SwiftIcons: /Users/admin/builder/spi-builder-workspace
SVGView: https://github.com/exyte/SVGView.git @ 1.0.6
resolved source packages: SwiftIcons, SVGView
2026-10-09 05:52:25.387 xcodebuild[980:5785] [MT] IDERunDestination: Supported platforms for the buildables in the current scheme is empty.
{
"dependencies" : [
{
"identity" : "svgview",
"requirement" : {
"range" : [
{
"lower_bound" : "1.0.6",
"upper_bound" : "2.0.0"
}
]
},
"type" : "sourceControl",
"url" : "https://github.com/exyte/SVGView.git"
}
],
"manifest_display_name" : "SwiftIcons",
"name" : "SwiftIcons",
"path" : "/Users/admin/builder/spi-builder-workspace",
"platforms" : [
{
"name" : "ios",
"version" : "15.0"
},
{
"name" : "macos",
"version" : "13.0"
},
{
"name" : "tvos",
"version" : "15.0"
},
{
"name" : "watchos",
"version" : "9.0"
},
{
"name" : "visionos",
"version" : "1.0"
}
],
"products" : [
{
"name" : "SwiftIcons",
"targets" : [
"SwiftIcons"
],
"type" : {
"library" : [
"automatic"
]
}
},
{
"name" : "SwiftIconsGenerator",
"targets" : [
"SwiftIconsGenerator"
],
"type" : {
"executable" : null
}
}
],
"targets" : [
{
"c99name" : "SwiftIconsGenerator",
"module_type" : "SwiftTarget",
"name" : "SwiftIconsGenerator",
"path" : "Scripts",
"product_memberships" : [
"SwiftIconsGenerator"
],
"sources" : [
"SwiftIconsGenerator.swift"
],
"type" : "executable"
},
{
"c99name" : "SwiftIcons",
"module_type" : "SwiftTarget",
"name" : "SwiftIcons",
"path" : "Sources/SwiftIcons",
"product_dependencies" : [
"SVGView"
],
"product_memberships" : [
"SwiftIcons"
],
"sources" : [
"Icon+Bootstrap.swift",
"Icon+Feather.swift",
"Icon+FontAwesome.swift",
"Icon+FontAwesomeBrand.swift",
"Icon+FontAwesomeFilled.swift",
"Icon+Heroicons.swift",
"Icon+HeroiconsFilled.swift",
"Icon+Lucide.swift",
"Icon+Phosphor.swift",
"Icon+PhosphorBold.swift",
"Icon+PhosphorDuotone.swift",
"Icon+PhosphorFilled.swift",
"Icon+PhosphorLight.swift",
"Icon+PhosphorThin.swift",
"Icon+Tabler.swift",
"Icon+TablerFilled.swift",
"SwiftIcon.swift"
],
"type" : "library"
}
],
"tools_version" : "5.9"
}
{
"workspace" : {
"name" : "spi-builder-workspace",
"schemes" : [
"SwiftIcons",
"SwiftIcons-Package",
"SwiftIconsGenerator"
]
}
}
2026-10-09 05:52:28.577 xcodebuild[990:5885] [MT] IDERunDestination: Supported platforms for the buildables in the current scheme is empty.
Running build ...
env DEVELOPER_DIR=/Applications/Xcode-26.5.0.app xcrun xcodebuild -IDEClonedSourcePackagesDirPathOverride=$PWD/.dependencies -skipMacroValidation -skipPackagePluginValidation -derivedDataPath $PWD/.derivedData build -scheme SwiftIcons-Package -destination generic/platform=watchOS
Command line invocation:
/Applications/Xcode-26.5.0.app/Contents/Developer/usr/bin/xcodebuild -IDEClonedSourcePackagesDirPathOverride=/Users/admin/builder/spi-builder-workspace/.dependencies -skipMacroValidation -skipPackagePluginValidation -derivedDataPath /Users/admin/builder/spi-builder-workspace/.derivedData build -scheme SwiftIcons-Package -destination generic/platform=watchOS
Resolve Package Graph
Resolved source packages:
SVGView: https://github.com/exyte/SVGView.git @ 1.0.6
SwiftIcons: /Users/admin/builder/spi-builder-workspace
ComputePackagePrebuildTargetDependencyGraph
Prepare packages
CreateBuildRequest
SendProjectDescription
CreateBuildOperation
ComputeTargetDependencyGraph
note: Building targets in dependency order
note: Target dependency graph (5 targets)
Target 'SwiftIconsGenerator' in project 'SwiftIcons' (no dependencies)
Target 'SwiftIcons' in project 'SwiftIcons'
➜ Explicit dependency on target 'SwiftIcons' in project 'SwiftIcons'
➜ Explicit dependency on target 'SVGView' in project 'SVGView'
Target 'SwiftIcons' in project 'SwiftIcons'
➜ Explicit dependency on target 'SVGView' in project 'SVGView'
Target 'SVGView' in project 'SVGView'
➜ Explicit dependency on target 'SVGView' in project 'SVGView'
Target 'SVGView' in project 'SVGView' (no dependencies)
GatherProvisioningInputs
CreateBuildDescription
ClangStatCache /Applications/Xcode-26.5.0.app/Contents/Developer/Toolchains/XcodeDefault.xctoolchain/usr/bin/clang-stat-cache /Applications/Xcode-26.5.0.app/Contents/Developer/Platforms/WatchOS.platform/Developer/SDKs/WatchOS26.5.sdk /Users/admin/builder/spi-builder-workspace/.derivedData/SDKStatCaches.noindex/watchos26.5-23T570-688ef53f1462e2c8f657fdc38a81448f7931b973dfc65d9472806dbbc3af9379.sdkstatcache
cd /Users/admin/builder/spi-builder-workspace/.swiftpm/xcode
/Applications/Xcode-26.5.0.app/Contents/Developer/Toolchains/XcodeDefault.xctoolchain/usr/bin/clang-stat-cache /Applications/Xcode-26.5.0.app/Contents/Developer/Platforms/WatchOS.platform/Developer/SDKs/WatchOS26.5.sdk -o /Users/admin/builder/spi-builder-workspace/.derivedData/SDKStatCaches.noindex/watchos26.5-23T570-688ef53f1462e2c8f657fdc38a81448f7931b973dfc65d9472806dbbc3af9379.sdkstatcache
SwiftDriver SwiftIcons normal arm64_32 com.apple.xcode.tools.swift.compiler (in target 'SwiftIcons' from project 'SwiftIcons')
cd /Users/admin/builder/spi-builder-workspace/.swiftpm/xcode
builtin-SwiftDriver -- /Applications/Xcode-26.5.0.app/Contents/Developer/Toolchains/XcodeDefault.xctoolchain/usr/bin/swiftc -module-name SwiftIcons -Onone @/Users/admin/builder/spi-builder-workspace/.derivedData/Build/Intermediates.noindex/SwiftIcons.build/Debug-watchos/SwiftIcons.build/Objects-normal/arm64_32/SwiftIcons.SwiftFileList -DSWIFT_PACKAGE -DDEBUG -DSWIFT_MODULE_RESOURCE_BUNDLE_UNAVAILABLE -DXcode -plugin-path /Applications/Xcode-26.5.0.app/Contents/Developer/Toolchains/XcodeDefault.xctoolchain/usr/lib/swift/host/plugins/testing -enable-experimental-feature DebugDescriptionMacro -sdk /Applications/Xcode-26.5.0.app/Contents/Developer/Platforms/WatchOS.platform/Developer/SDKs/WatchOS26.5.sdk -target arm64_32-apple-watchos9.0 -g -module-cache-path /Users/admin/builder/spi-builder-workspace/.derivedData/ModuleCache.noindex -Xfrontend -serialize-debugging-options -enable-testing -index-store-path /Users/admin/builder/spi-builder-workspace/.derivedData/Index.noindex/DataStore -Xcc -D_LIBCPP_HARDENING_MODE\=_LIBCPP_HARDENING_MODE_DEBUG -swift-version 5 -I /Users/admin/builder/spi-builder-workspace/.derivedData/Build/Products/Debug-watchos -Isystem /Applications/Xcode-26.5.0.app/Contents/Developer/Platforms/WatchOS.platform/Developer/usr/lib -F /Users/admin/builder/spi-builder-workspace/.derivedData/Build/Products/Debug-watchos/PackageFrameworks -F /Users/admin/builder/spi-builder-workspace/.derivedData/Build/Products/Debug-watchos -F /Applications/Xcode-26.5.0.app/Contents/Developer/Platforms/WatchOS.platform/Developer/Library/Frameworks -F /Applications/Xcode-26.5.0.app/Contents/Developer/Platforms/WatchOS.platform/Developer/SDKs/WatchOS26.5.sdk/Developer/Library/Frameworks -c -j10 -enable-batch-mode -incremental -Xcc -ivfsstatcache -Xcc /Users/admin/builder/spi-builder-workspace/.derivedData/SDKStatCaches.noindex/watchos26.5-23T570-688ef53f1462e2c8f657fdc38a81448f7931b973dfc65d9472806dbbc3af9379.sdkstatcache -output-file-map /Users/admin/builder/spi-builder-workspace/.derivedData/Build/Intermediates.noindex/SwiftIcons.build/Debug-watchos/SwiftIcons.build/Objects-normal/arm64_32/SwiftIcons-OutputFileMap.json -use-frontend-parseable-output -save-temps -no-color-diagnostics -explicit-module-build -module-cache-path /Users/admin/builder/spi-builder-workspace/.derivedData/Build/Intermediates.noindex/SwiftExplicitPrecompiledModules -clang-scanner-module-cache-path /Users/admin/builder/spi-builder-workspace/.derivedData/ModuleCache.noindex -sdk-module-cache-path /Users/admin/builder/spi-builder-workspace/.derivedData/ModuleCache.noindex -serialize-diagnostics -emit-dependencies -emit-module -emit-module-path /Users/admin/builder/spi-builder-workspace/.derivedData/Build/Intermediates.noindex/SwiftIcons.build/Debug-watchos/SwiftIcons.build/Objects-normal/arm64_32/SwiftIcons.swiftmodule -validate-clang-modules-once -clang-build-session-file /Users/admin/builder/spi-builder-workspace/.derivedData/ModuleCache.noindex/Session.modulevalidation -package-name spi_builder_workspace -Xcc -I/Users/admin/builder/spi-builder-workspace/.derivedData/Build/Intermediates.noindex/SwiftIcons.build/Debug-watchos/SwiftIcons.build/swift-overrides.hmap -emit-const-values -Xfrontend -const-gather-protocols-file -Xfrontend /Users/admin/builder/spi-builder-workspace/.derivedData/Build/Intermediates.noindex/SwiftIcons.build/Debug-watchos/SwiftIcons.build/Objects-normal/arm64_32/SwiftIcons_const_extract_protocols.json -Xcc -I/Users/admin/builder/spi-builder-workspace/.derivedData/Build/Products/Debug-watchos/include -Xcc -I/Users/admin/builder/spi-builder-workspace/.derivedData/Build/Intermediates.noindex/SwiftIcons.build/Debug-watchos/SwiftIcons.build/DerivedSources-normal/arm64_32 -Xcc -I/Users/admin/builder/spi-builder-workspace/.derivedData/Build/Intermediates.noindex/SwiftIcons.build/Debug-watchos/SwiftIcons.build/DerivedSources/arm64_32 -Xcc -I/Users/admin/builder/spi-builder-workspace/.derivedData/Build/Intermediates.noindex/SwiftIcons.build/Debug-watchos/SwiftIcons.build/DerivedSources -Xcc -DSWIFT_PACKAGE -Xcc -DDEBUG\=1 -emit-objc-header -emit-objc-header-path /Users/admin/builder/spi-builder-workspace/.derivedData/Build/Intermediates.noindex/SwiftIcons.build/Debug-watchos/SwiftIcons.build/Objects-normal/arm64_32/SwiftIcons-Swift.h -working-directory /Users/admin/builder/spi-builder-workspace/.swiftpm/xcode -experimental-emit-module-separately -disable-cmo
SwiftDriver SwiftIcons normal arm64 com.apple.xcode.tools.swift.compiler (in target 'SwiftIcons' from project 'SwiftIcons')
cd /Users/admin/builder/spi-builder-workspace/.swiftpm/xcode
builtin-SwiftDriver -- /Applications/Xcode-26.5.0.app/Contents/Developer/Toolchains/XcodeDefault.xctoolchain/usr/bin/swiftc -module-name SwiftIcons -Onone @/Users/admin/builder/spi-builder-workspace/.derivedData/Build/Intermediates.noindex/SwiftIcons.build/Debug-watchos/SwiftIcons.build/Objects-normal/arm64/SwiftIcons.SwiftFileList -DSWIFT_PACKAGE -DDEBUG -DSWIFT_MODULE_RESOURCE_BUNDLE_UNAVAILABLE -DXcode -plugin-path /Applications/Xcode-26.5.0.app/Contents/Developer/Toolchains/XcodeDefault.xctoolchain/usr/lib/swift/host/plugins/testing -enable-experimental-feature DebugDescriptionMacro -sdk /Applications/Xcode-26.5.0.app/Contents/Developer/Platforms/WatchOS.platform/Developer/SDKs/WatchOS26.5.sdk -target arm64-apple-watchos9.0 -g -module-cache-path /Users/admin/builder/spi-builder-workspace/.derivedData/ModuleCache.noindex -Xfrontend -serialize-debugging-options -enable-testing -index-store-path /Users/admin/builder/spi-builder-workspace/.derivedData/Index.noindex/DataStore -Xcc -D_LIBCPP_HARDENING_MODE\=_LIBCPP_HARDENING_MODE_DEBUG -swift-version 5 -I /Users/admin/builder/spi-builder-workspace/.derivedData/Build/Products/Debug-watchos -Isystem /Applications/Xcode-26.5.0.app/Contents/Developer/Platforms/WatchOS.platform/Developer/usr/lib -F /Users/admin/builder/spi-builder-workspace/.derivedData/Build/Products/Debug-watchos/PackageFrameworks -F /Users/admin/builder/spi-builder-workspace/.derivedData/Build/Products/Debug-watchos -F /Applications/Xcode-26.5.0.app/Contents/Developer/Platforms/WatchOS.platform/Developer/Library/Frameworks -F /Applications/Xcode-26.5.0.app/Contents/Developer/Platforms/WatchOS.platform/Developer/SDKs/WatchOS26.5.sdk/Developer/Library/Frameworks -c -j10 -enable-batch-mode -incremental -Xcc -ivfsstatcache -Xcc /Users/admin/builder/spi-builder-workspace/.derivedData/SDKStatCaches.noindex/watchos26.5-23T570-688ef53f1462e2c8f657fdc38a81448f7931b973dfc65d9472806dbbc3af9379.sdkstatcache -output-file-map /Users/admin/builder/spi-builder-workspace/.derivedData/Build/Intermediates.noindex/SwiftIcons.build/Debug-watchos/SwiftIcons.build/Objects-normal/arm64/SwiftIcons-OutputFileMap.json -use-frontend-parseable-output -save-temps -no-color-diagnostics -explicit-module-build -module-cache-path /Users/admin/builder/spi-builder-workspace/.derivedData/Build/Intermediates.noindex/SwiftExplicitPrecompiledModules -clang-scanner-module-cache-path /Users/admin/builder/spi-builder-workspace/.derivedData/ModuleCache.noindex -sdk-module-cache-path /Users/admin/builder/spi-builder-workspace/.derivedData/ModuleCache.noindex -serialize-diagnostics -emit-dependencies -emit-module -emit-module-path /Users/admin/builder/spi-builder-workspace/.derivedData/Build/Intermediates.noindex/SwiftIcons.build/Debug-watchos/SwiftIcons.build/Objects-normal/arm64/SwiftIcons.swiftmodule -validate-clang-modules-once -clang-build-session-file /Users/admin/builder/spi-builder-workspace/.derivedData/ModuleCache.noindex/Session.modulevalidation -package-name spi_builder_workspace -Xcc -I/Users/admin/builder/spi-builder-workspace/.derivedData/Build/Intermediates.noindex/SwiftIcons.build/Debug-watchos/SwiftIcons.build/swift-overrides.hmap -emit-const-values -Xfrontend -const-gather-protocols-file -Xfrontend /Users/admin/builder/spi-builder-workspace/.derivedData/Build/Intermediates.noindex/SwiftIcons.build/Debug-watchos/SwiftIcons.build/Objects-normal/arm64/SwiftIcons_const_extract_protocols.json -Xcc -I/Users/admin/builder/spi-builder-workspace/.derivedData/Build/Products/Debug-watchos/include -Xcc -I/Users/admin/builder/spi-builder-workspace/.derivedData/Build/Intermediates.noindex/SwiftIcons.build/Debug-watchos/SwiftIcons.build/DerivedSources-normal/arm64 -Xcc -I/Users/admin/builder/spi-builder-workspace/.derivedData/Build/Intermediates.noindex/SwiftIcons.build/Debug-watchos/SwiftIcons.build/DerivedSources/arm64 -Xcc -I/Users/admin/builder/spi-builder-workspace/.derivedData/Build/Intermediates.noindex/SwiftIcons.build/Debug-watchos/SwiftIcons.build/DerivedSources -Xcc -DSWIFT_PACKAGE -Xcc -DDEBUG\=1 -emit-objc-header -emit-objc-header-path /Users/admin/builder/spi-builder-workspace/.derivedData/Build/Intermediates.noindex/SwiftIcons.build/Debug-watchos/SwiftIcons.build/Objects-normal/arm64/SwiftIcons-Swift.h -working-directory /Users/admin/builder/spi-builder-workspace/.swiftpm/xcode -experimental-emit-module-separately -disable-cmo
SwiftDriver SVGView normal armv7k com.apple.xcode.tools.swift.compiler (in target 'SVGView' from project 'SVGView')
cd /Users/admin/builder/spi-builder-workspace/.swiftpm/xcode
builtin-SwiftDriver -- /Applications/Xcode-26.5.0.app/Contents/Developer/Toolchains/XcodeDefault.xctoolchain/usr/bin/swiftc -module-name SVGView -Onone @/Users/admin/builder/spi-builder-workspace/.derivedData/Build/Intermediates.noindex/SVGView.build/Debug-watchos/SVGView.build/Objects-normal/armv7k/SVGView.SwiftFileList -DSWIFT_PACKAGE -DDEBUG -DSWIFT_MODULE_RESOURCE_BUNDLE_UNAVAILABLE -DXcode -plugin-path /Applications/Xcode-26.5.0.app/Contents/Developer/Toolchains/XcodeDefault.xctoolchain/usr/lib/swift/host/plugins/testing -enable-experimental-feature DebugDescriptionMacro -sdk /Applications/Xcode-26.5.0.app/Contents/Developer/Platforms/WatchOS.platform/Developer/SDKs/WatchOS26.5.sdk -target armv7k-apple-watchos7.0 -g -module-cache-path /Users/admin/builder/spi-builder-workspace/.derivedData/ModuleCache.noindex -Xfrontend -serialize-debugging-options -enable-testing -suppress-warnings -index-store-path /Users/admin/builder/spi-builder-workspace/.derivedData/Index.noindex/DataStore -Xcc -D_LIBCPP_HARDENING_MODE\=_LIBCPP_HARDENING_MODE_DEBUG -swift-version 5 -I /Users/admin/builder/spi-builder-workspace/.derivedData/Build/Products/Debug-watchos -Isystem /Applications/Xcode-26.5.0.app/Contents/Developer/Platforms/WatchOS.platform/Developer/usr/lib -F /Users/admin/builder/spi-builder-workspace/.derivedData/Build/Products/Debug-watchos -F /Applications/Xcode-26.5.0.app/Contents/Developer/Platforms/WatchOS.platform/Developer/Library/Frameworks -F /Applications/Xcode-26.5.0.app/Contents/Developer/Platforms/WatchOS.platform/Developer/SDKs/WatchOS26.5.sdk/Developer/Library/Frameworks -c -j10 -enable-batch-mode -incremental -Xcc -ivfsstatcache -Xcc /Users/admin/builder/spi-builder-workspace/.derivedData/SDKStatCaches.noindex/watchos26.5-23T570-688ef53f1462e2c8f657fdc38a81448f7931b973dfc65d9472806dbbc3af9379.sdkstatcache -output-file-map /Users/admin/builder/spi-builder-workspace/.derivedData/Build/Intermediates.noindex/SVGView.build/Debug-watchos/SVGView.build/Objects-normal/armv7k/SVGView-OutputFileMap.json -use-frontend-parseable-output -save-temps -no-color-diagnostics -explicit-module-build -module-cache-path /Users/admin/builder/spi-builder-workspace/.derivedData/Build/Intermediates.noindex/SwiftExplicitPrecompiledModules -clang-scanner-module-cache-path /Users/admin/builder/spi-builder-workspace/.derivedData/ModuleCache.noindex -sdk-module-cache-path /Users/admin/builder/spi-builder-workspace/.derivedData/ModuleCache.noindex -serialize-diagnostics -emit-dependencies -emit-module -emit-module-path /Users/admin/builder/spi-builder-workspace/.derivedData/Build/Intermediates.noindex/SVGView.build/Debug-watchos/SVGView.build/Objects-normal/armv7k/SVGView.swiftmodule -validate-clang-modules-once -clang-build-session-file /Users/admin/builder/spi-builder-workspace/.derivedData/ModuleCache.noindex/Session.modulevalidation -Xcc -I/Users/admin/builder/spi-builder-workspace/.derivedData/Build/Intermediates.noindex/SVGView.build/Debug-watchos/SVGView.build/swift-overrides.hmap -emit-const-values -Xfrontend -const-gather-protocols-file -Xfrontend /Users/admin/builder/spi-builder-workspace/.derivedData/Build/Intermediates.noindex/SVGView.build/Debug-watchos/SVGView.build/Objects-normal/armv7k/SVGView_const_extract_protocols.json -Xcc -I/Users/admin/builder/spi-builder-workspace/.derivedData/Build/Products/Debug-watchos/include -Xcc -I/Users/admin/builder/spi-builder-workspace/.derivedData/Build/Intermediates.noindex/SVGView.build/Debug-watchos/SVGView.build/DerivedSources-normal/armv7k -Xcc -I/Users/admin/builder/spi-builder-workspace/.derivedData/Build/Intermediates.noindex/SVGView.build/Debug-watchos/SVGView.build/DerivedSources/armv7k -Xcc -I/Users/admin/builder/spi-builder-workspace/.derivedData/Build/Intermediates.noindex/SVGView.build/Debug-watchos/SVGView.build/DerivedSources -Xcc -DSWIFT_PACKAGE -Xcc -DDEBUG\=1 -emit-objc-header -emit-objc-header-path /Users/admin/builder/spi-builder-workspace/.derivedData/Build/Intermediates.noindex/SVGView.build/Debug-watchos/SVGView.build/Objects-normal/armv7k/SVGView-Swift.h -working-directory /Users/admin/builder/spi-builder-workspace/.swiftpm/xcode -experimental-emit-module-separately -disable-cmo
SwiftCompile normal armv7k Compiling\ SVGDataImage.swift,\ SVGURLImage.swift,\ SVGGroup.swift,\ SVGImage.swift,\ SVGNode.swift,\ SVGShape.swift /Users/admin/builder/spi-builder-workspace/.dependencies/checkouts/SVGView/Source/Model/Images/SVGDataImage.swift /Users/admin/builder/spi-builder-workspace/.dependencies/checkouts/SVGView/Source/Model/Images/SVGURLImage.swift /Users/admin/builder/spi-builder-workspace/.dependencies/checkouts/SVGView/Source/Model/Nodes/SVGGroup.swift /Users/admin/builder/spi-builder-workspace/.dependencies/checkouts/SVGView/Source/Model/Nodes/SVGImage.swift /Users/admin/builder/spi-builder-workspace/.dependencies/checkouts/SVGView/Source/Model/Nodes/SVGNode.swift /Users/admin/builder/spi-builder-workspace/.dependencies/checkouts/SVGView/Source/Model/Nodes/SVGShape.swift (in target 'SVGView' from project 'SVGView')
SwiftCompile normal armv7k /Users/admin/builder/spi-builder-workspace/.dependencies/checkouts/SVGView/Source/Model/Images/SVGDataImage.swift (in target 'SVGView' from project 'SVGView')
cd /Users/admin/builder/spi-builder-workspace/.swiftpm/xcode
SwiftCompile normal armv7k /Users/admin/builder/spi-builder-workspace/.dependencies/checkouts/SVGView/Source/Model/Images/SVGURLImage.swift (in target 'SVGView' from project 'SVGView')
cd /Users/admin/builder/spi-builder-workspace/.swiftpm/xcode
SwiftCompile normal armv7k /Users/admin/builder/spi-builder-workspace/.dependencies/checkouts/SVGView/Source/Model/Nodes/SVGGroup.swift (in target 'SVGView' from project 'SVGView')
cd /Users/admin/builder/spi-builder-workspace/.swiftpm/xcode
SwiftCompile normal armv7k /Users/admin/builder/spi-builder-workspace/.dependencies/checkouts/SVGView/Source/Model/Nodes/SVGImage.swift (in target 'SVGView' from project 'SVGView')
cd /Users/admin/builder/spi-builder-workspace/.swiftpm/xcode
SwiftCompile normal armv7k /Users/admin/builder/spi-builder-workspace/.dependencies/checkouts/SVGView/Source/Model/Nodes/SVGNode.swift (in target 'SVGView' from project 'SVGView')
cd /Users/admin/builder/spi-builder-workspace/.swiftpm/xcode
SwiftCompile normal armv7k /Users/admin/builder/spi-builder-workspace/.dependencies/checkouts/SVGView/Source/Model/Nodes/SVGShape.swift (in target 'SVGView' from project 'SVGView')
cd /Users/admin/builder/spi-builder-workspace/.swiftpm/xcode
SwiftCompile normal armv7k Compiling\ SVGText.swift,\ SVGUserSpaceNode.swift,\ SVGViewport.swift,\ SVGColor.swift,\ SVGFont.swift,\ SVGGradient.swift /Users/admin/builder/spi-builder-workspace/.dependencies/checkouts/SVGView/Source/Model/Nodes/SVGText.swift /Users/admin/builder/spi-builder-workspace/.dependencies/checkouts/SVGView/Source/Model/Nodes/SVGUserSpaceNode.swift /Users/admin/builder/spi-builder-workspace/.dependencies/checkouts/SVGView/Source/Model/Nodes/SVGViewport.swift /Users/admin/builder/spi-builder-workspace/.dependencies/checkouts/SVGView/Source/Model/Primitives/SVGColor.swift /Users/admin/builder/spi-builder-workspace/.dependencies/checkouts/SVGView/Source/Model/Primitives/SVGFont.swift /Users/admin/builder/spi-builder-workspace/.dependencies/checkouts/SVGView/Source/Model/Primitives/SVGGradient.swift (in target 'SVGView' from project 'SVGView')
SwiftCompile normal armv7k /Users/admin/builder/spi-builder-workspace/.dependencies/checkouts/SVGView/Source/Model/Nodes/SVGText.swift (in target 'SVGView' from project 'SVGView')
cd /Users/admin/builder/spi-builder-workspace/.swiftpm/xcode
SwiftCompile normal armv7k /Users/admin/builder/spi-builder-workspace/.dependencies/checkouts/SVGView/Source/Model/Nodes/SVGUserSpaceNode.swift (in target 'SVGView' from project 'SVGView')
cd /Users/admin/builder/spi-builder-workspace/.swiftpm/xcode
SwiftCompile normal armv7k /Users/admin/builder/spi-builder-workspace/.dependencies/checkouts/SVGView/Source/Model/Nodes/SVGViewport.swift (in target 'SVGView' from project 'SVGView')
cd /Users/admin/builder/spi-builder-workspace/.swiftpm/xcode
SwiftCompile normal armv7k /Users/admin/builder/spi-builder-workspace/.dependencies/checkouts/SVGView/Source/Model/Primitives/SVGColor.swift (in target 'SVGView' from project 'SVGView')
cd /Users/admin/builder/spi-builder-workspace/.swiftpm/xcode
SwiftCompile normal armv7k /Users/admin/builder/spi-builder-workspace/.dependencies/checkouts/SVGView/Source/Model/Primitives/SVGFont.swift (in target 'SVGView' from project 'SVGView')
cd /Users/admin/builder/spi-builder-workspace/.swiftpm/xcode
SwiftCompile normal armv7k /Users/admin/builder/spi-builder-workspace/.dependencies/checkouts/SVGView/Source/Model/Primitives/SVGGradient.swift (in target 'SVGView' from project 'SVGView')
cd /Users/admin/builder/spi-builder-workspace/.swiftpm/xcode
SwiftCompile normal armv7k Compiling\ SVGLength.swift,\ SVGPaint.swift,\ SVGPreserveAspectRatio.swift,\ SVGStroke.swift,\ SVGCircle.swift,\ SVGEllipse.swift /Users/admin/builder/spi-builder-workspace/.dependencies/checkouts/SVGView/Source/Model/Primitives/SVGLength.swift /Users/admin/builder/spi-builder-workspace/.dependencies/checkouts/SVGView/Source/Model/Primitives/SVGPaint.swift /Users/admin/builder/spi-builder-workspace/.dependencies/checkouts/SVGView/Source/Model/Primitives/SVGPreserveAspectRatio.swift /Users/admin/builder/spi-builder-workspace/.dependencies/checkouts/SVGView/Source/Model/Primitives/SVGStroke.swift /Users/admin/builder/spi-builder-workspace/.dependencies/checkouts/SVGView/Source/Model/Shapes/SVGCircle.swift /Users/admin/builder/spi-builder-workspace/.dependencies/checkouts/SVGView/Source/Model/Shapes/SVGEllipse.swift (in target 'SVGView' from project 'SVGView')
SwiftCompile normal armv7k /Users/admin/builder/spi-builder-workspace/.dependencies/checkouts/SVGView/Source/Model/Primitives/SVGLength.swift (in target 'SVGView' from project 'SVGView')
cd /Users/admin/builder/spi-builder-workspace/.swiftpm/xcode
SwiftCompile normal armv7k /Users/admin/builder/spi-builder-workspace/.dependencies/checkouts/SVGView/Source/Model/Primitives/SVGPaint.swift (in target 'SVGView' from project 'SVGView')
cd /Users/admin/builder/spi-builder-workspace/.swiftpm/xcode
SwiftCompile normal armv7k /Users/admin/builder/spi-builder-workspace/.dependencies/checkouts/SVGView/Source/Model/Primitives/SVGPreserveAspectRatio.swift (in target 'SVGView' from project 'SVGView')
cd /Users/admin/builder/spi-builder-workspace/.swiftpm/xcode
SwiftCompile normal armv7k /Users/admin/builder/spi-builder-workspace/.dependencies/checkouts/SVGView/Source/Model/Primitives/SVGStroke.swift (in target 'SVGView' from project 'SVGView')
cd /Users/admin/builder/spi-builder-workspace/.swiftpm/xcode
SwiftCompile normal armv7k /Users/admin/builder/spi-builder-workspace/.dependencies/checkouts/SVGView/Source/Model/Shapes/SVGCircle.swift (in target 'SVGView' from project 'SVGView')
cd /Users/admin/builder/spi-builder-workspace/.swiftpm/xcode
SwiftCompile normal armv7k /Users/admin/builder/spi-builder-workspace/.dependencies/checkouts/SVGView/Source/Model/Shapes/SVGEllipse.swift (in target 'SVGView' from project 'SVGView')
cd /Users/admin/builder/spi-builder-workspace/.swiftpm/xcode
SwiftCompile normal armv7k Compiling\ SVGConstants.swift,\ SVGContext.swift,\ SVGIndex.swift,\ SVGParser.swift,\ SVGParserBasics.swift /Users/admin/builder/spi-builder-workspace/.dependencies/checkouts/SVGView/Source/Parser/SVG/SVGConstants.swift /Users/admin/builder/spi-builder-workspace/.dependencies/checkouts/SVGView/Source/Parser/SVG/SVGContext.swift /Users/admin/builder/spi-builder-workspace/.dependencies/checkouts/SVGView/Source/Parser/SVG/SVGIndex.swift /Users/admin/builder/spi-builder-workspace/.dependencies/checkouts/SVGView/Source/Parser/SVG/SVGParser.swift /Users/admin/builder/spi-builder-workspace/.dependencies/checkouts/SVGView/Source/Parser/SVG/SVGParserBasics.swift (in target 'SVGView' from project 'SVGView')
SwiftCompile normal armv7k /Users/admin/builder/spi-builder-workspace/.dependencies/checkouts/SVGView/Source/Parser/SVG/SVGConstants.swift (in target 'SVGView' from project 'SVGView')
cd /Users/admin/builder/spi-builder-workspace/.swiftpm/xcode
SwiftCompile normal armv7k /Users/admin/builder/spi-builder-workspace/.dependencies/checkouts/SVGView/Source/Parser/SVG/SVGContext.swift (in target 'SVGView' from project 'SVGView')
cd /Users/admin/builder/spi-builder-workspace/.swiftpm/xcode
SwiftCompile normal armv7k /Users/admin/builder/spi-builder-workspace/.dependencies/checkouts/SVGView/Source/Parser/SVG/SVGIndex.swift (in target 'SVGView' from project 'SVGView')
cd /Users/admin/builder/spi-builder-workspace/.swiftpm/xcode
SwiftCompile normal armv7k /Users/admin/builder/spi-builder-workspace/.dependencies/checkouts/SVGView/Source/Parser/SVG/SVGParser.swift (in target 'SVGView' from project 'SVGView')
cd /Users/admin/builder/spi-builder-workspace/.swiftpm/xcode
SwiftCompile normal armv7k /Users/admin/builder/spi-builder-workspace/.dependencies/checkouts/SVGView/Source/Parser/SVG/SVGParserBasics.swift (in target 'SVGView' from project 'SVGView')
cd /Users/admin/builder/spi-builder-workspace/.swiftpm/xcode
SwiftCompile normal armv7k Compiling\ SVGImageParser.swift,\ SVGShapeParser.swift,\ SVGStructureParsers.swift,\ SVGTextParser.swift,\ SVGLengthParser.swift /Users/admin/builder/spi-builder-workspace/.dependencies/checkouts/SVGView/Source/Parser/SVG/Elements/SVGImageParser.swift /Users/admin/builder/spi-builder-workspace/.dependencies/checkouts/SVGView/Source/Parser/SVG/Elements/SVGShapeParser.swift /Users/admin/builder/spi-builder-workspace/.dependencies/checkouts/SVGView/Source/Parser/SVG/Elements/SVGStructureParsers.swift /Users/admin/builder/spi-builder-workspace/.dependencies/checkouts/SVGView/Source/Parser/SVG/Elements/SVGTextParser.swift /Users/admin/builder/spi-builder-workspace/.dependencies/checkouts/SVGView/Source/Parser/SVG/Primitives/SVGLengthParser.swift (in target 'SVGView' from project 'SVGView')
SwiftCompile normal armv7k /Users/admin/builder/spi-builder-workspace/.dependencies/checkouts/SVGView/Source/Parser/SVG/Elements/SVGImageParser.swift (in target 'SVGView' from project 'SVGView')
cd /Users/admin/builder/spi-builder-workspace/.swiftpm/xcode
SwiftCompile normal armv7k /Users/admin/builder/spi-builder-workspace/.dependencies/checkouts/SVGView/Source/Parser/SVG/Elements/SVGShapeParser.swift (in target 'SVGView' from project 'SVGView')
cd /Users/admin/builder/spi-builder-workspace/.swiftpm/xcode
SwiftCompile normal armv7k /Users/admin/builder/spi-builder-workspace/.dependencies/checkouts/SVGView/Source/Parser/SVG/Elements/SVGStructureParsers.swift (in target 'SVGView' from project 'SVGView')
cd /Users/admin/builder/spi-builder-workspace/.swiftpm/xcode
SwiftCompile normal armv7k /Users/admin/builder/spi-builder-workspace/.dependencies/checkouts/SVGView/Source/Parser/SVG/Elements/SVGTextParser.swift (in target 'SVGView' from project 'SVGView')
cd /Users/admin/builder/spi-builder-workspace/.swiftpm/xcode
SwiftCompile normal armv7k /Users/admin/builder/spi-builder-workspace/.dependencies/checkouts/SVGView/Source/Parser/SVG/Primitives/SVGLengthParser.swift (in target 'SVGView' from project 'SVGView')
cd /Users/admin/builder/spi-builder-workspace/.swiftpm/xcode
SwiftEmitModule normal armv7k Emitting\ module\ for\ SVGView (in target 'SVGView' from project 'SVGView')
EmitSwiftModule normal armv7k (in target 'SVGView' from project 'SVGView')
cd /Users/admin/builder/spi-builder-workspace/.swiftpm/xcode
SwiftCompile normal armv7k Compiling\ CSSParser.swift,\ SVGAttribute.swift,\ SVGFontSizeAttribute.swift,\ SVGLengthAttribute.swift,\ SVGElementParser.swift /Users/admin/builder/spi-builder-workspace/.dependencies/checkouts/SVGView/Source/Parser/CSS/CSSParser.swift /Users/admin/builder/spi-builder-workspace/.dependencies/checkouts/SVGView/Source/Parser/SVG/Attributes/SVGAttribute.swift /Users/admin/builder/spi-builder-workspace/.dependencies/checkouts/SVGView/Source/Parser/SVG/Attributes/SVGFontSizeAttribute.swift /Users/admin/builder/spi-builder-workspace/.dependencies/checkouts/SVGView/Source/Parser/SVG/Attributes/SVGLengthAttribute.swift /Users/admin/builder/spi-builder-workspace/.dependencies/checkouts/SVGView/Source/Parser/SVG/Elements/SVGElementParser.swift (in target 'SVGView' from project 'SVGView')
SwiftCompile normal armv7k /Users/admin/builder/spi-builder-workspace/.dependencies/checkouts/SVGView/Source/Parser/CSS/CSSParser.swift (in target 'SVGView' from project 'SVGView')
cd /Users/admin/builder/spi-builder-workspace/.swiftpm/xcode
SwiftCompile normal armv7k /Users/admin/builder/spi-builder-workspace/.dependencies/checkouts/SVGView/Source/Parser/SVG/Attributes/SVGAttribute.swift (in target 'SVGView' from project 'SVGView')
cd /Users/admin/builder/spi-builder-workspace/.swiftpm/xcode
SwiftCompile normal armv7k /Users/admin/builder/spi-builder-workspace/.dependencies/checkouts/SVGView/Source/Parser/SVG/Attributes/SVGFontSizeAttribute.swift (in target 'SVGView' from project 'SVGView')
cd /Users/admin/builder/spi-builder-workspace/.swiftpm/xcode
SwiftCompile normal armv7k /Users/admin/builder/spi-builder-workspace/.dependencies/checkouts/SVGView/Source/Parser/SVG/Attributes/SVGLengthAttribute.swift (in target 'SVGView' from project 'SVGView')
cd /Users/admin/builder/spi-builder-workspace/.swiftpm/xcode
SwiftCompile normal armv7k /Users/admin/builder/spi-builder-workspace/.dependencies/checkouts/SVGView/Source/Parser/SVG/Elements/SVGElementParser.swift (in target 'SVGView' from project 'SVGView')
cd /Users/admin/builder/spi-builder-workspace/.swiftpm/xcode
SwiftCompile normal armv7k Compiling\ Serializable.swift,\ Serializations.swift,\ Serializer.swift,\ MBezierPath+Extension_macOS.swift,\ UIExtensions.swift /Users/admin/builder/spi-builder-workspace/.dependencies/checkouts/SVGView/Source/Serialization/Serializable.swift /Users/admin/builder/spi-builder-workspace/.dependencies/checkouts/SVGView/Source/Serialization/Serializations.swift /Users/admin/builder/spi-builder-workspace/.dependencies/checkouts/SVGView/Source/Serialization/Serializer.swift /Users/admin/builder/spi-builder-workspace/.dependencies/checkouts/SVGView/Source/UI/MBezierPath+Extension_macOS.swift /Users/admin/builder/spi-builder-workspace/.dependencies/checkouts/SVGView/Source/UI/UIExtensions.swift (in target 'SVGView' from project 'SVGView')
SwiftCompile normal armv7k /Users/admin/builder/spi-builder-workspace/.dependencies/checkouts/SVGView/Source/Serialization/Serializable.swift (in target 'SVGView' from project 'SVGView')
cd /Users/admin/builder/spi-builder-workspace/.swiftpm/xcode
SwiftCompile normal armv7k /Users/admin/builder/spi-builder-workspace/.dependencies/checkouts/SVGView/Source/Serialization/Serializations.swift (in target 'SVGView' from project 'SVGView')
cd /Users/admin/builder/spi-builder-workspace/.swiftpm/xcode
SwiftCompile normal armv7k /Users/admin/builder/spi-builder-workspace/.dependencies/checkouts/SVGView/Source/Serialization/Serializer.swift (in target 'SVGView' from project 'SVGView')
cd /Users/admin/builder/spi-builder-workspace/.swiftpm/xcode
SwiftCompile normal armv7k /Users/admin/builder/spi-builder-workspace/.dependencies/checkouts/SVGView/Source/UI/MBezierPath+Extension_macOS.swift (in target 'SVGView' from project 'SVGView')
cd /Users/admin/builder/spi-builder-workspace/.swiftpm/xcode
SwiftCompile normal armv7k /Users/admin/builder/spi-builder-workspace/.dependencies/checkouts/SVGView/Source/UI/UIExtensions.swift (in target 'SVGView' from project 'SVGView')
cd /Users/admin/builder/spi-builder-workspace/.swiftpm/xcode
SwiftCompile normal armv7k Compiling\ SVGLogger.swift,\ SVGScreen.swift,\ SVGSettings.swift,\ DOMParser.swift,\ XMLNode.swift /Users/admin/builder/spi-builder-workspace/.dependencies/checkouts/SVGView/Source/Parser/SVG/Settings/SVGLogger.swift /Users/admin/builder/spi-builder-workspace/.dependencies/checkouts/SVGView/Source/Parser/SVG/Settings/SVGScreen.swift /Users/admin/builder/spi-builder-workspace/.dependencies/checkouts/SVGView/Source/Parser/SVG/Settings/SVGSettings.swift /Users/admin/builder/spi-builder-workspace/.dependencies/checkouts/SVGView/Source/Parser/XML/DOMParser.swift /Users/admin/builder/spi-builder-workspace/.dependencies/checkouts/SVGView/Source/Parser/XML/XMLNode.swift (in target 'SVGView' from project 'SVGView')
SwiftCompile normal armv7k /Users/admin/builder/spi-builder-workspace/.dependencies/checkouts/SVGView/Source/Parser/SVG/Settings/SVGLogger.swift (in target 'SVGView' from project 'SVGView')
cd /Users/admin/builder/spi-builder-workspace/.swiftpm/xcode
SwiftCompile normal armv7k /Users/admin/builder/spi-builder-workspace/.dependencies/checkouts/SVGView/Source/Parser/SVG/Settings/SVGScreen.swift (in target 'SVGView' from project 'SVGView')
cd /Users/admin/builder/spi-builder-workspace/.swiftpm/xcode
SwiftCompile normal armv7k /Users/admin/builder/spi-builder-workspace/.dependencies/checkouts/SVGView/Source/Parser/SVG/Settings/SVGSettings.swift (in target 'SVGView' from project 'SVGView')
cd /Users/admin/builder/spi-builder-workspace/.swiftpm/xcode
SwiftCompile normal armv7k /Users/admin/builder/spi-builder-workspace/.dependencies/checkouts/SVGView/Source/Parser/XML/DOMParser.swift (in target 'SVGView' from project 'SVGView')
cd /Users/admin/builder/spi-builder-workspace/.swiftpm/xcode
SwiftCompile normal armv7k /Users/admin/builder/spi-builder-workspace/.dependencies/checkouts/SVGView/Source/Parser/XML/XMLNode.swift (in target 'SVGView' from project 'SVGView')
cd /Users/admin/builder/spi-builder-workspace/.swiftpm/xcode
SwiftEmitModule normal arm64_32 Emitting\ module\ for\ SwiftIcons (in target 'SwiftIcons' from project 'SwiftIcons')
EmitSwiftModule normal arm64_32 (in target 'SwiftIcons' from project 'SwiftIcons')
cd /Users/admin/builder/spi-builder-workspace/.swiftpm/xcode
SwiftEmitModule normal arm64 Emitting\ module\ for\ SwiftIcons (in target 'SwiftIcons' from project 'SwiftIcons')
EmitSwiftModule normal arm64 (in target 'SwiftIcons' from project 'SwiftIcons')
cd /Users/admin/builder/spi-builder-workspace/.swiftpm/xcode
SwiftDriverJobDiscovery normal armv7k Compiling CSSParser.swift, SVGAttribute.swift, SVGFontSizeAttribute.swift, SVGLengthAttribute.swift, SVGElementParser.swift (in target 'SVGView' from project 'SVGView')
SwiftCompile normal arm64_32 Compiling\ Icon+HeroiconsFilled.swift,\ Icon+Lucide.swift /Users/admin/builder/spi-builder-workspace/Sources/SwiftIcons/Icon+HeroiconsFilled.swift /Users/admin/builder/spi-builder-workspace/Sources/SwiftIcons/Icon+Lucide.swift (in target 'SwiftIcons' from project 'SwiftIcons')
SwiftCompile normal arm64_32 /Users/admin/builder/spi-builder-workspace/Sources/SwiftIcons/Icon+HeroiconsFilled.swift (in target 'SwiftIcons' from project 'SwiftIcons')
cd /Users/admin/builder/spi-builder-workspace/.swiftpm/xcode
SwiftCompile normal arm64_32 /Users/admin/builder/spi-builder-workspace/Sources/SwiftIcons/Icon+Lucide.swift (in target 'SwiftIcons' from project 'SwiftIcons')
cd /Users/admin/builder/spi-builder-workspace/.swiftpm/xcode
SwiftCompile normal arm64_32 Compiling\ Icon+PhosphorDuotone.swift,\ Icon+PhosphorFilled.swift /Users/admin/builder/spi-builder-workspace/Sources/SwiftIcons/Icon+PhosphorDuotone.swift /Users/admin/builder/spi-builder-workspace/Sources/SwiftIcons/Icon+PhosphorFilled.swift (in target 'SwiftIcons' from project 'SwiftIcons')
SwiftCompile normal arm64_32 /Users/admin/builder/spi-builder-workspace/Sources/SwiftIcons/Icon+PhosphorDuotone.swift (in target 'SwiftIcons' from project 'SwiftIcons')
cd /Users/admin/builder/spi-builder-workspace/.swiftpm/xcode
SwiftCompile normal arm64_32 /Users/admin/builder/spi-builder-workspace/Sources/SwiftIcons/Icon+PhosphorFilled.swift (in target 'SwiftIcons' from project 'SwiftIcons')
cd /Users/admin/builder/spi-builder-workspace/.swiftpm/xcode
SwiftDriverJobDiscovery normal armv7k Compiling SVGLength.swift, SVGPaint.swift, SVGPreserveAspectRatio.swift, SVGStroke.swift, SVGCircle.swift, SVGEllipse.swift (in target 'SVGView' from project 'SVGView')
SwiftCompile normal arm64 Compiling\ Icon+FontAwesomeFilled.swift,\ Icon+Heroicons.swift /Users/admin/builder/spi-builder-workspace/Sources/SwiftIcons/Icon+FontAwesomeFilled.swift /Users/admin/builder/spi-builder-workspace/Sources/SwiftIcons/Icon+Heroicons.swift (in target 'SwiftIcons' from project 'SwiftIcons')
SwiftCompile normal arm64 /Users/admin/builder/spi-builder-workspace/Sources/SwiftIcons/Icon+FontAwesomeFilled.swift (in target 'SwiftIcons' from project 'SwiftIcons')
cd /Users/admin/builder/spi-builder-workspace/.swiftpm/xcode
SwiftCompile normal arm64 /Users/admin/builder/spi-builder-workspace/Sources/SwiftIcons/Icon+Heroicons.swift (in target 'SwiftIcons' from project 'SwiftIcons')
cd /Users/admin/builder/spi-builder-workspace/.swiftpm/xcode
SwiftDriverJobDiscovery normal armv7k Compiling Serializable.swift, Serializations.swift, Serializer.swift, MBezierPath+Extension_macOS.swift, UIExtensions.swift (in target 'SVGView' from project 'SVGView')
SwiftCompile normal arm64_32 Compiling\ Icon+Tabler.swift /Users/admin/builder/spi-builder-workspace/Sources/SwiftIcons/Icon+Tabler.swift (in target 'SwiftIcons' from project 'SwiftIcons')
SwiftCompile normal arm64_32 /Users/admin/builder/spi-builder-workspace/Sources/SwiftIcons/Icon+Tabler.swift (in target 'SwiftIcons' from project 'SwiftIcons')
cd /Users/admin/builder/spi-builder-workspace/.swiftpm/xcode
SwiftDriverJobDiscovery normal armv7k Compiling SVGLogger.swift, SVGScreen.swift, SVGSettings.swift, DOMParser.swift, XMLNode.swift (in target 'SVGView' from project 'SVGView')
SwiftCompile normal arm64_32 Compiling\ Icon+Phosphor.swift,\ Icon+PhosphorBold.swift /Users/admin/builder/spi-builder-workspace/Sources/SwiftIcons/Icon+Phosphor.swift /Users/admin/builder/spi-builder-workspace/Sources/SwiftIcons/Icon+PhosphorBold.swift (in target 'SwiftIcons' from project 'SwiftIcons')
SwiftCompile normal arm64_32 /Users/admin/builder/spi-builder-workspace/Sources/SwiftIcons/Icon+Phosphor.swift (in target 'SwiftIcons' from project 'SwiftIcons')
cd /Users/admin/builder/spi-builder-workspace/.swiftpm/xcode
SwiftCompile normal arm64_32 /Users/admin/builder/spi-builder-workspace/Sources/SwiftIcons/Icon+PhosphorBold.swift (in target 'SwiftIcons' from project 'SwiftIcons')
cd /Users/admin/builder/spi-builder-workspace/.swiftpm/xcode
SwiftDriverJobDiscovery normal armv7k Compiling SVGImageParser.swift, SVGShapeParser.swift, SVGStructureParsers.swift, SVGTextParser.swift, SVGLengthParser.swift (in target 'SVGView' from project 'SVGView')
SwiftCompile normal arm64 Compiling\ Icon+HeroiconsFilled.swift,\ Icon+Lucide.swift /Users/admin/builder/spi-builder-workspace/Sources/SwiftIcons/Icon+HeroiconsFilled.swift /Users/admin/builder/spi-builder-workspace/Sources/SwiftIcons/Icon+Lucide.swift (in target 'SwiftIcons' from project 'SwiftIcons')
SwiftCompile normal arm64 /Users/admin/builder/spi-builder-workspace/Sources/SwiftIcons/Icon+HeroiconsFilled.swift (in target 'SwiftIcons' from project 'SwiftIcons')
cd /Users/admin/builder/spi-builder-workspace/.swiftpm/xcode
SwiftCompile normal arm64 /Users/admin/builder/spi-builder-workspace/Sources/SwiftIcons/Icon+Lucide.swift (in target 'SwiftIcons' from project 'SwiftIcons')
cd /Users/admin/builder/spi-builder-workspace/.swiftpm/xcode
SwiftDriverJobDiscovery normal armv7k Compiling SVGConstants.swift, SVGContext.swift, SVGIndex.swift, SVGParser.swift, SVGParserBasics.swift (in target 'SVGView' from project 'SVGView')
SwiftCompile normal arm64_32 Compiling\ Icon+Bootstrap.swift,\ Icon+Feather.swift /Users/admin/builder/spi-builder-workspace/Sources/SwiftIcons/Icon+Bootstrap.swift /Users/admin/builder/spi-builder-workspace/Sources/SwiftIcons/Icon+Feather.swift (in target 'SwiftIcons' from project 'SwiftIcons')
SwiftCompile normal arm64_32 /Users/admin/builder/spi-builder-workspace/Sources/SwiftIcons/Icon+Bootstrap.swift (in target 'SwiftIcons' from project 'SwiftIcons')
cd /Users/admin/builder/spi-builder-workspace/.swiftpm/xcode
SwiftCompile normal arm64_32 /Users/admin/builder/spi-builder-workspace/Sources/SwiftIcons/Icon+Feather.swift (in target 'SwiftIcons' from project 'SwiftIcons')
cd /Users/admin/builder/spi-builder-workspace/.swiftpm/xcode
SwiftDriverJobDiscovery normal armv7k Compiling SVGDataImage.swift, SVGURLImage.swift, SVGGroup.swift, SVGImage.swift, SVGNode.swift, SVGShape.swift (in target 'SVGView' from project 'SVGView')
SwiftCompile normal arm64_32 Compiling\ Icon+PhosphorLight.swift,\ Icon+PhosphorThin.swift /Users/admin/builder/spi-builder-workspace/Sources/SwiftIcons/Icon+PhosphorLight.swift /Users/admin/builder/spi-builder-workspace/Sources/SwiftIcons/Icon+PhosphorThin.swift (in target 'SwiftIcons' from project 'SwiftIcons')
SwiftCompile normal arm64_32 /Users/admin/builder/spi-builder-workspace/Sources/SwiftIcons/Icon+PhosphorLight.swift (in target 'SwiftIcons' from project 'SwiftIcons')
cd /Users/admin/builder/spi-builder-workspace/.swiftpm/xcode
SwiftCompile normal arm64_32 /Users/admin/builder/spi-builder-workspace/Sources/SwiftIcons/Icon+PhosphorThin.swift (in target 'SwiftIcons' from project 'SwiftIcons')
cd /Users/admin/builder/spi-builder-workspace/.swiftpm/xcode
SwiftDriverJobDiscovery normal armv7k Compiling SVGText.swift, SVGUserSpaceNode.swift, SVGViewport.swift, SVGColor.swift, SVGFont.swift, SVGGradient.swift (in target 'SVGView' from project 'SVGView')
SwiftCompile normal arm64 Compiling\ Icon+Phosphor.swift,\ Icon+PhosphorBold.swift /Users/admin/builder/spi-builder-workspace/Sources/SwiftIcons/Icon+Phosphor.swift /Users/admin/builder/spi-builder-workspace/Sources/SwiftIcons/Icon+PhosphorBold.swift (in target 'SwiftIcons' from project 'SwiftIcons')
SwiftCompile normal arm64 /Users/admin/builder/spi-builder-workspace/Sources/SwiftIcons/Icon+Phosphor.swift (in target 'SwiftIcons' from project 'SwiftIcons')
cd /Users/admin/builder/spi-builder-workspace/.swiftpm/xcode
SwiftCompile normal arm64 /Users/admin/builder/spi-builder-workspace/Sources/SwiftIcons/Icon+PhosphorBold.swift (in target 'SwiftIcons' from project 'SwiftIcons')
cd /Users/admin/builder/spi-builder-workspace/.swiftpm/xcode
SwiftDriverJobDiscovery normal arm64_32 Emitting module for SwiftIcons (in target 'SwiftIcons' from project 'SwiftIcons')
SwiftDriver\ Compilation\ Requirements SwiftIcons normal arm64_32 com.apple.xcode.tools.swift.compiler (in target 'SwiftIcons' from project 'SwiftIcons')
cd /Users/admin/builder/spi-builder-workspace/.swiftpm/xcode
builtin-Swift-Compilation-Requirements -- /Applications/Xcode-26.5.0.app/Contents/Developer/Toolchains/XcodeDefault.xctoolchain/usr/bin/swiftc -module-name SwiftIcons -Onone @/Users/admin/builder/spi-builder-workspace/.derivedData/Build/Intermediates.noindex/SwiftIcons.build/Debug-watchos/SwiftIcons.build/Objects-normal/arm64_32/SwiftIcons.SwiftFileList -DSWIFT_PACKAGE -DDEBUG -DSWIFT_MODULE_RESOURCE_BUNDLE_UNAVAILABLE -DXcode -plugin-path /Applications/Xcode-26.5.0.app/Contents/Developer/Toolchains/XcodeDefault.xctoolchain/usr/lib/swift/host/plugins/testing -enable-experimental-feature DebugDescriptionMacro -sdk /Applications/Xcode-26.5.0.app/Contents/Developer/Platforms/WatchOS.platform/Developer/SDKs/WatchOS26.5.sdk -target arm64_32-apple-watchos9.0 -g -module-cache-path /Users/admin/builder/spi-builder-workspace/.derivedData/ModuleCache.noindex -Xfrontend -serialize-debugging-options -enable-testing -index-store-path /Users/admin/builder/spi-builder-workspace/.derivedData/Index.noindex/DataStore -Xcc -D_LIBCPP_HARDENING_MODE\=_LIBCPP_HARDENING_MODE_DEBUG -swift-version 5 -I /Users/admin/builder/spi-builder-workspace/.derivedData/Build/Products/Debug-watchos -Isystem /Applications/Xcode-26.5.0.app/Contents/Developer/Platforms/WatchOS.platform/Developer/usr/lib -F /Users/admin/builder/spi-builder-workspace/.derivedData/Build/Products/Debug-watchos/PackageFrameworks -F /Users/admin/builder/spi-builder-workspace/.derivedData/Build/Products/Debug-watchos -F /Applications/Xcode-26.5.0.app/Contents/Developer/Platforms/WatchOS.platform/Developer/Library/Frameworks -F /Applications/Xcode-26.5.0.app/Contents/Developer/Platforms/WatchOS.platform/Developer/SDKs/WatchOS26.5.sdk/Developer/Library/Frameworks -c -j10 -enable-batch-mode -incremental -Xcc -ivfsstatcache -Xcc /Users/admin/builder/spi-builder-workspace/.derivedData/SDKStatCaches.noindex/watchos26.5-23T570-688ef53f1462e2c8f657fdc38a81448f7931b973dfc65d9472806dbbc3af9379.sdkstatcache -output-file-map /Users/admin/builder/spi-builder-workspace/.derivedData/Build/Intermediates.noindex/SwiftIcons.build/Debug-watchos/SwiftIcons.build/Objects-normal/arm64_32/SwiftIcons-OutputFileMap.json -use-frontend-parseable-output -save-temps -no-color-diagnostics -explicit-module-build -module-cache-path /Users/admin/builder/spi-builder-workspace/.derivedData/Build/Intermediates.noindex/SwiftExplicitPrecompiledModules -clang-scanner-module-cache-path /Users/admin/builder/spi-builder-workspace/.derivedData/ModuleCache.noindex -sdk-module-cache-path /Users/admin/builder/spi-builder-workspace/.derivedData/ModuleCache.noindex -serialize-diagnostics -emit-dependencies -emit-module -emit-module-path /Users/admin/builder/spi-builder-workspace/.derivedData/Build/Intermediates.noindex/SwiftIcons.build/Debug-watchos/SwiftIcons.build/Objects-normal/arm64_32/SwiftIcons.swiftmodule -validate-clang-modules-once -clang-build-session-file /Users/admin/builder/spi-builder-workspace/.derivedData/ModuleCache.noindex/Session.modulevalidation -package-name spi_builder_workspace -Xcc -I/Users/admin/builder/spi-builder-workspace/.derivedData/Build/Intermediates.noindex/SwiftIcons.build/Debug-watchos/SwiftIcons.build/swift-overrides.hmap -emit-const-values -Xfrontend -const-gather-protocols-file -Xfrontend /Users/admin/builder/spi-builder-workspace/.derivedData/Build/Intermediates.noindex/SwiftIcons.build/Debug-watchos/SwiftIcons.build/Objects-normal/arm64_32/SwiftIcons_const_extract_protocols.json -Xcc -I/Users/admin/builder/spi-builder-workspace/.derivedData/Build/Products/Debug-watchos/include -Xcc -I/Users/admin/builder/spi-builder-workspace/.derivedData/Build/Intermediates.noindex/SwiftIcons.build/Debug-watchos/SwiftIcons.build/DerivedSources-normal/arm64_32 -Xcc -I/Users/admin/builder/spi-builder-workspace/.derivedData/Build/Intermediates.noindex/SwiftIcons.build/Debug-watchos/SwiftIcons.build/DerivedSources/arm64_32 -Xcc -I/Users/admin/builder/spi-builder-workspace/.derivedData/Build/Intermediates.noindex/SwiftIcons.build/Debug-watchos/SwiftIcons.build/DerivedSources -Xcc -DSWIFT_PACKAGE -Xcc -DDEBUG\=1 -emit-objc-header -emit-objc-header-path /Users/admin/builder/spi-builder-workspace/.derivedData/Build/Intermediates.noindex/SwiftIcons.build/Debug-watchos/SwiftIcons.build/Objects-normal/arm64_32/SwiftIcons-Swift.h -working-directory /Users/admin/builder/spi-builder-workspace/.swiftpm/xcode -experimental-emit-module-separately -disable-cmo
SwiftDriverJobDiscovery normal arm64 Emitting module for SwiftIcons (in target 'SwiftIcons' from project 'SwiftIcons')
SwiftCompile normal arm64 Compiling\ Icon+PhosphorLight.swift /Users/admin/builder/spi-builder-workspace/Sources/SwiftIcons/Icon+PhosphorLight.swift (in target 'SwiftIcons' from project 'SwiftIcons')
SwiftCompile normal arm64 /Users/admin/builder/spi-builder-workspace/Sources/SwiftIcons/Icon+PhosphorLight.swift (in target 'SwiftIcons' from project 'SwiftIcons')
cd /Users/admin/builder/spi-builder-workspace/.swiftpm/xcode
SwiftDriver\ Compilation\ Requirements SwiftIcons normal arm64 com.apple.xcode.tools.swift.compiler (in target 'SwiftIcons' from project 'SwiftIcons')
cd /Users/admin/builder/spi-builder-workspace/.swiftpm/xcode
builtin-Swift-Compilation-Requirements -- /Applications/Xcode-26.5.0.app/Contents/Developer/Toolchains/XcodeDefault.xctoolchain/usr/bin/swiftc -module-name SwiftIcons -Onone @/Users/admin/builder/spi-builder-workspace/.derivedData/Build/Intermediates.noindex/SwiftIcons.build/Debug-watchos/SwiftIcons.build/Objects-normal/arm64/SwiftIcons.SwiftFileList -DSWIFT_PACKAGE -DDEBUG -DSWIFT_MODULE_RESOURCE_BUNDLE_UNAVAILABLE -DXcode -plugin-path /Applications/Xcode-26.5.0.app/Contents/Developer/Toolchains/XcodeDefault.xctoolchain/usr/lib/swift/host/plugins/testing -enable-experimental-feature DebugDescriptionMacro -sdk /Applications/Xcode-26.5.0.app/Contents/Developer/Platforms/WatchOS.platform/Developer/SDKs/WatchOS26.5.sdk -target arm64-apple-watchos9.0 -g -module-cache-path /Users/admin/builder/spi-builder-workspace/.derivedData/ModuleCache.noindex -Xfrontend -serialize-debugging-options -enable-testing -index-store-path /Users/admin/builder/spi-builder-workspace/.derivedData/Index.noindex/DataStore -Xcc -D_LIBCPP_HARDENING_MODE\=_LIBCPP_HARDENING_MODE_DEBUG -swift-version 5 -I /Users/admin/builder/spi-builder-workspace/.derivedData/Build/Products/Debug-watchos -Isystem /Applications/Xcode-26.5.0.app/Contents/Developer/Platforms/WatchOS.platform/Developer/usr/lib -F /Users/admin/builder/spi-builder-workspace/.derivedData/Build/Products/Debug-watchos/PackageFrameworks -F /Users/admin/builder/spi-builder-workspace/.derivedData/Build/Products/Debug-watchos -F /Applications/Xcode-26.5.0.app/Contents/Developer/Platforms/WatchOS.platform/Developer/Library/Frameworks -F /Applications/Xcode-26.5.0.app/Contents/Developer/Platforms/WatchOS.platform/Developer/SDKs/WatchOS26.5.sdk/Developer/Library/Frameworks -c -j10 -enable-batch-mode -incremental -Xcc -ivfsstatcache -Xcc /Users/admin/builder/spi-builder-workspace/.derivedData/SDKStatCaches.noindex/watchos26.5-23T570-688ef53f1462e2c8f657fdc38a81448f7931b973dfc65d9472806dbbc3af9379.sdkstatcache -output-file-map /Users/admin/builder/spi-builder-workspace/.derivedData/Build/Intermediates.noindex/SwiftIcons.build/Debug-watchos/SwiftIcons.build/Objects-normal/arm64/SwiftIcons-OutputFileMap.json -use-frontend-parseable-output -save-temps -no-color-diagnostics -explicit-module-build -module-cache-path /Users/admin/builder/spi-builder-workspace/.derivedData/Build/Intermediates.noindex/SwiftExplicitPrecompiledModules -clang-scanner-module-cache-path /Users/admin/builder/spi-builder-workspace/.derivedData/ModuleCache.noindex -sdk-module-cache-path /Users/admin/builder/spi-builder-workspace/.derivedData/ModuleCache.noindex -serialize-diagnostics -emit-dependencies -emit-module -emit-module-path /Users/admin/builder/spi-builder-workspace/.derivedData/Build/Intermediates.noindex/SwiftIcons.build/Debug-watchos/SwiftIcons.build/Objects-normal/arm64/SwiftIcons.swiftmodule -validate-clang-modules-once -clang-build-session-file /Users/admin/builder/spi-builder-workspace/.derivedData/ModuleCache.noindex/Session.modulevalidation -package-name spi_builder_workspace -Xcc -I/Users/admin/builder/spi-builder-workspace/.derivedData/Build/Intermediates.noindex/SwiftIcons.build/Debug-watchos/SwiftIcons.build/swift-overrides.hmap -emit-const-values -Xfrontend -const-gather-protocols-file -Xfrontend /Users/admin/builder/spi-builder-workspace/.derivedData/Build/Intermediates.noindex/SwiftIcons.build/Debug-watchos/SwiftIcons.build/Objects-normal/arm64/SwiftIcons_const_extract_protocols.json -Xcc -I/Users/admin/builder/spi-builder-workspace/.derivedData/Build/Products/Debug-watchos/include -Xcc -I/Users/admin/builder/spi-builder-workspace/.derivedData/Build/Intermediates.noindex/SwiftIcons.build/Debug-watchos/SwiftIcons.build/DerivedSources-normal/arm64 -Xcc -I/Users/admin/builder/spi-builder-workspace/.derivedData/Build/Intermediates.noindex/SwiftIcons.build/Debug-watchos/SwiftIcons.build/DerivedSources/arm64 -Xcc -I/Users/admin/builder/spi-builder-workspace/.derivedData/Build/Intermediates.noindex/SwiftIcons.build/Debug-watchos/SwiftIcons.build/DerivedSources -Xcc -DSWIFT_PACKAGE -Xcc -DDEBUG\=1 -emit-objc-header -emit-objc-header-path /Users/admin/builder/spi-builder-workspace/.derivedData/Build/Intermediates.noindex/SwiftIcons.build/Debug-watchos/SwiftIcons.build/Objects-normal/arm64/SwiftIcons-Swift.h -working-directory /Users/admin/builder/spi-builder-workspace/.swiftpm/xcode -experimental-emit-module-separately -disable-cmo
SwiftDriverJobDiscovery normal arm64 Compiling Icon+HeroiconsFilled.swift, Icon+Lucide.swift (in target 'SwiftIcons' from project 'SwiftIcons')
Copy /Users/admin/builder/spi-builder-workspace/.derivedData/Build/Products/Debug-watchos/SwiftIcons.swiftmodule/arm64_32-apple-watchos.swiftmodule /Users/admin/builder/spi-builder-workspace/.derivedData/Build/Intermediates.noindex/SwiftIcons.build/Debug-watchos/SwiftIcons.build/Objects-normal/arm64_32/SwiftIcons.swiftmodule (in target 'SwiftIcons' from project 'SwiftIcons')
cd /Users/admin/builder/spi-builder-workspace
builtin-copy -exclude .DS_Store -exclude CVS -exclude .svn -exclude .git -exclude .hg -resolve-src-symlinks -rename /Users/admin/builder/spi-builder-workspace/.derivedData/Build/Intermediates.noindex/SwiftIcons.build/Debug-watchos/SwiftIcons.build/Objects-normal/arm64_32/SwiftIcons.swiftmodule /Users/admin/builder/spi-builder-workspace/.derivedData/Build/Products/Debug-watchos/SwiftIcons.swiftmodule/arm64_32-apple-watchos.swiftmodule
Copy /Users/admin/builder/spi-builder-workspace/.derivedData/Build/Products/Debug-watchos/SwiftIcons.swiftmodule/arm64_32-apple-watchos.swiftdoc /Users/admin/builder/spi-builder-workspace/.derivedData/Build/Intermediates.noindex/SwiftIcons.build/Debug-watchos/SwiftIcons.build/Objects-normal/arm64_32/SwiftIcons.swiftdoc (in target 'SwiftIcons' from project 'SwiftIcons')
cd /Users/admin/builder/spi-builder-workspace
builtin-copy -exclude .DS_Store -exclude CVS -exclude .svn -exclude .git -exclude .hg -resolve-src-symlinks -rename /Users/admin/builder/spi-builder-workspace/.derivedData/Build/Intermediates.noindex/SwiftIcons.build/Debug-watchos/SwiftIcons.build/Objects-normal/arm64_32/SwiftIcons.swiftdoc /Users/admin/builder/spi-builder-workspace/.derivedData/Build/Products/Debug-watchos/SwiftIcons.swiftmodule/arm64_32-apple-watchos.swiftdoc
SwiftMergeGeneratedHeaders /Users/admin/builder/spi-builder-workspace/.derivedData/Build/Intermediates.noindex/GeneratedModuleMaps-watchos/SwiftIcons-Swift.h /Users/admin/builder/spi-builder-workspace/.derivedData/Build/Intermediates.noindex/SwiftIcons.build/Debug-watchos/SwiftIcons.build/Objects-normal/arm64/SwiftIcons-Swift.h /Users/admin/builder/spi-builder-workspace/.derivedData/Build/Intermediates.noindex/SwiftIcons.build/Debug-watchos/SwiftIcons.build/Objects-normal/arm64_32/SwiftIcons-Swift.h (in target 'SwiftIcons' from project 'SwiftIcons')
cd /Users/admin/builder/spi-builder-workspace
builtin-swiftHeaderTool -arch arm64 /Users/admin/builder/spi-builder-workspace/.derivedData/Build/Intermediates.noindex/SwiftIcons.build/Debug-watchos/SwiftIcons.build/Objects-normal/arm64/SwiftIcons-Swift.h -arch arm64_32 /Users/admin/builder/spi-builder-workspace/.derivedData/Build/Intermediates.noindex/SwiftIcons.build/Debug-watchos/SwiftIcons.build/Objects-normal/arm64_32/SwiftIcons-Swift.h -o /Users/admin/builder/spi-builder-workspace/.derivedData/Build/Intermediates.noindex/GeneratedModuleMaps-watchos/SwiftIcons-Swift.h
SwiftDriverJobDiscovery normal arm64 Compiling Icon+FontAwesomeFilled.swift, Icon+Heroicons.swift (in target 'SwiftIcons' from project 'SwiftIcons')
Copy /Users/admin/builder/spi-builder-workspace/.derivedData/Build/Products/Debug-watchos/SwiftIcons.swiftmodule/arm64_32-apple-watchos.abi.json /Users/admin/builder/spi-builder-workspace/.derivedData/Build/Intermediates.noindex/SwiftIcons.build/Debug-watchos/SwiftIcons.build/Objects-normal/arm64_32/SwiftIcons.abi.json (in target 'SwiftIcons' from project 'SwiftIcons')
cd /Users/admin/builder/spi-builder-workspace
builtin-copy -exclude .DS_Store -exclude CVS -exclude .svn -exclude .git -exclude .hg -resolve-src-symlinks -rename /Users/admin/builder/spi-builder-workspace/.derivedData/Build/Intermediates.noindex/SwiftIcons.build/Debug-watchos/SwiftIcons.build/Objects-normal/arm64_32/SwiftIcons.abi.json /Users/admin/builder/spi-builder-workspace/.derivedData/Build/Products/Debug-watchos/SwiftIcons.swiftmodule/arm64_32-apple-watchos.abi.json
Copy /Users/admin/builder/spi-builder-workspace/.derivedData/Build/Products/Debug-watchos/SwiftIcons.swiftmodule/arm64-apple-watchos.swiftmodule /Users/admin/builder/spi-builder-workspace/.derivedData/Build/Intermediates.noindex/SwiftIcons.build/Debug-watchos/SwiftIcons.build/Objects-normal/arm64/SwiftIcons.swiftmodule (in target 'SwiftIcons' from project 'SwiftIcons')
cd /Users/admin/builder/spi-builder-workspace
builtin-copy -exclude .DS_Store -exclude CVS -exclude .svn -exclude .git -exclude .hg -resolve-src-symlinks -rename /Users/admin/builder/spi-builder-workspace/.derivedData/Build/Intermediates.noindex/SwiftIcons.build/Debug-watchos/SwiftIcons.build/Objects-normal/arm64/SwiftIcons.swiftmodule /Users/admin/builder/spi-builder-workspace/.derivedData/Build/Products/Debug-watchos/SwiftIcons.swiftmodule/arm64-apple-watchos.swiftmodule
Copy /Users/admin/builder/spi-builder-workspace/.derivedData/Build/Products/Debug-watchos/SwiftIcons.swiftmodule/arm64-apple-watchos.swiftdoc /Users/admin/builder/spi-builder-workspace/.derivedData/Build/Intermediates.noindex/SwiftIcons.build/Debug-watchos/SwiftIcons.build/Objects-normal/arm64/SwiftIcons.swiftdoc (in target 'SwiftIcons' from project 'SwiftIcons')
cd /Users/admin/builder/spi-builder-workspace
builtin-copy -exclude .DS_Store -exclude CVS -exclude .svn -exclude .git -exclude .hg -resolve-src-symlinks -rename /Users/admin/builder/spi-builder-workspace/.derivedData/Build/Intermediates.noindex/SwiftIcons.build/Debug-watchos/SwiftIcons.build/Objects-normal/arm64/SwiftIcons.swiftdoc /Users/admin/builder/spi-builder-workspace/.derivedData/Build/Products/Debug-watchos/SwiftIcons.swiftmodule/arm64-apple-watchos.swiftdoc
Copy /Users/admin/builder/spi-builder-workspace/.derivedData/Build/Products/Debug-watchos/SwiftIcons.swiftmodule/arm64-apple-watchos.abi.json /Users/admin/builder/spi-builder-workspace/.derivedData/Build/Intermediates.noindex/SwiftIcons.build/Debug-watchos/SwiftIcons.build/Objects-normal/arm64/SwiftIcons.abi.json (in target 'SwiftIcons' from project 'SwiftIcons')
cd /Users/admin/builder/spi-builder-workspace
builtin-copy -exclude .DS_Store -exclude CVS -exclude .svn -exclude .git -exclude .hg -resolve-src-symlinks -rename /Users/admin/builder/spi-builder-workspace/.derivedData/Build/Intermediates.noindex/SwiftIcons.build/Debug-watchos/SwiftIcons.build/Objects-normal/arm64/SwiftIcons.abi.json /Users/admin/builder/spi-builder-workspace/.derivedData/Build/Products/Debug-watchos/SwiftIcons.swiftmodule/arm64-apple-watchos.abi.json
Copy /Users/admin/builder/spi-builder-workspace/.derivedData/Build/Products/Debug-watchos/SwiftIcons.swiftmodule/Project/arm64_32-apple-watchos.swiftsourceinfo /Users/admin/builder/spi-builder-workspace/.derivedData/Build/Intermediates.noindex/SwiftIcons.build/Debug-watchos/SwiftIcons.build/Objects-normal/arm64_32/SwiftIcons.swiftsourceinfo (in target 'SwiftIcons' from project 'SwiftIcons')
cd /Users/admin/builder/spi-builder-workspace
builtin-copy -exclude .DS_Store -exclude CVS -exclude .svn -exclude .git -exclude .hg -resolve-src-symlinks -rename /Users/admin/builder/spi-builder-workspace/.derivedData/Build/Intermediates.noindex/SwiftIcons.build/Debug-watchos/SwiftIcons.build/Objects-normal/arm64_32/SwiftIcons.swiftsourceinfo /Users/admin/builder/spi-builder-workspace/.derivedData/Build/Products/Debug-watchos/SwiftIcons.swiftmodule/Project/arm64_32-apple-watchos.swiftsourceinfo
Copy /Users/admin/builder/spi-builder-workspace/.derivedData/Build/Products/Debug-watchos/SwiftIcons.swiftmodule/Project/arm64-apple-watchos.swiftsourceinfo /Users/admin/builder/spi-builder-workspace/.derivedData/Build/Intermediates.noindex/SwiftIcons.build/Debug-watchos/SwiftIcons.build/Objects-normal/arm64/SwiftIcons.swiftsourceinfo (in target 'SwiftIcons' from project 'SwiftIcons')
cd /Users/admin/builder/spi-builder-workspace
builtin-copy -exclude .DS_Store -exclude CVS -exclude .svn -exclude .git -exclude .hg -resolve-src-symlinks -rename /Users/admin/builder/spi-builder-workspace/.derivedData/Build/Intermediates.noindex/SwiftIcons.build/Debug-watchos/SwiftIcons.build/Objects-normal/arm64/SwiftIcons.swiftsourceinfo /Users/admin/builder/spi-builder-workspace/.derivedData/Build/Products/Debug-watchos/SwiftIcons.swiftmodule/Project/arm64-apple-watchos.swiftsourceinfo
SwiftCompile normal arm64 Compiling\ Icon+FontAwesomeBrand.swift /Users/admin/builder/spi-builder-workspace/Sources/SwiftIcons/Icon+FontAwesomeBrand.swift (in target 'SwiftIcons' from project 'SwiftIcons')
SwiftCompile normal arm64 /Users/admin/builder/spi-builder-workspace/Sources/SwiftIcons/Icon+FontAwesomeBrand.swift (in target 'SwiftIcons' from project 'SwiftIcons')
cd /Users/admin/builder/spi-builder-workspace/.swiftpm/xcode
SwiftCompile normal arm64 Compiling\ Icon+TablerFilled.swift /Users/admin/builder/spi-builder-workspace/Sources/SwiftIcons/Icon+TablerFilled.swift (in target 'SwiftIcons' from project 'SwiftIcons')
SwiftCompile normal arm64 /Users/admin/builder/spi-builder-workspace/Sources/SwiftIcons/Icon+TablerFilled.swift (in target 'SwiftIcons' from project 'SwiftIcons')
cd /Users/admin/builder/spi-builder-workspace/.swiftpm/xcode
SwiftDriverJobDiscovery normal arm64_32 Compiling Icon+HeroiconsFilled.swift, Icon+Lucide.swift (in target 'SwiftIcons' from project 'SwiftIcons')
SwiftCompile normal arm64 Compiling\ Icon+FontAwesome.swift /Users/admin/builder/spi-builder-workspace/Sources/SwiftIcons/Icon+FontAwesome.swift (in target 'SwiftIcons' from project 'SwiftIcons')
SwiftCompile normal arm64 /Users/admin/builder/spi-builder-workspace/Sources/SwiftIcons/Icon+FontAwesome.swift (in target 'SwiftIcons' from project 'SwiftIcons')
cd /Users/admin/builder/spi-builder-workspace/.swiftpm/xcode
SwiftCompile normal arm64_32 Compiling\ SwiftIcon.swift /Users/admin/builder/spi-builder-workspace/Sources/SwiftIcons/SwiftIcon.swift (in target 'SwiftIcons' from project 'SwiftIcons')
Failed frontend command:
/Applications/Xcode-26.5.0.app/Contents/Developer/Toolchains/XcodeDefault.xctoolchain/usr/bin/swift-frontend -frontend -c /Users/admin/builder/spi-builder-workspace/Sources/SwiftIcons/Icon+Bootstrap.swift /Users/admin/builder/spi-builder-workspace/Sources/SwiftIcons/Icon+Feather.swift /Users/admin/builder/spi-builder-workspace/Sources/SwiftIcons/Icon+FontAwesome.swift /Users/admin/builder/spi-builder-workspace/Sources/SwiftIcons/Icon+FontAwesomeBrand.swift /Users/admin/builder/spi-builder-workspace/Sources/SwiftIcons/Icon+FontAwesomeFilled.swift /Users/admin/builder/spi-builder-workspace/Sources/SwiftIcons/Icon+Heroicons.swift /Users/admin/builder/spi-builder-workspace/Sources/SwiftIcons/Icon+HeroiconsFilled.swift /Users/admin/builder/spi-builder-workspace/Sources/SwiftIcons/Icon+Lucide.swift /Users/admin/builder/spi-builder-workspace/Sources/SwiftIcons/Icon+Phosphor.swift /Users/admin/builder/spi-builder-workspace/Sources/SwiftIcons/Icon+PhosphorBold.swift /Users/admin/builder/spi-builder-workspace/Sources/SwiftIcons/Icon+PhosphorDuotone.swift /Users/admin/builder/spi-builder-workspace/Sources/SwiftIcons/Icon+PhosphorFilled.swift /Users/admin/builder/spi-builder-workspace/Sources/SwiftIcons/Icon+PhosphorLight.swift /Users/admin/builder/spi-builder-workspace/Sources/SwiftIcons/Icon+PhosphorThin.swift /Users/admin/builder/spi-builder-workspace/Sources/SwiftIcons/Icon+Tabler.swift /Users/admin/builder/spi-builder-workspace/Sources/SwiftIcons/Icon+TablerFilled.swift -primary-file /Users/admin/builder/spi-builder-workspace/Sources/SwiftIcons/SwiftIcon.swift -emit-dependencies-path /Users/admin/builder/spi-builder-workspace/.derivedData/Build/Intermediates.noindex/SwiftIcons.build/Debug-watchos/SwiftIcons.build/Objects-normal/arm64_32/SwiftIcon.d -emit-const-values-path /Users/admin/builder/spi-builder-workspace/.derivedData/Build/Intermediates.noindex/SwiftIcons.build/Debug-watchos/SwiftIcons.build/Objects-normal/arm64_32/SwiftIcon.swiftconstvalues -emit-reference-dependencies-path /Users/admin/builder/spi-builder-workspace/.derivedData/Build/Intermediates.noindex/SwiftIcons.build/Debug-watchos/SwiftIcons.build/Objects-normal/arm64_32/SwiftIcon.swiftdeps -serialize-diagnostics-path /Users/admin/builder/spi-builder-workspace/.derivedData/Build/Intermediates.noindex/SwiftIcons.build/Debug-watchos/SwiftIcons.build/Objects-normal/arm64_32/SwiftIcon.dia -target arm64_32-apple-watchos9.0 -module-can-import-version UIKit 9126.5.5 9126.5.5 -load-resolved-plugin /Applications/Xcode-26.5.0.app/Contents/Developer/Platforms/WatchOS.platform/Developer/usr/lib/swift/host/plugins/libFoundationMacros.dylib\#/Applications/Xcode-26.5.0.app/Contents/Developer/Platforms/WatchOS.platform/Developer/usr/bin/swift-plugin-server\#FoundationMacros -load-resolved-plugin /Applications/Xcode-26.5.0.app/Contents/Developer/Platforms/WatchOS.platform/Developer/usr/lib/swift/host/plugins/libObservationMacros.dylib\#/Applications/Xcode-26.5.0.app/Contents/Developer/Platforms/WatchOS.platform/Developer/usr/bin/swift-plugin-server\#ObservationMacros -load-resolved-plugin /Applications/Xcode-26.5.0.app/Contents/Developer/Platforms/WatchOS.platform/Developer/usr/lib/swift/host/plugins/libPreviewsMacros.dylib\#/Applications/Xcode-26.5.0.app/Contents/Developer/Platforms/WatchOS.platform/Developer/usr/bin/swift-plugin-server\#PreviewsMacros -load-resolved-plugin /Applications/Xcode-26.5.0.app/Contents/Developer/Platforms/WatchOS.platform/Developer/usr/lib/swift/host/plugins/libSwiftMacros.dylib\#/Applications/Xcode-26.5.0.app/Contents/Developer/Platforms/WatchOS.platform/Developer/usr/bin/swift-plugin-server\#SwiftMacros -load-resolved-plugin /Applications/Xcode-26.5.0.app/Contents/Developer/Platforms/WatchOS.platform/Developer/usr/lib/swift/host/plugins/libSwiftUIMacros.dylib\#/Applications/Xcode-26.5.0.app/Contents/Developer/Platforms/WatchOS.platform/Developer/usr/bin/swift-plugin-server\#SwiftUIMacros -disable-implicit-swift-modules -Xcc -fno-implicit-modules -Xcc -fno-implicit-module-maps -explicit-swift-module-map-file /Users/admin/builder/spi-builder-workspace/.derivedData/Build/Intermediates.noindex/SwiftIcons.build/Debug-watchos/SwiftIcons.build/Objects-normal/arm64_32/SwiftIcons-dependencies-1.json -debug-module-path /Users/admin/builder/spi-builder-workspace/.derivedData/Build/Intermediates.noindex/SwiftIcons.build/Debug-watchos/SwiftIcons.build/Objects-normal/arm64_32/SwiftIcons.swiftmodule -enable-objc-interop -sdk /Applications/Xcode-26.5.0.app/Contents/Developer/Platforms/WatchOS.platform/Developer/SDKs/WatchOS26.5.sdk -I /Users/admin/builder/spi-builder-workspace/.derivedData/Build/Products/Debug-watchos -Isystem /Applications/Xcode-26.5.0.app/Contents/Developer/Platforms/WatchOS.platform/Developer/usr/lib -F /Users/admin/builder/spi-builder-workspace/.derivedData/Build/Products/Debug-watchos/PackageFrameworks -F /Users/admin/builder/spi-builder-workspace/.derivedData/Build/Products/Debug-watchos -F /Applications/Xcode-26.5.0.app/Contents/Developer/Platforms/WatchOS.platform/Developer/Library/Frameworks -F /Applications/Xcode-26.5.0.app/Contents/Developer/Platforms/WatchOS.platform/Developer/SDKs/WatchOS26.5.sdk/Developer/Library/Frameworks -no-color-diagnostics -Xcc -fno-color-diagnostics -enable-testing -g -debug-info-format\=dwarf -dwarf-version\=4 -module-cache-path /Users/admin/builder/spi-builder-workspace/.derivedData/Build/Intermediates.noindex/SwiftExplicitPrecompiledModules -swift-version 5 -Onone -D SWIFT_PACKAGE -D DEBUG -D SWIFT_MODULE_RESOURCE_BUNDLE_UNAVAILABLE -D Xcode -serialize-debugging-options -const-gather-protocols-file /Users/admin/builder/spi-builder-workspace/.derivedData/Build/Intermediates.noindex/SwiftIcons.build/Debug-watchos/SwiftIcons.build/Objects-normal/arm64_32/SwiftIcons_const_extract_protocols.json -enable-experimental-feature DebugDescriptionMacro -empty-abi-descriptor -validate-clang-modules-once -clang-build-session-file /Users/admin/builder/spi-builder-workspace/.derivedData/ModuleCache.noindex/Session.modulevalidation -Xcc -working-directory -Xcc /Users/admin/builder/spi-builder-workspace/.swiftpm/xcode -enable-anonymous-context-mangled-names -file-compilation-dir /Users/admin/builder/spi-builder-workspace/.swiftpm/xcode -Xcc -D_LIBCPP_HARDENING_MODE\=_LIBCPP_HARDENING_MODE_DEBUG -Xcc -ivfsstatcache -Xcc /Users/admin/builder/spi-builder-workspace/.derivedData/SDKStatCaches.noindex/watchos26.5-23T570-688ef53f1462e2c8f657fdc38a81448f7931b973dfc65d9472806dbbc3af9379.sdkstatcache -Xcc -I/Users/admin/builder/spi-builder-workspace/.derivedData/Build/Intermediates.noindex/SwiftIcons.build/Debug-watchos/SwiftIcons.build/swift-overrides.hmap -Xcc -I/Users/admin/builder/spi-builder-workspace/.derivedData/Build/Products/Debug-watchos/include -Xcc -I/Users/admin/builder/spi-builder-workspace/.derivedData/Build/Intermediates.noindex/SwiftIcons.build/Debug-watchos/SwiftIcons.build/DerivedSources-normal/arm64_32 -Xcc -I/Users/admin/builder/spi-builder-workspace/.derivedData/Build/Intermediates.noindex/SwiftIcons.build/Debug-watchos/SwiftIcons.build/DerivedSources/arm64_32 -Xcc -I/Users/admin/builder/spi-builder-workspace/.derivedData/Build/Intermediates.noindex/SwiftIcons.build/Debug-watchos/SwiftIcons.build/DerivedSources -Xcc -DSWIFT_PACKAGE -Xcc -DDEBUG\=1 -no-auto-bridging-header-chaining -module-name SwiftIcons -package-name spi_builder_workspace -frontend-parseable-output -disable-clang-spi -clang-target arm64_32-apple-watchos26.5 -target-sdk-version 26.5 -target-sdk-name watchos26.5 -in-process-plugin-server-path /Applications/Xcode-26.5.0.app/Contents/Developer/Toolchains/XcodeDefault.xctoolchain/usr/lib/swift/host/libSwiftInProcPluginServer.dylib -o /Users/admin/builder/spi-builder-workspace/.derivedData/Build/Intermediates.noindex/SwiftIcons.build/Debug-watchos/SwiftIcons.build/Objects-normal/arm64_32/SwiftIcon.o -index-unit-output-path /SwiftIcons.build/Debug-watchos/SwiftIcons.build/Objects-normal/arm64_32/SwiftIcon.o -index-store-path /Users/admin/builder/spi-builder-workspace/.derivedData/Index.noindex/DataStore -index-system-modules
SwiftCompile normal arm64_32 /Users/admin/builder/spi-builder-workspace/Sources/SwiftIcons/SwiftIcon.swift (in target 'SwiftIcons' from project 'SwiftIcons')
cd /Users/admin/builder/spi-builder-workspace/.swiftpm/xcode
/Users/admin/builder/spi-builder-workspace/Sources/SwiftIcons/SwiftIcon.swift:62:25: error: 'UIScreen' is unavailable in watchOS
imageRenderer.scale = UIScreen.main.scale
^~~~~~~~
/Applications/Xcode-26.5.0.app/Contents/Developer/Platforms/WatchOS.platform/Developer/SDKs/WatchOS26.5.sdk/System/Library/Frameworks/UIKit.framework/Headers/UIScreen.h:54:12: note: 'UIScreen' has been explicitly marked unavailable here
@interface UIScreen : NSObject <UITraitEnvironment>
^
/Users/admin/builder/spi-builder-workspace/Sources/SwiftIcons/SwiftIcon.swift:62:34: error: 'main' is unavailable in watchOS
imageRenderer.scale = UIScreen.main.scale
^~~~
/Applications/Xcode-26.5.0.app/Contents/Developer/Platforms/WatchOS.platform/Developer/SDKs/WatchOS26.5.sdk/System/Library/Frameworks/UIKit.framework/Headers/UIScreen.h:57:49: note: 'main' has been explicitly marked unavailable here
@property(class, nonatomic, readonly) UIScreen *mainScreen API_DEPRECATED("Use a UIScreen instance found through context instead (i.e, view.window.windowScene.screen), or for properties like UIScreen.scale with trait equivalents, use a traitCollection found through context.", ios(2.0, 26.0), tvos(9.0, 26.0), visionos(1.0, 26.0)) API_UNAVAILABLE(watchos);
^
/Users/admin/builder/spi-builder-workspace/Sources/SwiftIcons/SwiftIcon.swift:87:25: error: 'UIScreen' is unavailable in watchOS
imageRenderer.scale = UIScreen.main.scale
^~~~~~~~
/Applications/Xcode-26.5.0.app/Contents/Developer/Platforms/WatchOS.platform/Developer/SDKs/WatchOS26.5.sdk/System/Library/Frameworks/UIKit.framework/Headers/UIScreen.h:54:12: note: 'UIScreen' has been explicitly marked unavailable here
@interface UIScreen : NSObject <UITraitEnvironment>
^
/Users/admin/builder/spi-builder-workspace/Sources/SwiftIcons/SwiftIcon.swift:87:34: error: 'main' is unavailable in watchOS
imageRenderer.scale = UIScreen.main.scale
^~~~
/Applications/Xcode-26.5.0.app/Contents/Developer/Platforms/WatchOS.platform/Developer/SDKs/WatchOS26.5.sdk/System/Library/Frameworks/UIKit.framework/Headers/UIScreen.h:57:49: note: 'main' has been explicitly marked unavailable here
@property(class, nonatomic, readonly) UIScreen *mainScreen API_DEPRECATED("Use a UIScreen instance found through context instead (i.e, view.window.windowScene.screen), or for properties like UIScreen.scale with trait equivalents, use a traitCollection found through context.", ios(2.0, 26.0), tvos(9.0, 26.0), visionos(1.0, 26.0)) API_UNAVAILABLE(watchos);
^
SwiftDriverJobDiscovery normal arm64 Compiling Icon+FontAwesomeBrand.swift (in target 'SwiftIcons' from project 'SwiftIcons')
SwiftCompile normal arm64 Compiling\ Icon+Tabler.swift /Users/admin/builder/spi-builder-workspace/Sources/SwiftIcons/Icon+Tabler.swift (in target 'SwiftIcons' from project 'SwiftIcons')
SwiftCompile normal arm64 /Users/admin/builder/spi-builder-workspace/Sources/SwiftIcons/Icon+Tabler.swift (in target 'SwiftIcons' from project 'SwiftIcons')
cd /Users/admin/builder/spi-builder-workspace/.swiftpm/xcode
SwiftDriverJobDiscovery normal arm64_32 Compiling Icon+Bootstrap.swift, Icon+Feather.swift (in target 'SwiftIcons' from project 'SwiftIcons')
SwiftCompile normal arm64 Compiling\ Icon+PhosphorThin.swift /Users/admin/builder/spi-builder-workspace/Sources/SwiftIcons/Icon+PhosphorThin.swift (in target 'SwiftIcons' from project 'SwiftIcons')
SwiftCompile normal arm64 /Users/admin/builder/spi-builder-workspace/Sources/SwiftIcons/Icon+PhosphorThin.swift (in target 'SwiftIcons' from project 'SwiftIcons')
cd /Users/admin/builder/spi-builder-workspace/.swiftpm/xcode
SwiftDriverJobDiscovery normal arm64 Compiling Icon+TablerFilled.swift (in target 'SwiftIcons' from project 'SwiftIcons')
SwiftCompile normal arm64 Compiling\ SwiftIcon.swift /Users/admin/builder/spi-builder-workspace/Sources/SwiftIcons/SwiftIcon.swift (in target 'SwiftIcons' from project 'SwiftIcons')
SwiftCompile normal arm64 /Users/admin/builder/spi-builder-workspace/Sources/SwiftIcons/SwiftIcon.swift (in target 'SwiftIcons' from project 'SwiftIcons')
cd /Users/admin/builder/spi-builder-workspace/.swiftpm/xcode
SwiftDriverJobDiscovery normal arm64 Compiling Icon+FontAwesome.swift (in target 'SwiftIcons' from project 'SwiftIcons')
SwiftCompile normal arm64 Compiling\ Icon+PhosphorDuotone.swift /Users/admin/builder/spi-builder-workspace/Sources/SwiftIcons/Icon+PhosphorDuotone.swift (in target 'SwiftIcons' from project 'SwiftIcons')
SwiftCompile normal arm64 /Users/admin/builder/spi-builder-workspace/Sources/SwiftIcons/Icon+PhosphorDuotone.swift (in target 'SwiftIcons' from project 'SwiftIcons')
cd /Users/admin/builder/spi-builder-workspace/.swiftpm/xcode
SwiftDriverJobDiscovery normal arm64 Compiling Icon+PhosphorLight.swift (in target 'SwiftIcons' from project 'SwiftIcons')
SwiftCompile normal arm64 Compiling\ Icon+Bootstrap.swift,\ Icon+Feather.swift /Users/admin/builder/spi-builder-workspace/Sources/SwiftIcons/Icon+Bootstrap.swift /Users/admin/builder/spi-builder-workspace/Sources/SwiftIcons/Icon+Feather.swift (in target 'SwiftIcons' from project 'SwiftIcons')
SwiftDriverJobDiscovery normal arm64_32 Compiling Icon+PhosphorDuotone.swift, Icon+PhosphorFilled.swift (in target 'SwiftIcons' from project 'SwiftIcons')
SwiftCompile normal arm64_32 Compiling\ Icon+FontAwesomeFilled.swift,\ Icon+Heroicons.swift /Users/admin/builder/spi-builder-workspace/Sources/SwiftIcons/Icon+FontAwesomeFilled.swift /Users/admin/builder/spi-builder-workspace/Sources/SwiftIcons/Icon+Heroicons.swift (in target 'SwiftIcons' from project 'SwiftIcons')
2026-10-09 05:52:31.467 xcodebuild[993:5925] [MT] IDERunDestination: Supported platforms for the buildables in the current scheme is empty.
** BUILD FAILED **
The following build commands failed:
SwiftCompile normal arm64_32 Compiling\ SwiftIcon.swift /Users/admin/builder/spi-builder-workspace/Sources/SwiftIcons/SwiftIcon.swift (in target 'SwiftIcons' from project 'SwiftIcons')
SwiftCompile normal arm64_32 /Users/admin/builder/spi-builder-workspace/Sources/SwiftIcons/SwiftIcon.swift (in target 'SwiftIcons' from project 'SwiftIcons')
Building workspace spi-builder-workspace with scheme SwiftIcons-Package
(3 failures)
BUILD FAILURE 6.3 watchOS