Build Information
Failed to build NIMSDK_LITE, reference 10.10.0 (373a5e), with Swift 6.4 for visionOS using Xcode 27.0 on 25 Sep 2026 19:01:39 UTC.
Build Command
env DEVELOPER_DIR=/Applications/Xcode-27.0.0-Release.Candidate.app xcrun xcodebuild -IDEClonedSourcePackagesDirPathOverride=$PWD/.dependencies -skipMacroValidation -skipPackagePluginValidation -derivedDataPath $PWD/.derivedData build -scheme NIMSDK_LITE-Package -destination generic/platform=xrOSBuild Log
========================================
RunAll
========================================
Builder version: 5.1.0
Interrupt handler set up.
========================================
Checkout
========================================
Clone URL: https://github.com/netease-im/nimsdk-lite-spm.git
Reference: 10.10.0
Initialized empty Git repository in /Users/admin/builder/spi-builder-workspace/.git/
From https://github.com/netease-im/nimsdk-lite-spm
* tag 10.10.0 -> FETCH_HEAD
HEAD is now at 373a5eb add 10.10.0
Cloned https://github.com/netease-im/nimsdk-lite-spm.git
Revision (git rev-parse @):
373a5ebbeb8c6a6ee71a8d30323c9230a00574d6
SUCCESS checkout https://github.com/netease-im/nimsdk-lite-spm.git at 10.10.0
========================================
Build
========================================
Selected platform: visionOS
Swift version: 6.4
Building package at path: $PWD
https://github.com/netease-im/nimsdk-lite-spm.git
Command line invocation:
/Applications/Xcode-27.0.0-Release.Candidate.app/Contents/Developer/usr/bin/xcodebuild -IDEClonedSourcePackagesDirPathOverride=/Users/admin/builder/spi-builder-workspace/.dependencies -resolvePackageDependencies
Resolve Package Graph
Resolve Package Graph
Resolved source packages:
NIMSDK_LITE: /Users/admin/builder/spi-builder-workspace
resolved source packages: NIMSDK_LITE
2026-09-25 15:00:48.826 xcodebuild[524:3006] [MT] IDERunDestination: Supported platforms for the buildables in the current scheme is empty.
{
"dependencies" : [
],
"manifest_display_name" : "NIMSDK_LITE",
"name" : "NIMSDK_LITE",
"path" : "/Users/admin/builder/spi-builder-workspace",
"platforms" : [
{
"name" : "ios",
"version" : "12.0"
}
],
"products" : [
{
"name" : "NIMSDK_LITE",
"targets" : [
"NIMSDK_LITE_NOS"
],
"type" : {
"library" : [
"automatic"
]
}
},
{
"name" : "NOS",
"targets" : [
"NIMSDK_LITE_NOS"
],
"type" : {
"library" : [
"automatic"
]
}
},
{
"name" : "FCS",
"targets" : [
"NIMSDK_LITE_FCS"
],
"type" : {
"library" : [
"automatic"
]
}
},
{
"name" : "QChat",
"targets" : [
"NIMSDK_LITE_QChat"
],
"type" : {
"library" : [
"automatic"
]
}
},
{
"name" : "FTS",
"targets" : [
"NIMSDK_LITE_FTS"
],
"type" : {
"library" : [
"automatic"
]
}
}
],
"targets" : [
{
"c99name" : "NIMSocketRocket",
"module_type" : "BinaryTarget",
"name" : "NIMSocketRocket",
"path" : "remote/archive/NIMSocketRocket.xcframework.zip",
"product_memberships" : [
"NIMSDK_LITE",
"NOS",
"FCS"
],
"sources" : [
],
"type" : "binary"
},
{
"c99name" : "NIMSDK_LITE_QChat",
"module_type" : "SwiftTarget",
"name" : "NIMSDK_LITE_QChat",
"path" : "Sources/QChat",
"product_memberships" : [
"QChat"
],
"sources" : [
"NIMSDK_LITE_QChat.swift"
],
"target_dependencies" : [
"NIMQChat"
],
"type" : "library"
},
{
"c99name" : "NIMSDK_LITE_NOS",
"module_type" : "SwiftTarget",
"name" : "NIMSDK_LITE_NOS",
"path" : "Sources/NOS",
"product_memberships" : [
"NIMSDK_LITE",
"NOS"
],
"sources" : [
"NIMSDK_LITE_NOS.swift"
],
"target_dependencies" : [
"NIMSDK",
"NIMSocketRocket",
"NIMQuic",
"NIMNOS"
],
"type" : "library"
},
{
"c99name" : "NIMSDK_LITE_FTS",
"module_type" : "SwiftTarget",
"name" : "NIMSDK_LITE_FTS",
"path" : "Sources/FTS",
"product_memberships" : [
"FTS"
],
"sources" : [
"NIMSDK_LITE_FTS.swift"
],
"target_dependencies" : [
"NIMDBEx"
],
"type" : "library"
},
{
"c99name" : "NIMSDK_LITE_FCS",
"module_type" : "SwiftTarget",
"name" : "NIMSDK_LITE_FCS",
"path" : "Sources/FCS",
"product_memberships" : [
"FCS"
],
"sources" : [
"NIMSDK_LITE_FCS.swift"
],
"target_dependencies" : [
"NIMSDK",
"NIMSocketRocket",
"NIMQuic",
"NIMFCS",
"NIMAWSCore",
"NIMAWSS3"
],
"type" : "library"
},
{
"c99name" : "NIMSDK",
"module_type" : "BinaryTarget",
"name" : "NIMSDK",
"path" : "remote/archive/NIMSDK.xcframework.zip",
"product_memberships" : [
"NIMSDK_LITE",
"NOS",
"FCS"
],
"sources" : [
],
"type" : "binary"
},
{
"c99name" : "NIMQuic",
"module_type" : "BinaryTarget",
"name" : "NIMQuic",
"path" : "remote/archive/NIMQuic.xcframework.zip",
"product_memberships" : [
"NIMSDK_LITE",
"NOS",
"FCS"
],
"sources" : [
],
"type" : "binary"
},
{
"c99name" : "NIMQChat",
"module_type" : "BinaryTarget",
"name" : "NIMQChat",
"path" : "remote/archive/NIMQChat.xcframework.zip",
"product_memberships" : [
"QChat"
],
"sources" : [
],
"type" : "binary"
},
{
"c99name" : "NIMNOS",
"module_type" : "BinaryTarget",
"name" : "NIMNOS",
"path" : "remote/archive/NIMNOS.xcframework.zip",
"product_memberships" : [
"NIMSDK_LITE",
"NOS"
],
"sources" : [
],
"type" : "binary"
},
{
"c99name" : "NIMFCS",
"module_type" : "BinaryTarget",
"name" : "NIMFCS",
"path" : "remote/archive/NIMFCS.xcframework.zip",
"product_memberships" : [
"FCS"
],
"sources" : [
],
"type" : "binary"
},
{
"c99name" : "NIMDBEx",
"module_type" : "BinaryTarget",
"name" : "NIMDBEx",
"path" : "remote/archive/NIMDBEx.xcframework.zip",
"product_memberships" : [
"FTS"
],
"sources" : [
],
"type" : "binary"
},
{
"c99name" : "NIMAWSS3",
"module_type" : "BinaryTarget",
"name" : "NIMAWSS3",
"path" : "remote/archive/NIMAWSS3.xcframework.zip",
"product_memberships" : [
"FCS"
],
"sources" : [
],
"type" : "binary"
},
{
"c99name" : "NIMAWSCore",
"module_type" : "BinaryTarget",
"name" : "NIMAWSCore",
"path" : "remote/archive/NIMAWSCore.xcframework.zip",
"product_memberships" : [
"FCS"
],
"sources" : [
],
"type" : "binary"
}
],
"tools_version" : "5.7"
}
{
"workspace" : {
"name" : "NIMSDK_LITE",
"schemes" : [
"FCS",
"FTS",
"NIMSDK_LITE",
"NIMSDK_LITE-Package",
"NOS",
"QChat"
]
}
}
2026-09-25 15:01:30.640 xcodebuild[751:4263] [MT] IDERunDestination: Supported platforms for the buildables in the current scheme is empty.
{
"workspace" : {
"name" : "NIMSDK_LITE",
"schemes" : [
"FCS",
"FTS",
"NIMSDK_LITE",
"NIMSDK_LITE-Package",
"NOS",
"QChat"
]
}
}
2026-09-25 15:01:31.658 xcodebuild[753:4316] [MT] IDERunDestination: Supported platforms for the buildables in the current scheme is empty.
Running build ...
env DEVELOPER_DIR=/Applications/Xcode-27.0.0-Release.Candidate.app xcrun xcodebuild -IDEClonedSourcePackagesDirPathOverride=$PWD/.dependencies -skipMacroValidation -skipPackagePluginValidation -derivedDataPath $PWD/.derivedData build -scheme NIMSDK_LITE-Package -destination generic/platform=xrOS
Command line invocation:
/Applications/Xcode-27.0.0-Release.Candidate.app/Contents/Developer/usr/bin/xcodebuild -IDEClonedSourcePackagesDirPathOverride=/Users/admin/builder/spi-builder-workspace/.dependencies -skipMacroValidation -skipPackagePluginValidation -derivedDataPath /Users/admin/builder/spi-builder-workspace/.derivedData build -scheme NIMSDK_LITE-Package -destination generic/platform=xrOS
Resolve Package Graph
Resolved source packages:
NIMSDK_LITE: /Users/admin/builder/spi-builder-workspace
ComputePackagePrebuildTargetDependencyGraph
Prepare packages
CreateBuildRequest
SendProjectDescription
CreateBuildOperation
ComputeTargetDependencyGraph
note: Building targets in dependency order
note: Target dependency graph (9 targets)
Target 'FTS-product' in project 'NIMSDK_LITE'
➜ Explicit dependency on target 'NIMSDK_LITE_FTS' in project 'NIMSDK_LITE'
Target 'NIMSDK_LITE_FTS' in project 'NIMSDK_LITE' (no dependencies)
Target 'QChat-product' in project 'NIMSDK_LITE'
➜ Explicit dependency on target 'NIMSDK_LITE_QChat' in project 'NIMSDK_LITE'
Target 'NIMSDK_LITE_QChat' in project 'NIMSDK_LITE' (no dependencies)
Target 'FCS-product' in project 'NIMSDK_LITE'
➜ Explicit dependency on target 'NIMSDK_LITE_FCS' in project 'NIMSDK_LITE'
Target 'NIMSDK_LITE_FCS' in project 'NIMSDK_LITE' (no dependencies)
Target 'NOS-product' in project 'NIMSDK_LITE'
➜ Explicit dependency on target 'NIMSDK_LITE_NOS' in project 'NIMSDK_LITE'
Target 'NIMSDK_LITE-product' in project 'NIMSDK_LITE'
➜ Explicit dependency on target 'NIMSDK_LITE_NOS' in project 'NIMSDK_LITE'
Target 'NIMSDK_LITE_NOS' in project 'NIMSDK_LITE' (no dependencies)
GatherProvisioningInputs
CreateBuildDescription
ExecuteExternalTool /Applications/Xcode-27.0.0-Release.Candidate.app/Contents/Developer/Toolchains/XcodeDefault.xctoolchain/usr/bin/swiftc --version
ExecuteExternalTool /Applications/Xcode-27.0.0-Release.Candidate.app/Contents/Developer/Toolchains/XcodeDefault.xctoolchain/usr/bin/clang -v -E -dM -isysroot /Applications/Xcode-27.0.0-Release.Candidate.app/Contents/Developer/Platforms/XROS.platform/Developer/SDKs/XROS27.0.sdk -x c -c /dev/null
ExecuteExternalTool /Applications/Xcode-27.0.0-Release.Candidate.app/Contents/Developer/Toolchains/XcodeDefault.xctoolchain/usr/bin/ld -version_details
Build description signature: 69ffac596389207a463843032f80eb24
Build description path: /Users/admin/builder/spi-builder-workspace/.derivedData/Build/Intermediates.noindex/XCBuildData/69ffac596389207a463843032f80eb24.xcbuilddata
/Users/admin/builder/spi-builder-workspace/.dependencies/artifacts/spi-builder-workspace/NIMSDK/NIMSDK.xcframework:1:1: error: While building for visionOS, no library for this platform was found in '/Users/admin/builder/spi-builder-workspace/.dependencies/artifacts/spi-builder-workspace/NIMSDK/NIMSDK.xcframework'. (in target 'NIMSDK_LITE_NOS' from project 'NIMSDK_LITE')
/Users/admin/builder/spi-builder-workspace/.dependencies/artifacts/spi-builder-workspace/NIMSocketRocket/NIMSocketRocket.xcframework:1:1: error: While building for visionOS, no library for this platform was found in '/Users/admin/builder/spi-builder-workspace/.dependencies/artifacts/spi-builder-workspace/NIMSocketRocket/NIMSocketRocket.xcframework'. (in target 'NIMSDK_LITE_NOS' from project 'NIMSDK_LITE')
/Users/admin/builder/spi-builder-workspace/.dependencies/artifacts/spi-builder-workspace/NIMQuic/NIMQuic.xcframework:1:1: error: While building for visionOS, no library for this platform was found in '/Users/admin/builder/spi-builder-workspace/.dependencies/artifacts/spi-builder-workspace/NIMQuic/NIMQuic.xcframework'. (in target 'NIMSDK_LITE_NOS' from project 'NIMSDK_LITE')
/Users/admin/builder/spi-builder-workspace/.dependencies/artifacts/spi-builder-workspace/NIMNOS/NIMNOS.xcframework:1:1: error: While building for visionOS, no library for this platform was found in '/Users/admin/builder/spi-builder-workspace/.dependencies/artifacts/spi-builder-workspace/NIMNOS/NIMNOS.xcframework'. (in target 'NIMSDK_LITE_NOS' from project 'NIMSDK_LITE')
/Users/admin/builder/spi-builder-workspace/.dependencies/artifacts/spi-builder-workspace/NIMSDK/NIMSDK.xcframework:1:1: error: While building for visionOS, no library for this platform was found in '/Users/admin/builder/spi-builder-workspace/.dependencies/artifacts/spi-builder-workspace/NIMSDK/NIMSDK.xcframework'. (in target 'NIMSDK_LITE-product' from project 'NIMSDK_LITE')
/Users/admin/builder/spi-builder-workspace/.dependencies/artifacts/spi-builder-workspace/NIMSocketRocket/NIMSocketRocket.xcframework:1:1: error: While building for visionOS, no library for this platform was found in '/Users/admin/builder/spi-builder-workspace/.dependencies/artifacts/spi-builder-workspace/NIMSocketRocket/NIMSocketRocket.xcframework'. (in target 'NIMSDK_LITE-product' from project 'NIMSDK_LITE')
/Users/admin/builder/spi-builder-workspace/.dependencies/artifacts/spi-builder-workspace/NIMQuic/NIMQuic.xcframework:1:1: error: While building for visionOS, no library for this platform was found in '/Users/admin/builder/spi-builder-workspace/.dependencies/artifacts/spi-builder-workspace/NIMQuic/NIMQuic.xcframework'. (in target 'NIMSDK_LITE-product' from project 'NIMSDK_LITE')
/Users/admin/builder/spi-builder-workspace/.dependencies/artifacts/spi-builder-workspace/NIMNOS/NIMNOS.xcframework:1:1: error: While building for visionOS, no library for this platform was found in '/Users/admin/builder/spi-builder-workspace/.dependencies/artifacts/spi-builder-workspace/NIMNOS/NIMNOS.xcframework'. (in target 'NIMSDK_LITE-product' from project 'NIMSDK_LITE')
/Users/admin/builder/spi-builder-workspace/.dependencies/artifacts/spi-builder-workspace/NIMSDK/NIMSDK.xcframework:1:1: error: While building for visionOS, no library for this platform was found in '/Users/admin/builder/spi-builder-workspace/.dependencies/artifacts/spi-builder-workspace/NIMSDK/NIMSDK.xcframework'. (in target 'NIMSDK_LITE_FCS' from project 'NIMSDK_LITE')
/Users/admin/builder/spi-builder-workspace/.dependencies/artifacts/spi-builder-workspace/NIMSocketRocket/NIMSocketRocket.xcframework:1:1: error: While building for visionOS, no library for this platform was found in '/Users/admin/builder/spi-builder-workspace/.dependencies/artifacts/spi-builder-workspace/NIMSocketRocket/NIMSocketRocket.xcframework'. (in target 'NIMSDK_LITE_FCS' from project 'NIMSDK_LITE')
/Users/admin/builder/spi-builder-workspace/.dependencies/artifacts/spi-builder-workspace/NIMQuic/NIMQuic.xcframework:1:1: error: While building for visionOS, no library for this platform was found in '/Users/admin/builder/spi-builder-workspace/.dependencies/artifacts/spi-builder-workspace/NIMQuic/NIMQuic.xcframework'. (in target 'NIMSDK_LITE_FCS' from project 'NIMSDK_LITE')
/Users/admin/builder/spi-builder-workspace/.dependencies/artifacts/spi-builder-workspace/NIMFCS/NIMFCS.xcframework:1:1: error: While building for visionOS, no library for this platform was found in '/Users/admin/builder/spi-builder-workspace/.dependencies/artifacts/spi-builder-workspace/NIMFCS/NIMFCS.xcframework'. (in target 'NIMSDK_LITE_FCS' from project 'NIMSDK_LITE')
/Users/admin/builder/spi-builder-workspace/.dependencies/artifacts/spi-builder-workspace/NIMAWSCore/NIMAWSCore.xcframework:1:1: error: While building for visionOS, no library for this platform was found in '/Users/admin/builder/spi-builder-workspace/.dependencies/artifacts/spi-builder-workspace/NIMAWSCore/NIMAWSCore.xcframework'. (in target 'NIMSDK_LITE_FCS' from project 'NIMSDK_LITE')
/Users/admin/builder/spi-builder-workspace/.dependencies/artifacts/spi-builder-workspace/NIMAWSS3/NIMAWSS3.xcframework:1:1: error: While building for visionOS, no library for this platform was found in '/Users/admin/builder/spi-builder-workspace/.dependencies/artifacts/spi-builder-workspace/NIMAWSS3/NIMAWSS3.xcframework'. (in target 'NIMSDK_LITE_FCS' from project 'NIMSDK_LITE')
/Users/admin/builder/spi-builder-workspace/.dependencies/artifacts/spi-builder-workspace/NIMSDK/NIMSDK.xcframework:1:1: error: While building for visionOS, no library for this platform was found in '/Users/admin/builder/spi-builder-workspace/.dependencies/artifacts/spi-builder-workspace/NIMSDK/NIMSDK.xcframework'. (in target 'FCS-product' from project 'NIMSDK_LITE')
/Users/admin/builder/spi-builder-workspace/.dependencies/artifacts/spi-builder-workspace/NIMSocketRocket/NIMSocketRocket.xcframework:1:1: error: While building for visionOS, no library for this platform was found in '/Users/admin/builder/spi-builder-workspace/.dependencies/artifacts/spi-builder-workspace/NIMSocketRocket/NIMSocketRocket.xcframework'. (in target 'FCS-product' from project 'NIMSDK_LITE')
/Users/admin/builder/spi-builder-workspace/.dependencies/artifacts/spi-builder-workspace/NIMQuic/NIMQuic.xcframework:1:1: error: While building for visionOS, no library for this platform was found in '/Users/admin/builder/spi-builder-workspace/.dependencies/artifacts/spi-builder-workspace/NIMQuic/NIMQuic.xcframework'. (in target 'FCS-product' from project 'NIMSDK_LITE')
/Users/admin/builder/spi-builder-workspace/.dependencies/artifacts/spi-builder-workspace/NIMFCS/NIMFCS.xcframework:1:1: error: While building for visionOS, no library for this platform was found in '/Users/admin/builder/spi-builder-workspace/.dependencies/artifacts/spi-builder-workspace/NIMFCS/NIMFCS.xcframework'. (in target 'FCS-product' from project 'NIMSDK_LITE')
/Users/admin/builder/spi-builder-workspace/.dependencies/artifacts/spi-builder-workspace/NIMAWSCore/NIMAWSCore.xcframework:1:1: error: While building for visionOS, no library for this platform was found in '/Users/admin/builder/spi-builder-workspace/.dependencies/artifacts/spi-builder-workspace/NIMAWSCore/NIMAWSCore.xcframework'. (in target 'FCS-product' from project 'NIMSDK_LITE')
/Users/admin/builder/spi-builder-workspace/.dependencies/artifacts/spi-builder-workspace/NIMAWSS3/NIMAWSS3.xcframework:1:1: error: While building for visionOS, no library for this platform was found in '/Users/admin/builder/spi-builder-workspace/.dependencies/artifacts/spi-builder-workspace/NIMAWSS3/NIMAWSS3.xcframework'. (in target 'FCS-product' from project 'NIMSDK_LITE')
/Users/admin/builder/spi-builder-workspace/.dependencies/artifacts/spi-builder-workspace/NIMDBEx/NIMDBEx.xcframework:1:1: error: While building for visionOS, no library for this platform was found in '/Users/admin/builder/spi-builder-workspace/.dependencies/artifacts/spi-builder-workspace/NIMDBEx/NIMDBEx.xcframework'. (in target 'FTS-product' from project 'NIMSDK_LITE')
/Users/admin/builder/spi-builder-workspace/.dependencies/artifacts/spi-builder-workspace/NIMSDK/NIMSDK.xcframework:1:1: error: While building for visionOS, no library for this platform was found in '/Users/admin/builder/spi-builder-workspace/.dependencies/artifacts/spi-builder-workspace/NIMSDK/NIMSDK.xcframework'. (in target 'NOS-product' from project 'NIMSDK_LITE')
/Users/admin/builder/spi-builder-workspace/.dependencies/artifacts/spi-builder-workspace/NIMSocketRocket/NIMSocketRocket.xcframework:1:1: error: While building for visionOS, no library for this platform was found in '/Users/admin/builder/spi-builder-workspace/.dependencies/artifacts/spi-builder-workspace/NIMSocketRocket/NIMSocketRocket.xcframework'. (in target 'NOS-product' from project 'NIMSDK_LITE')
/Users/admin/builder/spi-builder-workspace/.dependencies/artifacts/spi-builder-workspace/NIMQuic/NIMQuic.xcframework:1:1: error: While building for visionOS, no library for this platform was found in '/Users/admin/builder/spi-builder-workspace/.dependencies/artifacts/spi-builder-workspace/NIMQuic/NIMQuic.xcframework'. (in target 'NOS-product' from project 'NIMSDK_LITE')
/Users/admin/builder/spi-builder-workspace/.dependencies/artifacts/spi-builder-workspace/NIMNOS/NIMNOS.xcframework:1:1: error: While building for visionOS, no library for this platform was found in '/Users/admin/builder/spi-builder-workspace/.dependencies/artifacts/spi-builder-workspace/NIMNOS/NIMNOS.xcframework'. (in target 'NOS-product' from project 'NIMSDK_LITE')
/Users/admin/builder/spi-builder-workspace/.dependencies/artifacts/spi-builder-workspace/NIMDBEx/NIMDBEx.xcframework:1:1: error: While building for visionOS, no library for this platform was found in '/Users/admin/builder/spi-builder-workspace/.dependencies/artifacts/spi-builder-workspace/NIMDBEx/NIMDBEx.xcframework'. (in target 'NIMSDK_LITE_FTS' from project 'NIMSDK_LITE')
/Users/admin/builder/spi-builder-workspace/.dependencies/artifacts/spi-builder-workspace/NIMQChat/NIMQChat.xcframework:1:1: error: While building for visionOS, no library for this platform was found in '/Users/admin/builder/spi-builder-workspace/.dependencies/artifacts/spi-builder-workspace/NIMQChat/NIMQChat.xcframework'. (in target 'QChat-product' from project 'NIMSDK_LITE')
/Users/admin/builder/spi-builder-workspace/.dependencies/artifacts/spi-builder-workspace/NIMQChat/NIMQChat.xcframework:1:1: error: While building for visionOS, no library for this platform was found in '/Users/admin/builder/spi-builder-workspace/.dependencies/artifacts/spi-builder-workspace/NIMQChat/NIMQChat.xcframework'. (in target 'NIMSDK_LITE_QChat' from project 'NIMSDK_LITE')
2026-09-25 15:01:33.203 xcodebuild[754:4341] [MT] IDERunDestination: Supported platforms for the buildables in the current scheme is empty.
** BUILD FAILED **
The following build commands failed:
Building workspace NIMSDK_LITE with scheme NIMSDK_LITE-Package
(1 failure)
Command line invocation:
/Applications/Xcode-27.0.0-Release.Candidate.app/Contents/Developer/usr/bin/xcodebuild -IDEClonedSourcePackagesDirPathOverride=/Users/admin/builder/spi-builder-workspace/.dependencies -resolvePackageDependencies
Resolve Package Graph
Resolved source packages:
NIMSDK_LITE: /Users/admin/builder/spi-builder-workspace
resolved source packages: NIMSDK_LITE
2026-09-25 15:01:35.251 xcodebuild[768:4456] [MT] IDERunDestination: Supported platforms for the buildables in the current scheme is empty.
{
"dependencies" : [
],
"manifest_display_name" : "NIMSDK_LITE",
"name" : "NIMSDK_LITE",
"path" : "/Users/admin/builder/spi-builder-workspace",
"platforms" : [
{
"name" : "ios",
"version" : "12.0"
}
],
"products" : [
{
"name" : "NIMSDK_LITE",
"targets" : [
"NIMSDK_LITE_NOS"
],
"type" : {
"library" : [
"automatic"
]
}
},
{
"name" : "NOS",
"targets" : [
"NIMSDK_LITE_NOS"
],
"type" : {
"library" : [
"automatic"
]
}
},
{
"name" : "FCS",
"targets" : [
"NIMSDK_LITE_FCS"
],
"type" : {
"library" : [
"automatic"
]
}
},
{
"name" : "QChat",
"targets" : [
"NIMSDK_LITE_QChat"
],
"type" : {
"library" : [
"automatic"
]
}
},
{
"name" : "FTS",
"targets" : [
"NIMSDK_LITE_FTS"
],
"type" : {
"library" : [
"automatic"
]
}
}
],
"targets" : [
{
"c99name" : "NIMSocketRocket",
"module_type" : "BinaryTarget",
"name" : "NIMSocketRocket",
"path" : "remote/archive/NIMSocketRocket.xcframework.zip",
"product_memberships" : [
"NIMSDK_LITE",
"NOS",
"FCS"
],
"sources" : [
],
"type" : "binary"
},
{
"c99name" : "NIMSDK_LITE_QChat",
"module_type" : "SwiftTarget",
"name" : "NIMSDK_LITE_QChat",
"path" : "Sources/QChat",
"product_memberships" : [
"QChat"
],
"sources" : [
"NIMSDK_LITE_QChat.swift"
],
"target_dependencies" : [
"NIMQChat"
],
"type" : "library"
},
{
"c99name" : "NIMSDK_LITE_NOS",
"module_type" : "SwiftTarget",
"name" : "NIMSDK_LITE_NOS",
"path" : "Sources/NOS",
"product_memberships" : [
"NIMSDK_LITE",
"NOS"
],
"sources" : [
"NIMSDK_LITE_NOS.swift"
],
"target_dependencies" : [
"NIMSDK",
"NIMSocketRocket",
"NIMQuic",
"NIMNOS"
],
"type" : "library"
},
{
"c99name" : "NIMSDK_LITE_FTS",
"module_type" : "SwiftTarget",
"name" : "NIMSDK_LITE_FTS",
"path" : "Sources/FTS",
"product_memberships" : [
"FTS"
],
"sources" : [
"NIMSDK_LITE_FTS.swift"
],
"target_dependencies" : [
"NIMDBEx"
],
"type" : "library"
},
{
"c99name" : "NIMSDK_LITE_FCS",
"module_type" : "SwiftTarget",
"name" : "NIMSDK_LITE_FCS",
"path" : "Sources/FCS",
"product_memberships" : [
"FCS"
],
"sources" : [
"NIMSDK_LITE_FCS.swift"
],
"target_dependencies" : [
"NIMSDK",
"NIMSocketRocket",
"NIMQuic",
"NIMFCS",
"NIMAWSCore",
"NIMAWSS3"
],
"type" : "library"
},
{
"c99name" : "NIMSDK",
"module_type" : "BinaryTarget",
"name" : "NIMSDK",
"path" : "remote/archive/NIMSDK.xcframework.zip",
"product_memberships" : [
"NIMSDK_LITE",
"NOS",
"FCS"
],
"sources" : [
],
"type" : "binary"
},
{
"c99name" : "NIMQuic",
"module_type" : "BinaryTarget",
"name" : "NIMQuic",
"path" : "remote/archive/NIMQuic.xcframework.zip",
"product_memberships" : [
"NIMSDK_LITE",
"NOS",
"FCS"
],
"sources" : [
],
"type" : "binary"
},
{
"c99name" : "NIMQChat",
"module_type" : "BinaryTarget",
"name" : "NIMQChat",
"path" : "remote/archive/NIMQChat.xcframework.zip",
"product_memberships" : [
"QChat"
],
"sources" : [
],
"type" : "binary"
},
{
"c99name" : "NIMNOS",
"module_type" : "BinaryTarget",
"name" : "NIMNOS",
"path" : "remote/archive/NIMNOS.xcframework.zip",
"product_memberships" : [
"NIMSDK_LITE",
"NOS"
],
"sources" : [
],
"type" : "binary"
},
{
"c99name" : "NIMFCS",
"module_type" : "BinaryTarget",
"name" : "NIMFCS",
"path" : "remote/archive/NIMFCS.xcframework.zip",
"product_memberships" : [
"FCS"
],
"sources" : [
],
"type" : "binary"
},
{
"c99name" : "NIMDBEx",
"module_type" : "BinaryTarget",
"name" : "NIMDBEx",
"path" : "remote/archive/NIMDBEx.xcframework.zip",
"product_memberships" : [
"FTS"
],
"sources" : [
],
"type" : "binary"
},
{
"c99name" : "NIMAWSS3",
"module_type" : "BinaryTarget",
"name" : "NIMAWSS3",
"path" : "remote/archive/NIMAWSS3.xcframework.zip",
"product_memberships" : [
"FCS"
],
"sources" : [
],
"type" : "binary"
},
{
"c99name" : "NIMAWSCore",
"module_type" : "BinaryTarget",
"name" : "NIMAWSCore",
"path" : "remote/archive/NIMAWSCore.xcframework.zip",
"product_memberships" : [
"FCS"
],
"sources" : [
],
"type" : "binary"
}
],
"tools_version" : "5.7"
}
{
"workspace" : {
"name" : "NIMSDK_LITE",
"schemes" : [
"FCS",
"FTS",
"NIMSDK_LITE",
"NIMSDK_LITE-Package",
"NOS",
"QChat"
]
}
}
2026-09-25 15:01:36.481 xcodebuild[776:4516] [MT] IDERunDestination: Supported platforms for the buildables in the current scheme is empty.
{
"workspace" : {
"name" : "NIMSDK_LITE",
"schemes" : [
"FCS",
"FTS",
"NIMSDK_LITE",
"NIMSDK_LITE-Package",
"NOS",
"QChat"
]
}
}
2026-09-25 15:01:37.490 xcodebuild[778:4549] [MT] IDERunDestination: Supported platforms for the buildables in the current scheme is empty.
Running build ...
env DEVELOPER_DIR=/Applications/Xcode-27.0.0-Release.Candidate.app xcrun xcodebuild -IDEClonedSourcePackagesDirPathOverride=$PWD/.dependencies -skipMacroValidation -skipPackagePluginValidation -derivedDataPath $PWD/.derivedData build -scheme NIMSDK_LITE-Package -destination generic/platform=xrOS
Command line invocation:
/Applications/Xcode-27.0.0-Release.Candidate.app/Contents/Developer/usr/bin/xcodebuild -IDEClonedSourcePackagesDirPathOverride=/Users/admin/builder/spi-builder-workspace/.dependencies -skipMacroValidation -skipPackagePluginValidation -derivedDataPath /Users/admin/builder/spi-builder-workspace/.derivedData build -scheme NIMSDK_LITE-Package -destination generic/platform=xrOS
Resolve Package Graph
Resolved source packages:
NIMSDK_LITE: /Users/admin/builder/spi-builder-workspace
ComputePackagePrebuildTargetDependencyGraph
Prepare packages
CreateBuildRequest
SendProjectDescription
CreateBuildOperation
ComputeTargetDependencyGraph
note: Building targets in dependency order
note: Target dependency graph (9 targets)
Target 'FTS-product' in project 'NIMSDK_LITE'
➜ Explicit dependency on target 'NIMSDK_LITE_FTS' in project 'NIMSDK_LITE'
Target 'NIMSDK_LITE_FTS' in project 'NIMSDK_LITE' (no dependencies)
Target 'QChat-product' in project 'NIMSDK_LITE'
➜ Explicit dependency on target 'NIMSDK_LITE_QChat' in project 'NIMSDK_LITE'
Target 'NIMSDK_LITE_QChat' in project 'NIMSDK_LITE' (no dependencies)
Target 'FCS-product' in project 'NIMSDK_LITE'
➜ Explicit dependency on target 'NIMSDK_LITE_FCS' in project 'NIMSDK_LITE'
Target 'NIMSDK_LITE_FCS' in project 'NIMSDK_LITE' (no dependencies)
Target 'NOS-product' in project 'NIMSDK_LITE'
➜ Explicit dependency on target 'NIMSDK_LITE_NOS' in project 'NIMSDK_LITE'
Target 'NIMSDK_LITE-product' in project 'NIMSDK_LITE'
➜ Explicit dependency on target 'NIMSDK_LITE_NOS' in project 'NIMSDK_LITE'
Target 'NIMSDK_LITE_NOS' in project 'NIMSDK_LITE' (no dependencies)
GatherProvisioningInputs
CreateBuildDescription
/Users/admin/builder/spi-builder-workspace/.dependencies/artifacts/spi-builder-workspace/NIMAWSCore/NIMAWSCore.xcframework:1:1: error: While building for visionOS, no library for this platform was found in '/Users/admin/builder/spi-builder-workspace/.dependencies/artifacts/spi-builder-workspace/NIMAWSCore/NIMAWSCore.xcframework'. (in target 'NIMSDK_LITE_FCS' from project 'NIMSDK_LITE')
/Users/admin/builder/spi-builder-workspace/.dependencies/artifacts/spi-builder-workspace/NIMAWSS3/NIMAWSS3.xcframework:1:1: error: While building for visionOS, no library for this platform was found in '/Users/admin/builder/spi-builder-workspace/.dependencies/artifacts/spi-builder-workspace/NIMAWSS3/NIMAWSS3.xcframework'. (in target 'NIMSDK_LITE_FCS' from project 'NIMSDK_LITE')
/Users/admin/builder/spi-builder-workspace/.dependencies/artifacts/spi-builder-workspace/NIMFCS/NIMFCS.xcframework:1:1: error: While building for visionOS, no library for this platform was found in '/Users/admin/builder/spi-builder-workspace/.dependencies/artifacts/spi-builder-workspace/NIMFCS/NIMFCS.xcframework'. (in target 'NIMSDK_LITE_FCS' from project 'NIMSDK_LITE')
/Users/admin/builder/spi-builder-workspace/.dependencies/artifacts/spi-builder-workspace/NIMQuic/NIMQuic.xcframework:1:1: error: While building for visionOS, no library for this platform was found in '/Users/admin/builder/spi-builder-workspace/.dependencies/artifacts/spi-builder-workspace/NIMQuic/NIMQuic.xcframework'. (in target 'NIMSDK_LITE_FCS' from project 'NIMSDK_LITE')
/Users/admin/builder/spi-builder-workspace/.dependencies/artifacts/spi-builder-workspace/NIMSDK/NIMSDK.xcframework:1:1: error: While building for visionOS, no library for this platform was found in '/Users/admin/builder/spi-builder-workspace/.dependencies/artifacts/spi-builder-workspace/NIMSDK/NIMSDK.xcframework'. (in target 'NIMSDK_LITE_FCS' from project 'NIMSDK_LITE')
/Users/admin/builder/spi-builder-workspace/.dependencies/artifacts/spi-builder-workspace/NIMSocketRocket/NIMSocketRocket.xcframework:1:1: error: While building for visionOS, no library for this platform was found in '/Users/admin/builder/spi-builder-workspace/.dependencies/artifacts/spi-builder-workspace/NIMSocketRocket/NIMSocketRocket.xcframework'. (in target 'NIMSDK_LITE_FCS' from project 'NIMSDK_LITE')
/Users/admin/builder/spi-builder-workspace/.dependencies/artifacts/spi-builder-workspace/NIMNOS/NIMNOS.xcframework:1:1: error: While building for visionOS, no library for this platform was found in '/Users/admin/builder/spi-builder-workspace/.dependencies/artifacts/spi-builder-workspace/NIMNOS/NIMNOS.xcframework'. (in target 'NOS-product' from project 'NIMSDK_LITE')
/Users/admin/builder/spi-builder-workspace/.dependencies/artifacts/spi-builder-workspace/NIMQuic/NIMQuic.xcframework:1:1: error: While building for visionOS, no library for this platform was found in '/Users/admin/builder/spi-builder-workspace/.dependencies/artifacts/spi-builder-workspace/NIMQuic/NIMQuic.xcframework'. (in target 'NOS-product' from project 'NIMSDK_LITE')
/Users/admin/builder/spi-builder-workspace/.dependencies/artifacts/spi-builder-workspace/NIMSDK/NIMSDK.xcframework:1:1: error: While building for visionOS, no library for this platform was found in '/Users/admin/builder/spi-builder-workspace/.dependencies/artifacts/spi-builder-workspace/NIMSDK/NIMSDK.xcframework'. (in target 'NOS-product' from project 'NIMSDK_LITE')
/Users/admin/builder/spi-builder-workspace/.dependencies/artifacts/spi-builder-workspace/NIMSocketRocket/NIMSocketRocket.xcframework:1:1: error: While building for visionOS, no library for this platform was found in '/Users/admin/builder/spi-builder-workspace/.dependencies/artifacts/spi-builder-workspace/NIMSocketRocket/NIMSocketRocket.xcframework'. (in target 'NOS-product' from project 'NIMSDK_LITE')
/Users/admin/builder/spi-builder-workspace/.dependencies/artifacts/spi-builder-workspace/NIMDBEx/NIMDBEx.xcframework:1:1: error: While building for visionOS, no library for this platform was found in '/Users/admin/builder/spi-builder-workspace/.dependencies/artifacts/spi-builder-workspace/NIMDBEx/NIMDBEx.xcframework'. (in target 'NIMSDK_LITE_FTS' from project 'NIMSDK_LITE')
/Users/admin/builder/spi-builder-workspace/.dependencies/artifacts/spi-builder-workspace/NIMDBEx/NIMDBEx.xcframework:1:1: error: While building for visionOS, no library for this platform was found in '/Users/admin/builder/spi-builder-workspace/.dependencies/artifacts/spi-builder-workspace/NIMDBEx/NIMDBEx.xcframework'. (in target 'FTS-product' from project 'NIMSDK_LITE')
/Users/admin/builder/spi-builder-workspace/.dependencies/artifacts/spi-builder-workspace/NIMQChat/NIMQChat.xcframework:1:1: error: While building for visionOS, no library for this platform was found in '/Users/admin/builder/spi-builder-workspace/.dependencies/artifacts/spi-builder-workspace/NIMQChat/NIMQChat.xcframework'. (in target 'QChat-product' from project 'NIMSDK_LITE')
/Users/admin/builder/spi-builder-workspace/.dependencies/artifacts/spi-builder-workspace/NIMNOS/NIMNOS.xcframework:1:1: error: While building for visionOS, no library for this platform was found in '/Users/admin/builder/spi-builder-workspace/.dependencies/artifacts/spi-builder-workspace/NIMNOS/NIMNOS.xcframework'. (in target 'NIMSDK_LITE-product' from project 'NIMSDK_LITE')
/Users/admin/builder/spi-builder-workspace/.dependencies/artifacts/spi-builder-workspace/NIMQuic/NIMQuic.xcframework:1:1: error: While building for visionOS, no library for this platform was found in '/Users/admin/builder/spi-builder-workspace/.dependencies/artifacts/spi-builder-workspace/NIMQuic/NIMQuic.xcframework'. (in target 'NIMSDK_LITE-product' from project 'NIMSDK_LITE')
/Users/admin/builder/spi-builder-workspace/.dependencies/artifacts/spi-builder-workspace/NIMSDK/NIMSDK.xcframework:1:1: error: While building for visionOS, no library for this platform was found in '/Users/admin/builder/spi-builder-workspace/.dependencies/artifacts/spi-builder-workspace/NIMSDK/NIMSDK.xcframework'. (in target 'NIMSDK_LITE-product' from project 'NIMSDK_LITE')
/Users/admin/builder/spi-builder-workspace/.dependencies/artifacts/spi-builder-workspace/NIMSocketRocket/NIMSocketRocket.xcframework:1:1: error: While building for visionOS, no library for this platform was found in '/Users/admin/builder/spi-builder-workspace/.dependencies/artifacts/spi-builder-workspace/NIMSocketRocket/NIMSocketRocket.xcframework'. (in target 'NIMSDK_LITE-product' from project 'NIMSDK_LITE')
/Users/admin/builder/spi-builder-workspace/.dependencies/artifacts/spi-builder-workspace/NIMQChat/NIMQChat.xcframework:1:1: error: While building for visionOS, no library for this platform was found in '/Users/admin/builder/spi-builder-workspace/.dependencies/artifacts/spi-builder-workspace/NIMQChat/NIMQChat.xcframework'. (in target 'NIMSDK_LITE_QChat' from project 'NIMSDK_LITE')
/Users/admin/builder/spi-builder-workspace/.dependencies/artifacts/spi-builder-workspace/NIMNOS/NIMNOS.xcframework:1:1: error: While building for visionOS, no library for this platform was found in '/Users/admin/builder/spi-builder-workspace/.dependencies/artifacts/spi-builder-workspace/NIMNOS/NIMNOS.xcframework'. (in target 'NIMSDK_LITE_NOS' from project 'NIMSDK_LITE')
/Users/admin/builder/spi-builder-workspace/.dependencies/artifacts/spi-builder-workspace/NIMQuic/NIMQuic.xcframework:1:1: error: While building for visionOS, no library for this platform was found in '/Users/admin/builder/spi-builder-workspace/.dependencies/artifacts/spi-builder-workspace/NIMQuic/NIMQuic.xcframework'. (in target 'NIMSDK_LITE_NOS' from project 'NIMSDK_LITE')
/Users/admin/builder/spi-builder-workspace/.dependencies/artifacts/spi-builder-workspace/NIMSDK/NIMSDK.xcframework:1:1: error: While building for visionOS, no library for this platform was found in '/Users/admin/builder/spi-builder-workspace/.dependencies/artifacts/spi-builder-workspace/NIMSDK/NIMSDK.xcframework'. (in target 'NIMSDK_LITE_NOS' from project 'NIMSDK_LITE')
/Users/admin/builder/spi-builder-workspace/.dependencies/artifacts/spi-builder-workspace/NIMSocketRocket/NIMSocketRocket.xcframework:1:1: error: While building for visionOS, no library for this platform was found in '/Users/admin/builder/spi-builder-workspace/.dependencies/artifacts/spi-builder-workspace/NIMSocketRocket/NIMSocketRocket.xcframework'. (in target 'NIMSDK_LITE_NOS' from project 'NIMSDK_LITE')
/Users/admin/builder/spi-builder-workspace/.dependencies/artifacts/spi-builder-workspace/NIMAWSCore/NIMAWSCore.xcframework:1:1: error: While building for visionOS, no library for this platform was found in '/Users/admin/builder/spi-builder-workspace/.dependencies/artifacts/spi-builder-workspace/NIMAWSCore/NIMAWSCore.xcframework'. (in target 'FCS-product' from project 'NIMSDK_LITE')
/Users/admin/builder/spi-builder-workspace/.dependencies/artifacts/spi-builder-workspace/NIMAWSS3/NIMAWSS3.xcframework:1:1: error: While building for visionOS, no library for this platform was found in '/Users/admin/builder/spi-builder-workspace/.dependencies/artifacts/spi-builder-workspace/NIMAWSS3/NIMAWSS3.xcframework'. (in target 'FCS-product' from project 'NIMSDK_LITE')
/Users/admin/builder/spi-builder-workspace/.dependencies/artifacts/spi-builder-workspace/NIMFCS/NIMFCS.xcframework:1:1: error: While building for visionOS, no library for this platform was found in '/Users/admin/builder/spi-builder-workspace/.dependencies/artifacts/spi-builder-workspace/NIMFCS/NIMFCS.xcframework'. (in target 'FCS-product' from project 'NIMSDK_LITE')
/Users/admin/builder/spi-builder-workspace/.dependencies/artifacts/spi-builder-workspace/NIMQuic/NIMQuic.xcframework:1:1: error: While building for visionOS, no library for this platform was found in '/Users/admin/builder/spi-builder-workspace/.dependencies/artifacts/spi-builder-workspace/NIMQuic/NIMQuic.xcframework'. (in target 'FCS-product' from project 'NIMSDK_LITE')
/Users/admin/builder/spi-builder-workspace/.dependencies/artifacts/spi-builder-workspace/NIMSDK/NIMSDK.xcframework:1:1: error: While building for visionOS, no library for this platform was found in '/Users/admin/builder/spi-builder-workspace/.dependencies/artifacts/spi-builder-workspace/NIMSDK/NIMSDK.xcframework'. (in target 'FCS-product' from project 'NIMSDK_LITE')
/Users/admin/builder/spi-builder-workspace/.dependencies/artifacts/spi-builder-workspace/NIMSocketRocket/NIMSocketRocket.xcframework:1:1: error: While building for visionOS, no library for this platform was found in '/Users/admin/builder/spi-builder-workspace/.dependencies/artifacts/spi-builder-workspace/NIMSocketRocket/NIMSocketRocket.xcframework'. (in target 'FCS-product' from project 'NIMSDK_LITE')
2026-09-25 15:01:38.534 xcodebuild[779:4575] [MT] IDERunDestination: Supported platforms for the buildables in the current scheme is empty.
** BUILD FAILED **
The following build commands failed:
Building workspace NIMSDK_LITE with scheme NIMSDK_LITE-Package
(1 failure)
BUILD FAILURE 6.4 visionOS