Build Information
Failed to build EsimplifiedSDK, reference 2.1.0 (44e3e6), with Swift 6.2 for Wasm on 3 Oct 2026 03:57:03 UTC.
Build Command
bash -c docker run --pull=always --rm -v "checkouts-54344844-0":/host -w "$PWD" -e JAVA_HOME="/root/.sdkman/candidates/java/current" -e SPI_BUILD="1" -e SPI_PROCESSING="1" registry.gitlab.com/saguaro1/spi-images:wasm-6.2-latest swift build --swift-sdk swift-6.2-RELEASE_wasm 2>&1Build Log
========================================
RunAll
========================================
Builder version: 5.1.1
Interrupt handler set up.
========================================
Checkout
========================================
Clone URL: https://github.com/eSimplified/esimplified-ios-sdk.git
Reference: 2.1.0
Initialized empty Git repository in /host/spi-builder-workspace/.git/
hint: Using 'master' as the name for the initial branch. This default branch name
hint: is subject to change. To configure the initial branch name to use in all
hint: of your new repositories, which will suppress this warning, call:
hint:
hint: git config --global init.defaultBranch <name>
hint:
hint: Names commonly chosen instead of 'master' are 'main', 'trunk' and
hint: 'development'. The just-created branch can be renamed via this command:
hint:
hint: git branch -m <name>
From https://github.com/eSimplified/esimplified-ios-sdk
* tag 2.1.0 -> FETCH_HEAD
HEAD is now at 44e3e61 Merge pull request #24 from eSimplified/feature/VisaRewardTypeValue
Cloned https://github.com/eSimplified/esimplified-ios-sdk.git
Revision (git rev-parse @):
44e3e614126abdaf73eba5b75382c8b658751f9d
SUCCESS checkout https://github.com/eSimplified/esimplified-ios-sdk.git at 2.1.0
========================================
Build
========================================
Selected platform: wasm
Swift version: 6.2
Building package at path: $PWD
https://github.com/eSimplified/esimplified-ios-sdk.git
Running build ...
bash -c docker run --pull=always --rm -v "checkouts-54344844-0":/host -w "$PWD" -e JAVA_HOME="/root/.sdkman/candidates/java/current" -e SPI_BUILD="1" -e SPI_PROCESSING="1" registry.gitlab.com/saguaro1/spi-images:wasm-6.2-latest swift build --swift-sdk swift-6.2-RELEASE_wasm 2>&1
wasm-6.2-latest: Pulling from saguaro1/spi-images
Digest: sha256:ff44196b45f83e5a0a99a627b185f548850d9bc1242e3dee2178fb1570812fe8
Status: Image is up to date for registry.gitlab.com/saguaro1/spi-images:wasm-6.2-latest
Building for debugging...
[0/3] Write sources
[1/3] Copying PrivacyInfo.xcprivacy
[2/3] Write swift-version-24593BA9C3E375BF.txt
[4/84] Compiling EsimplifiedSDK CountriesRepositoryImpl.swift
/host/spi-builder-workspace/Sources/EsimplifiedSDK/Auth/DefaultStorageProvider.swift:9:8: error: no such module 'Security'
7 |
8 | import Foundation
9 | import Security
| `- error: no such module 'Security'
10 |
11 | final class DefaultStorageProvider: StorageProvider {
[5/84] Compiling EsimplifiedSDK EsimsRepositoryImpl.swift
/host/spi-builder-workspace/Sources/EsimplifiedSDK/Auth/DefaultStorageProvider.swift:9:8: error: no such module 'Security'
7 |
8 | import Foundation
9 | import Security
| `- error: no such module 'Security'
10 |
11 | final class DefaultStorageProvider: StorageProvider {
[6/84] Compiling EsimplifiedSDK FaqAndSupportRepositoryImpl.swift
/host/spi-builder-workspace/Sources/EsimplifiedSDK/Auth/DefaultStorageProvider.swift:9:8: error: no such module 'Security'
7 |
8 | import Foundation
9 | import Security
| `- error: no such module 'Security'
10 |
11 | final class DefaultStorageProvider: StorageProvider {
[7/84] Compiling EsimplifiedSDK LoyaltyRepositoryImpl.swift
/host/spi-builder-workspace/Sources/EsimplifiedSDK/Auth/DefaultStorageProvider.swift:9:8: error: no such module 'Security'
7 |
8 | import Foundation
9 | import Security
| `- error: no such module 'Security'
10 |
11 | final class DefaultStorageProvider: StorageProvider {
[8/84] Compiling EsimplifiedSDK MarketingRepositoryImpl.swift
/host/spi-builder-workspace/Sources/EsimplifiedSDK/Auth/DefaultStorageProvider.swift:9:8: error: no such module 'Security'
7 |
8 | import Foundation
9 | import Security
| `- error: no such module 'Security'
10 |
11 | final class DefaultStorageProvider: StorageProvider {
[9/84] Compiling EsimplifiedSDK NotificationRepositoryImpl.swift
/host/spi-builder-workspace/Sources/EsimplifiedSDK/Auth/DefaultStorageProvider.swift:9:8: error: no such module 'Security'
7 |
8 | import Foundation
9 | import Security
| `- error: no such module 'Security'
10 |
11 | final class DefaultStorageProvider: StorageProvider {
[10/84] Compiling EsimplifiedSDK OrdersRepositoryImpl.swift
/host/spi-builder-workspace/Sources/EsimplifiedSDK/Auth/DefaultStorageProvider.swift:9:8: error: no such module 'Security'
7 |
8 | import Foundation
9 | import Security
| `- error: no such module 'Security'
10 |
11 | final class DefaultStorageProvider: StorageProvider {
[11/84] Compiling EsimplifiedSDK PackagesRepositoryImpl.swift
/host/spi-builder-workspace/Sources/EsimplifiedSDK/Auth/DefaultStorageProvider.swift:9:8: error: no such module 'Security'
7 |
8 | import Foundation
9 | import Security
| `- error: no such module 'Security'
10 |
11 | final class DefaultStorageProvider: StorageProvider {
[12/84] Compiling EsimplifiedSDK PaymentsRepositoryImpl.swift
/host/spi-builder-workspace/Sources/EsimplifiedSDK/Auth/DefaultStorageProvider.swift:9:8: error: no such module 'Security'
7 |
8 | import Foundation
9 | import Security
| `- error: no such module 'Security'
10 |
11 | final class DefaultStorageProvider: StorageProvider {
[13/84] Compiling EsimplifiedSDK PhoneVerificationRepositoryImpl.swift
/host/spi-builder-workspace/Sources/EsimplifiedSDK/Auth/DefaultStorageProvider.swift:9:8: error: no such module 'Security'
7 |
8 | import Foundation
9 | import Security
| `- error: no such module 'Security'
10 |
11 | final class DefaultStorageProvider: StorageProvider {
[14/84] Compiling EsimplifiedSDK PromoCodeRepositoryImpl.swift
/host/spi-builder-workspace/Sources/EsimplifiedSDK/Auth/DefaultStorageProvider.swift:9:8: error: no such module 'Security'
7 |
8 | import Foundation
9 | import Security
| `- error: no such module 'Security'
10 |
11 | final class DefaultStorageProvider: StorageProvider {
[15/95] Compiling EsimplifiedSDK DefaultFalse.swift
/host/spi-builder-workspace/Sources/EsimplifiedSDK/Auth/DefaultStorageProvider.swift:9:8: error: no such module 'Security'
7 |
8 | import Foundation
9 | import Security
| `- error: no such module 'Security'
10 |
11 | final class DefaultStorageProvider: StorageProvider {
[16/95] Compiling EsimplifiedSDK DeleteAccountResponse.swift
/host/spi-builder-workspace/Sources/EsimplifiedSDK/Auth/DefaultStorageProvider.swift:9:8: error: no such module 'Security'
7 |
8 | import Foundation
9 | import Security
| `- error: no such module 'Security'
10 |
11 | final class DefaultStorageProvider: StorageProvider {
[17/95] Compiling EsimplifiedSDK DestinationFaqResponse.swift
/host/spi-builder-workspace/Sources/EsimplifiedSDK/Auth/DefaultStorageProvider.swift:9:8: error: no such module 'Security'
7 |
8 | import Foundation
9 | import Security
| `- error: no such module 'Security'
10 |
11 | final class DefaultStorageProvider: StorageProvider {
[18/95] Compiling EsimplifiedSDK EsimsResponse.swift
/host/spi-builder-workspace/Sources/EsimplifiedSDK/Auth/DefaultStorageProvider.swift:9:8: error: no such module 'Security'
7 |
8 | import Foundation
9 | import Security
| `- error: no such module 'Security'
10 |
11 | final class DefaultStorageProvider: StorageProvider {
[19/95] Compiling EsimplifiedSDK ForgotPasswordResponse.swift
/host/spi-builder-workspace/Sources/EsimplifiedSDK/Auth/DefaultStorageProvider.swift:9:8: error: no such module 'Security'
7 |
8 | import Foundation
9 | import Security
| `- error: no such module 'Security'
10 |
11 | final class DefaultStorageProvider: StorageProvider {
[20/95] Compiling EsimplifiedSDK KredsResponse.swift
/host/spi-builder-workspace/Sources/EsimplifiedSDK/Auth/DefaultStorageProvider.swift:9:8: error: no such module 'Security'
7 |
8 | import Foundation
9 | import Security
| `- error: no such module 'Security'
10 |
11 | final class DefaultStorageProvider: StorageProvider {
[21/95] Compiling EsimplifiedSDK MokafaaResponse.swift
/host/spi-builder-workspace/Sources/EsimplifiedSDK/Auth/DefaultStorageProvider.swift:9:8: error: no such module 'Security'
7 |
8 | import Foundation
9 | import Security
| `- error: no such module 'Security'
10 |
11 | final class DefaultStorageProvider: StorageProvider {
[22/95] Compiling EsimplifiedSDK NotificationSettingsResponse.swift
/host/spi-builder-workspace/Sources/EsimplifiedSDK/Auth/DefaultStorageProvider.swift:9:8: error: no such module 'Security'
7 |
8 | import Foundation
9 | import Security
| `- error: no such module 'Security'
10 |
11 | final class DefaultStorageProvider: StorageProvider {
[23/95] Compiling EsimplifiedSDK OrderDetail.swift
/host/spi-builder-workspace/Sources/EsimplifiedSDK/Auth/DefaultStorageProvider.swift:9:8: error: no such module 'Security'
7 |
8 | import Foundation
9 | import Security
| `- error: no such module 'Security'
10 |
11 | final class DefaultStorageProvider: StorageProvider {
[24/95] Compiling EsimplifiedSDK OrderResponse.swift
/host/spi-builder-workspace/Sources/EsimplifiedSDK/Auth/DefaultStorageProvider.swift:9:8: error: no such module 'Security'
7 |
8 | import Foundation
9 | import Security
| `- error: no such module 'Security'
10 |
11 | final class DefaultStorageProvider: StorageProvider {
[25/95] Compiling EsimplifiedSDK PackageResponse.swift
/host/spi-builder-workspace/Sources/EsimplifiedSDK/Auth/DefaultStorageProvider.swift:9:8: error: no such module 'Security'
7 |
8 | import Foundation
9 | import Security
| `- error: no such module 'Security'
10 |
11 | final class DefaultStorageProvider: StorageProvider {
[26/95] Compiling EsimplifiedSDK PaymentResponse.swift
/host/spi-builder-workspace/Sources/EsimplifiedSDK/Auth/DefaultStorageProvider.swift:9:8: error: no such module 'Security'
7 |
8 | import Foundation
9 | import Security
| `- error: no such module 'Security'
10 |
11 | final class DefaultStorageProvider: StorageProvider {
error: emit-module command failed with exit code 1 (use -v to see invocation)
[27/95] Emitting module EsimplifiedSDK
/host/spi-builder-workspace/Sources/EsimplifiedSDK/Auth/DefaultStorageProvider.swift:9:8: error: no such module 'Security'
7 |
8 | import Foundation
9 | import Security
| `- error: no such module 'Security'
10 |
11 | final class DefaultStorageProvider: StorageProvider {
[28/95] Compiling EsimplifiedSDK StoreReviewRepositoryImpl.swift
/host/spi-builder-workspace/Sources/EsimplifiedSDK/Auth/DefaultStorageProvider.swift:9:8: error: no such module 'Security'
7 |
8 | import Foundation
9 | import Security
| `- error: no such module 'Security'
10 |
11 | final class DefaultStorageProvider: StorageProvider {
[29/95] Compiling EsimplifiedSDK ThemeRepositoryImpl.swift
/host/spi-builder-workspace/Sources/EsimplifiedSDK/Auth/DefaultStorageProvider.swift:9:8: error: no such module 'Security'
7 |
8 | import Foundation
9 | import Security
| `- error: no such module 'Security'
10 |
11 | final class DefaultStorageProvider: StorageProvider {
[30/95] Compiling EsimplifiedSDK UserRepositoryImpl.swift
/host/spi-builder-workspace/Sources/EsimplifiedSDK/Auth/DefaultStorageProvider.swift:9:8: error: no such module 'Security'
7 |
8 | import Foundation
9 | import Security
| `- error: no such module 'Security'
10 |
11 | final class DefaultStorageProvider: StorageProvider {
[31/95] Compiling EsimplifiedSDK VisaRewardsRepositoryImpl.swift
/host/spi-builder-workspace/Sources/EsimplifiedSDK/Auth/DefaultStorageProvider.swift:9:8: error: no such module 'Security'
7 |
8 | import Foundation
9 | import Security
| `- error: no such module 'Security'
10 |
11 | final class DefaultStorageProvider: StorageProvider {
[32/95] Compiling EsimplifiedSDK VouchersRepositoryImpl.swift
/host/spi-builder-workspace/Sources/EsimplifiedSDK/Auth/DefaultStorageProvider.swift:9:8: error: no such module 'Security'
7 |
8 | import Foundation
9 | import Security
| `- error: no such module 'Security'
10 |
11 | final class DefaultStorageProvider: StorageProvider {
[33/95] Compiling EsimplifiedSDK LoyaltyRepositoryType.swift
/host/spi-builder-workspace/Sources/EsimplifiedSDK/Auth/DefaultStorageProvider.swift:9:8: error: no such module 'Security'
7 |
8 | import Foundation
9 | import Security
| `- error: no such module 'Security'
10 |
11 | final class DefaultStorageProvider: StorageProvider {
[34/95] Compiling EsimplifiedSDK MarketingRepositoryType.swift
/host/spi-builder-workspace/Sources/EsimplifiedSDK/Auth/DefaultStorageProvider.swift:9:8: error: no such module 'Security'
7 |
8 | import Foundation
9 | import Security
| `- error: no such module 'Security'
10 |
11 | final class DefaultStorageProvider: StorageProvider {
[35/95] Compiling EsimplifiedSDK NotificationRepositoryType.swift
/host/spi-builder-workspace/Sources/EsimplifiedSDK/Auth/DefaultStorageProvider.swift:9:8: error: no such module 'Security'
7 |
8 | import Foundation
9 | import Security
| `- error: no such module 'Security'
10 |
11 | final class DefaultStorageProvider: StorageProvider {
[36/95] Compiling EsimplifiedSDK OrdersRepositoryType.swift
/host/spi-builder-workspace/Sources/EsimplifiedSDK/Auth/DefaultStorageProvider.swift:9:8: error: no such module 'Security'
7 |
8 | import Foundation
9 | import Security
| `- error: no such module 'Security'
10 |
11 | final class DefaultStorageProvider: StorageProvider {
[37/95] Compiling EsimplifiedSDK PackagesRepositoryType.swift
/host/spi-builder-workspace/Sources/EsimplifiedSDK/Auth/DefaultStorageProvider.swift:9:8: error: no such module 'Security'
7 |
8 | import Foundation
9 | import Security
| `- error: no such module 'Security'
10 |
11 | final class DefaultStorageProvider: StorageProvider {
[38/95] Compiling EsimplifiedSDK PaymentsRepositoryType.swift
/host/spi-builder-workspace/Sources/EsimplifiedSDK/Auth/DefaultStorageProvider.swift:9:8: error: no such module 'Security'
7 |
8 | import Foundation
9 | import Security
| `- error: no such module 'Security'
10 |
11 | final class DefaultStorageProvider: StorageProvider {
[39/95] Compiling EsimplifiedSDK ApiErrorMessage.swift
/host/spi-builder-workspace/Sources/EsimplifiedSDK/Auth/DefaultStorageProvider.swift:9:8: error: no such module 'Security'
7 |
8 | import Foundation
9 | import Security
| `- error: no such module 'Security'
10 |
11 | final class DefaultStorageProvider: StorageProvider {
[40/95] Compiling EsimplifiedSDK Endpoints.swift
/host/spi-builder-workspace/Sources/EsimplifiedSDK/Auth/DefaultStorageProvider.swift:9:8: error: no such module 'Security'
7 |
8 | import Foundation
9 | import Security
| `- error: no such module 'Security'
10 |
11 | final class DefaultStorageProvider: StorageProvider {
[41/95] Compiling EsimplifiedSDK HTTPClient.swift
/host/spi-builder-workspace/Sources/EsimplifiedSDK/Auth/DefaultStorageProvider.swift:9:8: error: no such module 'Security'
7 |
8 | import Foundation
9 | import Security
| `- error: no such module 'Security'
10 |
11 | final class DefaultStorageProvider: StorageProvider {
[42/95] Compiling EsimplifiedSDK HTTPMethod.swift
/host/spi-builder-workspace/Sources/EsimplifiedSDK/Auth/DefaultStorageProvider.swift:9:8: error: no such module 'Security'
7 |
8 | import Foundation
9 | import Security
| `- error: no such module 'Security'
10 |
11 | final class DefaultStorageProvider: StorageProvider {
[43/95] Compiling EsimplifiedSDK NetworkLogger.swift
/host/spi-builder-workspace/Sources/EsimplifiedSDK/Auth/DefaultStorageProvider.swift:9:8: error: no such module 'Security'
7 |
8 | import Foundation
9 | import Security
| `- error: no such module 'Security'
10 |
11 | final class DefaultStorageProvider: StorageProvider {
[44/95] Compiling EsimplifiedSDK SdkCache.swift
/host/spi-builder-workspace/Sources/EsimplifiedSDK/Auth/DefaultStorageProvider.swift:9:8: error: no such module 'Security'
7 |
8 | import Foundation
9 | import Security
| `- error: no such module 'Security'
10 |
11 | final class DefaultStorageProvider: StorageProvider {
[45/95] Compiling EsimplifiedSDK AuthRepositoryType.swift
/host/spi-builder-workspace/Sources/EsimplifiedSDK/Auth/DefaultStorageProvider.swift:9:8: error: no such module 'Security'
7 |
8 | import Foundation
9 | import Security
| `- error: no such module 'Security'
10 |
11 | final class DefaultStorageProvider: StorageProvider {
[46/95] Compiling EsimplifiedSDK CountriesRepositoryType.swift
/host/spi-builder-workspace/Sources/EsimplifiedSDK/Auth/DefaultStorageProvider.swift:9:8: error: no such module 'Security'
7 |
8 | import Foundation
9 | import Security
| `- error: no such module 'Security'
10 |
11 | final class DefaultStorageProvider: StorageProvider {
[47/95] Compiling EsimplifiedSDK EsimsRepositoryType.swift
/host/spi-builder-workspace/Sources/EsimplifiedSDK/Auth/DefaultStorageProvider.swift:9:8: error: no such module 'Security'
7 |
8 | import Foundation
9 | import Security
| `- error: no such module 'Security'
10 |
11 | final class DefaultStorageProvider: StorageProvider {
[48/95] Compiling EsimplifiedSDK FaqAndSupportRepositoryType.swift
/host/spi-builder-workspace/Sources/EsimplifiedSDK/Auth/DefaultStorageProvider.swift:9:8: error: no such module 'Security'
7 |
8 | import Foundation
9 | import Security
| `- error: no such module 'Security'
10 |
11 | final class DefaultStorageProvider: StorageProvider {
[49/95] Compiling EsimplifiedSDK AuthRepositoryImpl.swift
/host/spi-builder-workspace/Sources/EsimplifiedSDK/Auth/DefaultStorageProvider.swift:9:8: error: no such module 'Security'
7 |
8 | import Foundation
9 | import Security
| `- error: no such module 'Security'
10 |
11 | final class DefaultStorageProvider: StorageProvider {
[50/95] Compiling EsimplifiedSDK PhoneVerificationResponse.swift
/host/spi-builder-workspace/Sources/EsimplifiedSDK/Auth/DefaultStorageProvider.swift:9:8: error: no such module 'Security'
7 |
8 | import Foundation
9 | import Security
| `- error: no such module 'Security'
10 |
11 | final class DefaultStorageProvider: StorageProvider {
[51/95] Compiling EsimplifiedSDK Promo.swift
/host/spi-builder-workspace/Sources/EsimplifiedSDK/Auth/DefaultStorageProvider.swift:9:8: error: no such module 'Security'
7 |
8 | import Foundation
9 | import Security
| `- error: no such module 'Security'
10 |
11 | final class DefaultStorageProvider: StorageProvider {
[52/95] Compiling EsimplifiedSDK PromocodeResponse.swift
/host/spi-builder-workspace/Sources/EsimplifiedSDK/Auth/DefaultStorageProvider.swift:9:8: error: no such module 'Security'
7 |
8 | import Foundation
9 | import Security
| `- error: no such module 'Security'
10 |
11 | final class DefaultStorageProvider: StorageProvider {
[53/95] Compiling EsimplifiedSDK RedeemVisaResponse.swift
/host/spi-builder-workspace/Sources/EsimplifiedSDK/Auth/DefaultStorageProvider.swift:9:8: error: no such module 'Security'
7 |
8 | import Foundation
9 | import Security
| `- error: no such module 'Security'
10 |
11 | final class DefaultStorageProvider: StorageProvider {
[54/95] Compiling EsimplifiedSDK RegisterCustomerRequest.swift
/host/spi-builder-workspace/Sources/EsimplifiedSDK/Auth/DefaultStorageProvider.swift:9:8: error: no such module 'Security'
7 |
8 | import Foundation
9 | import Security
| `- error: no such module 'Security'
10 |
11 | final class DefaultStorageProvider: StorageProvider {
[55/95] Compiling EsimplifiedSDK RegisterCustomerResponse.swift
/host/spi-builder-workspace/Sources/EsimplifiedSDK/Auth/DefaultStorageProvider.swift:9:8: error: no such module 'Security'
7 |
8 | import Foundation
9 | import Security
| `- error: no such module 'Security'
10 |
11 | final class DefaultStorageProvider: StorageProvider {
[56/95] Compiling EsimplifiedSDK RegisterUserRequest.swift
/host/spi-builder-workspace/Sources/EsimplifiedSDK/Auth/DefaultStorageProvider.swift:9:8: error: no such module 'Security'
7 |
8 | import Foundation
9 | import Security
| `- error: no such module 'Security'
10 |
11 | final class DefaultStorageProvider: StorageProvider {
[57/95] Compiling EsimplifiedSDK RestrictedCountryModels.swift
/host/spi-builder-workspace/Sources/EsimplifiedSDK/Auth/DefaultStorageProvider.swift:9:8: error: no such module 'Security'
7 |
8 | import Foundation
9 | import Security
| `- error: no such module 'Security'
10 |
11 | final class DefaultStorageProvider: StorageProvider {
[58/95] Compiling EsimplifiedSDK SignInCustomerResponse.swift
/host/spi-builder-workspace/Sources/EsimplifiedSDK/Auth/DefaultStorageProvider.swift:9:8: error: no such module 'Security'
7 |
8 | import Foundation
9 | import Security
| `- error: no such module 'Security'
10 |
11 | final class DefaultStorageProvider: StorageProvider {
[59/95] Compiling EsimplifiedSDK StoreReviewResponse.swift
/host/spi-builder-workspace/Sources/EsimplifiedSDK/Auth/DefaultStorageProvider.swift:9:8: error: no such module 'Security'
7 |
8 | import Foundation
9 | import Security
| `- error: no such module 'Security'
10 |
11 | final class DefaultStorageProvider: StorageProvider {
[60/95] Compiling EsimplifiedSDK StringExtensions.swift
/host/spi-builder-workspace/Sources/EsimplifiedSDK/Auth/DefaultStorageProvider.swift:9:8: error: no such module 'Security'
7 |
8 | import Foundation
9 | import Security
| `- error: no such module 'Security'
10 |
11 | final class DefaultStorageProvider: StorageProvider {
[61/95] Compiling EsimplifiedSDK ThemeResponse.swift
/host/spi-builder-workspace/Sources/EsimplifiedSDK/Auth/DefaultStorageProvider.swift:9:8: error: no such module 'Security'
7 |
8 | import Foundation
9 | import Security
| `- error: no such module 'Security'
10 |
11 | final class DefaultStorageProvider: StorageProvider {
[62/95] Compiling EsimplifiedSDK TrackedOrderResponse.swift
/host/spi-builder-workspace/Sources/EsimplifiedSDK/Auth/DefaultStorageProvider.swift:9:8: error: no such module 'Security'
7 |
8 | import Foundation
9 | import Security
| `- error: no such module 'Security'
10 |
11 | final class DefaultStorageProvider: StorageProvider {
[63/95] Compiling EsimplifiedSDK TransactionType.swift
/host/spi-builder-workspace/Sources/EsimplifiedSDK/Auth/DefaultStorageProvider.swift:9:8: error: no such module 'Security'
7 |
8 | import Foundation
9 | import Security
| `- error: no such module 'Security'
10 |
11 | final class DefaultStorageProvider: StorageProvider {
[64/95] Compiling EsimplifiedSDK UpdateCustomerPreferenceResponse.swift
/host/spi-builder-workspace/Sources/EsimplifiedSDK/Auth/DefaultStorageProvider.swift:9:8: error: no such module 'Security'
7 |
8 | import Foundation
9 | import Security
| `- error: no such module 'Security'
10 |
11 | final class DefaultStorageProvider: StorageProvider {
[65/95] Compiling EsimplifiedSDK UpdateCustomerResponse.swift
/host/spi-builder-workspace/Sources/EsimplifiedSDK/Auth/DefaultStorageProvider.swift:9:8: error: no such module 'Security'
7 |
8 | import Foundation
9 | import Security
| `- error: no such module 'Security'
10 |
11 | final class DefaultStorageProvider: StorageProvider {
[66/95] Compiling EsimplifiedSDK UpdateEsimResponse.swift
/host/spi-builder-workspace/Sources/EsimplifiedSDK/Auth/DefaultStorageProvider.swift:9:8: error: no such module 'Security'
7 |
8 | import Foundation
9 | import Security
| `- error: no such module 'Security'
10 |
11 | final class DefaultStorageProvider: StorageProvider {
[67/95] Compiling EsimplifiedSDK UserLocationResponse.swift
/host/spi-builder-workspace/Sources/EsimplifiedSDK/Auth/DefaultStorageProvider.swift:9:8: error: no such module 'Security'
7 |
8 | import Foundation
9 | import Security
| `- error: no such module 'Security'
10 |
11 | final class DefaultStorageProvider: StorageProvider {
[68/95] Compiling EsimplifiedSDK UserResponse.swift
/host/spi-builder-workspace/Sources/EsimplifiedSDK/Auth/DefaultStorageProvider.swift:9:8: error: no such module 'Security'
7 |
8 | import Foundation
9 | import Security
| `- error: no such module 'Security'
10 |
11 | final class DefaultStorageProvider: StorageProvider {
[69/95] Compiling EsimplifiedSDK VerifyEmailResponse.swift
/host/spi-builder-workspace/Sources/EsimplifiedSDK/Auth/DefaultStorageProvider.swift:9:8: error: no such module 'Security'
7 |
8 | import Foundation
9 | import Security
| `- error: no such module 'Security'
10 |
11 | final class DefaultStorageProvider: StorageProvider {
[70/95] Compiling EsimplifiedSDK VisaRewardResponse.swift
/host/spi-builder-workspace/Sources/EsimplifiedSDK/Auth/DefaultStorageProvider.swift:9:8: error: no such module 'Security'
7 |
8 | import Foundation
9 | import Security
| `- error: no such module 'Security'
10 |
11 | final class DefaultStorageProvider: StorageProvider {
[71/95] Compiling EsimplifiedSDK VisaValidateResponse.swift
/host/spi-builder-workspace/Sources/EsimplifiedSDK/Auth/DefaultStorageProvider.swift:9:8: error: no such module 'Security'
7 |
8 | import Foundation
9 | import Security
| `- error: no such module 'Security'
10 |
11 | final class DefaultStorageProvider: StorageProvider {
[72/95] Compiling EsimplifiedSDK VoucherRedeemResponse.swift
/host/spi-builder-workspace/Sources/EsimplifiedSDK/Auth/DefaultStorageProvider.swift:9:8: error: no such module 'Security'
7 |
8 | import Foundation
9 | import Security
| `- error: no such module 'Security'
10 |
11 | final class DefaultStorageProvider: StorageProvider {
[73/95] Compiling EsimplifiedSDK AuthState.swift
/host/spi-builder-workspace/Sources/EsimplifiedSDK/Auth/DefaultStorageProvider.swift:9:8: error: no such module 'Security'
7 |
8 | import Foundation
9 | import Security
| `- error: no such module 'Security'
10 |
11 | final class DefaultStorageProvider: StorageProvider {
[74/95] Compiling EsimplifiedSDK DefaultSessionProvider.swift
/host/spi-builder-workspace/Sources/EsimplifiedSDK/Auth/DefaultStorageProvider.swift:9:8: error: no such module 'Security'
7 |
8 | import Foundation
9 | import Security
| `- error: no such module 'Security'
10 |
11 | final class DefaultStorageProvider: StorageProvider {
[75/95] Compiling EsimplifiedSDK DefaultStorageProvider.swift
/host/spi-builder-workspace/Sources/EsimplifiedSDK/Auth/DefaultStorageProvider.swift:9:8: error: no such module 'Security'
7 |
8 | import Foundation
9 | import Security
| `- error: no such module 'Security'
10 |
11 | final class DefaultStorageProvider: StorageProvider {
[76/95] Compiling EsimplifiedSDK SessionProvider.swift
/host/spi-builder-workspace/Sources/EsimplifiedSDK/Auth/DefaultStorageProvider.swift:9:8: error: no such module 'Security'
7 |
8 | import Foundation
9 | import Security
| `- error: no such module 'Security'
10 |
11 | final class DefaultStorageProvider: StorageProvider {
[77/95] Compiling EsimplifiedSDK StorageProvider.swift
/host/spi-builder-workspace/Sources/EsimplifiedSDK/Auth/DefaultStorageProvider.swift:9:8: error: no such module 'Security'
7 |
8 | import Foundation
9 | import Security
| `- error: no such module 'Security'
10 |
11 | final class DefaultStorageProvider: StorageProvider {
[78/95] Compiling EsimplifiedSDK EsimplifiedSDK.swift
/host/spi-builder-workspace/Sources/EsimplifiedSDK/Auth/DefaultStorageProvider.swift:9:8: error: no such module 'Security'
7 |
8 | import Foundation
9 | import Security
| `- error: no such module 'Security'
10 |
11 | final class DefaultStorageProvider: StorageProvider {
[79/95] Compiling EsimplifiedSDK ApiErrorResponse.swift
/host/spi-builder-workspace/Sources/EsimplifiedSDK/Auth/DefaultStorageProvider.swift:9:8: error: no such module 'Security'
7 |
8 | import Foundation
9 | import Security
| `- error: no such module 'Security'
10 |
11 | final class DefaultStorageProvider: StorageProvider {
[80/95] Compiling EsimplifiedSDK ChangePasswordResponse.swift
/host/spi-builder-workspace/Sources/EsimplifiedSDK/Auth/DefaultStorageProvider.swift:9:8: error: no such module 'Security'
7 |
8 | import Foundation
9 | import Security
| `- error: no such module 'Security'
10 |
11 | final class DefaultStorageProvider: StorageProvider {
[81/95] Compiling EsimplifiedSDK CheckStockResponse.swift
/host/spi-builder-workspace/Sources/EsimplifiedSDK/Auth/DefaultStorageProvider.swift:9:8: error: no such module 'Security'
7 |
8 | import Foundation
9 | import Security
| `- error: no such module 'Security'
10 |
11 | final class DefaultStorageProvider: StorageProvider {
[82/95] Compiling EsimplifiedSDK ContentDocument.swift
/host/spi-builder-workspace/Sources/EsimplifiedSDK/Auth/DefaultStorageProvider.swift:9:8: error: no such module 'Security'
7 |
8 | import Foundation
9 | import Security
| `- error: no such module 'Security'
10 |
11 | final class DefaultStorageProvider: StorageProvider {
[83/95] Compiling EsimplifiedSDK CountryResponse.swift
/host/spi-builder-workspace/Sources/EsimplifiedSDK/Auth/DefaultStorageProvider.swift:9:8: error: no such module 'Security'
7 |
8 | import Foundation
9 | import Security
| `- error: no such module 'Security'
10 |
11 | final class DefaultStorageProvider: StorageProvider {
[84/95] Compiling EsimplifiedSDK CustomerEmail.swift
/host/spi-builder-workspace/Sources/EsimplifiedSDK/Auth/DefaultStorageProvider.swift:9:8: error: no such module 'Security'
7 |
8 | import Foundation
9 | import Security
| `- error: no such module 'Security'
10 |
11 | final class DefaultStorageProvider: StorageProvider {
[85/95] Compiling EsimplifiedSDK PhoneVerificationRepositoryType.swift
/host/spi-builder-workspace/Sources/EsimplifiedSDK/Auth/DefaultStorageProvider.swift:9:8: error: no such module 'Security'
7 |
8 | import Foundation
9 | import Security
| `- error: no such module 'Security'
10 |
11 | final class DefaultStorageProvider: StorageProvider {
[86/95] Compiling EsimplifiedSDK PromoCodeRepositoryType.swift
/host/spi-builder-workspace/Sources/EsimplifiedSDK/Auth/DefaultStorageProvider.swift:9:8: error: no such module 'Security'
7 |
8 | import Foundation
9 | import Security
| `- error: no such module 'Security'
10 |
11 | final class DefaultStorageProvider: StorageProvider {
[87/95] Compiling EsimplifiedSDK RepositoryResult.swift
/host/spi-builder-workspace/Sources/EsimplifiedSDK/Auth/DefaultStorageProvider.swift:9:8: error: no such module 'Security'
7 |
8 | import Foundation
9 | import Security
| `- error: no such module 'Security'
10 |
11 | final class DefaultStorageProvider: StorageProvider {
[88/95] Compiling EsimplifiedSDK StoreReviewRepositoryType.swift
/host/spi-builder-workspace/Sources/EsimplifiedSDK/Auth/DefaultStorageProvider.swift:9:8: error: no such module 'Security'
7 |
8 | import Foundation
9 | import Security
| `- error: no such module 'Security'
10 |
11 | final class DefaultStorageProvider: StorageProvider {
[89/95] Compiling EsimplifiedSDK ThemeRepositoryType.swift
/host/spi-builder-workspace/Sources/EsimplifiedSDK/Auth/DefaultStorageProvider.swift:9:8: error: no such module 'Security'
7 |
8 | import Foundation
9 | import Security
| `- error: no such module 'Security'
10 |
11 | final class DefaultStorageProvider: StorageProvider {
[90/95] Compiling EsimplifiedSDK UserRepositoryType.swift
/host/spi-builder-workspace/Sources/EsimplifiedSDK/Auth/DefaultStorageProvider.swift:9:8: error: no such module 'Security'
7 |
8 | import Foundation
9 | import Security
| `- error: no such module 'Security'
10 |
11 | final class DefaultStorageProvider: StorageProvider {
[91/95] Compiling EsimplifiedSDK VisaRewardsRepositoryType.swift
/host/spi-builder-workspace/Sources/EsimplifiedSDK/Auth/DefaultStorageProvider.swift:9:8: error: no such module 'Security'
7 |
8 | import Foundation
9 | import Security
| `- error: no such module 'Security'
10 |
11 | final class DefaultStorageProvider: StorageProvider {
[92/95] Compiling EsimplifiedSDK VouchersRepositoryType.swift
/host/spi-builder-workspace/Sources/EsimplifiedSDK/Auth/DefaultStorageProvider.swift:9:8: error: no such module 'Security'
7 |
8 | import Foundation
9 | import Security
| `- error: no such module 'Security'
10 |
11 | final class DefaultStorageProvider: StorageProvider {
[93/95] Compiling EsimplifiedSDK SdkConfig.swift
/host/spi-builder-workspace/Sources/EsimplifiedSDK/Auth/DefaultStorageProvider.swift:9:8: error: no such module 'Security'
7 |
8 | import Foundation
9 | import Security
| `- error: no such module 'Security'
10 |
11 | final class DefaultStorageProvider: StorageProvider {
[94/95] Compiling EsimplifiedSDK SdkError.swift
/host/spi-builder-workspace/Sources/EsimplifiedSDK/Auth/DefaultStorageProvider.swift:9:8: error: no such module 'Security'
7 |
8 | import Foundation
9 | import Security
| `- error: no such module 'Security'
10 |
11 | final class DefaultStorageProvider: StorageProvider {
[95/95] Compiling EsimplifiedSDK resource_bundle_accessor.swift
/host/spi-builder-workspace/Sources/EsimplifiedSDK/Auth/DefaultStorageProvider.swift:9:8: error: no such module 'Security'
7 |
8 | import Foundation
9 | import Security
| `- error: no such module 'Security'
10 |
11 | final class DefaultStorageProvider: StorageProvider {
BUILD FAILURE 6.2 wasm