Build Information
Failed to build Singular, reference main (e4334a), with Swift 6.1 for macOS (SPM) on 14 Oct 2026 20:20:44 UTC.
Build Command
env DEVELOPER_DIR=/Applications/Xcode-16.3.0.app xcrun swift build --arch arm64Build Log
========================================
RunAll
========================================
Builder version: 5.1.2
Interrupt handler set up.
========================================
Checkout
========================================
Clone URL: https://github.com/singular-labs/Singular-iOS-SDK.git
Reference: main
Initialized empty Git repository in /Users/admin/builder/spi-builder-workspace/.git/
From https://github.com/singular-labs/Singular-iOS-SDK
* branch main -> FETCH_HEAD
* [new branch] main -> origin/main
HEAD is now at e4334a4 Add build artifacts for SDK v12.15.0
Cloned https://github.com/singular-labs/Singular-iOS-SDK.git
Revision (git rev-parse @):
e4334a4b10fc4d64d6c029f11e3448d8cf7a33a8
SUCCESS checkout https://github.com/singular-labs/Singular-iOS-SDK.git at main
========================================
Build
========================================
Selected platform: macosSpm
Swift version: 6.1
Building package at path: $PWD
https://github.com/singular-labs/Singular-iOS-SDK.git
https://github.com/singular-labs/Singular-iOS-SDK.git
{
"dependencies" : [
],
"manifest_display_name" : "Singular",
"name" : "Singular",
"path" : "/Users/admin/builder/spi-builder-workspace",
"platforms" : [
{
"name" : "ios",
"version" : "15.0"
}
],
"products" : [
{
"name" : "Singular",
"targets" : [
"Singular"
],
"type" : {
"library" : [
"automatic"
]
}
}
],
"targets" : [
{
"c99name" : "SingularBinary",
"module_type" : "BinaryTarget",
"name" : "SingularBinary",
"path" : "Singular.xcframework",
"product_memberships" : [
"Singular"
],
"sources" : [
],
"type" : "binary"
},
{
"c99name" : "Singular",
"module_type" : "SwiftTarget",
"name" : "Singular",
"path" : "Sources/Singular",
"product_memberships" : [
"Singular"
],
"resources" : [
{
"path" : "/Users/admin/builder/spi-builder-workspace/Sources/Singular/PrivacyInfo.xcprivacy",
"rule" : {
"copy" : {
}
}
}
],
"sources" : [
"Singular.swift"
],
"target_dependencies" : [
"SingularBinary"
],
"type" : "library"
}
],
"tools_version" : "5.5"
}
Running build ...
env DEVELOPER_DIR=/Applications/Xcode-16.3.0.app xcrun swift build --arch arm64 -Xswiftc -Xfrontend -Xswiftc -stats-output-dir -Xswiftc -Xfrontend -Xswiftc .stats -Xswiftc -strict-concurrency=complete -Xswiftc -enable-upcoming-feature -Xswiftc StrictConcurrency -Xswiftc -enable-upcoming-feature -Xswiftc DisableOutwardActorInference -Xswiftc -enable-upcoming-feature -Xswiftc GlobalActorIsolatedTypesUsability -Xswiftc -enable-upcoming-feature -Xswiftc InferSendableFromCaptures
Building for debugging...
[0/3] Write sources
[0/3] Copying PrivacyInfo.xcprivacy
[2/3] Write swift-version-2F0A5646E1D333AE.txt
[4/6] Compiling Singular resource_bundle_accessor.swift
/Users/admin/builder/spi-builder-workspace/Sources/Singular/Singular.swift:6:19: error: underlying Objective-C module 'Singular' not found
4 |
5 | // Re-export the Singular framework from the binary target
6 | @_exported import Singular
| `- error: underlying Objective-C module 'Singular' not found
7 |
8 |
error: emit-module command failed with exit code 1 (use -v to see invocation)
[5/6] Emitting module Singular
/Users/admin/builder/spi-builder-workspace/Sources/Singular/Singular.swift:6:19: error: underlying Objective-C module 'Singular' not found
4 |
5 | // Re-export the Singular framework from the binary target
6 | @_exported import Singular
| `- error: underlying Objective-C module 'Singular' not found
7 |
8 |
[6/6] Compiling Singular Singular.swift
/Users/admin/builder/spi-builder-workspace/Sources/Singular/Singular.swift:6:19: error: underlying Objective-C module 'Singular' not found
4 |
5 | // Re-export the Singular framework from the binary target
6 | @_exported import Singular
| `- error: underlying Objective-C module 'Singular' not found
7 |
8 |
Running build ...
env DEVELOPER_DIR=/Applications/Xcode-16.3.0.app xcrun swift build --arch arm64
[0/1] Planning build
Building for debugging...
[0/1] Write swift-version-2F0A5646E1D333AE.txt
error: emit-module command failed with exit code 1 (use -v to see invocation)
[2/4] Emitting module Singular
/Users/admin/builder/spi-builder-workspace/Sources/Singular/Singular.swift:6:19: error: underlying Objective-C module 'Singular' not found
4 |
5 | // Re-export the Singular framework from the binary target
6 | @_exported import Singular
| `- error: underlying Objective-C module 'Singular' not found
7 |
8 |
[3/4] Compiling Singular resource_bundle_accessor.swift
/Users/admin/builder/spi-builder-workspace/Sources/Singular/Singular.swift:6:19: error: underlying Objective-C module 'Singular' not found
4 |
5 | // Re-export the Singular framework from the binary target
6 | @_exported import Singular
| `- error: underlying Objective-C module 'Singular' not found
7 |
8 |
[4/4] Compiling Singular Singular.swift
/Users/admin/builder/spi-builder-workspace/Sources/Singular/Singular.swift:6:19: error: underlying Objective-C module 'Singular' not found
4 |
5 | // Re-export the Singular framework from the binary target
6 | @_exported import Singular
| `- error: underlying Objective-C module 'Singular' not found
7 |
8 |
BUILD FAILURE 6.1 macosSpm