The Swift Package Index logo.Swift Package Index

Build Information

Failed to build SwiftMotionKit, reference main (6f8f7d), with Swift 6.4 for visionOS using Xcode 27.0 on 24 Sep 2026 11:26:19 UTC.

Build Command

No build command. This typically means the build failed at an early stage where we determine the build command.

Build Log

========================================
RunAll
========================================
Builder version: 5.1.0
Interrupt handler set up.
========================================
Checkout
========================================
Clone URL: https://github.com/amrita-arun/SwiftMotionKit.git
Reference: main
Initialized empty Git repository in /Users/admin/builder/spi-builder-workspace/.git/
From https://github.com/amrita-arun/SwiftMotionKit
 * branch            main       -> FETCH_HEAD
 * [new branch]      main       -> origin/main
HEAD is now at 6f8f7d3 Merge branch 'main' of https://github.com/amrita-arun/SwiftMotionKit
Cloned https://github.com/amrita-arun/SwiftMotionKit.git
Revision (git rev-parse @):
6f8f7d3048bef228eb3e98a9ab8a8dde5c59b4da
SUCCESS checkout https://github.com/amrita-arun/SwiftMotionKit.git at main
========================================
Build
========================================
Selected platform:         visionOS
Swift version:             6.4
Building package at path:  $PWD
https://github.com/amrita-arun/SwiftMotionKit.git
Command line invocation:
    /Applications/Xcode-27.0.0-Release.Candidate.app/Contents/Developer/usr/bin/xcodebuild -IDEClonedSourcePackagesDirPathOverride=/Users/admin/builder/spi-builder-workspace/.dependencies -resolvePackageDependencies
Resolve Package Graph
the package at '/Users/admin/builder/SwiftMotionKit' cannot be accessed (/Users/admin/builder/SwiftMotionKit doesn't exist in file system)
2026-09-24 07:26:17.857 xcodebuild[529:3051] Writing error result bundle to /var/folders/xq/y_g06wb113726d38xsyx71_h0000gn/T/ResultBundle_2026-24-09_07-26-0017.xcresult
xcodebuild: error: Could not resolve package dependencies:
  the package at '/Users/admin/builder/SwiftMotionKit' cannot be accessed (/Users/admin/builder/SwiftMotionKit doesn't exist in file system)
Command line invocation:
    /Applications/Xcode-27.0.0-Release.Candidate.app/Contents/Developer/usr/bin/xcodebuild -IDEClonedSourcePackagesDirPathOverride=/Users/admin/builder/spi-builder-workspace/.dependencies -resolvePackageDependencies
Resolve Package Graph
the package at '/Users/admin/builder/SwiftMotionKit' cannot be accessed (/Users/admin/builder/SwiftMotionKit doesn't exist in file system)
2026-09-24 07:26:19.698 xcodebuild[582:3513] Writing error result bundle to /var/folders/xq/y_g06wb113726d38xsyx71_h0000gn/T/ResultBundle_2026-24-09_07-26-0019.xcresult
xcodebuild: error: Could not resolve package dependencies:
  the package at '/Users/admin/builder/SwiftMotionKit' cannot be accessed (/Users/admin/builder/SwiftMotionKit doesn't exist in file system)
BUILD FAILURE 6.4 visionOS