Build Information
Failed to build MultiSelectSegmentedControl, reference 2.4.2 (f49827), with Swift 6.4 for tvOS using Xcode 27.0 on 22 Sep 2026 08:49:31 UTC.
Build Command
env DEVELOPER_DIR=/Applications/Xcode-27.0.0-Release.Candidate.app xcrun xcodebuild -IDEClonedSourcePackagesDirPathOverride=$PWD/.dependencies -skipMacroValidation -skipPackagePluginValidation -derivedDataPath $PWD/.derivedData build -scheme MultiSelectSegmentedControl -destination generic/platform=tvOSBuild Log
========================================
RunAll
========================================
Builder version: 5.1.0
Interrupt handler set up.
========================================
Checkout
========================================
Clone URL: https://github.com/yonat/MultiSelectSegmentedControl.git
Reference: 2.4.2
Initialized empty Git repository in /Users/admin/builder/spi-builder-workspace/.git/
From https://github.com/yonat/MultiSelectSegmentedControl
* tag 2.4.2 -> FETCH_HEAD
HEAD is now at f49827b bump version to 2.4.2
Cloned https://github.com/yonat/MultiSelectSegmentedControl.git
Revision (git rev-parse @):
f49827b08a80b722526eee8209dc2cf77b8907a3
SUCCESS checkout https://github.com/yonat/MultiSelectSegmentedControl.git at 2.4.2
========================================
Build
========================================
Selected platform: tvOS
Swift version: 6.4
Building package at path: $PWD
https://github.com/yonat/MultiSelectSegmentedControl.git
Command line invocation:
/Applications/Xcode-27.0.0-Release.Candidate.app/Contents/Developer/usr/bin/xcodebuild -IDEClonedSourcePackagesDirPathOverride=/Users/admin/builder/spi-builder-workspace/.dependencies -resolvePackageDependencies
Resolve Package Graph
Fetching from https://github.com/yonat/SweeterSwift
Creating working copy of package ‘SweeterSwift’
Checking out 1.2.6 of package ‘SweeterSwift’
Resolve Package Graph
Resolved source packages:
MultiSelectSegmentedControl: /Users/admin/builder/spi-builder-workspace
SweeterSwift: https://github.com/yonat/SweeterSwift @ 1.2.6
resolved source packages: MultiSelectSegmentedControl, SweeterSwift
2026-09-22 04:48:34.289 xcodebuild[525:3003] [MT] IDERunDestination: Supported platforms for the buildables in the current scheme is empty.
{
"dependencies" : [
{
"identity" : "sweeterswift",
"requirement" : {
"range" : [
{
"lower_bound" : "1.0.4",
"upper_bound" : "2.0.0"
}
]
},
"type" : "sourceControl",
"url" : "https://github.com/yonat/SweeterSwift"
}
],
"manifest_display_name" : "MultiSelectSegmentedControl",
"name" : "MultiSelectSegmentedControl",
"path" : "/Users/admin/builder/spi-builder-workspace",
"platforms" : [
{
"name" : "ios",
"version" : "11.0"
}
],
"products" : [
{
"name" : "MultiSelectSegmentedControl",
"targets" : [
"MultiSelectSegmentedControl"
],
"type" : {
"library" : [
"automatic"
]
}
}
],
"swift_languages_versions" : [
"5"
],
"targets" : [
{
"c99name" : "MultiSelectSegmentedControl",
"module_type" : "SwiftTarget",
"name" : "MultiSelectSegmentedControl",
"path" : "Sources",
"product_dependencies" : [
"SweeterSwift"
],
"product_memberships" : [
"MultiSelectSegmentedControl"
],
"resources" : [
{
"path" : "/Users/admin/builder/spi-builder-workspace/Sources/PrivacyInfo.xcprivacy",
"rule" : {
"process" : {
}
}
}
],
"sources" : [
"MultiSegmentPicker.swift",
"MultiSelectSegment.swift",
"MultiSelectSegmentedControl.swift"
],
"type" : "library"
}
],
"tools_version" : "5.6"
}
{
"workspace" : {
"name" : "MultiSelectSegmentedControl",
"schemes" : [
"MultiSelectSegmentedControl"
]
}
}
2026-09-22 04:49:16.196 xcodebuild[704:4386] [MT] IDERunDestination: Supported platforms for the buildables in the current scheme is empty.
Running build ...
env DEVELOPER_DIR=/Applications/Xcode-27.0.0-Release.Candidate.app xcrun xcodebuild -IDEClonedSourcePackagesDirPathOverride=$PWD/.dependencies -skipMacroValidation -skipPackagePluginValidation -derivedDataPath $PWD/.derivedData build -scheme MultiSelectSegmentedControl -destination generic/platform=tvOS
Command line invocation:
/Applications/Xcode-27.0.0-Release.Candidate.app/Contents/Developer/usr/bin/xcodebuild -IDEClonedSourcePackagesDirPathOverride=/Users/admin/builder/spi-builder-workspace/.dependencies -skipMacroValidation -skipPackagePluginValidation -derivedDataPath /Users/admin/builder/spi-builder-workspace/.derivedData build -scheme MultiSelectSegmentedControl -destination generic/platform=tvOS
Resolve Package Graph
Resolve Package Graph
Resolved source packages:
SweeterSwift: https://github.com/yonat/SweeterSwift @ 1.2.6
MultiSelectSegmentedControl: /Users/admin/builder/spi-builder-workspace
ComputePackagePrebuildTargetDependencyGraph
Prepare packages
CreateBuildRequest
SendProjectDescription
CreateBuildOperation
ComputeTargetDependencyGraph
note: Building targets in dependency order
note: Target dependency graph (6 targets)
Target 'MultiSelectSegmentedControl-product' in project 'MultiSelectSegmentedControl'
➜ Explicit dependency on target 'MultiSelectSegmentedControl' in project 'MultiSelectSegmentedControl'
➜ Explicit dependency on target 'MultiSelectSegmentedControl_MultiSelectSegmentedControl' in project 'MultiSelectSegmentedControl'
➜ Explicit dependency on target 'SweeterSwift-product' in project 'SweeterSwift'
Target 'MultiSelectSegmentedControl' in project 'MultiSelectSegmentedControl'
➜ Explicit dependency on target 'MultiSelectSegmentedControl_MultiSelectSegmentedControl' in project 'MultiSelectSegmentedControl'
➜ Explicit dependency on target 'SweeterSwift-product' in project 'SweeterSwift'
Target 'SweeterSwift-product' in project 'SweeterSwift'
➜ Explicit dependency on target 'SweeterSwift' in project 'SweeterSwift'
➜ Explicit dependency on target 'SweeterSwift_SweeterSwift' in project 'SweeterSwift'
Target 'SweeterSwift' in project 'SweeterSwift'
➜ Explicit dependency on target 'SweeterSwift_SweeterSwift' in project 'SweeterSwift'
Target 'SweeterSwift_SweeterSwift' in project 'SweeterSwift' (no dependencies)
Target 'MultiSelectSegmentedControl_MultiSelectSegmentedControl' in project 'MultiSelectSegmentedControl' (no dependencies)
GatherProvisioningInputs
CreateBuildDescription
ExecuteExternalTool /Applications/Xcode-27.0.0-Release.Candidate.app/Contents/Developer/Toolchains/XcodeDefault.xctoolchain/usr/bin/clang -v -E -dM -isysroot /Applications/Xcode-27.0.0-Release.Candidate.app/Contents/Developer/Platforms/AppleTVOS.platform/Developer/SDKs/AppleTVOS27.0.sdk -x c -c /dev/null
ExecuteExternalTool /Applications/Xcode-27.0.0-Release.Candidate.app/Contents/Developer/Toolchains/XcodeDefault.xctoolchain/usr/bin/swiftc --version
ExecuteExternalTool /Applications/Xcode-27.0.0-Release.Candidate.app/Contents/Developer/Toolchains/XcodeDefault.xctoolchain/usr/bin/ld -version_details
Build description signature: feb4d25daa3c484ee8eb55e3e5f390f6
Build description path: /Users/admin/builder/spi-builder-workspace/.derivedData/Build/Intermediates.noindex/XCBuildData/feb4d25daa3c484ee8eb55e3e5f390f6.xcbuilddata
CreateBuildDirectory /Users/admin/builder/spi-builder-workspace/.derivedData/SDKExplicitPrecompiledModules
cd /Users/admin/builder/spi-builder-workspace/.swiftpm/xcode
builtin-create-build-directory /Users/admin/builder/spi-builder-workspace/.derivedData/SDKExplicitPrecompiledModules
CreateBuildDirectory /Users/admin/builder/spi-builder-workspace/.derivedData/CompilationCache.noindex
cd /Users/admin/builder/spi-builder-workspace/.swiftpm/xcode
builtin-create-build-directory /Users/admin/builder/spi-builder-workspace/.derivedData/CompilationCache.noindex
CreateBuildDirectory /Users/admin/builder/spi-builder-workspace/.derivedData/ModuleCache.noindex
cd /Users/admin/builder/spi-builder-workspace/.swiftpm/xcode
builtin-create-build-directory /Users/admin/builder/spi-builder-workspace/.derivedData/ModuleCache.noindex
CreateBuildDirectory /Users/admin/builder/spi-builder-workspace/.derivedData/Build/Intermediates.noindex
cd /Users/admin/builder/spi-builder-workspace/.swiftpm/xcode
builtin-create-build-directory /Users/admin/builder/spi-builder-workspace/.derivedData/Build/Intermediates.noindex
CreateBuildDirectory /Users/admin/builder/spi-builder-workspace/.derivedData/Build/Products
cd /Users/admin/builder/spi-builder-workspace/.swiftpm/xcode
builtin-create-build-directory /Users/admin/builder/spi-builder-workspace/.derivedData/Build/Products
ClangStatCache /Applications/Xcode-27.0.0-Release.Candidate.app/Contents/Developer/Toolchains/XcodeDefault.xctoolchain/usr/bin/clang-stat-cache /Applications/Xcode-27.0.0-Release.Candidate.app/Contents/Developer/Platforms/AppleTVOS.platform/Developer/SDKs/AppleTVOS27.0.sdk /Users/admin/builder/spi-builder-workspace/.derivedData/SDKStatCaches.noindex/appletvos27.0-24J360-e829b21a6f8c9b70876ba0858053c044b32bfd8d43560033f8d89884cdb90028.sdkstatcache
cd /Users/admin/builder/spi-builder-workspace/.swiftpm/xcode
/Applications/Xcode-27.0.0-Release.Candidate.app/Contents/Developer/Toolchains/XcodeDefault.xctoolchain/usr/bin/clang-stat-cache /Applications/Xcode-27.0.0-Release.Candidate.app/Contents/Developer/Platforms/AppleTVOS.platform/Developer/SDKs/AppleTVOS27.0.sdk -o /Users/admin/builder/spi-builder-workspace/.derivedData/SDKStatCaches.noindex/appletvos27.0-24J360-e829b21a6f8c9b70876ba0858053c044b32bfd8d43560033f8d89884cdb90028.sdkstatcache
CreateBuildDirectory /Users/admin/builder/spi-builder-workspace/.derivedData/Build/Intermediates.noindex/SwiftExplicitPrecompiledModules
cd /Users/admin/builder/spi-builder-workspace/.swiftpm/xcode
builtin-create-build-directory /Users/admin/builder/spi-builder-workspace/.derivedData/Build/Intermediates.noindex/SwiftExplicitPrecompiledModules
CreateBuildDirectory /Users/admin/builder/spi-builder-workspace/.derivedData/Build/Intermediates.noindex/PrecompiledHeaders
cd /Users/admin/builder/spi-builder-workspace/.swiftpm/xcode
builtin-create-build-directory /Users/admin/builder/spi-builder-workspace/.derivedData/Build/Intermediates.noindex/PrecompiledHeaders
CreateBuildDirectory /Users/admin/builder/spi-builder-workspace/.derivedData/Build/Products/Debug-appletvos
cd /Users/admin/builder/spi-builder-workspace/.swiftpm/xcode
builtin-create-build-directory /Users/admin/builder/spi-builder-workspace/.derivedData/Build/Products/Debug-appletvos
CreateBuildDirectory /Users/admin/builder/spi-builder-workspace/.derivedData/Build/Intermediates.noindex/ExplicitPrecompiledModules
cd /Users/admin/builder/spi-builder-workspace/.swiftpm/xcode
builtin-create-build-directory /Users/admin/builder/spi-builder-workspace/.derivedData/Build/Intermediates.noindex/ExplicitPrecompiledModules
CreateBuildDirectory /Users/admin/builder/spi-builder-workspace/.derivedData/Build/Intermediates.noindex/EagerLinkingTBDs/Debug-appletvos
cd /Users/admin/builder/spi-builder-workspace/.swiftpm/xcode
builtin-create-build-directory /Users/admin/builder/spi-builder-workspace/.derivedData/Build/Intermediates.noindex/EagerLinkingTBDs/Debug-appletvos
CreateBuildDirectory /Users/admin/builder/spi-builder-workspace/.derivedData/Build/Products/Debug-appletvos/PackageFrameworks
cd /Users/admin/builder/spi-builder-workspace/.swiftpm/xcode
builtin-create-build-directory /Users/admin/builder/spi-builder-workspace/.derivedData/Build/Products/Debug-appletvos/PackageFrameworks
WriteAuxiliaryFile /Users/admin/builder/spi-builder-workspace/.derivedData/Build/Intermediates.noindex/MultiSelectSegmentedControl.build/Debug-appletvos/MultiSelectSegmentedControl_MultiSelectSegmentedControl-b.build/MultiSelectSegmentedControl_MultiSelectSegmentedControl.DependencyStaticMetadataFileList (in target 'MultiSelectSegmentedControl_MultiSelectSegmentedControl' from project 'MultiSelectSegmentedControl')
cd /Users/admin/builder/spi-builder-workspace
write-file /Users/admin/builder/spi-builder-workspace/.derivedData/Build/Intermediates.noindex/MultiSelectSegmentedControl.build/Debug-appletvos/MultiSelectSegmentedControl_MultiSelectSegmentedControl-b.build/MultiSelectSegmentedControl_MultiSelectSegmentedControl.DependencyStaticMetadataFileList
WriteAuxiliaryFile /Users/admin/builder/spi-builder-workspace/.derivedData/Build/Intermediates.noindex/MultiSelectSegmentedControl.build/Debug-appletvos/MultiSelectSegmentedControl_MultiSelectSegmentedControl-b.build/empty-MultiSelectSegmentedControl_MultiSelectSegmentedControl.plist (in target 'MultiSelectSegmentedControl_MultiSelectSegmentedControl' from project 'MultiSelectSegmentedControl')
cd /Users/admin/builder/spi-builder-workspace
write-file /Users/admin/builder/spi-builder-workspace/.derivedData/Build/Intermediates.noindex/MultiSelectSegmentedControl.build/Debug-appletvos/MultiSelectSegmentedControl_MultiSelectSegmentedControl-b.build/empty-MultiSelectSegmentedControl_MultiSelectSegmentedControl.plist
WriteAuxiliaryFile /Users/admin/builder/spi-builder-workspace/.derivedData/Build/Intermediates.noindex/SweeterSwift.build/Debug-appletvos/SweeterSwift-t.build/SweeterSwift.DependencyStaticMetadataFileList (in target 'SweeterSwift' from project 'SweeterSwift')
cd /Users/admin/builder/spi-builder-workspace/.dependencies/checkouts/SweeterSwift
write-file /Users/admin/builder/spi-builder-workspace/.derivedData/Build/Intermediates.noindex/SweeterSwift.build/Debug-appletvos/SweeterSwift-t.build/SweeterSwift.DependencyStaticMetadataFileList
WriteAuxiliaryFile /Users/admin/builder/spi-builder-workspace/.derivedData/Build/Intermediates.noindex/SweeterSwift.build/Debug-appletvos/SweeterSwift-t.build/SweeterSwift.DependencyMetadataFileList (in target 'SweeterSwift' from project 'SweeterSwift')
cd /Users/admin/builder/spi-builder-workspace/.dependencies/checkouts/SweeterSwift
write-file /Users/admin/builder/spi-builder-workspace/.derivedData/Build/Intermediates.noindex/SweeterSwift.build/Debug-appletvos/SweeterSwift-t.build/SweeterSwift.DependencyMetadataFileList
WriteAuxiliaryFile /Users/admin/builder/spi-builder-workspace/.derivedData/Build/Intermediates.noindex/SweeterSwift.build/Debug-appletvos/SweeterSwift-t.build/SweeterSwift.modulemap (in target 'SweeterSwift' from project 'SweeterSwift')
cd /Users/admin/builder/spi-builder-workspace/.dependencies/checkouts/SweeterSwift
write-file /Users/admin/builder/spi-builder-workspace/.derivedData/Build/Intermediates.noindex/SweeterSwift.build/Debug-appletvos/SweeterSwift-t.build/SweeterSwift.modulemap
WriteAuxiliaryFile /Users/admin/builder/spi-builder-workspace/.derivedData/Build/Intermediates.noindex/SweeterSwift.build/Debug-appletvos/SweeterSwift_SweeterSwift-b.build/SweeterSwift_SweeterSwift.DependencyMetadataFileList (in target 'SweeterSwift_SweeterSwift' from project 'SweeterSwift')
cd /Users/admin/builder/spi-builder-workspace/.dependencies/checkouts/SweeterSwift
write-file /Users/admin/builder/spi-builder-workspace/.derivedData/Build/Intermediates.noindex/SweeterSwift.build/Debug-appletvos/SweeterSwift_SweeterSwift-b.build/SweeterSwift_SweeterSwift.DependencyMetadataFileList
WriteAuxiliaryFile /Users/admin/builder/spi-builder-workspace/.derivedData/Build/Intermediates.noindex/SweeterSwift.build/Debug-appletvos/SweeterSwift_SweeterSwift-b.build/empty-SweeterSwift_SweeterSwift.plist (in target 'SweeterSwift_SweeterSwift' from project 'SweeterSwift')
cd /Users/admin/builder/spi-builder-workspace/.dependencies/checkouts/SweeterSwift
write-file /Users/admin/builder/spi-builder-workspace/.derivedData/Build/Intermediates.noindex/SweeterSwift.build/Debug-appletvos/SweeterSwift_SweeterSwift-b.build/empty-SweeterSwift_SweeterSwift.plist
WriteAuxiliaryFile /Users/admin/builder/spi-builder-workspace/.derivedData/Build/Intermediates.noindex/SweeterSwift.build/Debug-appletvos/SweeterSwift_SweeterSwift-b.build/SweeterSwift_SweeterSwift.DependencyStaticMetadataFileList (in target 'SweeterSwift_SweeterSwift' from project 'SweeterSwift')
cd /Users/admin/builder/spi-builder-workspace/.dependencies/checkouts/SweeterSwift
write-file /Users/admin/builder/spi-builder-workspace/.derivedData/Build/Intermediates.noindex/SweeterSwift.build/Debug-appletvos/SweeterSwift_SweeterSwift-b.build/SweeterSwift_SweeterSwift.DependencyStaticMetadataFileList
WriteAuxiliaryFile /Users/admin/builder/spi-builder-workspace/.derivedData/Build/Intermediates.noindex/SweeterSwift.build/Debug-appletvos/SweeterSwift-t.build/Objects-normal/arm64/SweeterSwift_const_extract_protocols.json (in target 'SweeterSwift' from project 'SweeterSwift')
cd /Users/admin/builder/spi-builder-workspace/.dependencies/checkouts/SweeterSwift
write-file /Users/admin/builder/spi-builder-workspace/.derivedData/Build/Intermediates.noindex/SweeterSwift.build/Debug-appletvos/SweeterSwift-t.build/Objects-normal/arm64/SweeterSwift_const_extract_protocols.json
WriteAuxiliaryFile /Users/admin/builder/spi-builder-workspace/.derivedData/Build/Intermediates.noindex/SweeterSwift.build/Debug-appletvos/SweeterSwift-t.build/Objects-normal/arm64/SweeterSwift.SwiftFileList (in target 'SweeterSwift' from project 'SweeterSwift')
cd /Users/admin/builder/spi-builder-workspace/.dependencies/checkouts/SweeterSwift
write-file /Users/admin/builder/spi-builder-workspace/.derivedData/Build/Intermediates.noindex/SweeterSwift.build/Debug-appletvos/SweeterSwift-t.build/Objects-normal/arm64/SweeterSwift.SwiftFileList
WriteAuxiliaryFile /Users/admin/builder/spi-builder-workspace/.derivedData/Build/Intermediates.noindex/SweeterSwift.build/Debug-appletvos/SweeterSwift-t.build/Objects-normal/arm64/SweeterSwift.SwiftConstValuesFileList (in target 'SweeterSwift' from project 'SweeterSwift')
cd /Users/admin/builder/spi-builder-workspace/.dependencies/checkouts/SweeterSwift
write-file /Users/admin/builder/spi-builder-workspace/.derivedData/Build/Intermediates.noindex/SweeterSwift.build/Debug-appletvos/SweeterSwift-t.build/Objects-normal/arm64/SweeterSwift.SwiftConstValuesFileList
WriteAuxiliaryFile /Users/admin/builder/spi-builder-workspace/.derivedData/Build/Intermediates.noindex/SweeterSwift.build/Debug-appletvos/SweeterSwift-t.build/Objects-normal/arm64/SweeterSwift.LinkFileList (in target 'SweeterSwift' from project 'SweeterSwift')
cd /Users/admin/builder/spi-builder-workspace/.dependencies/checkouts/SweeterSwift
write-file /Users/admin/builder/spi-builder-workspace/.derivedData/Build/Intermediates.noindex/SweeterSwift.build/Debug-appletvos/SweeterSwift-t.build/Objects-normal/arm64/SweeterSwift.LinkFileList
WriteAuxiliaryFile /Users/admin/builder/spi-builder-workspace/.derivedData/Build/Intermediates.noindex/SweeterSwift.build/Debug-appletvos/SweeterSwift-t.build/Objects-normal/arm64/SweeterSwift-OutputFileMap.json (in target 'SweeterSwift' from project 'SweeterSwift')
cd /Users/admin/builder/spi-builder-workspace/.dependencies/checkouts/SweeterSwift
write-file /Users/admin/builder/spi-builder-workspace/.derivedData/Build/Intermediates.noindex/SweeterSwift.build/Debug-appletvos/SweeterSwift-t.build/Objects-normal/arm64/SweeterSwift-OutputFileMap.json
WriteAuxiliaryFile /Users/admin/builder/spi-builder-workspace/.derivedData/Build/Intermediates.noindex/SweeterSwift.build/Debug-appletvos/SweeterSwift-t.build/DerivedSources/resource_bundle_accessor.swift (in target 'SweeterSwift' from project 'SweeterSwift')
cd /Users/admin/builder/spi-builder-workspace/.dependencies/checkouts/SweeterSwift
write-file /Users/admin/builder/spi-builder-workspace/.derivedData/Build/Intermediates.noindex/SweeterSwift.build/Debug-appletvos/SweeterSwift-t.build/DerivedSources/resource_bundle_accessor.swift
Copy /Users/admin/builder/spi-builder-workspace/.derivedData/Build/Intermediates.noindex/GeneratedModuleMaps-appletvos/SweeterSwift.modulemap /Users/admin/builder/spi-builder-workspace/.derivedData/Build/Intermediates.noindex/SweeterSwift.build/Debug-appletvos/SweeterSwift-t.build/SweeterSwift.modulemap (in target 'SweeterSwift' from project 'SweeterSwift')
cd /Users/admin/builder/spi-builder-workspace/.dependencies/checkouts/SweeterSwift
builtin-copy -exclude .DS_Store -exclude CVS -exclude .svn -exclude .git -exclude .hg -resolve-src-symlinks /Users/admin/builder/spi-builder-workspace/.derivedData/Build/Intermediates.noindex/SweeterSwift.build/Debug-appletvos/SweeterSwift-t.build/SweeterSwift.modulemap /Users/admin/builder/spi-builder-workspace/.derivedData/Build/Intermediates.noindex/GeneratedModuleMaps-appletvos
WriteAuxiliaryFile /Users/admin/builder/spi-builder-workspace/.derivedData/Build/Intermediates.noindex/MultiSelectSegmentedControl.build/Debug-appletvos/MultiSelectSegmentedControl_MultiSelectSegmentedControl-b.build/MultiSelectSegmentedControl_MultiSelectSegmentedControl.DependencyMetadataFileList (in target 'MultiSelectSegmentedControl_MultiSelectSegmentedControl' from project 'MultiSelectSegmentedControl')
cd /Users/admin/builder/spi-builder-workspace
write-file /Users/admin/builder/spi-builder-workspace/.derivedData/Build/Intermediates.noindex/MultiSelectSegmentedControl.build/Debug-appletvos/MultiSelectSegmentedControl_MultiSelectSegmentedControl-b.build/MultiSelectSegmentedControl_MultiSelectSegmentedControl.DependencyMetadataFileList
WriteAuxiliaryFile /Users/admin/builder/spi-builder-workspace/.derivedData/Build/Intermediates.noindex/MultiSelectSegmentedControl.build/Debug-appletvos/MultiSelectSegmentedControl-t.build/Objects-normal/arm64/MultiSelectSegmentedControl_const_extract_protocols.json (in target 'MultiSelectSegmentedControl' from project 'MultiSelectSegmentedControl')
cd /Users/admin/builder/spi-builder-workspace
write-file /Users/admin/builder/spi-builder-workspace/.derivedData/Build/Intermediates.noindex/MultiSelectSegmentedControl.build/Debug-appletvos/MultiSelectSegmentedControl-t.build/Objects-normal/arm64/MultiSelectSegmentedControl_const_extract_protocols.json
WriteAuxiliaryFile /Users/admin/builder/spi-builder-workspace/.derivedData/Build/Intermediates.noindex/MultiSelectSegmentedControl.build/Debug-appletvos/MultiSelectSegmentedControl-t.build/Objects-normal/arm64/MultiSelectSegmentedControl.SwiftFileList (in target 'MultiSelectSegmentedControl' from project 'MultiSelectSegmentedControl')
cd /Users/admin/builder/spi-builder-workspace
write-file /Users/admin/builder/spi-builder-workspace/.derivedData/Build/Intermediates.noindex/MultiSelectSegmentedControl.build/Debug-appletvos/MultiSelectSegmentedControl-t.build/Objects-normal/arm64/MultiSelectSegmentedControl.SwiftFileList
WriteAuxiliaryFile /Users/admin/builder/spi-builder-workspace/.derivedData/Build/Intermediates.noindex/MultiSelectSegmentedControl.build/Debug-appletvos/MultiSelectSegmentedControl-t.build/Objects-normal/arm64/MultiSelectSegmentedControl.SwiftConstValuesFileList (in target 'MultiSelectSegmentedControl' from project 'MultiSelectSegmentedControl')
cd /Users/admin/builder/spi-builder-workspace
write-file /Users/admin/builder/spi-builder-workspace/.derivedData/Build/Intermediates.noindex/MultiSelectSegmentedControl.build/Debug-appletvos/MultiSelectSegmentedControl-t.build/Objects-normal/arm64/MultiSelectSegmentedControl.SwiftConstValuesFileList
WriteAuxiliaryFile /Users/admin/builder/spi-builder-workspace/.derivedData/Build/Intermediates.noindex/MultiSelectSegmentedControl.build/Debug-appletvos/MultiSelectSegmentedControl-t.build/Objects-normal/arm64/MultiSelectSegmentedControl.LinkFileList (in target 'MultiSelectSegmentedControl' from project 'MultiSelectSegmentedControl')
cd /Users/admin/builder/spi-builder-workspace
write-file /Users/admin/builder/spi-builder-workspace/.derivedData/Build/Intermediates.noindex/MultiSelectSegmentedControl.build/Debug-appletvos/MultiSelectSegmentedControl-t.build/Objects-normal/arm64/MultiSelectSegmentedControl.LinkFileList
WriteAuxiliaryFile /Users/admin/builder/spi-builder-workspace/.derivedData/Build/Intermediates.noindex/MultiSelectSegmentedControl.build/Debug-appletvos/MultiSelectSegmentedControl-t.build/Objects-normal/arm64/MultiSelectSegmentedControl-OutputFileMap.json (in target 'MultiSelectSegmentedControl' from project 'MultiSelectSegmentedControl')
cd /Users/admin/builder/spi-builder-workspace
write-file /Users/admin/builder/spi-builder-workspace/.derivedData/Build/Intermediates.noindex/MultiSelectSegmentedControl.build/Debug-appletvos/MultiSelectSegmentedControl-t.build/Objects-normal/arm64/MultiSelectSegmentedControl-OutputFileMap.json
WriteAuxiliaryFile /Users/admin/builder/spi-builder-workspace/.derivedData/Build/Intermediates.noindex/MultiSelectSegmentedControl.build/Debug-appletvos/MultiSelectSegmentedControl-t.build/MultiSelectSegmentedControl.modulemap (in target 'MultiSelectSegmentedControl' from project 'MultiSelectSegmentedControl')
cd /Users/admin/builder/spi-builder-workspace
write-file /Users/admin/builder/spi-builder-workspace/.derivedData/Build/Intermediates.noindex/MultiSelectSegmentedControl.build/Debug-appletvos/MultiSelectSegmentedControl-t.build/MultiSelectSegmentedControl.modulemap
WriteAuxiliaryFile /Users/admin/builder/spi-builder-workspace/.derivedData/Build/Intermediates.noindex/MultiSelectSegmentedControl.build/Debug-appletvos/MultiSelectSegmentedControl-t.build/MultiSelectSegmentedControl.DependencyStaticMetadataFileList (in target 'MultiSelectSegmentedControl' from project 'MultiSelectSegmentedControl')
cd /Users/admin/builder/spi-builder-workspace
write-file /Users/admin/builder/spi-builder-workspace/.derivedData/Build/Intermediates.noindex/MultiSelectSegmentedControl.build/Debug-appletvos/MultiSelectSegmentedControl-t.build/MultiSelectSegmentedControl.DependencyStaticMetadataFileList
WriteAuxiliaryFile /Users/admin/builder/spi-builder-workspace/.derivedData/Build/Intermediates.noindex/MultiSelectSegmentedControl.build/Debug-appletvos/MultiSelectSegmentedControl-t.build/MultiSelectSegmentedControl.DependencyMetadataFileList (in target 'MultiSelectSegmentedControl' from project 'MultiSelectSegmentedControl')
cd /Users/admin/builder/spi-builder-workspace
write-file /Users/admin/builder/spi-builder-workspace/.derivedData/Build/Intermediates.noindex/MultiSelectSegmentedControl.build/Debug-appletvos/MultiSelectSegmentedControl-t.build/MultiSelectSegmentedControl.DependencyMetadataFileList
MkDir /Users/admin/builder/spi-builder-workspace/.derivedData/Build/Products/Debug-appletvos/SweeterSwift_SweeterSwift.bundle (in target 'SweeterSwift_SweeterSwift' from project 'SweeterSwift')
cd /Users/admin/builder/spi-builder-workspace/.dependencies/checkouts/SweeterSwift
/bin/mkdir -p /Users/admin/builder/spi-builder-workspace/.derivedData/Build/Products/Debug-appletvos/SweeterSwift_SweeterSwift.bundle
WriteAuxiliaryFile /Users/admin/builder/spi-builder-workspace/.derivedData/Build/Intermediates.noindex/MultiSelectSegmentedControl.build/Debug-appletvos/MultiSelectSegmentedControl-t.build/DerivedSources/resource_bundle_accessor.swift (in target 'MultiSelectSegmentedControl' from project 'MultiSelectSegmentedControl')
cd /Users/admin/builder/spi-builder-workspace
write-file /Users/admin/builder/spi-builder-workspace/.derivedData/Build/Intermediates.noindex/MultiSelectSegmentedControl.build/Debug-appletvos/MultiSelectSegmentedControl-t.build/DerivedSources/resource_bundle_accessor.swift
MkDir /Users/admin/builder/spi-builder-workspace/.derivedData/Build/Products/Debug-appletvos/MultiSelectSegmentedControl_MultiSelectSegmentedControl.bundle (in target 'MultiSelectSegmentedControl_MultiSelectSegmentedControl' from project 'MultiSelectSegmentedControl')
cd /Users/admin/builder/spi-builder-workspace
/bin/mkdir -p /Users/admin/builder/spi-builder-workspace/.derivedData/Build/Products/Debug-appletvos/MultiSelectSegmentedControl_MultiSelectSegmentedControl.bundle
Copy /Users/admin/builder/spi-builder-workspace/.derivedData/Build/Intermediates.noindex/GeneratedModuleMaps-appletvos/MultiSelectSegmentedControl.modulemap /Users/admin/builder/spi-builder-workspace/.derivedData/Build/Intermediates.noindex/MultiSelectSegmentedControl.build/Debug-appletvos/MultiSelectSegmentedControl-t.build/MultiSelectSegmentedControl.modulemap (in target 'MultiSelectSegmentedControl' from project 'MultiSelectSegmentedControl')
cd /Users/admin/builder/spi-builder-workspace
builtin-copy -exclude .DS_Store -exclude CVS -exclude .svn -exclude .git -exclude .hg -resolve-src-symlinks /Users/admin/builder/spi-builder-workspace/.derivedData/Build/Intermediates.noindex/MultiSelectSegmentedControl.build/Debug-appletvos/MultiSelectSegmentedControl-t.build/MultiSelectSegmentedControl.modulemap /Users/admin/builder/spi-builder-workspace/.derivedData/Build/Intermediates.noindex/GeneratedModuleMaps-appletvos
ProcessInfoPlistFile /Users/admin/builder/spi-builder-workspace/.derivedData/Build/Products/Debug-appletvos/SweeterSwift_SweeterSwift.bundle/Info.plist /Users/admin/builder/spi-builder-workspace/.derivedData/Build/Intermediates.noindex/SweeterSwift.build/Debug-appletvos/SweeterSwift_SweeterSwift-b.build/empty-SweeterSwift_SweeterSwift.plist (in target 'SweeterSwift_SweeterSwift' from project 'SweeterSwift')
cd /Users/admin/builder/spi-builder-workspace/.dependencies/checkouts/SweeterSwift
builtin-infoPlistUtility /Users/admin/builder/spi-builder-workspace/.derivedData/Build/Intermediates.noindex/SweeterSwift.build/Debug-appletvos/SweeterSwift_SweeterSwift-b.build/empty-SweeterSwift_SweeterSwift.plist -producttype com.apple.product-type.bundle -expandbuildsettings -format binary -platform appletvos -o /Users/admin/builder/spi-builder-workspace/.derivedData/Build/Products/Debug-appletvos/SweeterSwift_SweeterSwift.bundle/Info.plist
CpResource /Users/admin/builder/spi-builder-workspace/.derivedData/Build/Products/Debug-appletvos/SweeterSwift_SweeterSwift.bundle/PrivacyInfo.xcprivacy /Users/admin/builder/spi-builder-workspace/.dependencies/checkouts/SweeterSwift/Source/PrivacyInfo.xcprivacy (in target 'SweeterSwift_SweeterSwift' from project 'SweeterSwift')
cd /Users/admin/builder/spi-builder-workspace/.dependencies/checkouts/SweeterSwift
builtin-copy -exclude .DS_Store -exclude CVS -exclude .svn -exclude .git -exclude .hg -resolve-src-symlinks /Users/admin/builder/spi-builder-workspace/.dependencies/checkouts/SweeterSwift/Source/PrivacyInfo.xcprivacy /Users/admin/builder/spi-builder-workspace/.derivedData/Build/Products/Debug-appletvos/SweeterSwift_SweeterSwift.bundle
ProcessInfoPlistFile /Users/admin/builder/spi-builder-workspace/.derivedData/Build/Products/Debug-appletvos/MultiSelectSegmentedControl_MultiSelectSegmentedControl.bundle/Info.plist /Users/admin/builder/spi-builder-workspace/.derivedData/Build/Intermediates.noindex/MultiSelectSegmentedControl.build/Debug-appletvos/MultiSelectSegmentedControl_MultiSelectSegmentedControl-b.build/empty-MultiSelectSegmentedControl_MultiSelectSegmentedControl.plist (in target 'MultiSelectSegmentedControl_MultiSelectSegmentedControl' from project 'MultiSelectSegmentedControl')
cd /Users/admin/builder/spi-builder-workspace
builtin-infoPlistUtility /Users/admin/builder/spi-builder-workspace/.derivedData/Build/Intermediates.noindex/MultiSelectSegmentedControl.build/Debug-appletvos/MultiSelectSegmentedControl_MultiSelectSegmentedControl-b.build/empty-MultiSelectSegmentedControl_MultiSelectSegmentedControl.plist -producttype com.apple.product-type.bundle -expandbuildsettings -format binary -platform appletvos -o /Users/admin/builder/spi-builder-workspace/.derivedData/Build/Products/Debug-appletvos/MultiSelectSegmentedControl_MultiSelectSegmentedControl.bundle/Info.plist
CpResource /Users/admin/builder/spi-builder-workspace/.derivedData/Build/Products/Debug-appletvos/MultiSelectSegmentedControl_MultiSelectSegmentedControl.bundle/PrivacyInfo.xcprivacy /Users/admin/builder/spi-builder-workspace/Sources/PrivacyInfo.xcprivacy (in target 'MultiSelectSegmentedControl_MultiSelectSegmentedControl' from project 'MultiSelectSegmentedControl')
cd /Users/admin/builder/spi-builder-workspace
builtin-copy -exclude .DS_Store -exclude CVS -exclude .svn -exclude .git -exclude .hg -resolve-src-symlinks /Users/admin/builder/spi-builder-workspace/Sources/PrivacyInfo.xcprivacy /Users/admin/builder/spi-builder-workspace/.derivedData/Build/Products/Debug-appletvos/MultiSelectSegmentedControl_MultiSelectSegmentedControl.bundle
RegisterExecutionPolicyException /Users/admin/builder/spi-builder-workspace/.derivedData/Build/Products/Debug-appletvos/SweeterSwift_SweeterSwift.bundle (in target 'SweeterSwift_SweeterSwift' from project 'SweeterSwift')
cd /Users/admin/builder/spi-builder-workspace/.dependencies/checkouts/SweeterSwift
builtin-RegisterExecutionPolicyException /Users/admin/builder/spi-builder-workspace/.derivedData/Build/Products/Debug-appletvos/SweeterSwift_SweeterSwift.bundle
RegisterExecutionPolicyException /Users/admin/builder/spi-builder-workspace/.derivedData/Build/Products/Debug-appletvos/MultiSelectSegmentedControl_MultiSelectSegmentedControl.bundle (in target 'MultiSelectSegmentedControl_MultiSelectSegmentedControl' from project 'MultiSelectSegmentedControl')
cd /Users/admin/builder/spi-builder-workspace
builtin-RegisterExecutionPolicyException /Users/admin/builder/spi-builder-workspace/.derivedData/Build/Products/Debug-appletvos/MultiSelectSegmentedControl_MultiSelectSegmentedControl.bundle
Touch /Users/admin/builder/spi-builder-workspace/.derivedData/Build/Products/Debug-appletvos/MultiSelectSegmentedControl_MultiSelectSegmentedControl.bundle (in target 'MultiSelectSegmentedControl_MultiSelectSegmentedControl' from project 'MultiSelectSegmentedControl')
cd /Users/admin/builder/spi-builder-workspace
/usr/bin/touch -c /Users/admin/builder/spi-builder-workspace/.derivedData/Build/Products/Debug-appletvos/MultiSelectSegmentedControl_MultiSelectSegmentedControl.bundle
Touch /Users/admin/builder/spi-builder-workspace/.derivedData/Build/Products/Debug-appletvos/SweeterSwift_SweeterSwift.bundle (in target 'SweeterSwift_SweeterSwift' from project 'SweeterSwift')
cd /Users/admin/builder/spi-builder-workspace/.dependencies/checkouts/SweeterSwift
/usr/bin/touch -c /Users/admin/builder/spi-builder-workspace/.derivedData/Build/Products/Debug-appletvos/SweeterSwift_SweeterSwift.bundle
SwiftDriver SweeterSwift normal arm64 com.apple.xcode.tools.swift.compiler (in target 'SweeterSwift' from project 'SweeterSwift')
cd /Users/admin/builder/spi-builder-workspace/.swiftpm/xcode
builtin-SwiftDriver -- /Applications/Xcode-27.0.0-Release.Candidate.app/Contents/Developer/Toolchains/XcodeDefault.xctoolchain/usr/bin/swiftc -parse-as-library -module-name SweeterSwift -Onone @/Users/admin/builder/spi-builder-workspace/.derivedData/Build/Intermediates.noindex/SweeterSwift.build/Debug-appletvos/SweeterSwift-t.build/Objects-normal/arm64/SweeterSwift.SwiftFileList -DSWIFT_PACKAGE -DDEBUG -DSWIFT_MODULE_RESOURCE_BUNDLE_AVAILABLE -DXcode -plugin-path /Applications/Xcode-27.0.0-Release.Candidate.app/Contents/Developer/Toolchains/XcodeDefault.xctoolchain/usr/lib/swift/host/plugins/testing -enable-experimental-feature DebugDescriptionMacro -sdk /Applications/Xcode-27.0.0-Release.Candidate.app/Contents/Developer/Platforms/AppleTVOS.platform/Developer/SDKs/AppleTVOS27.0.sdk -target arm64-apple-tvos15.0 -g -module-cache-path /Users/admin/builder/spi-builder-workspace/.derivedData/ModuleCache.noindex -Xfrontend -serialize-debugging-options -enable-testing -suppress-warnings -index-store-path /Users/admin/builder/spi-builder-workspace/.derivedData/Index.noindex/DataStore -Xcc -D_LIBCPP_HARDENING_MODE\=_LIBCPP_HARDENING_MODE_DEBUG -swift-version 5 -I /Users/admin/builder/spi-builder-workspace/.derivedData/Build/Products/Debug-appletvos -Isystem /Applications/Xcode-27.0.0-Release.Candidate.app/Contents/Developer/Platforms/AppleTVOS.platform/Developer/usr/lib -F /Users/admin/builder/spi-builder-workspace/.derivedData/Build/Products/Debug-appletvos -F /Applications/Xcode-27.0.0-Release.Candidate.app/Contents/Developer/Platforms/AppleTVOS.platform/Developer/Library/Frameworks -F /Applications/Xcode-27.0.0-Release.Candidate.app/Contents/Developer/Platforms/AppleTVOS.platform/Developer/SDKs/AppleTVOS27.0.sdk/Developer/Library/Frameworks -c -j10 -enable-batch-mode -incremental -Xcc -ivfsstatcache -Xcc /Users/admin/builder/spi-builder-workspace/.derivedData/SDKStatCaches.noindex/appletvos27.0-24J360-e829b21a6f8c9b70876ba0858053c044b32bfd8d43560033f8d89884cdb90028.sdkstatcache -output-file-map /Users/admin/builder/spi-builder-workspace/.derivedData/Build/Intermediates.noindex/SweeterSwift.build/Debug-appletvos/SweeterSwift-t.build/Objects-normal/arm64/SweeterSwift-OutputFileMap.json -save-temps -no-color-diagnostics -explicit-module-build -module-cache-path /Users/admin/builder/spi-builder-workspace/.derivedData/Build/Intermediates.noindex/SwiftExplicitPrecompiledModules -clang-scanner-module-cache-path /Users/admin/builder/spi-builder-workspace/.derivedData/ModuleCache.noindex -sdk-module-cache-path /Users/admin/builder/spi-builder-workspace/.derivedData/SDKExplicitPrecompiledModules -emit-dependencies -emit-module -emit-module-path /Users/admin/builder/spi-builder-workspace/.derivedData/Build/Intermediates.noindex/SweeterSwift.build/Debug-appletvos/SweeterSwift-t.build/Objects-normal/arm64/SweeterSwift.swiftmodule -serialize-diagnostics -dependency-scan-serialize-diagnostics-path /Users/admin/builder/spi-builder-workspace/.derivedData/Build/Intermediates.noindex/SweeterSwift.build/Debug-appletvos/SweeterSwift-t.build/Objects-normal/arm64/SweeterSwift-dependency-scan.dia -validate-clang-modules-once -clang-build-session-file /Users/admin/builder/spi-builder-workspace/.derivedData/ModuleCache.noindex/Session.modulevalidation -Xcc -fmodules-prune-interval\=86400 -Xcc -fmodules-prune-after\=345600 -emit-const-values -const-gather-protocols-list /Users/admin/builder/spi-builder-workspace/.derivedData/Build/Intermediates.noindex/SweeterSwift.build/Debug-appletvos/SweeterSwift-t.build/Objects-normal/arm64/SweeterSwift_const_extract_protocols.json -Xcc -I/Users/admin/builder/spi-builder-workspace/.derivedData/Build/Products/Debug-appletvos/include -Xcc -I/Users/admin/builder/spi-builder-workspace/.derivedData/Build/Intermediates.noindex/SweeterSwift.build/Debug-appletvos/SweeterSwift-t.build/DerivedSources-normal/arm64 -Xcc -I/Users/admin/builder/spi-builder-workspace/.derivedData/Build/Intermediates.noindex/SweeterSwift.build/Debug-appletvos/SweeterSwift-t.build/DerivedSources/arm64 -Xcc -I/Users/admin/builder/spi-builder-workspace/.derivedData/Build/Intermediates.noindex/SweeterSwift.build/Debug-appletvos/SweeterSwift-t.build/DerivedSources -Xcc -DSWIFT_PACKAGE -Xcc -DDEBUG\=1 -emit-objc-header -emit-objc-header-path /Users/admin/builder/spi-builder-workspace/.derivedData/Build/Intermediates.noindex/SweeterSwift.build/Debug-appletvos/SweeterSwift-t.build/Objects-normal/arm64/SweeterSwift-Swift.h -working-directory /Users/admin/builder/spi-builder-workspace/.swiftpm/xcode -experimental-emit-module-separately -disable-cmo
SwiftExplicitDependencyGeneratePcm arm64 /Users/admin/builder/spi-builder-workspace/.derivedData/SDKExplicitPrecompiledModules/SwiftShims-8N4EXJ4RUJTR8K9OO3CMOH1EP.pcm
SwiftExplicitDependencyGeneratePcm arm64 /Users/admin/builder/spi-builder-workspace/.derivedData/SDKExplicitPrecompiledModules/_SwiftConcurrencyShims-BY5PD8KF1L5KF6F4Q69HE3TJ4.pcm
SwiftExplicitDependencyGeneratePcm arm64 /Users/admin/builder/spi-builder-workspace/.derivedData/SDKExplicitPrecompiledModules/ptrcheck-2AZ6B5IBYD3RRRTFWN2ONASY3.pcm
SwiftExplicitDependencyGeneratePcm arm64 /Users/admin/builder/spi-builder-workspace/.derivedData/SDKExplicitPrecompiledModules/ptrauth-8X2KEPL7CTRPS40TUB9APHPK6.pcm
SwiftExplicitDependencyGeneratePcm arm64 /Users/admin/builder/spi-builder-workspace/.derivedData/SDKExplicitPrecompiledModules/_Builtin_stdarg-BO2OCAUYVAXDRVQWQ8ISKGNUQ.pcm
SwiftExplicitDependencyGeneratePcm arm64 /Users/admin/builder/spi-builder-workspace/.derivedData/SDKExplicitPrecompiledModules/_AvailabilityInternal-BV2EDDP0MI5QJDDPEEV4D9D3V.pcm
SwiftExplicitDependencyGeneratePcm arm64 /Users/admin/builder/spi-builder-workspace/.derivedData/SDKExplicitPrecompiledModules/DeveloperToolsSupport-B1X8RI63V48AJRTH2RK6JAARV.pcm
SwiftExplicitDependencyGeneratePcm arm64 /Users/admin/builder/spi-builder-workspace/.derivedData/SDKExplicitPrecompiledModules/_Builtin_stdbool-AHRDH5EKLY6D04C5E42F3VCQI.pcm
SwiftExplicitDependencyGeneratePcm arm64 /Users/admin/builder/spi-builder-workspace/.derivedData/SDKExplicitPrecompiledModules/_Builtin_float-8ZJAYZ85YBOAOP52Y9H6IUNP3.pcm
SwiftExplicitDependencyGeneratePcm arm64 /Users/admin/builder/spi-builder-workspace/.derivedData/SDKExplicitPrecompiledModules/_Builtin_stddef-9ZJZ6FDEZNKTZU8YLPMFT9RAQ.pcm
SwiftExplicitDependencyGeneratePcm arm64 /Users/admin/builder/spi-builder-workspace/.derivedData/SDKExplicitPrecompiledModules/_DarwinFoundation1-JOTYMOA1YZCIJ2NON6FQ848O.pcm
SwiftExplicitDependencyGeneratePcm arm64 /Users/admin/builder/spi-builder-workspace/.derivedData/SDKExplicitPrecompiledModules/_DarwinFoundation2-AOGAN1O02NKXRJN5V73AV3V3M.pcm
SwiftExplicitDependencyGeneratePcm arm64 /Users/admin/builder/spi-builder-workspace/.derivedData/SDKExplicitPrecompiledModules/_Builtin_limits-7JU2HP127LIT1X9E2V3D8WZ1.pcm
SwiftExplicitDependencyGeneratePcm arm64 /Users/admin/builder/spi-builder-workspace/.derivedData/SDKExplicitPrecompiledModules/string_h-6EVHP7A717OUS5DMC78F79HWO.pcm
SwiftExplicitDependencyGeneratePcm arm64 /Users/admin/builder/spi-builder-workspace/.derivedData/SDKExplicitPrecompiledModules/_Builtin_tgmath-7ULT1EUHDHW4OZPSTT33H6QGE.pcm
SwiftExplicitDependencyGeneratePcm arm64 /Users/admin/builder/spi-builder-workspace/.derivedData/SDKExplicitPrecompiledModules/_Builtin_stdint-6NFTB6IBKS143IVPGT1EKB7HO.pcm
SwiftExplicitDependencyGeneratePcm arm64 /Users/admin/builder/spi-builder-workspace/.derivedData/SDKExplicitPrecompiledModules/sys_types-8GCAV1YMG5UUGHUID3CA20TCH.pcm
SwiftExplicitDependencyGeneratePcm arm64 /Users/admin/builder/spi-builder-workspace/.derivedData/SDKExplicitPrecompiledModules/_DarwinFoundation3-8SR3855WDFHQPR6G9GHOI2C07.pcm
SwiftExplicitDependencyGeneratePcm arm64 /Users/admin/builder/spi-builder-workspace/.derivedData/SDKExplicitPrecompiledModules/_Builtin_stdatomic-3YXHN678NGYM3NL9POJ2HVEIF.pcm
SwiftExplicitDependencyGeneratePcm arm64 /Users/admin/builder/spi-builder-workspace/.derivedData/SDKExplicitPrecompiledModules/_Builtin_intrinsics-437O2R2NID4WAQVENR63GR82C.pcm
SwiftExplicitDependencyGeneratePcm arm64 /Users/admin/builder/spi-builder-workspace/.derivedData/SDKExplicitPrecompiledModules/_Builtin_inttypes-6X1IQ3QK9KEVKXOK9Y79EW7J3.pcm
SwiftExplicitDependencyGeneratePcm arm64 /Users/admin/builder/spi-builder-workspace/.derivedData/SDKExplicitPrecompiledModules/Darwin-DBSQAVBBPC3D2OMU5ZI2RXMST.pcm
SwiftExplicitDependencyGeneratePcm arm64 /Users/admin/builder/spi-builder-workspace/.derivedData/SDKExplicitPrecompiledModules/simd-117QUXEUT3Z7UQCUYWV2UA228.pcm
SwiftExplicitDependencyGeneratePcm arm64 /Users/admin/builder/spi-builder-workspace/.derivedData/SDKExplicitPrecompiledModules/ObjectiveC-5250FDCE56N8508OR6XUYDKZM.pcm
SwiftExplicitDependencyGeneratePcm arm64 /Users/admin/builder/spi-builder-workspace/.derivedData/SDKExplicitPrecompiledModules/MachO-EH3F5PJCIZG05NO51CEFSZYPW.pcm
SwiftExplicitDependencyGeneratePcm arm64 /Users/admin/builder/spi-builder-workspace/.derivedData/SDKExplicitPrecompiledModules/os_object-E2DGZ0SX0TULQHULZRPO6OKNW.pcm
SwiftExplicitDependencyGeneratePcm arm64 /Users/admin/builder/spi-builder-workspace/.derivedData/SDKExplicitPrecompiledModules/os_workgroup-DBUFF7811DKMX7VPBOJPGGF1U.pcm
SwiftExplicitDependencyGeneratePcm arm64 /Users/admin/builder/spi-builder-workspace/.derivedData/SDKExplicitPrecompiledModules/Spatial-7U8NLEFXSB8BR7PJQGVMF5A4Q.pcm
SwiftExplicitDependencyGeneratePcm arm64 /Users/admin/builder/spi-builder-workspace/.derivedData/SDKExplicitPrecompiledModules/Dispatch-1QL58A0V50C39KVAIC6C38SHL.pcm
SwiftExplicitDependencyGeneratePcm arm64 /Users/admin/builder/spi-builder-workspace/.derivedData/SDKExplicitPrecompiledModules/XPC-6O2DJFT3QUJ7QKTD3SNUB6PCR.pcm
SwiftExplicitDependencyGeneratePcm arm64 /Users/admin/builder/spi-builder-workspace/.derivedData/SDKExplicitPrecompiledModules/CoreFoundation-7TPJ7ENDC4L1A1ESHYI9TXS0D.pcm
SwiftExplicitDependencyGeneratePcm arm64 /Users/admin/builder/spi-builder-workspace/.derivedData/SDKExplicitPrecompiledModules/os-3GJI8H0BNAEZPQPQ1V0VVY3FY.pcm
SwiftExplicitDependencyGeneratePcm arm64 /Users/admin/builder/spi-builder-workspace/.derivedData/SDKExplicitPrecompiledModules/Security-8VMXEKVDA3MHUH9AOTP905DID.pcm
SwiftExplicitDependencyGeneratePcm arm64 /Users/admin/builder/spi-builder-workspace/.derivedData/SDKExplicitPrecompiledModules/CFNetwork-2CUR2VK9S3S3WPFXPNXNUWYGN.pcm
SwiftExplicitDependencyGeneratePcm arm64 /Users/admin/builder/spi-builder-workspace/.derivedData/SDKExplicitPrecompiledModules/CoreGraphics-CWSP3J98S2658BYCVL6RP99T3.pcm
SwiftExplicitDependencyGeneratePcm arm64 /Users/admin/builder/spi-builder-workspace/.derivedData/SDKExplicitPrecompiledModules/Foundation-BSSIP64DIGUKMAYJOG1WPQ78X.pcm
SwiftExplicitDependencyGeneratePcm arm64 /Users/admin/builder/spi-builder-workspace/.derivedData/SDKExplicitPrecompiledModules/CoreText-59NY7PABM0I4V978161FOC04A.pcm
SwiftExplicitDependencyGeneratePcm arm64 /Users/admin/builder/spi-builder-workspace/.derivedData/SDKExplicitPrecompiledModules/ImageIO-88D4CLEBD4CLWQKT78PZ6H1O8.pcm
SwiftExplicitDependencyGeneratePcm arm64 /Users/admin/builder/spi-builder-workspace/.derivedData/SDKExplicitPrecompiledModules/UniformTypeIdentifiers-95CC8U42ZA9STP5K6GP9ZVJS5.pcm
SwiftExplicitDependencyGeneratePcm arm64 /Users/admin/builder/spi-builder-workspace/.derivedData/SDKExplicitPrecompiledModules/CoreTransferable-7V4O8DATEQ9F7SDNTCW8YWLG3.pcm
SwiftExplicitDependencyGeneratePcm arm64 /Users/admin/builder/spi-builder-workspace/.derivedData/SDKExplicitPrecompiledModules/_LocationEssentials-ETSJ65FELPWR8WH8G49R1DF2E.pcm
SwiftExplicitDependencyGeneratePcm arm64 /Users/admin/builder/spi-builder-workspace/.derivedData/SDKExplicitPrecompiledModules/DataDetection-37JIYZ2GWDA1L166PP1D9JKAF.pcm
SwiftExplicitDependencyGeneratePcm arm64 /Users/admin/builder/spi-builder-workspace/.derivedData/SDKExplicitPrecompiledModules/Symbols-B5AU9VM9Y7NU79RLMH13Z4IFM.pcm
SwiftExplicitDependencyGeneratePcm arm64 /Users/admin/builder/spi-builder-workspace/.derivedData/SDKExplicitPrecompiledModules/UIUtilities-6ZFJ1AK4H8IBGEBMYQBWGBYLK.pcm
SwiftExplicitDependencyGeneratePcm arm64 /Users/admin/builder/spi-builder-workspace/.derivedData/SDKExplicitPrecompiledModules/UserNotifications-E9ZW5TH066WIJWH9080RC5NG4.pcm
SwiftExplicitDependencyGeneratePcm arm64 /Users/admin/builder/spi-builder-workspace/.derivedData/SDKExplicitPrecompiledModules/OSLog-7OT6HHTMY0ZFEQJ095LJZ6NLC.pcm
SwiftExplicitDependencyGeneratePcm arm64 /Users/admin/builder/spi-builder-workspace/.derivedData/SDKExplicitPrecompiledModules/Accessibility-B6BODGZ4MQQTY0PBC4SHRP009.pcm
SwiftExplicitDependencyGeneratePcm arm64 /Users/admin/builder/spi-builder-workspace/.derivedData/SDKExplicitPrecompiledModules/CoreData-DYMPHH3PH8AX9I1FHA4VFJ675.pcm
SwiftExplicitDependencyGeneratePcm arm64 /Users/admin/builder/spi-builder-workspace/.derivedData/SDKExplicitPrecompiledModules/IOSurface-38FJ1CKX9FV2RD97O64Z7QB17.pcm
SwiftExplicitDependencyGeneratePcm arm64 /Users/admin/builder/spi-builder-workspace/.derivedData/SDKExplicitPrecompiledModules/CoreLocation-YVXXAOMVX0JH2KO1XTTKTY51.pcm
SwiftExplicitDependencyGeneratePcm arm64 /Users/admin/builder/spi-builder-workspace/.derivedData/SDKExplicitPrecompiledModules/Metal-2KYBS7IML1SD788M91YV7Q0CC.pcm
SwiftExplicitDependencyGeneratePcm arm64 /Users/admin/builder/spi-builder-workspace/.derivedData/SDKExplicitPrecompiledModules/OpenGLES-4NY99CNDU9WUNUYEIXSS1QFGE.pcm
SwiftExplicitDependencyGeneratePcm arm64 /Users/admin/builder/spi-builder-workspace/.derivedData/SDKExplicitPrecompiledModules/CoreVideo-DPU0PB5X0XLSVA2ETRGI6FJBM.pcm
SwiftExplicitDependencyGeneratePcm arm64 /Users/admin/builder/spi-builder-workspace/.derivedData/SDKExplicitPrecompiledModules/CoreImage-7S2AFJ8EIY3DUFYLEAX1JR1QV.pcm
SwiftExplicitDependencyGeneratePcm arm64 /Users/admin/builder/spi-builder-workspace/.derivedData/SDKExplicitPrecompiledModules/QuartzCore-DJSYAWKXFGVSAK5CQMOB3JSR.pcm
SwiftExplicitDependencyGeneratePcm arm64 /Users/admin/builder/spi-builder-workspace/.derivedData/SDKExplicitPrecompiledModules/SwiftUICore-543QU5V2NHKUFCYFJDKUJ7NYG.pcm
SwiftExplicitDependencyGeneratePcm arm64 /Users/admin/builder/spi-builder-workspace/.derivedData/SDKExplicitPrecompiledModules/UIKit-1TKWN7VC2X6N3ITMRVA2G0EB2.pcm
SwiftEmitModule normal arm64 Emitting\ module\ for\ SweeterSwift (in target 'SweeterSwift' from project 'SweeterSwift')
SwiftCompile normal arm64 (in target 'SweeterSwift' from project 'SweeterSwift')
cd /Users/admin/builder/spi-builder-workspace/.swiftpm/xcode
SwiftCompile normal arm64 Compiling\ NSObject+Sweeter.swift,\ String+Sweeter.swift /Users/admin/builder/spi-builder-workspace/.dependencies/checkouts/SweeterSwift/Source/NSObject+Sweeter.swift /Users/admin/builder/spi-builder-workspace/.dependencies/checkouts/SweeterSwift/Source/String+Sweeter.swift (in target 'SweeterSwift' from project 'SweeterSwift')
SwiftCompile normal arm64 /Users/admin/builder/spi-builder-workspace/.dependencies/checkouts/SweeterSwift/Source/NSObject+Sweeter.swift (in target 'SweeterSwift' from project 'SweeterSwift')
cd /Users/admin/builder/spi-builder-workspace/.swiftpm/xcode
builtin-SwiftPerFileCompile NSObject+Sweeter.swift
SwiftCompile normal arm64 /Users/admin/builder/spi-builder-workspace/.dependencies/checkouts/SweeterSwift/Source/String+Sweeter.swift (in target 'SweeterSwift' from project 'SweeterSwift')
cd /Users/admin/builder/spi-builder-workspace/.swiftpm/xcode
builtin-SwiftPerFileCompile String+Sweeter.swift
SwiftCompile normal arm64 Compiling\ UITextView+Sweeter.swift /Users/admin/builder/spi-builder-workspace/.dependencies/checkouts/SweeterSwift/Source/UITextView+Sweeter.swift (in target 'SweeterSwift' from project 'SweeterSwift')
SwiftCompile normal arm64 /Users/admin/builder/spi-builder-workspace/.dependencies/checkouts/SweeterSwift/Source/UITextView+Sweeter.swift (in target 'SweeterSwift' from project 'SweeterSwift')
cd /Users/admin/builder/spi-builder-workspace/.swiftpm/xcode
builtin-SwiftPerFileCompile UITextView+Sweeter.swift
SwiftCompile normal arm64 Compiling\ UIApplication+Sweeter.swift /Users/admin/builder/spi-builder-workspace/.dependencies/checkouts/SweeterSwift/Source/UIApplication+Sweeter.swift (in target 'SweeterSwift' from project 'SweeterSwift')
SwiftCompile normal arm64 /Users/admin/builder/spi-builder-workspace/.dependencies/checkouts/SweeterSwift/Source/UIApplication+Sweeter.swift (in target 'SweeterSwift' from project 'SweeterSwift')
cd /Users/admin/builder/spi-builder-workspace/.swiftpm/xcode
builtin-SwiftPerFileCompile UIApplication+Sweeter.swift
SwiftCompile normal arm64 Compiling\ UIView+Sweeter.swift /Users/admin/builder/spi-builder-workspace/.dependencies/checkouts/SweeterSwift/Source/UIView+Sweeter.swift (in target 'SweeterSwift' from project 'SweeterSwift')
SwiftCompile normal arm64 /Users/admin/builder/spi-builder-workspace/.dependencies/checkouts/SweeterSwift/Source/UIView+Sweeter.swift (in target 'SweeterSwift' from project 'SweeterSwift')
cd /Users/admin/builder/spi-builder-workspace/.swiftpm/xcode
builtin-SwiftPerFileCompile UIView+Sweeter.swift
SwiftCompile normal arm64 Compiling\ UIViewController+Sweeter.swift /Users/admin/builder/spi-builder-workspace/.dependencies/checkouts/SweeterSwift/Source/UIViewController+Sweeter.swift (in target 'SweeterSwift' from project 'SweeterSwift')
SwiftCompile normal arm64 /Users/admin/builder/spi-builder-workspace/.dependencies/checkouts/SweeterSwift/Source/UIViewController+Sweeter.swift (in target 'SweeterSwift' from project 'SweeterSwift')
cd /Users/admin/builder/spi-builder-workspace/.swiftpm/xcode
builtin-SwiftPerFileCompile UIViewController+Sweeter.swift
SwiftCompile normal arm64 Compiling\ Swift+Sweeter.swift,\ TimeInterval+Sweeter.swift /Users/admin/builder/spi-builder-workspace/.dependencies/checkouts/SweeterSwift/Source/Swift+Sweeter.swift /Users/admin/builder/spi-builder-workspace/.dependencies/checkouts/SweeterSwift/Source/TimeInterval+Sweeter.swift (in target 'SweeterSwift' from project 'SweeterSwift')
SwiftCompile normal arm64 /Users/admin/builder/spi-builder-workspace/.dependencies/checkouts/SweeterSwift/Source/Swift+Sweeter.swift (in target 'SweeterSwift' from project 'SweeterSwift')
cd /Users/admin/builder/spi-builder-workspace/.swiftpm/xcode
builtin-SwiftPerFileCompile Swift+Sweeter.swift
SwiftCompile normal arm64 /Users/admin/builder/spi-builder-workspace/.dependencies/checkouts/SweeterSwift/Source/TimeInterval+Sweeter.swift (in target 'SweeterSwift' from project 'SweeterSwift')
cd /Users/admin/builder/spi-builder-workspace/.swiftpm/xcode
builtin-SwiftPerFileCompile TimeInterval+Sweeter.swift
SwiftCompile normal arm64 Compiling\ UIStackView+Sweeter.swift /Users/admin/builder/spi-builder-workspace/.dependencies/checkouts/SweeterSwift/Source/UIStackView+Sweeter.swift (in target 'SweeterSwift' from project 'SweeterSwift')
SwiftCompile normal arm64 /Users/admin/builder/spi-builder-workspace/.dependencies/checkouts/SweeterSwift/Source/UIStackView+Sweeter.swift (in target 'SweeterSwift' from project 'SweeterSwift')
cd /Users/admin/builder/spi-builder-workspace/.swiftpm/xcode
builtin-SwiftPerFileCompile UIStackView+Sweeter.swift
SwiftCompile normal arm64 Compiling\ Codable+Sweeter.swift,\ DateFormatter+Sweeter.swift /Users/admin/builder/spi-builder-workspace/.dependencies/checkouts/SweeterSwift/Source/Codable+Sweeter.swift /Users/admin/builder/spi-builder-workspace/.dependencies/checkouts/SweeterSwift/Source/DateFormatter+Sweeter.swift (in target 'SweeterSwift' from project 'SweeterSwift')
SwiftCompile normal arm64 /Users/admin/builder/spi-builder-workspace/.dependencies/checkouts/SweeterSwift/Source/Codable+Sweeter.swift (in target 'SweeterSwift' from project 'SweeterSwift')
cd /Users/admin/builder/spi-builder-workspace/.swiftpm/xcode
builtin-SwiftPerFileCompile Codable+Sweeter.swift
SwiftCompile normal arm64 /Users/admin/builder/spi-builder-workspace/.dependencies/checkouts/SweeterSwift/Source/DateFormatter+Sweeter.swift (in target 'SweeterSwift' from project 'SweeterSwift')
cd /Users/admin/builder/spi-builder-workspace/.swiftpm/xcode
builtin-SwiftPerFileCompile DateFormatter+Sweeter.swift
SwiftCompile normal arm64 Compiling\ resource_bundle_accessor.swift,\ Bundle+Sweeter.swift /Users/admin/builder/spi-builder-workspace/.derivedData/Build/Intermediates.noindex/SweeterSwift.build/Debug-appletvos/SweeterSwift-t.build/DerivedSources/resource_bundle_accessor.swift /Users/admin/builder/spi-builder-workspace/.dependencies/checkouts/SweeterSwift/Source/Bundle+Sweeter.swift (in target 'SweeterSwift' from project 'SweeterSwift')
SwiftCompile normal arm64 /Users/admin/builder/spi-builder-workspace/.derivedData/Build/Intermediates.noindex/SweeterSwift.build/Debug-appletvos/SweeterSwift-t.build/DerivedSources/resource_bundle_accessor.swift (in target 'SweeterSwift' from project 'SweeterSwift')
cd /Users/admin/builder/spi-builder-workspace/.swiftpm/xcode
builtin-SwiftPerFileCompile resource_bundle_accessor.swift
SwiftCompile normal arm64 /Users/admin/builder/spi-builder-workspace/.dependencies/checkouts/SweeterSwift/Source/Bundle+Sweeter.swift (in target 'SweeterSwift' from project 'SweeterSwift')
cd /Users/admin/builder/spi-builder-workspace/.swiftpm/xcode
builtin-SwiftPerFileCompile Bundle+Sweeter.swift
SwiftCompile normal arm64 Compiling\ NSAttributedString+Sweeter.swift,\ NSManagedObjectContext+Sweeter.swift /Users/admin/builder/spi-builder-workspace/.dependencies/checkouts/SweeterSwift/Source/NSAttributedString+Sweeter.swift /Users/admin/builder/spi-builder-workspace/.dependencies/checkouts/SweeterSwift/Source/NSManagedObjectContext+Sweeter.swift (in target 'SweeterSwift' from project 'SweeterSwift')
SwiftCompile normal arm64 /Users/admin/builder/spi-builder-workspace/.dependencies/checkouts/SweeterSwift/Source/NSAttributedString+Sweeter.swift (in target 'SweeterSwift' from project 'SweeterSwift')
cd /Users/admin/builder/spi-builder-workspace/.swiftpm/xcode
builtin-SwiftPerFileCompile NSAttributedString+Sweeter.swift
SwiftCompile normal arm64 /Users/admin/builder/spi-builder-workspace/.dependencies/checkouts/SweeterSwift/Source/NSManagedObjectContext+Sweeter.swift (in target 'SweeterSwift' from project 'SweeterSwift')
cd /Users/admin/builder/spi-builder-workspace/.swiftpm/xcode
builtin-SwiftPerFileCompile NSManagedObjectContext+Sweeter.swift
SwiftDriverJobDiscovery normal arm64 Emitting module for SweeterSwift (in target 'SweeterSwift' from project 'SweeterSwift')
SwiftDriver\ Compilation\ Requirements SweeterSwift normal arm64 com.apple.xcode.tools.swift.compiler (in target 'SweeterSwift' from project 'SweeterSwift')
cd /Users/admin/builder/spi-builder-workspace/.swiftpm/xcode
builtin-Swift-Compilation-Requirements -- /Applications/Xcode-27.0.0-Release.Candidate.app/Contents/Developer/Toolchains/XcodeDefault.xctoolchain/usr/bin/swiftc -parse-as-library -module-name SweeterSwift -Onone @/Users/admin/builder/spi-builder-workspace/.derivedData/Build/Intermediates.noindex/SweeterSwift.build/Debug-appletvos/SweeterSwift-t.build/Objects-normal/arm64/SweeterSwift.SwiftFileList -DSWIFT_PACKAGE -DDEBUG -DSWIFT_MODULE_RESOURCE_BUNDLE_AVAILABLE -DXcode -plugin-path /Applications/Xcode-27.0.0-Release.Candidate.app/Contents/Developer/Toolchains/XcodeDefault.xctoolchain/usr/lib/swift/host/plugins/testing -enable-experimental-feature DebugDescriptionMacro -sdk /Applications/Xcode-27.0.0-Release.Candidate.app/Contents/Developer/Platforms/AppleTVOS.platform/Developer/SDKs/AppleTVOS27.0.sdk -target arm64-apple-tvos15.0 -g -module-cache-path /Users/admin/builder/spi-builder-workspace/.derivedData/ModuleCache.noindex -Xfrontend -serialize-debugging-options -enable-testing -suppress-warnings -index-store-path /Users/admin/builder/spi-builder-workspace/.derivedData/Index.noindex/DataStore -Xcc -D_LIBCPP_HARDENING_MODE\=_LIBCPP_HARDENING_MODE_DEBUG -swift-version 5 -I /Users/admin/builder/spi-builder-workspace/.derivedData/Build/Products/Debug-appletvos -Isystem /Applications/Xcode-27.0.0-Release.Candidate.app/Contents/Developer/Platforms/AppleTVOS.platform/Developer/usr/lib -F /Users/admin/builder/spi-builder-workspace/.derivedData/Build/Products/Debug-appletvos -F /Applications/Xcode-27.0.0-Release.Candidate.app/Contents/Developer/Platforms/AppleTVOS.platform/Developer/Library/Frameworks -F /Applications/Xcode-27.0.0-Release.Candidate.app/Contents/Developer/Platforms/AppleTVOS.platform/Developer/SDKs/AppleTVOS27.0.sdk/Developer/Library/Frameworks -c -j10 -enable-batch-mode -incremental -Xcc -ivfsstatcache -Xcc /Users/admin/builder/spi-builder-workspace/.derivedData/SDKStatCaches.noindex/appletvos27.0-24J360-e829b21a6f8c9b70876ba0858053c044b32bfd8d43560033f8d89884cdb90028.sdkstatcache -output-file-map /Users/admin/builder/spi-builder-workspace/.derivedData/Build/Intermediates.noindex/SweeterSwift.build/Debug-appletvos/SweeterSwift-t.build/Objects-normal/arm64/SweeterSwift-OutputFileMap.json -save-temps -no-color-diagnostics -explicit-module-build -module-cache-path /Users/admin/builder/spi-builder-workspace/.derivedData/Build/Intermediates.noindex/SwiftExplicitPrecompiledModules -clang-scanner-module-cache-path /Users/admin/builder/spi-builder-workspace/.derivedData/ModuleCache.noindex -sdk-module-cache-path /Users/admin/builder/spi-builder-workspace/.derivedData/SDKExplicitPrecompiledModules -emit-dependencies -emit-module -emit-module-path /Users/admin/builder/spi-builder-workspace/.derivedData/Build/Intermediates.noindex/SweeterSwift.build/Debug-appletvos/SweeterSwift-t.build/Objects-normal/arm64/SweeterSwift.swiftmodule -serialize-diagnostics -dependency-scan-serialize-diagnostics-path /Users/admin/builder/spi-builder-workspace/.derivedData/Build/Intermediates.noindex/SweeterSwift.build/Debug-appletvos/SweeterSwift-t.build/Objects-normal/arm64/SweeterSwift-dependency-scan.dia -validate-clang-modules-once -clang-build-session-file /Users/admin/builder/spi-builder-workspace/.derivedData/ModuleCache.noindex/Session.modulevalidation -Xcc -fmodules-prune-interval\=86400 -Xcc -fmodules-prune-after\=345600 -emit-const-values -const-gather-protocols-list /Users/admin/builder/spi-builder-workspace/.derivedData/Build/Intermediates.noindex/SweeterSwift.build/Debug-appletvos/SweeterSwift-t.build/Objects-normal/arm64/SweeterSwift_const_extract_protocols.json -Xcc -I/Users/admin/builder/spi-builder-workspace/.derivedData/Build/Products/Debug-appletvos/include -Xcc -I/Users/admin/builder/spi-builder-workspace/.derivedData/Build/Intermediates.noindex/SweeterSwift.build/Debug-appletvos/SweeterSwift-t.build/DerivedSources-normal/arm64 -Xcc -I/Users/admin/builder/spi-builder-workspace/.derivedData/Build/Intermediates.noindex/SweeterSwift.build/Debug-appletvos/SweeterSwift-t.build/DerivedSources/arm64 -Xcc -I/Users/admin/builder/spi-builder-workspace/.derivedData/Build/Intermediates.noindex/SweeterSwift.build/Debug-appletvos/SweeterSwift-t.build/DerivedSources -Xcc -DSWIFT_PACKAGE -Xcc -DDEBUG\=1 -emit-objc-header -emit-objc-header-path /Users/admin/builder/spi-builder-workspace/.derivedData/Build/Intermediates.noindex/SweeterSwift.build/Debug-appletvos/SweeterSwift-t.build/Objects-normal/arm64/SweeterSwift-Swift.h -working-directory /Users/admin/builder/spi-builder-workspace/.swiftpm/xcode -experimental-emit-module-separately -disable-cmo
SwiftDriverJobDiscovery normal arm64 Compiling Swift+Sweeter.swift, TimeInterval+Sweeter.swift (in target 'SweeterSwift' from project 'SweeterSwift')
SwiftDriverJobDiscovery normal arm64 Compiling resource_bundle_accessor.swift, Bundle+Sweeter.swift (in target 'SweeterSwift' from project 'SweeterSwift')
SwiftDriverJobDiscovery normal arm64 Compiling Codable+Sweeter.swift, DateFormatter+Sweeter.swift (in target 'SweeterSwift' from project 'SweeterSwift')
SwiftDriverJobDiscovery normal arm64 Compiling NSObject+Sweeter.swift, String+Sweeter.swift (in target 'SweeterSwift' from project 'SweeterSwift')
SwiftMergeGeneratedHeaders /Users/admin/builder/spi-builder-workspace/.derivedData/Build/Intermediates.noindex/GeneratedModuleMaps-appletvos/SweeterSwift-Swift.h /Users/admin/builder/spi-builder-workspace/.derivedData/Build/Intermediates.noindex/SweeterSwift.build/Debug-appletvos/SweeterSwift-t.build/Objects-normal/arm64/SweeterSwift-Swift.h (in target 'SweeterSwift' from project 'SweeterSwift')
cd /Users/admin/builder/spi-builder-workspace/.dependencies/checkouts/SweeterSwift
builtin-swiftHeaderTool -arch arm64 /Users/admin/builder/spi-builder-workspace/.derivedData/Build/Intermediates.noindex/SweeterSwift.build/Debug-appletvos/SweeterSwift-t.build/Objects-normal/arm64/SweeterSwift-Swift.h -o /Users/admin/builder/spi-builder-workspace/.derivedData/Build/Intermediates.noindex/GeneratedModuleMaps-appletvos/SweeterSwift-Swift.h
Copy /Users/admin/builder/spi-builder-workspace/.derivedData/Build/Products/Debug-appletvos/SweeterSwift.swiftmodule/arm64-apple-tvos.swiftmodule /Users/admin/builder/spi-builder-workspace/.derivedData/Build/Intermediates.noindex/SweeterSwift.build/Debug-appletvos/SweeterSwift-t.build/Objects-normal/arm64/SweeterSwift.swiftmodule (in target 'SweeterSwift' from project 'SweeterSwift')
cd /Users/admin/builder/spi-builder-workspace/.dependencies/checkouts/SweeterSwift
builtin-copy -exclude .DS_Store -exclude CVS -exclude .svn -exclude .git -exclude .hg -resolve-src-symlinks -rename /Users/admin/builder/spi-builder-workspace/.derivedData/Build/Intermediates.noindex/SweeterSwift.build/Debug-appletvos/SweeterSwift-t.build/Objects-normal/arm64/SweeterSwift.swiftmodule /Users/admin/builder/spi-builder-workspace/.derivedData/Build/Products/Debug-appletvos/SweeterSwift.swiftmodule/arm64-apple-tvos.swiftmodule
Copy /Users/admin/builder/spi-builder-workspace/.derivedData/Build/Products/Debug-appletvos/SweeterSwift.swiftmodule/arm64-apple-tvos.swiftdoc /Users/admin/builder/spi-builder-workspace/.derivedData/Build/Intermediates.noindex/SweeterSwift.build/Debug-appletvos/SweeterSwift-t.build/Objects-normal/arm64/SweeterSwift.swiftdoc (in target 'SweeterSwift' from project 'SweeterSwift')
cd /Users/admin/builder/spi-builder-workspace/.dependencies/checkouts/SweeterSwift
builtin-copy -exclude .DS_Store -exclude CVS -exclude .svn -exclude .git -exclude .hg -resolve-src-symlinks -rename /Users/admin/builder/spi-builder-workspace/.derivedData/Build/Intermediates.noindex/SweeterSwift.build/Debug-appletvos/SweeterSwift-t.build/Objects-normal/arm64/SweeterSwift.swiftdoc /Users/admin/builder/spi-builder-workspace/.derivedData/Build/Products/Debug-appletvos/SweeterSwift.swiftmodule/arm64-apple-tvos.swiftdoc
Copy /Users/admin/builder/spi-builder-workspace/.derivedData/Build/Products/Debug-appletvos/SweeterSwift.swiftmodule/arm64-apple-tvos.abi.json /Users/admin/builder/spi-builder-workspace/.derivedData/Build/Intermediates.noindex/SweeterSwift.build/Debug-appletvos/SweeterSwift-t.build/Objects-normal/arm64/SweeterSwift.abi.json (in target 'SweeterSwift' from project 'SweeterSwift')
cd /Users/admin/builder/spi-builder-workspace/.dependencies/checkouts/SweeterSwift
builtin-copy -exclude .DS_Store -exclude CVS -exclude .svn -exclude .git -exclude .hg -resolve-src-symlinks -rename /Users/admin/builder/spi-builder-workspace/.derivedData/Build/Intermediates.noindex/SweeterSwift.build/Debug-appletvos/SweeterSwift-t.build/Objects-normal/arm64/SweeterSwift.abi.json /Users/admin/builder/spi-builder-workspace/.derivedData/Build/Products/Debug-appletvos/SweeterSwift.swiftmodule/arm64-apple-tvos.abi.json
Copy /Users/admin/builder/spi-builder-workspace/.derivedData/Build/Products/Debug-appletvos/SweeterSwift.swiftmodule/Project/arm64-apple-tvos.swiftsourceinfo /Users/admin/builder/spi-builder-workspace/.derivedData/Build/Intermediates.noindex/SweeterSwift.build/Debug-appletvos/SweeterSwift-t.build/Objects-normal/arm64/SweeterSwift.swiftsourceinfo (in target 'SweeterSwift' from project 'SweeterSwift')
cd /Users/admin/builder/spi-builder-workspace/.dependencies/checkouts/SweeterSwift
builtin-copy -exclude .DS_Store -exclude CVS -exclude .svn -exclude .git -exclude .hg -resolve-src-symlinks -rename /Users/admin/builder/spi-builder-workspace/.derivedData/Build/Intermediates.noindex/SweeterSwift.build/Debug-appletvos/SweeterSwift-t.build/Objects-normal/arm64/SweeterSwift.swiftsourceinfo /Users/admin/builder/spi-builder-workspace/.derivedData/Build/Products/Debug-appletvos/SweeterSwift.swiftmodule/Project/arm64-apple-tvos.swiftsourceinfo
SwiftDriver MultiSelectSegmentedControl normal arm64 com.apple.xcode.tools.swift.compiler (in target 'MultiSelectSegmentedControl' from project 'MultiSelectSegmentedControl')
cd /Users/admin/builder/spi-builder-workspace/.swiftpm/xcode
builtin-SwiftDriver -- /Applications/Xcode-27.0.0-Release.Candidate.app/Contents/Developer/Toolchains/XcodeDefault.xctoolchain/usr/bin/swiftc -parse-as-library -module-name MultiSelectSegmentedControl -Onone @/Users/admin/builder/spi-builder-workspace/.derivedData/Build/Intermediates.noindex/MultiSelectSegmentedControl.build/Debug-appletvos/MultiSelectSegmentedControl-t.build/Objects-normal/arm64/MultiSelectSegmentedControl.SwiftFileList -DSWIFT_PACKAGE -DDEBUG -DSWIFT_MODULE_RESOURCE_BUNDLE_AVAILABLE -DXcode -plugin-path /Applications/Xcode-27.0.0-Release.Candidate.app/Contents/Developer/Toolchains/XcodeDefault.xctoolchain/usr/lib/swift/host/plugins/testing -enable-experimental-feature DebugDescriptionMacro -sdk /Applications/Xcode-27.0.0-Release.Candidate.app/Contents/Developer/Platforms/AppleTVOS.platform/Developer/SDKs/AppleTVOS27.0.sdk -target arm64-apple-tvos15.0 -g -module-cache-path /Users/admin/builder/spi-builder-workspace/.derivedData/ModuleCache.noindex -Xfrontend -serialize-debugging-options -enable-testing -index-store-path /Users/admin/builder/spi-builder-workspace/.derivedData/Index.noindex/DataStore -Xcc -D_LIBCPP_HARDENING_MODE\=_LIBCPP_HARDENING_MODE_DEBUG -swift-version 5 -I /Users/admin/builder/spi-builder-workspace/.derivedData/Build/Products/Debug-appletvos -Isystem /Applications/Xcode-27.0.0-Release.Candidate.app/Contents/Developer/Platforms/AppleTVOS.platform/Developer/usr/lib -F /Users/admin/builder/spi-builder-workspace/.derivedData/Build/Products/Debug-appletvos/PackageFrameworks -F /Users/admin/builder/spi-builder-workspace/.derivedData/Build/Products/Debug-appletvos -F /Applications/Xcode-27.0.0-Release.Candidate.app/Contents/Developer/Platforms/AppleTVOS.platform/Developer/Library/Frameworks -F /Applications/Xcode-27.0.0-Release.Candidate.app/Contents/Developer/Platforms/AppleTVOS.platform/Developer/SDKs/AppleTVOS27.0.sdk/Developer/Library/Frameworks -c -j10 -enable-batch-mode -incremental -Xcc -ivfsstatcache -Xcc /Users/admin/builder/spi-builder-workspace/.derivedData/SDKStatCaches.noindex/appletvos27.0-24J360-e829b21a6f8c9b70876ba0858053c044b32bfd8d43560033f8d89884cdb90028.sdkstatcache -output-file-map /Users/admin/builder/spi-builder-workspace/.derivedData/Build/Intermediates.noindex/MultiSelectSegmentedControl.build/Debug-appletvos/MultiSelectSegmentedControl-t.build/Objects-normal/arm64/MultiSelectSegmentedControl-OutputFileMap.json -save-temps -no-color-diagnostics -explicit-module-build -module-cache-path /Users/admin/builder/spi-builder-workspace/.derivedData/Build/Intermediates.noindex/SwiftExplicitPrecompiledModules -clang-scanner-module-cache-path /Users/admin/builder/spi-builder-workspace/.derivedData/ModuleCache.noindex -sdk-module-cache-path /Users/admin/builder/spi-builder-workspace/.derivedData/SDKExplicitPrecompiledModules -emit-dependencies -emit-module -emit-module-path /Users/admin/builder/spi-builder-workspace/.derivedData/Build/Intermediates.noindex/MultiSelectSegmentedControl.build/Debug-appletvos/MultiSelectSegmentedControl-t.build/Objects-normal/arm64/MultiSelectSegmentedControl.swiftmodule -serialize-diagnostics -dependency-scan-serialize-diagnostics-path /Users/admin/builder/spi-builder-workspace/.derivedData/Build/Intermediates.noindex/MultiSelectSegmentedControl.build/Debug-appletvos/MultiSelectSegmentedControl-t.build/Objects-normal/arm64/MultiSelectSegmentedControl-dependency-scan.dia -validate-clang-modules-once -clang-build-session-file /Users/admin/builder/spi-builder-workspace/.derivedData/ModuleCache.noindex/Session.modulevalidation -Xcc -fmodules-prune-interval\=86400 -Xcc -fmodules-prune-after\=345600 -emit-const-values -const-gather-protocols-list /Users/admin/builder/spi-builder-workspace/.derivedData/Build/Intermediates.noindex/MultiSelectSegmentedControl.build/Debug-appletvos/MultiSelectSegmentedControl-t.build/Objects-normal/arm64/MultiSelectSegmentedControl_const_extract_protocols.json -Xcc -I/Users/admin/builder/spi-builder-workspace/.derivedData/Build/Products/Debug-appletvos/include -Xcc -I/Users/admin/builder/spi-builder-workspace/.derivedData/Build/Intermediates.noindex/MultiSelectSegmentedControl.build/Debug-appletvos/MultiSelectSegmentedControl-t.build/DerivedSources-normal/arm64 -Xcc -I/Users/admin/builder/spi-builder-workspace/.derivedData/Build/Intermediates.noindex/MultiSelectSegmentedControl.build/Debug-appletvos/MultiSelectSegmentedControl-t.build/DerivedSources/arm64 -Xcc -I/Users/admin/builder/spi-builder-workspace/.derivedData/Build/Intermediates.noindex/MultiSelectSegmentedControl.build/Debug-appletvos/MultiSelectSegmentedControl-t.build/DerivedSources -Xcc -DSWIFT_PACKAGE -Xcc -DDEBUG\=1 -emit-objc-header -emit-objc-header-path /Users/admin/builder/spi-builder-workspace/.derivedData/Build/Intermediates.noindex/MultiSelectSegmentedControl.build/Debug-appletvos/MultiSelectSegmentedControl-t.build/Objects-normal/arm64/MultiSelectSegmentedControl-Swift.h -working-directory /Users/admin/builder/spi-builder-workspace/.swiftpm/xcode -experimental-emit-module-separately -disable-cmo
SwiftDriverJobDiscovery normal arm64 Compiling NSAttributedString+Sweeter.swift, NSManagedObjectContext+Sweeter.swift (in target 'SweeterSwift' from project 'SweeterSwift')
SwiftExplicitDependencyGeneratePcm arm64 /Users/admin/builder/spi-builder-workspace/.derivedData/SDKExplicitPrecompiledModules/SwiftUI-7BV1YDT6IZWW6B8OC6ENV0Y0F.pcm
SwiftExplicitDependencyGeneratePcm arm64 /Users/admin/builder/spi-builder-workspace/.derivedData/SDKExplicitPrecompiledModules/CoreAudioTypes-E7EH96HAL3G83QSWLT7VWYIP4.pcm
SwiftExplicitDependencyGeneratePcm arm64 /Users/admin/builder/spi-builder-workspace/.derivedData/SDKExplicitPrecompiledModules/CoreAudio-6IR1XRM0Q9YQZMFW89F3H4V3X.pcm
SwiftExplicitDependencyGeneratePcm arm64 /Users/admin/builder/spi-builder-workspace/.derivedData/SDKExplicitPrecompiledModules/CoreMedia-4OUKVT03LV547KZJDPPJRJ4F8.pcm
SwiftEmitModule normal arm64 Emitting\ module\ for\ MultiSelectSegmentedControl (in target 'MultiSelectSegmentedControl' from project 'MultiSelectSegmentedControl')
/Users/admin/builder/spi-builder-workspace/Sources/MultiSelectSegmentedControl.swift:407:1: warning: extension declares a conformance of imported type 'State' to imported protocol 'Hashable'; this will not behave correctly if the owners of 'UIKit' introduce this conformance in the future
405 | }
406 |
407 | extension UIControl.State: Hashable {}
| |- warning: extension declares a conformance of imported type 'State' to imported protocol 'Hashable'; this will not behave correctly if the owners of 'UIKit' introduce this conformance in the future
| `- note: add '@retroactive' to silence this warning
408 |
SwiftCompile normal arm64 (in target 'MultiSelectSegmentedControl' from project 'MultiSelectSegmentedControl')
cd /Users/admin/builder/spi-builder-workspace/.swiftpm/xcode
SwiftCompile normal arm64 Compiling\ resource_bundle_accessor.swift /Users/admin/builder/spi-builder-workspace/.derivedData/Build/Intermediates.noindex/MultiSelectSegmentedControl.build/Debug-appletvos/MultiSelectSegmentedControl-t.build/DerivedSources/resource_bundle_accessor.swift (in target 'MultiSelectSegmentedControl' from project 'MultiSelectSegmentedControl')
SwiftCompile normal arm64 /Users/admin/builder/spi-builder-workspace/.derivedData/Build/Intermediates.noindex/MultiSelectSegmentedControl.build/Debug-appletvos/MultiSelectSegmentedControl-t.build/DerivedSources/resource_bundle_accessor.swift (in target 'MultiSelectSegmentedControl' from project 'MultiSelectSegmentedControl')
cd /Users/admin/builder/spi-builder-workspace/.swiftpm/xcode
builtin-SwiftPerFileCompile resource_bundle_accessor.swift
SwiftCompile normal arm64 Compiling\ MultiSegmentPicker.swift /Users/admin/builder/spi-builder-workspace/Sources/MultiSegmentPicker.swift (in target 'MultiSelectSegmentedControl' from project 'MultiSelectSegmentedControl')
SwiftCompile normal arm64 /Users/admin/builder/spi-builder-workspace/Sources/MultiSegmentPicker.swift (in target 'MultiSelectSegmentedControl' from project 'MultiSelectSegmentedControl')
cd /Users/admin/builder/spi-builder-workspace/.swiftpm/xcode
builtin-SwiftPerFileCompile MultiSegmentPicker.swift
SwiftCompile normal arm64 Compiling\ MultiSelectSegment.swift /Users/admin/builder/spi-builder-workspace/Sources/MultiSelectSegment.swift (in target 'MultiSelectSegmentedControl' from project 'MultiSelectSegmentedControl')
/Users/admin/builder/spi-builder-workspace/Sources/MultiSelectSegment.swift:194:21: error: 'systemBackground' is unavailable in tvOS
192 | class var background: UIColor {
193 | if #available(iOS 13, *) {
194 | return .systemBackground
| `- error: 'systemBackground' is unavailable in tvOS
195 | } else {
196 | return .white
/Applications/Xcode-27.0.0-Release.Candidate.app/Contents/Developer/Platforms/AppleTVOS.platform/Developer/SDKs/AppleTVOS27.0.sdk/System/Library/Frameworks/UIKit.framework/Headers/UIInterface.h:208:49: note: 'systemBackground' has been explicitly marked unavailable here
206 | * primary background in light mode.
207 | */
208 | @property (class, nonatomic, readonly) UIColor *systemBackgroundColor API_AVAILABLE(ios(13.0)) API_UNAVAILABLE(tvos, watchos);
| `- note: 'systemBackground' has been explicitly marked unavailable here
209 | @property (class, nonatomic, readonly) UIColor *secondarySystemBackgroundColor API_AVAILABLE(ios(13.0)) API_UNAVAILABLE(tvos, watchos);
210 | @property (class, nonatomic, readonly) UIColor *tertiarySystemBackgroundColor API_AVAILABLE(ios(13.0)) API_UNAVAILABLE(tvos, watchos);
Failed frontend command:
/Applications/Xcode-27.0.0-Release.Candidate.app/Contents/Developer/Toolchains/XcodeDefault.xctoolchain/usr/bin/swift-frontend -frontend -c /Users/admin/builder/spi-builder-workspace/.derivedData/Build/Intermediates.noindex/MultiSelectSegmentedControl.build/Debug-appletvos/MultiSelectSegmentedControl-t.build/DerivedSources/resource_bundle_accessor.swift /Users/admin/builder/spi-builder-workspace/Sources/MultiSegmentPicker.swift -primary-file /Users/admin/builder/spi-builder-workspace/Sources/MultiSelectSegment.swift /Users/admin/builder/spi-builder-workspace/Sources/MultiSelectSegmentedControl.swift -emit-dependencies-path /Users/admin/builder/spi-builder-workspace/.derivedData/Build/Intermediates.noindex/MultiSelectSegmentedControl.build/Debug-appletvos/MultiSelectSegmentedControl-t.build/Objects-normal/arm64/MultiSelectSegment.d -emit-const-values-path /Users/admin/builder/spi-builder-workspace/.derivedData/Build/Intermediates.noindex/MultiSelectSegmentedControl.build/Debug-appletvos/MultiSelectSegmentedControl-t.build/Objects-normal/arm64/MultiSelectSegment.swiftconstvalues -emit-reference-dependencies-path /Users/admin/builder/spi-builder-workspace/.derivedData/Build/Intermediates.noindex/MultiSelectSegmentedControl.build/Debug-appletvos/MultiSelectSegmentedControl-t.build/Objects-normal/arm64/MultiSelectSegment.swiftdeps -serialize-diagnostics-path /Users/admin/builder/spi-builder-workspace/.derivedData/Build/Intermediates.noindex/MultiSelectSegmentedControl.build/Debug-appletvos/MultiSelectSegmentedControl-t.build/Objects-normal/arm64/MultiSelectSegment.dia -target arm64-apple-tvos15.0 -module-can-import-version SwiftUI 8.0.84 8.0.84 -disable-cross-import-overlay-search -load-resolved-plugin /Applications/Xcode-27.0.0-Release.Candidate.app/Contents/Developer/Platforms/AppleTVOS.platform/Developer/usr/lib/swift/host/plugins/libFoundationMacros.dylib\#/Applications/Xcode-27.0.0-Release.Candidate.app/Contents/Developer/Platforms/AppleTVOS.platform/Developer/usr/bin/swift-plugin-server\#FoundationMacros -load-resolved-plugin /Applications/Xcode-27.0.0-Release.Candidate.app/Contents/Developer/Platforms/AppleTVOS.platform/Developer/usr/lib/swift/host/plugins/libObservationMacros.dylib\#/Applications/Xcode-27.0.0-Release.Candidate.app/Contents/Developer/Platforms/AppleTVOS.platform/Developer/usr/bin/swift-plugin-server\#ObservationMacros -load-resolved-plugin /Applications/Xcode-27.0.0-Release.Candidate.app/Contents/Developer/Platforms/AppleTVOS.platform/Developer/usr/lib/swift/host/plugins/libPreviewsMacros.dylib\#/Applications/Xcode-27.0.0-Release.Candidate.app/Contents/Developer/Platforms/AppleTVOS.platform/Developer/usr/bin/swift-plugin-server\#PreviewsMacros -load-resolved-plugin /Applications/Xcode-27.0.0-Release.Candidate.app/Contents/Developer/Platforms/AppleTVOS.platform/Developer/usr/lib/swift/host/plugins/libSwiftMacros.dylib\#/Applications/Xcode-27.0.0-Release.Candidate.app/Contents/Developer/Platforms/AppleTVOS.platform/Developer/usr/bin/swift-plugin-server\#SwiftMacros -load-resolved-plugin /Applications/Xcode-27.0.0-Release.Candidate.app/Contents/Developer/Platforms/AppleTVOS.platform/Developer/usr/lib/swift/host/plugins/libSwiftUIMacros.dylib\#/Applications/Xcode-27.0.0-Release.Candidate.app/Contents/Developer/Platforms/AppleTVOS.platform/Developer/usr/bin/swift-plugin-server\#SwiftUIMacros -disable-implicit-swift-modules -Xcc -fno-implicit-modules -Xcc -fno-implicit-module-maps -explicit-swift-module-map-file /Users/admin/builder/spi-builder-workspace/.derivedData/Build/Intermediates.noindex/MultiSelectSegmentedControl.build/Debug-appletvos/MultiSelectSegmentedControl-t.build/Objects-normal/arm64/MultiSelectSegmentedControl-dependencies-1.json -Xllvm -aarch64-use-tbi -enable-objc-interop -stack-check -sdk /Applications/Xcode-27.0.0-Release.Candidate.app/Contents/Developer/Platforms/AppleTVOS.platform/Developer/SDKs/AppleTVOS27.0.sdk -I /Users/admin/builder/spi-builder-workspace/.derivedData/Build/Products/Debug-appletvos -Isystem /Applications/Xcode-27.0.0-Release.Candidate.app/Contents/Developer/Platforms/AppleTVOS.platform/Developer/usr/lib -F /Users/admin/builder/spi-builder-workspace/.derivedData/Build/Products/Debug-appletvos/PackageFrameworks -F /Users/admin/builder/spi-builder-workspace/.derivedData/Build/Products/Debug-appletvos -F /Applications/Xcode-27.0.0-Release.Candidate.app/Contents/Developer/Platforms/AppleTVOS.platform/Developer/Library/Frameworks -F /Applications/Xcode-27.0.0-Release.Candidate.app/Contents/Developer/Platforms/AppleTVOS.platform/Developer/SDKs/AppleTVOS27.0.sdk/Developer/Library/Frameworks -module-cache-path /Users/admin/builder/spi-builder-workspace/.derivedData/Build/Intermediates.noindex/SwiftExplicitPrecompiledModules -no-color-diagnostics -Xcc -fno-color-diagnostics -enable-testing -g -debug-info-format\=dwarf -dwarf-version\=4 -swift-version 5 -Onone -D SWIFT_PACKAGE -D DEBUG -D SWIFT_MODULE_RESOURCE_BUNDLE_AVAILABLE -D Xcode -serialize-debugging-options -enable-experimental-feature DebugDescriptionMacro -empty-abi-descriptor -validate-clang-modules-once -clang-build-session-file /Users/admin/builder/spi-builder-workspace/.derivedData/ModuleCache.noindex/Session.modulevalidation -Xcc -working-directory -Xcc /Users/admin/builder/spi-builder-workspace/.swiftpm/xcode -enable-anonymous-context-mangled-names -file-compilation-dir /Users/admin/builder/spi-builder-workspace/.swiftpm/xcode -Xcc -D_LIBCPP_HARDENING_MODE\=_LIBCPP_HARDENING_MODE_DEBUG -Xcc -ivfsstatcache -Xcc /Users/admin/builder/spi-builder-workspace/.derivedData/SDKStatCaches.noindex/appletvos27.0-24J360-e829b21a6f8c9b70876ba0858053c044b32bfd8d43560033f8d89884cdb90028.sdkstatcache -Xcc -fmodules-prune-interval\=86400 -Xcc -fmodules-prune-after\=345600 -Xcc -I/Users/admin/builder/spi-builder-workspace/.derivedData/Build/Products/Debug-appletvos/include -Xcc -I/Users/admin/builder/spi-builder-workspace/.derivedData/Build/Intermediates.noindex/MultiSelectSegmentedControl.build/Debug-appletvos/MultiSelectSegmentedControl-t.build/DerivedSources-normal/arm64 -Xcc -I/Users/admin/builder/spi-builder-workspace/.derivedData/Build/Intermediates.noindex/MultiSelectSegmentedControl.build/Debug-appletvos/MultiSelectSegmentedControl-t.build/DerivedSources/arm64 -Xcc -I/Users/admin/builder/spi-builder-workspace/.derivedData/Build/Intermediates.noindex/MultiSelectSegmentedControl.build/Debug-appletvos/MultiSelectSegmentedControl-t.build/DerivedSources -Xcc -DSWIFT_PACKAGE -Xcc -DDEBUG\=1 -no-auto-bridging-header-chaining -module-name MultiSelectSegmentedControl -const-gather-protocols-file /Users/admin/builder/spi-builder-workspace/.derivedData/Build/Intermediates.noindex/MultiSelectSegmentedControl.build/Debug-appletvos/MultiSelectSegmentedControl-t.build/Objects-normal/arm64/MultiSelectSegmentedControl_const_extract_protocols.json -disable-clang-spi -clang-target arm64-apple-tvos27.0 -target-sdk-version 27.0 -target-sdk-name appletvos27.0 -in-process-plugin-server-path /Applications/Xcode-27.0.0-Release.Candidate.app/Contents/Developer/Toolchains/XcodeDefault.xctoolchain/usr/lib/swift/host/libSwiftInProcPluginServer.dylib -parse-as-library -o /Users/admin/builder/spi-builder-workspace/.derivedData/Build/Intermediates.noindex/MultiSelectSegmentedControl.build/Debug-appletvos/MultiSelectSegmentedControl-t.build/Objects-normal/arm64/MultiSelectSegment.o -debug-module-path /Users/admin/builder/spi-builder-workspace/.derivedData/Build/Intermediates.noindex/MultiSelectSegmentedControl.build/Debug-appletvos/MultiSelectSegmentedControl-t.build/Objects-normal/arm64/MultiSelectSegmentedControl.swiftmodule -index-unit-output-path /MultiSelectSegmentedControl.build/Debug-appletvos/MultiSelectSegmentedControl-t.build/Objects-normal/arm64/MultiSelectSegment.o -index-store-path /Users/admin/builder/spi-builder-workspace/.derivedData/Index.noindex/DataStore -index-system-modules
SwiftCompile normal arm64 /Users/admin/builder/spi-builder-workspace/Sources/MultiSelectSegment.swift (in target 'MultiSelectSegmentedControl' from project 'MultiSelectSegmentedControl')
cd /Users/admin/builder/spi-builder-workspace/.swiftpm/xcode
builtin-SwiftPerFileCompile MultiSelectSegment.swift
SwiftCompile normal arm64 Compiling\ MultiSelectSegmentedControl.swift /Users/admin/builder/spi-builder-workspace/Sources/MultiSelectSegmentedControl.swift (in target 'MultiSelectSegmentedControl' from project 'MultiSelectSegmentedControl')
SwiftCompile normal arm64 /Users/admin/builder/spi-builder-workspace/Sources/MultiSelectSegmentedControl.swift (in target 'MultiSelectSegmentedControl' from project 'MultiSelectSegmentedControl')
cd /Users/admin/builder/spi-builder-workspace/.swiftpm/xcode
builtin-SwiftPerFileCompile MultiSelectSegmentedControl.swift
SwiftDriverJobDiscovery normal arm64 Compiling resource_bundle_accessor.swift (in target 'MultiSelectSegmentedControl' from project 'MultiSelectSegmentedControl')
SwiftDriverJobDiscovery normal arm64 Emitting module for MultiSelectSegmentedControl (in target 'MultiSelectSegmentedControl' from project 'MultiSelectSegmentedControl')
SwiftDriver\ Compilation\ Requirements MultiSelectSegmentedControl normal arm64 com.apple.xcode.tools.swift.compiler (in target 'MultiSelectSegmentedControl' from project 'MultiSelectSegmentedControl')
cd /Users/admin/builder/spi-builder-workspace/.swiftpm/xcode
builtin-Swift-Compilation-Requirements -- /Applications/Xcode-27.0.0-Release.Candidate.app/Contents/Developer/Toolchains/XcodeDefault.xctoolchain/usr/bin/swiftc -parse-as-library -module-name MultiSelectSegmentedControl -Onone @/Users/admin/builder/spi-builder-workspace/.derivedData/Build/Intermediates.noindex/MultiSelectSegmentedControl.build/Debug-appletvos/MultiSelectSegmentedControl-t.build/Objects-normal/arm64/MultiSelectSegmentedControl.SwiftFileList -DSWIFT_PACKAGE -DDEBUG -DSWIFT_MODULE_RESOURCE_BUNDLE_AVAILABLE -DXcode -plugin-path /Applications/Xcode-27.0.0-Release.Candidate.app/Contents/Developer/Toolchains/XcodeDefault.xctoolchain/usr/lib/swift/host/plugins/testing -enable-experimental-feature DebugDescriptionMacro -sdk /Applications/Xcode-27.0.0-Release.Candidate.app/Contents/Developer/Platforms/AppleTVOS.platform/Developer/SDKs/AppleTVOS27.0.sdk -target arm64-apple-tvos15.0 -g -module-cache-path /Users/admin/builder/spi-builder-workspace/.derivedData/ModuleCache.noindex -Xfrontend -serialize-debugging-options -enable-testing -index-store-path /Users/admin/builder/spi-builder-workspace/.derivedData/Index.noindex/DataStore -Xcc -D_LIBCPP_HARDENING_MODE\=_LIBCPP_HARDENING_MODE_DEBUG -swift-version 5 -I /Users/admin/builder/spi-builder-workspace/.derivedData/Build/Products/Debug-appletvos -Isystem /Applications/Xcode-27.0.0-Release.Candidate.app/Contents/Developer/Platforms/AppleTVOS.platform/Developer/usr/lib -F /Users/admin/builder/spi-builder-workspace/.derivedData/Build/Products/Debug-appletvos/PackageFrameworks -F /Users/admin/builder/spi-builder-workspace/.derivedData/Build/Products/Debug-appletvos -F /Applications/Xcode-27.0.0-Release.Candidate.app/Contents/Developer/Platforms/AppleTVOS.platform/Developer/Library/Frameworks -F /Applications/Xcode-27.0.0-Release.Candidate.app/Contents/Developer/Platforms/AppleTVOS.platform/Developer/SDKs/AppleTVOS27.0.sdk/Developer/Library/Frameworks -c -j10 -enable-batch-mode -incremental -Xcc -ivfsstatcache -Xcc /Users/admin/builder/spi-builder-workspace/.derivedData/SDKStatCaches.noindex/appletvos27.0-24J360-e829b21a6f8c9b70876ba0858053c044b32bfd8d43560033f8d89884cdb90028.sdkstatcache -output-file-map /Users/admin/builder/spi-builder-workspace/.derivedData/Build/Intermediates.noindex/MultiSelectSegmentedControl.build/Debug-appletvos/MultiSelectSegmentedControl-t.build/Objects-normal/arm64/MultiSelectSegmentedControl-OutputFileMap.json -save-temps -no-color-diagnostics -explicit-module-build -module-cache-path /Users/admin/builder/spi-builder-workspace/.derivedData/Build/Intermediates.noindex/SwiftExplicitPrecompiledModules -clang-scanner-module-cache-path /Users/admin/builder/spi-builder-workspace/.derivedData/ModuleCache.noindex -sdk-module-cache-path /Users/admin/builder/spi-builder-workspace/.derivedData/SDKExplicitPrecompiledModules -emit-dependencies -emit-module -emit-module-path /Users/admin/builder/spi-builder-workspace/.derivedData/Build/Intermediates.noindex/MultiSelectSegmentedControl.build/Debug-appletvos/MultiSelectSegmentedControl-t.build/Objects-normal/arm64/MultiSelectSegmentedControl.swiftmodule -serialize-diagnostics -dependency-scan-serialize-diagnostics-path /Users/admin/builder/spi-builder-workspace/.derivedData/Build/Intermediates.noindex/MultiSelectSegmentedControl.build/Debug-appletvos/MultiSelectSegmentedControl-t.build/Objects-normal/arm64/MultiSelectSegmentedControl-dependency-scan.dia -validate-clang-modules-once -clang-build-session-file /Users/admin/builder/spi-builder-workspace/.derivedData/ModuleCache.noindex/Session.modulevalidation -Xcc -fmodules-prune-interval\=86400 -Xcc -fmodules-prune-after\=345600 -emit-const-values -const-gather-protocols-list /Users/admin/builder/spi-builder-workspace/.derivedData/Build/Intermediates.noindex/MultiSelectSegmentedControl.build/Debug-appletvos/MultiSelectSegmentedControl-t.build/Objects-normal/arm64/MultiSelectSegmentedControl_const_extract_protocols.json -Xcc -I/Users/admin/builder/spi-builder-workspace/.derivedData/Build/Products/Debug-appletvos/include -Xcc -I/Users/admin/builder/spi-builder-workspace/.derivedData/Build/Intermediates.noindex/MultiSelectSegmentedControl.build/Debug-appletvos/MultiSelectSegmentedControl-t.build/DerivedSources-normal/arm64 -Xcc -I/Users/admin/builder/spi-builder-workspace/.derivedData/Build/Intermediates.noindex/MultiSelectSegmentedControl.build/Debug-appletvos/MultiSelectSegmentedControl-t.build/DerivedSources/arm64 -Xcc -I/Users/admin/builder/spi-builder-workspace/.derivedData/Build/Intermediates.noindex/MultiSelectSegmentedControl.build/Debug-appletvos/MultiSelectSegmentedControl-t.build/DerivedSources -Xcc -DSWIFT_PACKAGE -Xcc -DDEBUG\=1 -emit-objc-header -emit-objc-header-path /Users/admin/builder/spi-builder-workspace/.derivedData/Build/Intermediates.noindex/MultiSelectSegmentedControl.build/Debug-appletvos/MultiSelectSegmentedControl-t.build/Objects-normal/arm64/MultiSelectSegmentedControl-Swift.h -working-directory /Users/admin/builder/spi-builder-workspace/.swiftpm/xcode -experimental-emit-module-separately -disable-cmo
SwiftMergeGeneratedHeaders /Users/admin/builder/spi-builder-workspace/.derivedData/Build/Intermediates.noindex/GeneratedModuleMaps-appletvos/MultiSelectSegmentedControl-Swift.h /Users/admin/builder/spi-builder-workspace/.derivedData/Build/Intermediates.noindex/MultiSelectSegmentedControl.build/Debug-appletvos/MultiSelectSegmentedControl-t.build/Objects-normal/arm64/MultiSelectSegmentedControl-Swift.h (in target 'MultiSelectSegmentedControl' from project 'MultiSelectSegmentedControl')
cd /Users/admin/builder/spi-builder-workspace
builtin-swiftHeaderTool -arch arm64 /Users/admin/builder/spi-builder-workspace/.derivedData/Build/Intermediates.noindex/MultiSelectSegmentedControl.build/Debug-appletvos/MultiSelectSegmentedControl-t.build/Objects-normal/arm64/MultiSelectSegmentedControl-Swift.h -o /Users/admin/builder/spi-builder-workspace/.derivedData/Build/Intermediates.noindex/GeneratedModuleMaps-appletvos/MultiSelectSegmentedControl-Swift.h
Copy /Users/admin/builder/spi-builder-workspace/.derivedData/Build/Products/Debug-appletvos/MultiSelectSegmentedControl.swiftmodule/arm64-apple-tvos.swiftmodule /Users/admin/builder/spi-builder-workspace/.derivedData/Build/Intermediates.noindex/MultiSelectSegmentedControl.build/Debug-appletvos/MultiSelectSegmentedControl-t.build/Objects-normal/arm64/MultiSelectSegmentedControl.swiftmodule (in target 'MultiSelectSegmentedControl' from project 'MultiSelectSegmentedControl')
cd /Users/admin/builder/spi-builder-workspace
builtin-copy -exclude .DS_Store -exclude CVS -exclude .svn -exclude .git -exclude .hg -resolve-src-symlinks -rename /Users/admin/builder/spi-builder-workspace/.derivedData/Build/Intermediates.noindex/MultiSelectSegmentedControl.build/Debug-appletvos/MultiSelectSegmentedControl-t.build/Objects-normal/arm64/MultiSelectSegmentedControl.swiftmodule /Users/admin/builder/spi-builder-workspace/.derivedData/Build/Products/Debug-appletvos/MultiSelectSegmentedControl.swiftmodule/arm64-apple-tvos.swiftmodule
Copy /Users/admin/builder/spi-builder-workspace/.derivedData/Build/Products/Debug-appletvos/MultiSelectSegmentedControl.swiftmodule/arm64-apple-tvos.swiftdoc /Users/admin/builder/spi-builder-workspace/.derivedData/Build/Intermediates.noindex/MultiSelectSegmentedControl.build/Debug-appletvos/MultiSelectSegmentedControl-t.build/Objects-normal/arm64/MultiSelectSegmentedControl.swiftdoc (in target 'MultiSelectSegmentedControl' from project 'MultiSelectSegmentedControl')
cd /Users/admin/builder/spi-builder-workspace
builtin-copy -exclude .DS_Store -exclude CVS -exclude .svn -exclude .git -exclude .hg -resolve-src-symlinks -rename /Users/admin/builder/spi-builder-workspace/.derivedData/Build/Intermediates.noindex/MultiSelectSegmentedControl.build/Debug-appletvos/MultiSelectSegmentedControl-t.build/Objects-normal/arm64/MultiSelectSegmentedControl.swiftdoc /Users/admin/builder/spi-builder-workspace/.derivedData/Build/Products/Debug-appletvos/MultiSelectSegmentedControl.swiftmodule/arm64-apple-tvos.swiftdoc
Copy /Users/admin/builder/spi-builder-workspace/.derivedData/Build/Products/Debug-appletvos/MultiSelectSegmentedControl.swiftmodule/arm64-apple-tvos.abi.json /Users/admin/builder/spi-builder-workspace/.derivedData/Build/Intermediates.noindex/MultiSelectSegmentedControl.build/Debug-appletvos/MultiSelectSegmentedControl-t.build/Objects-normal/arm64/MultiSelectSegmentedControl.abi.json (in target 'MultiSelectSegmentedControl' from project 'MultiSelectSegmentedControl')
cd /Users/admin/builder/spi-builder-workspace
builtin-copy -exclude .DS_Store -exclude CVS -exclude .svn -exclude .git -exclude .hg -resolve-src-symlinks -rename /Users/admin/builder/spi-builder-workspace/.derivedData/Build/Intermediates.noindex/MultiSelectSegmentedControl.build/Debug-appletvos/MultiSelectSegmentedControl-t.build/Objects-normal/arm64/MultiSelectSegmentedControl.abi.json /Users/admin/builder/spi-builder-workspace/.derivedData/Build/Products/Debug-appletvos/MultiSelectSegmentedControl.swiftmodule/arm64-apple-tvos.abi.json
Copy /Users/admin/builder/spi-builder-workspace/.derivedData/Build/Products/Debug-appletvos/MultiSelectSegmentedControl.swiftmodule/Project/arm64-apple-tvos.swiftsourceinfo /Users/admin/builder/spi-builder-workspace/.derivedData/Build/Intermediates.noindex/MultiSelectSegmentedControl.build/Debug-appletvos/MultiSelectSegmentedControl-t.build/Objects-normal/arm64/MultiSelectSegmentedControl.swiftsourceinfo (in target 'MultiSelectSegmentedControl' from project 'MultiSelectSegmentedControl')
cd /Users/admin/builder/spi-builder-workspace
builtin-copy -exclude .DS_Store -exclude CVS -exclude .svn -exclude .git -exclude .hg -resolve-src-symlinks -rename /Users/admin/builder/spi-builder-workspace/.derivedData/Build/Intermediates.noindex/MultiSelectSegmentedControl.build/Debug-appletvos/MultiSelectSegmentedControl-t.build/Objects-normal/arm64/MultiSelectSegmentedControl.swiftsourceinfo /Users/admin/builder/spi-builder-workspace/.derivedData/Build/Products/Debug-appletvos/MultiSelectSegmentedControl.swiftmodule/Project/arm64-apple-tvos.swiftsourceinfo
PruneExplicitPrecompiledModules /Users/admin/builder/spi-builder-workspace/.derivedData/Build/Intermediates.noindex/ExplicitPrecompiledModules
PruneExplicitPrecompiledModules /Users/admin/builder/spi-builder-workspace/.derivedData/Build/Intermediates.noindex/SwiftExplicitPrecompiledModules
PruneExplicitPrecompiledModules /Users/admin/builder/spi-builder-workspace/.derivedData/SDKExplicitPrecompiledModules
2026-09-22 04:49:18.409 xcodebuild[705:4429] [MT] IDERunDestination: Supported platforms for the buildables in the current scheme is empty.
** BUILD FAILED **
The following build commands failed:
SwiftCompile normal arm64 Compiling\ MultiSelectSegment.swift /Users/admin/builder/spi-builder-workspace/Sources/MultiSelectSegment.swift (in target 'MultiSelectSegmentedControl' from project 'MultiSelectSegmentedControl')
SwiftCompile normal arm64 /Users/admin/builder/spi-builder-workspace/Sources/MultiSelectSegment.swift (in target 'MultiSelectSegmentedControl' from project 'MultiSelectSegmentedControl')
Building workspace MultiSelectSegmentedControl with scheme MultiSelectSegmentedControl
(3 failures)
Command line invocation:
/Applications/Xcode-27.0.0-Release.Candidate.app/Contents/Developer/usr/bin/xcodebuild -IDEClonedSourcePackagesDirPathOverride=/Users/admin/builder/spi-builder-workspace/.dependencies -resolvePackageDependencies
Resolve Package Graph
Resolved source packages:
MultiSelectSegmentedControl: /Users/admin/builder/spi-builder-workspace
SweeterSwift: https://github.com/yonat/SweeterSwift @ 1.2.6
resolved source packages: MultiSelectSegmentedControl, SweeterSwift
2026-09-22 04:49:27.743 xcodebuild[807:4949] [MT] IDERunDestination: Supported platforms for the buildables in the current scheme is empty.
{
"dependencies" : [
{
"identity" : "sweeterswift",
"requirement" : {
"range" : [
{
"lower_bound" : "1.0.4",
"upper_bound" : "2.0.0"
}
]
},
"type" : "sourceControl",
"url" : "https://github.com/yonat/SweeterSwift"
}
],
"manifest_display_name" : "MultiSelectSegmentedControl",
"name" : "MultiSelectSegmentedControl",
"path" : "/Users/admin/builder/spi-builder-workspace",
"platforms" : [
{
"name" : "ios",
"version" : "11.0"
}
],
"products" : [
{
"name" : "MultiSelectSegmentedControl",
"targets" : [
"MultiSelectSegmentedControl"
],
"type" : {
"library" : [
"automatic"
]
}
}
],
"swift_languages_versions" : [
"5"
],
"targets" : [
{
"c99name" : "MultiSelectSegmentedControl",
"module_type" : "SwiftTarget",
"name" : "MultiSelectSegmentedControl",
"path" : "Sources",
"product_dependencies" : [
"SweeterSwift"
],
"product_memberships" : [
"MultiSelectSegmentedControl"
],
"resources" : [
{
"path" : "/Users/admin/builder/spi-builder-workspace/Sources/PrivacyInfo.xcprivacy",
"rule" : {
"process" : {
}
}
}
],
"sources" : [
"MultiSegmentPicker.swift",
"MultiSelectSegment.swift",
"MultiSelectSegmentedControl.swift"
],
"type" : "library"
}
],
"tools_version" : "5.6"
}
{
"workspace" : {
"name" : "MultiSelectSegmentedControl",
"schemes" : [
"MultiSelectSegmentedControl"
]
}
}
2026-09-22 04:49:29.005 xcodebuild[815:5017] [MT] IDERunDestination: Supported platforms for the buildables in the current scheme is empty.
Running build ...
env DEVELOPER_DIR=/Applications/Xcode-27.0.0-Release.Candidate.app xcrun xcodebuild -IDEClonedSourcePackagesDirPathOverride=$PWD/.dependencies -skipMacroValidation -skipPackagePluginValidation -derivedDataPath $PWD/.derivedData build -scheme MultiSelectSegmentedControl -destination generic/platform=tvOS
Command line invocation:
/Applications/Xcode-27.0.0-Release.Candidate.app/Contents/Developer/usr/bin/xcodebuild -IDEClonedSourcePackagesDirPathOverride=/Users/admin/builder/spi-builder-workspace/.dependencies -skipMacroValidation -skipPackagePluginValidation -derivedDataPath /Users/admin/builder/spi-builder-workspace/.derivedData build -scheme MultiSelectSegmentedControl -destination generic/platform=tvOS
Resolve Package Graph
Resolved source packages:
SweeterSwift: https://github.com/yonat/SweeterSwift @ 1.2.6
MultiSelectSegmentedControl: /Users/admin/builder/spi-builder-workspace
ComputePackagePrebuildTargetDependencyGraph
Prepare packages
CreateBuildRequest
SendProjectDescription
CreateBuildOperation
ComputeTargetDependencyGraph
note: Building targets in dependency order
note: Target dependency graph (6 targets)
Target 'MultiSelectSegmentedControl-product' in project 'MultiSelectSegmentedControl'
➜ Explicit dependency on target 'MultiSelectSegmentedControl' in project 'MultiSelectSegmentedControl'
➜ Explicit dependency on target 'MultiSelectSegmentedControl_MultiSelectSegmentedControl' in project 'MultiSelectSegmentedControl'
➜ Explicit dependency on target 'SweeterSwift-product' in project 'SweeterSwift'
Target 'MultiSelectSegmentedControl' in project 'MultiSelectSegmentedControl'
➜ Explicit dependency on target 'MultiSelectSegmentedControl_MultiSelectSegmentedControl' in project 'MultiSelectSegmentedControl'
➜ Explicit dependency on target 'SweeterSwift-product' in project 'SweeterSwift'
Target 'SweeterSwift-product' in project 'SweeterSwift'
➜ Explicit dependency on target 'SweeterSwift' in project 'SweeterSwift'
➜ Explicit dependency on target 'SweeterSwift_SweeterSwift' in project 'SweeterSwift'
Target 'SweeterSwift' in project 'SweeterSwift'
➜ Explicit dependency on target 'SweeterSwift_SweeterSwift' in project 'SweeterSwift'
Target 'SweeterSwift_SweeterSwift' in project 'SweeterSwift' (no dependencies)
Target 'MultiSelectSegmentedControl_MultiSelectSegmentedControl' in project 'MultiSelectSegmentedControl' (no dependencies)
GatherProvisioningInputs
CreateBuildDescription
ClangStatCache /Applications/Xcode-27.0.0-Release.Candidate.app/Contents/Developer/Toolchains/XcodeDefault.xctoolchain/usr/bin/clang-stat-cache /Applications/Xcode-27.0.0-Release.Candidate.app/Contents/Developer/Platforms/AppleTVOS.platform/Developer/SDKs/AppleTVOS27.0.sdk /Users/admin/builder/spi-builder-workspace/.derivedData/SDKStatCaches.noindex/appletvos27.0-24J360-e829b21a6f8c9b70876ba0858053c044b32bfd8d43560033f8d89884cdb90028.sdkstatcache
cd /Users/admin/builder/spi-builder-workspace/.swiftpm/xcode
/Applications/Xcode-27.0.0-Release.Candidate.app/Contents/Developer/Toolchains/XcodeDefault.xctoolchain/usr/bin/clang-stat-cache /Applications/Xcode-27.0.0-Release.Candidate.app/Contents/Developer/Platforms/AppleTVOS.platform/Developer/SDKs/AppleTVOS27.0.sdk -o /Users/admin/builder/spi-builder-workspace/.derivedData/SDKStatCaches.noindex/appletvos27.0-24J360-e829b21a6f8c9b70876ba0858053c044b32bfd8d43560033f8d89884cdb90028.sdkstatcache
SwiftDriver SweeterSwift normal arm64 com.apple.xcode.tools.swift.compiler (in target 'SweeterSwift' from project 'SweeterSwift')
cd /Users/admin/builder/spi-builder-workspace/.swiftpm/xcode
builtin-SwiftDriver -- /Applications/Xcode-27.0.0-Release.Candidate.app/Contents/Developer/Toolchains/XcodeDefault.xctoolchain/usr/bin/swiftc -parse-as-library -module-name SweeterSwift -Onone @/Users/admin/builder/spi-builder-workspace/.derivedData/Build/Intermediates.noindex/SweeterSwift.build/Debug-appletvos/SweeterSwift-t.build/Objects-normal/arm64/SweeterSwift.SwiftFileList -DSWIFT_PACKAGE -DDEBUG -DSWIFT_MODULE_RESOURCE_BUNDLE_AVAILABLE -DXcode -plugin-path /Applications/Xcode-27.0.0-Release.Candidate.app/Contents/Developer/Toolchains/XcodeDefault.xctoolchain/usr/lib/swift/host/plugins/testing -enable-experimental-feature DebugDescriptionMacro -sdk /Applications/Xcode-27.0.0-Release.Candidate.app/Contents/Developer/Platforms/AppleTVOS.platform/Developer/SDKs/AppleTVOS27.0.sdk -target arm64-apple-tvos15.0 -g -module-cache-path /Users/admin/builder/spi-builder-workspace/.derivedData/ModuleCache.noindex -Xfrontend -serialize-debugging-options -enable-testing -suppress-warnings -index-store-path /Users/admin/builder/spi-builder-workspace/.derivedData/Index.noindex/DataStore -Xcc -D_LIBCPP_HARDENING_MODE\=_LIBCPP_HARDENING_MODE_DEBUG -swift-version 5 -I /Users/admin/builder/spi-builder-workspace/.derivedData/Build/Products/Debug-appletvos -Isystem /Applications/Xcode-27.0.0-Release.Candidate.app/Contents/Developer/Platforms/AppleTVOS.platform/Developer/usr/lib -F /Users/admin/builder/spi-builder-workspace/.derivedData/Build/Products/Debug-appletvos -F /Applications/Xcode-27.0.0-Release.Candidate.app/Contents/Developer/Platforms/AppleTVOS.platform/Developer/Library/Frameworks -F /Applications/Xcode-27.0.0-Release.Candidate.app/Contents/Developer/Platforms/AppleTVOS.platform/Developer/SDKs/AppleTVOS27.0.sdk/Developer/Library/Frameworks -c -j10 -enable-batch-mode -incremental -Xcc -ivfsstatcache -Xcc /Users/admin/builder/spi-builder-workspace/.derivedData/SDKStatCaches.noindex/appletvos27.0-24J360-e829b21a6f8c9b70876ba0858053c044b32bfd8d43560033f8d89884cdb90028.sdkstatcache -output-file-map /Users/admin/builder/spi-builder-workspace/.derivedData/Build/Intermediates.noindex/SweeterSwift.build/Debug-appletvos/SweeterSwift-t.build/Objects-normal/arm64/SweeterSwift-OutputFileMap.json -save-temps -no-color-diagnostics -explicit-module-build -module-cache-path /Users/admin/builder/spi-builder-workspace/.derivedData/Build/Intermediates.noindex/SwiftExplicitPrecompiledModules -clang-scanner-module-cache-path /Users/admin/builder/spi-builder-workspace/.derivedData/ModuleCache.noindex -sdk-module-cache-path /Users/admin/builder/spi-builder-workspace/.derivedData/SDKExplicitPrecompiledModules -emit-dependencies -emit-module -emit-module-path /Users/admin/builder/spi-builder-workspace/.derivedData/Build/Intermediates.noindex/SweeterSwift.build/Debug-appletvos/SweeterSwift-t.build/Objects-normal/arm64/SweeterSwift.swiftmodule -serialize-diagnostics -dependency-scan-serialize-diagnostics-path /Users/admin/builder/spi-builder-workspace/.derivedData/Build/Intermediates.noindex/SweeterSwift.build/Debug-appletvos/SweeterSwift-t.build/Objects-normal/arm64/SweeterSwift-dependency-scan.dia -validate-clang-modules-once -clang-build-session-file /Users/admin/builder/spi-builder-workspace/.derivedData/ModuleCache.noindex/Session.modulevalidation -Xcc -fmodules-prune-interval\=86400 -Xcc -fmodules-prune-after\=345600 -emit-const-values -const-gather-protocols-list /Users/admin/builder/spi-builder-workspace/.derivedData/Build/Intermediates.noindex/SweeterSwift.build/Debug-appletvos/SweeterSwift-t.build/Objects-normal/arm64/SweeterSwift_const_extract_protocols.json -Xcc -I/Users/admin/builder/spi-builder-workspace/.derivedData/Build/Products/Debug-appletvos/include -Xcc -I/Users/admin/builder/spi-builder-workspace/.derivedData/Build/Intermediates.noindex/SweeterSwift.build/Debug-appletvos/SweeterSwift-t.build/DerivedSources-normal/arm64 -Xcc -I/Users/admin/builder/spi-builder-workspace/.derivedData/Build/Intermediates.noindex/SweeterSwift.build/Debug-appletvos/SweeterSwift-t.build/DerivedSources/arm64 -Xcc -I/Users/admin/builder/spi-builder-workspace/.derivedData/Build/Intermediates.noindex/SweeterSwift.build/Debug-appletvos/SweeterSwift-t.build/DerivedSources -Xcc -DSWIFT_PACKAGE -Xcc -DDEBUG\=1 -emit-objc-header -emit-objc-header-path /Users/admin/builder/spi-builder-workspace/.derivedData/Build/Intermediates.noindex/SweeterSwift.build/Debug-appletvos/SweeterSwift-t.build/Objects-normal/arm64/SweeterSwift-Swift.h -working-directory /Users/admin/builder/spi-builder-workspace/.swiftpm/xcode -experimental-emit-module-separately -disable-cmo
SwiftDriver MultiSelectSegmentedControl normal arm64 com.apple.xcode.tools.swift.compiler (in target 'MultiSelectSegmentedControl' from project 'MultiSelectSegmentedControl')
cd /Users/admin/builder/spi-builder-workspace/.swiftpm/xcode
builtin-SwiftDriver -- /Applications/Xcode-27.0.0-Release.Candidate.app/Contents/Developer/Toolchains/XcodeDefault.xctoolchain/usr/bin/swiftc -parse-as-library -module-name MultiSelectSegmentedControl -Onone @/Users/admin/builder/spi-builder-workspace/.derivedData/Build/Intermediates.noindex/MultiSelectSegmentedControl.build/Debug-appletvos/MultiSelectSegmentedControl-t.build/Objects-normal/arm64/MultiSelectSegmentedControl.SwiftFileList -DSWIFT_PACKAGE -DDEBUG -DSWIFT_MODULE_RESOURCE_BUNDLE_AVAILABLE -DXcode -plugin-path /Applications/Xcode-27.0.0-Release.Candidate.app/Contents/Developer/Toolchains/XcodeDefault.xctoolchain/usr/lib/swift/host/plugins/testing -enable-experimental-feature DebugDescriptionMacro -sdk /Applications/Xcode-27.0.0-Release.Candidate.app/Contents/Developer/Platforms/AppleTVOS.platform/Developer/SDKs/AppleTVOS27.0.sdk -target arm64-apple-tvos15.0 -g -module-cache-path /Users/admin/builder/spi-builder-workspace/.derivedData/ModuleCache.noindex -Xfrontend -serialize-debugging-options -enable-testing -index-store-path /Users/admin/builder/spi-builder-workspace/.derivedData/Index.noindex/DataStore -Xcc -D_LIBCPP_HARDENING_MODE\=_LIBCPP_HARDENING_MODE_DEBUG -swift-version 5 -I /Users/admin/builder/spi-builder-workspace/.derivedData/Build/Products/Debug-appletvos -Isystem /Applications/Xcode-27.0.0-Release.Candidate.app/Contents/Developer/Platforms/AppleTVOS.platform/Developer/usr/lib -F /Users/admin/builder/spi-builder-workspace/.derivedData/Build/Products/Debug-appletvos/PackageFrameworks -F /Users/admin/builder/spi-builder-workspace/.derivedData/Build/Products/Debug-appletvos -F /Applications/Xcode-27.0.0-Release.Candidate.app/Contents/Developer/Platforms/AppleTVOS.platform/Developer/Library/Frameworks -F /Applications/Xcode-27.0.0-Release.Candidate.app/Contents/Developer/Platforms/AppleTVOS.platform/Developer/SDKs/AppleTVOS27.0.sdk/Developer/Library/Frameworks -c -j10 -enable-batch-mode -incremental -Xcc -ivfsstatcache -Xcc /Users/admin/builder/spi-builder-workspace/.derivedData/SDKStatCaches.noindex/appletvos27.0-24J360-e829b21a6f8c9b70876ba0858053c044b32bfd8d43560033f8d89884cdb90028.sdkstatcache -output-file-map /Users/admin/builder/spi-builder-workspace/.derivedData/Build/Intermediates.noindex/MultiSelectSegmentedControl.build/Debug-appletvos/MultiSelectSegmentedControl-t.build/Objects-normal/arm64/MultiSelectSegmentedControl-OutputFileMap.json -save-temps -no-color-diagnostics -explicit-module-build -module-cache-path /Users/admin/builder/spi-builder-workspace/.derivedData/Build/Intermediates.noindex/SwiftExplicitPrecompiledModules -clang-scanner-module-cache-path /Users/admin/builder/spi-builder-workspace/.derivedData/ModuleCache.noindex -sdk-module-cache-path /Users/admin/builder/spi-builder-workspace/.derivedData/SDKExplicitPrecompiledModules -emit-dependencies -emit-module -emit-module-path /Users/admin/builder/spi-builder-workspace/.derivedData/Build/Intermediates.noindex/MultiSelectSegmentedControl.build/Debug-appletvos/MultiSelectSegmentedControl-t.build/Objects-normal/arm64/MultiSelectSegmentedControl.swiftmodule -serialize-diagnostics -dependency-scan-serialize-diagnostics-path /Users/admin/builder/spi-builder-workspace/.derivedData/Build/Intermediates.noindex/MultiSelectSegmentedControl.build/Debug-appletvos/MultiSelectSegmentedControl-t.build/Objects-normal/arm64/MultiSelectSegmentedControl-dependency-scan.dia -validate-clang-modules-once -clang-build-session-file /Users/admin/builder/spi-builder-workspace/.derivedData/ModuleCache.noindex/Session.modulevalidation -Xcc -fmodules-prune-interval\=86400 -Xcc -fmodules-prune-after\=345600 -emit-const-values -const-gather-protocols-list /Users/admin/builder/spi-builder-workspace/.derivedData/Build/Intermediates.noindex/MultiSelectSegmentedControl.build/Debug-appletvos/MultiSelectSegmentedControl-t.build/Objects-normal/arm64/MultiSelectSegmentedControl_const_extract_protocols.json -Xcc -I/Users/admin/builder/spi-builder-workspace/.derivedData/Build/Products/Debug-appletvos/include -Xcc -I/Users/admin/builder/spi-builder-workspace/.derivedData/Build/Intermediates.noindex/MultiSelectSegmentedControl.build/Debug-appletvos/MultiSelectSegmentedControl-t.build/DerivedSources-normal/arm64 -Xcc -I/Users/admin/builder/spi-builder-workspace/.derivedData/Build/Intermediates.noindex/MultiSelectSegmentedControl.build/Debug-appletvos/MultiSelectSegmentedControl-t.build/DerivedSources/arm64 -Xcc -I/Users/admin/builder/spi-builder-workspace/.derivedData/Build/Intermediates.noindex/MultiSelectSegmentedControl.build/Debug-appletvos/MultiSelectSegmentedControl-t.build/DerivedSources -Xcc -DSWIFT_PACKAGE -Xcc -DDEBUG\=1 -emit-objc-header -emit-objc-header-path /Users/admin/builder/spi-builder-workspace/.derivedData/Build/Intermediates.noindex/MultiSelectSegmentedControl.build/Debug-appletvos/MultiSelectSegmentedControl-t.build/Objects-normal/arm64/MultiSelectSegmentedControl-Swift.h -working-directory /Users/admin/builder/spi-builder-workspace/.swiftpm/xcode -experimental-emit-module-separately -disable-cmo
SwiftCompile normal arm64 Compiling\ UIApplication+Sweeter.swift /Users/admin/builder/spi-builder-workspace/.dependencies/checkouts/SweeterSwift/Source/UIApplication+Sweeter.swift (in target 'SweeterSwift' from project 'SweeterSwift')
SwiftCompile normal arm64 /Users/admin/builder/spi-builder-workspace/.dependencies/checkouts/SweeterSwift/Source/UIApplication+Sweeter.swift (in target 'SweeterSwift' from project 'SweeterSwift')
cd /Users/admin/builder/spi-builder-workspace/.swiftpm/xcode
builtin-SwiftPerFileCompile UIApplication+Sweeter.swift
SwiftCompile normal arm64 Compiling\ UIViewController+Sweeter.swift /Users/admin/builder/spi-builder-workspace/.dependencies/checkouts/SweeterSwift/Source/UIViewController+Sweeter.swift (in target 'SweeterSwift' from project 'SweeterSwift')
SwiftCompile normal arm64 /Users/admin/builder/spi-builder-workspace/.dependencies/checkouts/SweeterSwift/Source/UIViewController+Sweeter.swift (in target 'SweeterSwift' from project 'SweeterSwift')
cd /Users/admin/builder/spi-builder-workspace/.swiftpm/xcode
builtin-SwiftPerFileCompile UIViewController+Sweeter.swift
SwiftEmitModule normal arm64 Emitting\ module\ for\ SweeterSwift (in target 'SweeterSwift' from project 'SweeterSwift')
SwiftCompile normal arm64 (in target 'SweeterSwift' from project 'SweeterSwift')
cd /Users/admin/builder/spi-builder-workspace/.swiftpm/xcode
SwiftCompile normal arm64 Compiling\ UITextView+Sweeter.swift /Users/admin/builder/spi-builder-workspace/.dependencies/checkouts/SweeterSwift/Source/UITextView+Sweeter.swift (in target 'SweeterSwift' from project 'SweeterSwift')
SwiftCompile normal arm64 /Users/admin/builder/spi-builder-workspace/.dependencies/checkouts/SweeterSwift/Source/UITextView+Sweeter.swift (in target 'SweeterSwift' from project 'SweeterSwift')
cd /Users/admin/builder/spi-builder-workspace/.swiftpm/xcode
builtin-SwiftPerFileCompile UITextView+Sweeter.swift
SwiftCompile normal arm64 Compiling\ UIStackView+Sweeter.swift /Users/admin/builder/spi-builder-workspace/.dependencies/checkouts/SweeterSwift/Source/UIStackView+Sweeter.swift (in target 'SweeterSwift' from project 'SweeterSwift')
SwiftCompile normal arm64 /Users/admin/builder/spi-builder-workspace/.dependencies/checkouts/SweeterSwift/Source/UIStackView+Sweeter.swift (in target 'SweeterSwift' from project 'SweeterSwift')
cd /Users/admin/builder/spi-builder-workspace/.swiftpm/xcode
builtin-SwiftPerFileCompile UIStackView+Sweeter.swift
SwiftCompile normal arm64 Compiling\ UIView+Sweeter.swift /Users/admin/builder/spi-builder-workspace/.dependencies/checkouts/SweeterSwift/Source/UIView+Sweeter.swift (in target 'SweeterSwift' from project 'SweeterSwift')
SwiftCompile normal arm64 /Users/admin/builder/spi-builder-workspace/.dependencies/checkouts/SweeterSwift/Source/UIView+Sweeter.swift (in target 'SweeterSwift' from project 'SweeterSwift')
cd /Users/admin/builder/spi-builder-workspace/.swiftpm/xcode
builtin-SwiftPerFileCompile UIView+Sweeter.swift
SwiftCompile normal arm64 Compiling\ MultiSelectSegmentedControl.swift /Users/admin/builder/spi-builder-workspace/Sources/MultiSelectSegmentedControl.swift (in target 'MultiSelectSegmentedControl' from project 'MultiSelectSegmentedControl')
SwiftCompile normal arm64 /Users/admin/builder/spi-builder-workspace/Sources/MultiSelectSegmentedControl.swift (in target 'MultiSelectSegmentedControl' from project 'MultiSelectSegmentedControl')
cd /Users/admin/builder/spi-builder-workspace/.swiftpm/xcode
builtin-SwiftPerFileCompile MultiSelectSegmentedControl.swift
SwiftCompile normal arm64 Compiling\ MultiSegmentPicker.swift /Users/admin/builder/spi-builder-workspace/Sources/MultiSegmentPicker.swift (in target 'MultiSelectSegmentedControl' from project 'MultiSelectSegmentedControl')
SwiftCompile normal arm64 /Users/admin/builder/spi-builder-workspace/Sources/MultiSegmentPicker.swift (in target 'MultiSelectSegmentedControl' from project 'MultiSelectSegmentedControl')
cd /Users/admin/builder/spi-builder-workspace/.swiftpm/xcode
builtin-SwiftPerFileCompile MultiSegmentPicker.swift
SwiftCompile normal arm64 Compiling\ MultiSelectSegment.swift /Users/admin/builder/spi-builder-workspace/Sources/MultiSelectSegment.swift (in target 'MultiSelectSegmentedControl' from project 'MultiSelectSegmentedControl')
/Users/admin/builder/spi-builder-workspace/Sources/MultiSelectSegment.swift:194:21: error: 'systemBackground' is unavailable in tvOS
192 | class var background: UIColor {
193 | if #available(iOS 13, *) {
194 | return .systemBackground
| `- error: 'systemBackground' is unavailable in tvOS
195 | } else {
196 | return .white
/Applications/Xcode-27.0.0-Release.Candidate.app/Contents/Developer/Platforms/AppleTVOS.platform/Developer/SDKs/AppleTVOS27.0.sdk/System/Library/Frameworks/UIKit.framework/Headers/UIInterface.h:208:49: note: 'systemBackground' has been explicitly marked unavailable here
206 | * primary background in light mode.
207 | */
208 | @property (class, nonatomic, readonly) UIColor *systemBackgroundColor API_AVAILABLE(ios(13.0)) API_UNAVAILABLE(tvos, watchos);
| `- note: 'systemBackground' has been explicitly marked unavailable here
209 | @property (class, nonatomic, readonly) UIColor *secondarySystemBackgroundColor API_AVAILABLE(ios(13.0)) API_UNAVAILABLE(tvos, watchos);
210 | @property (class, nonatomic, readonly) UIColor *tertiarySystemBackgroundColor API_AVAILABLE(ios(13.0)) API_UNAVAILABLE(tvos, watchos);
Failed frontend command:
/Applications/Xcode-27.0.0-Release.Candidate.app/Contents/Developer/Toolchains/XcodeDefault.xctoolchain/usr/bin/swift-frontend -frontend -c /Users/admin/builder/spi-builder-workspace/.derivedData/Build/Intermediates.noindex/MultiSelectSegmentedControl.build/Debug-appletvos/MultiSelectSegmentedControl-t.build/DerivedSources/resource_bundle_accessor.swift /Users/admin/builder/spi-builder-workspace/Sources/MultiSegmentPicker.swift -primary-file /Users/admin/builder/spi-builder-workspace/Sources/MultiSelectSegment.swift /Users/admin/builder/spi-builder-workspace/Sources/MultiSelectSegmentedControl.swift -emit-dependencies-path /Users/admin/builder/spi-builder-workspace/.derivedData/Build/Intermediates.noindex/MultiSelectSegmentedControl.build/Debug-appletvos/MultiSelectSegmentedControl-t.build/Objects-normal/arm64/MultiSelectSegment.d -emit-const-values-path /Users/admin/builder/spi-builder-workspace/.derivedData/Build/Intermediates.noindex/MultiSelectSegmentedControl.build/Debug-appletvos/MultiSelectSegmentedControl-t.build/Objects-normal/arm64/MultiSelectSegment.swiftconstvalues -emit-reference-dependencies-path /Users/admin/builder/spi-builder-workspace/.derivedData/Build/Intermediates.noindex/MultiSelectSegmentedControl.build/Debug-appletvos/MultiSelectSegmentedControl-t.build/Objects-normal/arm64/MultiSelectSegment.swiftdeps -serialize-diagnostics-path /Users/admin/builder/spi-builder-workspace/.derivedData/Build/Intermediates.noindex/MultiSelectSegmentedControl.build/Debug-appletvos/MultiSelectSegmentedControl-t.build/Objects-normal/arm64/MultiSelectSegment.dia -target arm64-apple-tvos15.0 -module-can-import-version SwiftUI 8.0.84 8.0.84 -disable-cross-import-overlay-search -load-resolved-plugin /Applications/Xcode-27.0.0-Release.Candidate.app/Contents/Developer/Platforms/AppleTVOS.platform/Developer/usr/lib/swift/host/plugins/libFoundationMacros.dylib\#/Applications/Xcode-27.0.0-Release.Candidate.app/Contents/Developer/Platforms/AppleTVOS.platform/Developer/usr/bin/swift-plugin-server\#FoundationMacros -load-resolved-plugin /Applications/Xcode-27.0.0-Release.Candidate.app/Contents/Developer/Platforms/AppleTVOS.platform/Developer/usr/lib/swift/host/plugins/libObservationMacros.dylib\#/Applications/Xcode-27.0.0-Release.Candidate.app/Contents/Developer/Platforms/AppleTVOS.platform/Developer/usr/bin/swift-plugin-server\#ObservationMacros -load-resolved-plugin /Applications/Xcode-27.0.0-Release.Candidate.app/Contents/Developer/Platforms/AppleTVOS.platform/Developer/usr/lib/swift/host/plugins/libPreviewsMacros.dylib\#/Applications/Xcode-27.0.0-Release.Candidate.app/Contents/Developer/Platforms/AppleTVOS.platform/Developer/usr/bin/swift-plugin-server\#PreviewsMacros -load-resolved-plugin /Applications/Xcode-27.0.0-Release.Candidate.app/Contents/Developer/Platforms/AppleTVOS.platform/Developer/usr/lib/swift/host/plugins/libSwiftMacros.dylib\#/Applications/Xcode-27.0.0-Release.Candidate.app/Contents/Developer/Platforms/AppleTVOS.platform/Developer/usr/bin/swift-plugin-server\#SwiftMacros -load-resolved-plugin /Applications/Xcode-27.0.0-Release.Candidate.app/Contents/Developer/Platforms/AppleTVOS.platform/Developer/usr/lib/swift/host/plugins/libSwiftUIMacros.dylib\#/Applications/Xcode-27.0.0-Release.Candidate.app/Contents/Developer/Platforms/AppleTVOS.platform/Developer/usr/bin/swift-plugin-server\#SwiftUIMacros -disable-implicit-swift-modules -Xcc -fno-implicit-modules -Xcc -fno-implicit-module-maps -explicit-swift-module-map-file /Users/admin/builder/spi-builder-workspace/.derivedData/Build/Intermediates.noindex/MultiSelectSegmentedControl.build/Debug-appletvos/MultiSelectSegmentedControl-t.build/Objects-normal/arm64/MultiSelectSegmentedControl-dependencies-1.json -Xllvm -aarch64-use-tbi -enable-objc-interop -stack-check -sdk /Applications/Xcode-27.0.0-Release.Candidate.app/Contents/Developer/Platforms/AppleTVOS.platform/Developer/SDKs/AppleTVOS27.0.sdk -I /Users/admin/builder/spi-builder-workspace/.derivedData/Build/Products/Debug-appletvos -Isystem /Applications/Xcode-27.0.0-Release.Candidate.app/Contents/Developer/Platforms/AppleTVOS.platform/Developer/usr/lib -F /Users/admin/builder/spi-builder-workspace/.derivedData/Build/Products/Debug-appletvos/PackageFrameworks -F /Users/admin/builder/spi-builder-workspace/.derivedData/Build/Products/Debug-appletvos -F /Applications/Xcode-27.0.0-Release.Candidate.app/Contents/Developer/Platforms/AppleTVOS.platform/Developer/Library/Frameworks -F /Applications/Xcode-27.0.0-Release.Candidate.app/Contents/Developer/Platforms/AppleTVOS.platform/Developer/SDKs/AppleTVOS27.0.sdk/Developer/Library/Frameworks -module-cache-path /Users/admin/builder/spi-builder-workspace/.derivedData/Build/Intermediates.noindex/SwiftExplicitPrecompiledModules -no-color-diagnostics -Xcc -fno-color-diagnostics -enable-testing -g -debug-info-format\=dwarf -dwarf-version\=4 -swift-version 5 -Onone -D SWIFT_PACKAGE -D DEBUG -D SWIFT_MODULE_RESOURCE_BUNDLE_AVAILABLE -D Xcode -serialize-debugging-options -enable-experimental-feature DebugDescriptionMacro -empty-abi-descriptor -validate-clang-modules-once -clang-build-session-file /Users/admin/builder/spi-builder-workspace/.derivedData/ModuleCache.noindex/Session.modulevalidation -Xcc -working-directory -Xcc /Users/admin/builder/spi-builder-workspace/.swiftpm/xcode -enable-anonymous-context-mangled-names -file-compilation-dir /Users/admin/builder/spi-builder-workspace/.swiftpm/xcode -Xcc -D_LIBCPP_HARDENING_MODE\=_LIBCPP_HARDENING_MODE_DEBUG -Xcc -ivfsstatcache -Xcc /Users/admin/builder/spi-builder-workspace/.derivedData/SDKStatCaches.noindex/appletvos27.0-24J360-e829b21a6f8c9b70876ba0858053c044b32bfd8d43560033f8d89884cdb90028.sdkstatcache -Xcc -fmodules-prune-interval\=86400 -Xcc -fmodules-prune-after\=345600 -Xcc -I/Users/admin/builder/spi-builder-workspace/.derivedData/Build/Products/Debug-appletvos/include -Xcc -I/Users/admin/builder/spi-builder-workspace/.derivedData/Build/Intermediates.noindex/MultiSelectSegmentedControl.build/Debug-appletvos/MultiSelectSegmentedControl-t.build/DerivedSources-normal/arm64 -Xcc -I/Users/admin/builder/spi-builder-workspace/.derivedData/Build/Intermediates.noindex/MultiSelectSegmentedControl.build/Debug-appletvos/MultiSelectSegmentedControl-t.build/DerivedSources/arm64 -Xcc -I/Users/admin/builder/spi-builder-workspace/.derivedData/Build/Intermediates.noindex/MultiSelectSegmentedControl.build/Debug-appletvos/MultiSelectSegmentedControl-t.build/DerivedSources -Xcc -DSWIFT_PACKAGE -Xcc -DDEBUG\=1 -no-auto-bridging-header-chaining -module-name MultiSelectSegmentedControl -const-gather-protocols-file /Users/admin/builder/spi-builder-workspace/.derivedData/Build/Intermediates.noindex/MultiSelectSegmentedControl.build/Debug-appletvos/MultiSelectSegmentedControl-t.build/Objects-normal/arm64/MultiSelectSegmentedControl_const_extract_protocols.json -disable-clang-spi -clang-target arm64-apple-tvos27.0 -target-sdk-version 27.0 -target-sdk-name appletvos27.0 -in-process-plugin-server-path /Applications/Xcode-27.0.0-Release.Candidate.app/Contents/Developer/Toolchains/XcodeDefault.xctoolchain/usr/lib/swift/host/libSwiftInProcPluginServer.dylib -parse-as-library -o /Users/admin/builder/spi-builder-workspace/.derivedData/Build/Intermediates.noindex/MultiSelectSegmentedControl.build/Debug-appletvos/MultiSelectSegmentedControl-t.build/Objects-normal/arm64/MultiSelectSegment.o -debug-module-path /Users/admin/builder/spi-builder-workspace/.derivedData/Build/Intermediates.noindex/MultiSelectSegmentedControl.build/Debug-appletvos/MultiSelectSegmentedControl-t.build/Objects-normal/arm64/MultiSelectSegmentedControl.swiftmodule -index-unit-output-path /MultiSelectSegmentedControl.build/Debug-appletvos/MultiSelectSegmentedControl-t.build/Objects-normal/arm64/MultiSelectSegment.o -index-store-path /Users/admin/builder/spi-builder-workspace/.derivedData/Index.noindex/DataStore -index-system-modules
SwiftCompile normal arm64 /Users/admin/builder/spi-builder-workspace/Sources/MultiSelectSegment.swift (in target 'MultiSelectSegmentedControl' from project 'MultiSelectSegmentedControl')
cd /Users/admin/builder/spi-builder-workspace/.swiftpm/xcode
builtin-SwiftPerFileCompile MultiSelectSegment.swift
SwiftEmitModule normal arm64 Emitting\ module\ for\ MultiSelectSegmentedControl (in target 'MultiSelectSegmentedControl' from project 'MultiSelectSegmentedControl')
SwiftCompile normal arm64 (in target 'MultiSelectSegmentedControl' from project 'MultiSelectSegmentedControl')
cd /Users/admin/builder/spi-builder-workspace/.swiftpm/xcode
SwiftDriverJobDiscovery normal arm64 Compiling UIViewController+Sweeter.swift (in target 'SweeterSwift' from project 'SweeterSwift')
SwiftDriverJobDiscovery normal arm64 Compiling UIStackView+Sweeter.swift (in target 'SweeterSwift' from project 'SweeterSwift')
SwiftDriverJobDiscovery normal arm64 Compiling UIApplication+Sweeter.swift (in target 'SweeterSwift' from project 'SweeterSwift')
SwiftDriverJobDiscovery normal arm64 Compiling UITextView+Sweeter.swift (in target 'SweeterSwift' from project 'SweeterSwift')
PruneExplicitPrecompiledModules /Users/admin/builder/spi-builder-workspace/.derivedData/Build/Intermediates.noindex/SwiftExplicitPrecompiledModules
PruneExplicitPrecompiledModules /Users/admin/builder/spi-builder-workspace/.derivedData/Build/Intermediates.noindex/ExplicitPrecompiledModules
PruneExplicitPrecompiledModules /Users/admin/builder/spi-builder-workspace/.derivedData/SDKExplicitPrecompiledModules
2026-09-22 04:49:29.991 xcodebuild[816:5040] [MT] IDERunDestination: Supported platforms for the buildables in the current scheme is empty.
** BUILD FAILED **
The following build commands failed:
SwiftCompile normal arm64 Compiling\ MultiSelectSegment.swift /Users/admin/builder/spi-builder-workspace/Sources/MultiSelectSegment.swift (in target 'MultiSelectSegmentedControl' from project 'MultiSelectSegmentedControl')
SwiftCompile normal arm64 /Users/admin/builder/spi-builder-workspace/Sources/MultiSelectSegment.swift (in target 'MultiSelectSegmentedControl' from project 'MultiSelectSegmentedControl')
Building workspace MultiSelectSegmentedControl with scheme MultiSelectSegmentedControl
(3 failures)
BUILD FAILURE 6.4 tvOS