Build Information
Failed to build NobodyWho, reference main (4cd769), with Swift 6.2 for tvOS using Xcode 26.3 on 31 Oct 2026 11:35:10 UTC.
Build Command
env DEVELOPER_DIR=/Applications/Xcode-26.3.0.app xcrun xcodebuild -IDEClonedSourcePackagesDirPathOverride=$PWD/.dependencies -skipMacroValidation -skipPackagePluginValidation -derivedDataPath $PWD/.derivedData build -scheme NobodyWho -destination generic/platform=tvOSBuild Log
========================================
RunAll
========================================
Builder version: 5.1.4
Interrupt handler set up.
========================================
Checkout
========================================
Clone URL: https://github.com/nobodywho-ooo/nobodywho-swift.git
Reference: main
Initialized empty Git repository in /Users/admin/builder/spi-builder-workspace/.git/
From https://github.com/nobodywho-ooo/nobodywho-swift
* branch main -> FETCH_HEAD
* [new branch] main -> origin/main
HEAD is now at 4cd7695 Release 6.0.0
Cloned https://github.com/nobodywho-ooo/nobodywho-swift.git
Revision (git rev-parse @):
4cd76958a3e619dd6282677d99142bdc372e7ff5
SUCCESS checkout https://github.com/nobodywho-ooo/nobodywho-swift.git at main
========================================
Build
========================================
Selected platform: tvOS
Swift version: 6.2
Building package at path: $PWD
https://github.com/nobodywho-ooo/nobodywho-swift.git
Command line invocation:
/Applications/Xcode-26.3.0.app/Contents/Developer/usr/bin/xcodebuild -IDEClonedSourcePackagesDirPathOverride=/Users/admin/builder/spi-builder-workspace/.dependencies -resolvePackageDependencies
Resolve Package Graph
Fetching from https://github.com/swiftlang/swift-syntax.git
Creating working copy of package ‘swift-syntax’
Checking out 600.0.1 of package ‘swift-syntax’
Downloading package prebuilt https://download.swift.org/prebuilts/swift-syntax/600.0.1/swiftlang-6.2.4.1.4-MacroSupport-macos_aarch64.zip
Resolve Package Graph
Downloading package prebuilt https://download.swift.org/prebuilts/swift-syntax/600.0.1/swiftlang-6.2.4.1.4-MacroSupport-macos_aarch64.zip
Resolve Package Graph
Downloading package prebuilt https://download.swift.org/prebuilts/swift-syntax/600.0.1/swiftlang-6.2.4.1.4-MacroSupport-macos_aarch64.zip
Resolved source packages:
swift-syntax: https://github.com/swiftlang/swift-syntax.git @ 600.0.1
NobodyWho: /Users/admin/builder/spi-builder-workspace
resolved source packages: swift-syntax, NobodyWho
2026-10-31 07:34:01.481 xcodebuild[533:3066] [MT] IDERunDestination: Supported platforms for the buildables in the current scheme is empty.
{
"dependencies" : [
{
"identity" : "swift-syntax",
"requirement" : {
"range" : [
{
"lower_bound" : "600.0.0",
"upper_bound" : "601.0.0"
}
]
},
"type" : "sourceControl",
"url" : "https://github.com/swiftlang/swift-syntax.git"
}
],
"manifest_display_name" : "NobodyWho",
"name" : "NobodyWho",
"path" : "/Users/admin/builder/spi-builder-workspace",
"platforms" : [
{
"name" : "ios",
"version" : "15.0"
},
{
"name" : "macos",
"version" : "13.0"
},
{
"name" : "visionos",
"version" : "1.0"
},
{
"name" : "watchos",
"version" : "10.0"
}
],
"products" : [
{
"name" : "NobodyWho",
"targets" : [
"NobodyWho"
],
"type" : {
"library" : [
"automatic"
]
}
},
{
"name" : "NobodyWhoMacros",
"targets" : [
"NobodyWhoMacros"
],
"type" : {
"macro" : null
}
}
],
"targets" : [
{
"c99name" : "NobodyWhoTests",
"module_type" : "SwiftTarget",
"name" : "NobodyWhoTests",
"path" : "tests/NobodyWhoTests",
"sources" : [
"NobodyWhoTests.swift"
],
"target_dependencies" : [
"NobodyWho"
],
"type" : "test"
},
{
"c99name" : "NobodyWhoNative",
"module_type" : "BinaryTarget",
"name" : "NobodyWhoNative",
"path" : "remote/archive/NobodyWhoNative.xcframework.zip",
"product_memberships" : [
"NobodyWho"
],
"sources" : [
],
"type" : "binary"
},
{
"c99name" : "NobodyWhoMacros",
"module_type" : "SwiftTarget",
"name" : "NobodyWhoMacros",
"path" : "macros",
"product_dependencies" : [
"SwiftSyntaxMacros",
"SwiftCompilerPlugin"
],
"product_memberships" : [
"NobodyWho",
"NobodyWhoMacros"
],
"sources" : [
"ToolMacro.swift"
],
"type" : "macro"
},
{
"c99name" : "NobodyWhoMacroTests",
"module_type" : "SwiftTarget",
"name" : "NobodyWhoMacroTests",
"path" : "tests/MacroTests",
"product_dependencies" : [
"SwiftSyntaxMacrosTestSupport"
],
"sources" : [
"ToolMacroTests.swift"
],
"target_dependencies" : [
"NobodyWhoMacros"
],
"type" : "test"
},
{
"c99name" : "NobodyWhoGenerated",
"module_type" : "SwiftTarget",
"name" : "NobodyWhoGenerated",
"path" : "generated",
"product_memberships" : [
"NobodyWho"
],
"sources" : [
"nobodywho.swift"
],
"target_dependencies" : [
"NobodyWhoNative"
],
"type" : "library"
},
{
"c99name" : "NobodyWho",
"module_type" : "SwiftTarget",
"name" : "NobodyWho",
"path" : "src",
"product_memberships" : [
"NobodyWho"
],
"sources" : [
"Chat.swift",
"CrossEncoder.swift",
"Decision.swift",
"Encoder.swift",
"Exports.swift",
"Macros.swift",
"Model.swift",
"Prompt.swift",
"SamplerPresets.swift",
"SpeechToText.swift",
"TextToSpeech.swift",
"TokenStream.swift",
"Tool.swift",
"Vad.swift"
],
"target_dependencies" : [
"NobodyWhoGenerated",
"NobodyWhoMacros"
],
"type" : "library"
}
],
"tools_version" : "5.9"
}
{
"workspace" : {
"name" : "spi-builder-workspace",
"schemes" : [
"NobodyWho"
]
}
}
2026-10-31 07:34:24.623 xcodebuild[721:4590] [MT] IDERunDestination: Supported platforms for the buildables in the current scheme is empty.
2026-10-31 07:34:26.443 xcodebuild[721:4590] [MT] DVTAssertions: Warning in IDEFrameworks/IDEFoundation/Execution/RunContextManager/IDERunContextManager.m:926
Details: Error deleting scheme: Cannot modify data because the process disallows saving.
Object: <IDERunContextManager: 0xb0e4a95c0>
Method: -deleteRunContexts:completionQueue:completionBlock:
Thread: <_NSMainThread: 0x103405ea0>{number = 1, name = main}
Please file a bug at https://feedbackassistant.apple.com with this warning message and any useful information you can provide.
2026-10-31 07:34:26.444 xcodebuild[721:4590] could not delete old scheme: Error Domain=DVTCustomDataStoringErrors Code=0 "Cannot modify data because the process disallows saving." UserInfo={NSLocalizedDescription=Cannot modify data because the process disallows saving.}
2026-10-31 07:34:28.519 xcodebuild[721:4590] [MT] IDERunDestination: Supported platforms for the buildables in the current scheme is empty.
2026-10-31 07:34:30.536 xcodebuild[721:4590] [MT] DVTAssertions: Warning in IDEFrameworks/IDEFoundation/Execution/RunContextManager/IDERunContextManager.m:926
Details: Error deleting scheme: Cannot modify data because the process disallows saving.
Object: <IDERunContextManager: 0xb0e4a95c0>
Method: -deleteRunContexts:completionQueue:completionBlock:
Thread: <_NSMainThread: 0x103405ea0>{number = 1, name = main}
Please file a bug at https://feedbackassistant.apple.com with this warning message and any useful information you can provide.
2026-10-31 07:34:30.537 xcodebuild[721:4590] could not delete old scheme: Error Domain=DVTCustomDataStoringErrors Code=0 "Cannot modify data because the process disallows saving." UserInfo={NSLocalizedDescription=Cannot modify data because the process disallows saving.}
2026-10-31 07:34:32.429 xcodebuild[721:4590] [MT] IDERunDestination: Supported platforms for the buildables in the current scheme is empty.
2026-10-31 07:34:36.010 xcodebuild[721:4590] [MT] DVTAssertions: Warning in IDEFrameworks/IDEFoundation/Execution/RunContextManager/IDERunContextManager.m:926
Details: Error deleting scheme: Cannot modify data because the process disallows saving.
Object: <IDERunContextManager: 0xb0e4a95c0>
Method: -deleteRunContexts:completionQueue:completionBlock:
Thread: <_NSMainThread: 0x103405ea0>{number = 1, name = main}
Please file a bug at https://feedbackassistant.apple.com with this warning message and any useful information you can provide.
2026-10-31 07:34:36.010 xcodebuild[721:4590] could not delete old scheme: Error Domain=DVTCustomDataStoringErrors Code=0 "Cannot modify data because the process disallows saving." UserInfo={NSLocalizedDescription=Cannot modify data because the process disallows saving.}
2026-10-31 07:34:42.161 xcodebuild[721:4590] [MT] IDERunDestination: Supported platforms for the buildables in the current scheme is empty.
Running build ...
env DEVELOPER_DIR=/Applications/Xcode-26.3.0.app xcrun xcodebuild -IDEClonedSourcePackagesDirPathOverride=$PWD/.dependencies -skipMacroValidation -skipPackagePluginValidation -derivedDataPath $PWD/.derivedData build -scheme NobodyWho -destination generic/platform=tvOS
Command line invocation:
/Applications/Xcode-26.3.0.app/Contents/Developer/usr/bin/xcodebuild -IDEClonedSourcePackagesDirPathOverride=/Users/admin/builder/spi-builder-workspace/.dependencies -skipMacroValidation -skipPackagePluginValidation -derivedDataPath /Users/admin/builder/spi-builder-workspace/.derivedData build -scheme NobodyWho -destination generic/platform=tvOS
Resolve Package Graph
Downloading package prebuilt https://download.swift.org/prebuilts/swift-syntax/600.0.1/swiftlang-6.2.4.1.4-MacroSupport-macos_aarch64.zip
Resolve Package Graph
Downloading package prebuilt https://download.swift.org/prebuilts/swift-syntax/600.0.1/swiftlang-6.2.4.1.4-MacroSupport-macos_aarch64.zip
Resolve Package Graph
Downloading package prebuilt https://download.swift.org/prebuilts/swift-syntax/600.0.1/swiftlang-6.2.4.1.4-MacroSupport-macos_aarch64.zip
Resolve Package Graph
Downloading package prebuilt https://download.swift.org/prebuilts/swift-syntax/600.0.1/swiftlang-6.2.4.1.4-MacroSupport-macos_aarch64.zip
Resolved source packages:
swift-syntax: https://github.com/swiftlang/swift-syntax.git @ 600.0.1
NobodyWho: /Users/admin/builder/spi-builder-workspace
ComputePackagePrebuildTargetDependencyGraph
Prepare packages
CreateBuildRequest
SendProjectDescription
CreateBuildOperation
ComputeTargetDependencyGraph
note: Building targets in dependency order
note: Target dependency graph (21 targets)
Target 'NobodyWho' in project 'NobodyWho'
➜ Explicit dependency on target 'NobodyWho' in project 'NobodyWho'
➜ Explicit dependency on target 'NobodyWhoGenerated' in project 'NobodyWho'
➜ Explicit dependency on target 'NobodyWhoMacros' in project 'NobodyWho'
Target 'NobodyWho' in project 'NobodyWho'
➜ Explicit dependency on target 'NobodyWhoGenerated' in project 'NobodyWho'
➜ Explicit dependency on target 'NobodyWhoMacros' in project 'NobodyWho'
Target 'NobodyWhoMacros' in project 'NobodyWho'
➜ Explicit dependency on target 'SwiftSyntaxMacros' in project 'swift-syntax'
➜ Explicit dependency on target 'SwiftCompilerPlugin' in project 'swift-syntax'
Target 'SwiftCompilerPlugin' in project 'swift-syntax'
➜ Explicit dependency on target 'SwiftCompilerPlugin' in project 'swift-syntax'
➜ Explicit dependency on target '_SwiftSyntaxCShims' in project 'swift-syntax'
➜ Explicit dependency on target 'SwiftSyntax509' in project 'swift-syntax'
➜ Explicit dependency on target 'SwiftSyntax510' in project 'swift-syntax'
➜ Explicit dependency on target 'SwiftSyntax600' in project 'swift-syntax'
➜ Explicit dependency on target 'SwiftSyntax' in project 'swift-syntax'
➜ Explicit dependency on target 'SwiftDiagnostics' in project 'swift-syntax'
➜ Explicit dependency on target 'SwiftParser' in project 'swift-syntax'
➜ Explicit dependency on target 'SwiftOperators' in project 'swift-syntax'
➜ Explicit dependency on target 'SwiftBasicFormat' in project 'swift-syntax'
➜ Explicit dependency on target 'SwiftParserDiagnostics' in project 'swift-syntax'
➜ Explicit dependency on target 'SwiftSyntaxBuilder' in project 'swift-syntax'
➜ Explicit dependency on target 'SwiftSyntaxMacros' in project 'swift-syntax'
➜ Explicit dependency on target 'SwiftSyntaxMacroExpansion' in project 'swift-syntax'
➜ Explicit dependency on target 'SwiftCompilerPluginMessageHandling' in project 'swift-syntax'
Target 'SwiftCompilerPlugin' in project 'swift-syntax'
➜ Explicit dependency on target '_SwiftSyntaxCShims' in project 'swift-syntax'
➜ Explicit dependency on target 'SwiftSyntax509' in project 'swift-syntax'
➜ Explicit dependency on target 'SwiftSyntax510' in project 'swift-syntax'
➜ Explicit dependency on target 'SwiftSyntax600' in project 'swift-syntax'
➜ Explicit dependency on target 'SwiftSyntax' in project 'swift-syntax'
➜ Explicit dependency on target 'SwiftDiagnostics' in project 'swift-syntax'
➜ Explicit dependency on target 'SwiftParser' in project 'swift-syntax'
➜ Explicit dependency on target 'SwiftOperators' in project 'swift-syntax'
➜ Explicit dependency on target 'SwiftBasicFormat' in project 'swift-syntax'
➜ Explicit dependency on target 'SwiftParserDiagnostics' in project 'swift-syntax'
➜ Explicit dependency on target 'SwiftSyntaxBuilder' in project 'swift-syntax'
➜ Explicit dependency on target 'SwiftSyntaxMacros' in project 'swift-syntax'
➜ Explicit dependency on target 'SwiftSyntaxMacroExpansion' in project 'swift-syntax'
➜ Explicit dependency on target 'SwiftCompilerPluginMessageHandling' in project 'swift-syntax'
Target 'SwiftCompilerPluginMessageHandling' in project 'swift-syntax'
➜ Explicit dependency on target '_SwiftSyntaxCShims' in project 'swift-syntax'
➜ Explicit dependency on target 'SwiftSyntax509' in project 'swift-syntax'
➜ Explicit dependency on target 'SwiftSyntax510' in project 'swift-syntax'
➜ Explicit dependency on target 'SwiftSyntax600' in project 'swift-syntax'
➜ Explicit dependency on target 'SwiftSyntax' in project 'swift-syntax'
➜ Explicit dependency on target 'SwiftDiagnostics' in project 'swift-syntax'
➜ Explicit dependency on target 'SwiftParser' in project 'swift-syntax'
➜ Explicit dependency on target 'SwiftOperators' in project 'swift-syntax'
➜ Explicit dependency on target 'SwiftBasicFormat' in project 'swift-syntax'
➜ Explicit dependency on target 'SwiftParserDiagnostics' in project 'swift-syntax'
➜ Explicit dependency on target 'SwiftSyntaxBuilder' in project 'swift-syntax'
➜ Explicit dependency on target 'SwiftSyntaxMacros' in project 'swift-syntax'
➜ Explicit dependency on target 'SwiftSyntaxMacroExpansion' in project 'swift-syntax'
Target 'SwiftSyntaxMacroExpansion' in project 'swift-syntax'
➜ Explicit dependency on target '_SwiftSyntaxCShims' in project 'swift-syntax'
➜ Explicit dependency on target 'SwiftSyntax509' in project 'swift-syntax'
➜ Explicit dependency on target 'SwiftSyntax510' in project 'swift-syntax'
➜ Explicit dependency on target 'SwiftSyntax600' in project 'swift-syntax'
➜ Explicit dependency on target 'SwiftSyntax' in project 'swift-syntax'
➜ Explicit dependency on target 'SwiftBasicFormat' in project 'swift-syntax'
➜ Explicit dependency on target 'SwiftParser' in project 'swift-syntax'
➜ Explicit dependency on target 'SwiftDiagnostics' in project 'swift-syntax'
➜ Explicit dependency on target 'SwiftParserDiagnostics' in project 'swift-syntax'
➜ Explicit dependency on target 'SwiftSyntaxBuilder' in project 'swift-syntax'
➜ Explicit dependency on target 'SwiftSyntaxMacros' in project 'swift-syntax'
➜ Explicit dependency on target 'SwiftOperators' in project 'swift-syntax'
Target 'SwiftOperators' in project 'swift-syntax'
➜ Explicit dependency on target '_SwiftSyntaxCShims' in project 'swift-syntax'
➜ Explicit dependency on target 'SwiftSyntax509' in project 'swift-syntax'
➜ Explicit dependency on target 'SwiftSyntax510' in project 'swift-syntax'
➜ Explicit dependency on target 'SwiftSyntax600' in project 'swift-syntax'
➜ Explicit dependency on target 'SwiftSyntax' in project 'swift-syntax'
➜ Explicit dependency on target 'SwiftDiagnostics' in project 'swift-syntax'
➜ Explicit dependency on target 'SwiftParser' in project 'swift-syntax'
Target 'SwiftSyntaxMacros' in project 'swift-syntax'
➜ Explicit dependency on target 'SwiftSyntaxMacros' in project 'swift-syntax'
➜ Explicit dependency on target '_SwiftSyntaxCShims' in project 'swift-syntax'
➜ Explicit dependency on target 'SwiftSyntax509' in project 'swift-syntax'
➜ Explicit dependency on target 'SwiftSyntax510' in project 'swift-syntax'
➜ Explicit dependency on target 'SwiftSyntax600' in project 'swift-syntax'
➜ Explicit dependency on target 'SwiftSyntax' in project 'swift-syntax'
➜ Explicit dependency on target 'SwiftDiagnostics' in project 'swift-syntax'
➜ Explicit dependency on target 'SwiftParser' in project 'swift-syntax'
➜ Explicit dependency on target 'SwiftBasicFormat' in project 'swift-syntax'
➜ Explicit dependency on target 'SwiftParserDiagnostics' in project 'swift-syntax'
➜ Explicit dependency on target 'SwiftSyntaxBuilder' in project 'swift-syntax'
Target 'SwiftSyntaxMacros' in project 'swift-syntax'
➜ Explicit dependency on target '_SwiftSyntaxCShims' in project 'swift-syntax'
➜ Explicit dependency on target 'SwiftSyntax509' in project 'swift-syntax'
➜ Explicit dependency on target 'SwiftSyntax510' in project 'swift-syntax'
➜ Explicit dependency on target 'SwiftSyntax600' in project 'swift-syntax'
➜ Explicit dependency on target 'SwiftSyntax' in project 'swift-syntax'
➜ Explicit dependency on target 'SwiftDiagnostics' in project 'swift-syntax'
➜ Explicit dependency on target 'SwiftParser' in project 'swift-syntax'
➜ Explicit dependency on target 'SwiftBasicFormat' in project 'swift-syntax'
➜ Explicit dependency on target 'SwiftParserDiagnostics' in project 'swift-syntax'
➜ Explicit dependency on target 'SwiftSyntaxBuilder' in project 'swift-syntax'
Target 'SwiftSyntaxBuilder' in project 'swift-syntax'
➜ Explicit dependency on target '_SwiftSyntaxCShims' in project 'swift-syntax'
➜ Explicit dependency on target 'SwiftSyntax509' in project 'swift-syntax'
➜ Explicit dependency on target 'SwiftSyntax510' in project 'swift-syntax'
➜ Explicit dependency on target 'SwiftSyntax600' in project 'swift-syntax'
➜ Explicit dependency on target 'SwiftSyntax' in project 'swift-syntax'
➜ Explicit dependency on target 'SwiftBasicFormat' in project 'swift-syntax'
➜ Explicit dependency on target 'SwiftParser' in project 'swift-syntax'
➜ Explicit dependency on target 'SwiftDiagnostics' in project 'swift-syntax'
➜ Explicit dependency on target 'SwiftParserDiagnostics' in project 'swift-syntax'
Target 'SwiftParserDiagnostics' in project 'swift-syntax'
➜ Explicit dependency on target '_SwiftSyntaxCShims' in project 'swift-syntax'
➜ Explicit dependency on target 'SwiftSyntax509' in project 'swift-syntax'
➜ Explicit dependency on target 'SwiftSyntax510' in project 'swift-syntax'
➜ Explicit dependency on target 'SwiftSyntax600' in project 'swift-syntax'
➜ Explicit dependency on target 'SwiftSyntax' in project 'swift-syntax'
➜ Explicit dependency on target 'SwiftBasicFormat' in project 'swift-syntax'
➜ Explicit dependency on target 'SwiftDiagnostics' in project 'swift-syntax'
➜ Explicit dependency on target 'SwiftParser' in project 'swift-syntax'
Target 'SwiftBasicFormat' in project 'swift-syntax'
➜ Explicit dependency on target '_SwiftSyntaxCShims' in project 'swift-syntax'
➜ Explicit dependency on target 'SwiftSyntax509' in project 'swift-syntax'
➜ Explicit dependency on target 'SwiftSyntax510' in project 'swift-syntax'
➜ Explicit dependency on target 'SwiftSyntax600' in project 'swift-syntax'
➜ Explicit dependency on target 'SwiftSyntax' in project 'swift-syntax'
Target 'SwiftParser' in project 'swift-syntax'
➜ Explicit dependency on target '_SwiftSyntaxCShims' in project 'swift-syntax'
➜ Explicit dependency on target 'SwiftSyntax509' in project 'swift-syntax'
➜ Explicit dependency on target 'SwiftSyntax510' in project 'swift-syntax'
➜ Explicit dependency on target 'SwiftSyntax600' in project 'swift-syntax'
➜ Explicit dependency on target 'SwiftSyntax' in project 'swift-syntax'
Target 'SwiftDiagnostics' in project 'swift-syntax'
➜ Explicit dependency on target '_SwiftSyntaxCShims' in project 'swift-syntax'
➜ Explicit dependency on target 'SwiftSyntax509' in project 'swift-syntax'
➜ Explicit dependency on target 'SwiftSyntax510' in project 'swift-syntax'
➜ Explicit dependency on target 'SwiftSyntax600' in project 'swift-syntax'
➜ Explicit dependency on target 'SwiftSyntax' in project 'swift-syntax'
Target 'SwiftSyntax' in project 'swift-syntax'
➜ Explicit dependency on target '_SwiftSyntaxCShims' in project 'swift-syntax'
➜ Explicit dependency on target 'SwiftSyntax509' in project 'swift-syntax'
➜ Explicit dependency on target 'SwiftSyntax510' in project 'swift-syntax'
➜ Explicit dependency on target 'SwiftSyntax600' in project 'swift-syntax'
Target 'SwiftSyntax600' in project 'swift-syntax' (no dependencies)
Target 'SwiftSyntax510' in project 'swift-syntax' (no dependencies)
Target 'SwiftSyntax509' in project 'swift-syntax' (no dependencies)
Target '_SwiftSyntaxCShims' in project 'swift-syntax' (no dependencies)
Target 'NobodyWhoGenerated' in project 'NobodyWho' (no dependencies)
GatherProvisioningInputs
CreateBuildDescription
ExecuteExternalTool /Applications/Xcode-26.3.0.app/Contents/Developer/Toolchains/XcodeDefault.xctoolchain/usr/bin/clang -v -E -dM -arch arm64 -isysroot /Applications/Xcode-26.3.0.app/Contents/Developer/Platforms/MacOSX.platform/Developer/SDKs/MacOSX26.2.sdk -x c -c /dev/null
ExecuteExternalTool /Applications/Xcode-26.3.0.app/Contents/Developer/Toolchains/XcodeDefault.xctoolchain/usr/bin/swiftc --version
ExecuteExternalTool /Applications/Xcode-26.3.0.app/Contents/Developer/Toolchains/XcodeDefault.xctoolchain/usr/bin/clang -v -E -dM -isysroot /Applications/Xcode-26.3.0.app/Contents/Developer/Platforms/AppleTVOS.platform/Developer/SDKs/AppleTVOS26.2.sdk -x c -c /dev/null
ExecuteExternalTool /Applications/Xcode-26.3.0.app/Contents/Developer/Toolchains/XcodeDefault.xctoolchain/usr/bin/clang -v -E -dM -isysroot /Applications/Xcode-26.3.0.app/Contents/Developer/Platforms/MacOSX.platform/Developer/SDKs/MacOSX26.2.sdk -x c -c /dev/null
ExecuteExternalTool /Applications/Xcode-26.3.0.app/Contents/Developer/Toolchains/XcodeDefault.xctoolchain/usr/bin/ld -version_details
ExecuteExternalTool /Applications/Xcode-26.3.0.app/Contents/Developer/Toolchains/XcodeDefault.xctoolchain/usr/bin/clang -v -E -dM -arch x86_64 -isysroot /Applications/Xcode-26.3.0.app/Contents/Developer/Platforms/MacOSX.platform/Developer/SDKs/MacOSX26.2.sdk -x c -c /dev/null
ReadFileContents /Applications/Xcode-26.3.0.app/Contents/Developer/Toolchains/XcodeDefault.xctoolchain/usr/share/docc/features.json
Build description signature: 1e1bb5767451e1444e7de286029231ed
Build description path: /Users/admin/builder/spi-builder-workspace/.derivedData/Build/Intermediates.noindex/XCBuildData/1e1bb5767451e1444e7de286029231ed.xcbuilddata
/Users/admin/builder/spi-builder-workspace/.dependencies/artifacts/spi-builder-workspace/NobodyWhoNative/NobodyWhoNative.xcframework:1:1: error: While building for tvOS, no library for this platform was found in '/Users/admin/builder/spi-builder-workspace/.dependencies/artifacts/spi-builder-workspace/NobodyWhoNative/NobodyWhoNative.xcframework'. (in target 'NobodyWho' from project 'NobodyWho')
/Users/admin/builder/spi-builder-workspace/.dependencies/artifacts/spi-builder-workspace/NobodyWhoNative/NobodyWhoNative.xcframework:1:1: error: While building for tvOS, no library for this platform was found in '/Users/admin/builder/spi-builder-workspace/.dependencies/artifacts/spi-builder-workspace/NobodyWhoNative/NobodyWhoNative.xcframework'. (in target 'NobodyWho' from project 'NobodyWho')
/Users/admin/builder/spi-builder-workspace/.dependencies/artifacts/spi-builder-workspace/NobodyWhoNative/NobodyWhoNative.xcframework:1:1: error: While building for tvOS, no library for this platform was found in '/Users/admin/builder/spi-builder-workspace/.dependencies/artifacts/spi-builder-workspace/NobodyWhoNative/NobodyWhoNative.xcframework'. (in target 'NobodyWhoGenerated' from project 'NobodyWho')
2026-10-31 07:34:47.171 xcodebuild[723:4687] [MT] IDERunDestination: Supported platforms for the buildables in the current scheme is empty.
2026-10-31 07:34:49.091 xcodebuild[723:4687] [MT] DVTAssertions: Warning in IDEFrameworks/IDEFoundation/Execution/RunContextManager/IDERunContextManager.m:926
Details: Error deleting scheme: Cannot modify data because the process disallows saving.
Object: <IDERunContextManager: 0xa424a5440>
Method: -deleteRunContexts:completionQueue:completionBlock:
Thread: <_NSMainThread: 0x1048b1ea0>{number = 1, name = main}
Please file a bug at https://feedbackassistant.apple.com with this warning message and any useful information you can provide.
2026-10-31 07:34:49.092 xcodebuild[723:4687] could not delete old scheme: Error Domain=DVTCustomDataStoringErrors Code=0 "Cannot modify data because the process disallows saving." UserInfo={NSLocalizedDescription=Cannot modify data because the process disallows saving.}
2026-10-31 07:34:49.997 xcodebuild[723:4687] [MT] IDERunDestination: Supported platforms for the buildables in the current scheme is empty.
** BUILD FAILED **
The following build commands failed:
Building workspace spi-builder-workspace with scheme NobodyWho
(1 failure)
Command line invocation:
/Applications/Xcode-26.3.0.app/Contents/Developer/usr/bin/xcodebuild -IDEClonedSourcePackagesDirPathOverride=/Users/admin/builder/spi-builder-workspace/.dependencies -resolvePackageDependencies
Resolve Package Graph
Downloading package prebuilt https://download.swift.org/prebuilts/swift-syntax/600.0.1/swiftlang-6.2.4.1.4-MacroSupport-macos_aarch64.zip
Resolve Package Graph
Downloading package prebuilt https://download.swift.org/prebuilts/swift-syntax/600.0.1/swiftlang-6.2.4.1.4-MacroSupport-macos_aarch64.zip
Resolve Package Graph
Downloading package prebuilt https://download.swift.org/prebuilts/swift-syntax/600.0.1/swiftlang-6.2.4.1.4-MacroSupport-macos_aarch64.zip
Resolved source packages:
NobodyWho: /Users/admin/builder/spi-builder-workspace
swift-syntax: https://github.com/swiftlang/swift-syntax.git @ 600.0.1
resolved source packages: NobodyWho, swift-syntax
2026-10-31 07:34:55.643 xcodebuild[752:4909] [MT] IDERunDestination: Supported platforms for the buildables in the current scheme is empty.
2026-10-31 07:34:57.045 xcodebuild[752:4909] [MT] DVTAssertions: Warning in IDEFrameworks/IDEFoundation/Execution/RunContextManager/IDERunContextManager.m:926
Details: Error deleting scheme: Cannot modify data because the process disallows saving.
Object: <IDERunContextManager: 0xaea4a5d40>
Method: -deleteRunContexts:completionQueue:completionBlock:
Thread: <_NSMainThread: 0x102addea0>{number = 1, name = main}
Please file a bug at https://feedbackassistant.apple.com with this warning message and any useful information you can provide.
2026-10-31 07:34:57.046 xcodebuild[752:4909] could not delete old scheme: Error Domain=DVTCustomDataStoringErrors Code=0 "Cannot modify data because the process disallows saving." UserInfo={NSLocalizedDescription=Cannot modify data because the process disallows saving.}
2026-10-31 07:34:58.506 xcodebuild[752:4909] [MT] IDERunDestination: Supported platforms for the buildables in the current scheme is empty.
{
"dependencies" : [
{
"identity" : "swift-syntax",
"requirement" : {
"range" : [
{
"lower_bound" : "600.0.0",
"upper_bound" : "601.0.0"
}
]
},
"type" : "sourceControl",
"url" : "https://github.com/swiftlang/swift-syntax.git"
}
],
"manifest_display_name" : "NobodyWho",
"name" : "NobodyWho",
"path" : "/Users/admin/builder/spi-builder-workspace",
"platforms" : [
{
"name" : "ios",
"version" : "15.0"
},
{
"name" : "macos",
"version" : "13.0"
},
{
"name" : "visionos",
"version" : "1.0"
},
{
"name" : "watchos",
"version" : "10.0"
}
],
"products" : [
{
"name" : "NobodyWho",
"targets" : [
"NobodyWho"
],
"type" : {
"library" : [
"automatic"
]
}
},
{
"name" : "NobodyWhoMacros",
"targets" : [
"NobodyWhoMacros"
],
"type" : {
"macro" : null
}
}
],
"targets" : [
{
"c99name" : "NobodyWhoTests",
"module_type" : "SwiftTarget",
"name" : "NobodyWhoTests",
"path" : "tests/NobodyWhoTests",
"sources" : [
"NobodyWhoTests.swift"
],
"target_dependencies" : [
"NobodyWho"
],
"type" : "test"
},
{
"c99name" : "NobodyWhoNative",
"module_type" : "BinaryTarget",
"name" : "NobodyWhoNative",
"path" : "remote/archive/NobodyWhoNative.xcframework.zip",
"product_memberships" : [
"NobodyWho"
],
"sources" : [
],
"type" : "binary"
},
{
"c99name" : "NobodyWhoMacros",
"module_type" : "SwiftTarget",
"name" : "NobodyWhoMacros",
"path" : "macros",
"product_dependencies" : [
"SwiftSyntaxMacros",
"SwiftCompilerPlugin"
],
"product_memberships" : [
"NobodyWho",
"NobodyWhoMacros"
],
"sources" : [
"ToolMacro.swift"
],
"type" : "macro"
},
{
"c99name" : "NobodyWhoMacroTests",
"module_type" : "SwiftTarget",
"name" : "NobodyWhoMacroTests",
"path" : "tests/MacroTests",
"product_dependencies" : [
"SwiftSyntaxMacrosTestSupport"
],
"sources" : [
"ToolMacroTests.swift"
],
"target_dependencies" : [
"NobodyWhoMacros"
],
"type" : "test"
},
{
"c99name" : "NobodyWhoGenerated",
"module_type" : "SwiftTarget",
"name" : "NobodyWhoGenerated",
"path" : "generated",
"product_memberships" : [
"NobodyWho"
],
"sources" : [
"nobodywho.swift"
],
"target_dependencies" : [
"NobodyWhoNative"
],
"type" : "library"
},
{
"c99name" : "NobodyWho",
"module_type" : "SwiftTarget",
"name" : "NobodyWho",
"path" : "src",
"product_memberships" : [
"NobodyWho"
],
"sources" : [
"Chat.swift",
"CrossEncoder.swift",
"Decision.swift",
"Encoder.swift",
"Exports.swift",
"Macros.swift",
"Model.swift",
"Prompt.swift",
"SamplerPresets.swift",
"SpeechToText.swift",
"TextToSpeech.swift",
"TokenStream.swift",
"Tool.swift",
"Vad.swift"
],
"target_dependencies" : [
"NobodyWhoGenerated",
"NobodyWhoMacros"
],
"type" : "library"
}
],
"tools_version" : "5.9"
}
{
"workspace" : {
"name" : "spi-builder-workspace",
"schemes" : [
"NobodyWho"
]
}
}
2026-10-31 07:35:02.486 xcodebuild[760:5001] [MT] IDERunDestination: Supported platforms for the buildables in the current scheme is empty.
2026-10-31 07:35:03.695 xcodebuild[760:5001] [MT] DVTAssertions: Warning in IDEFrameworks/IDEFoundation/Execution/RunContextManager/IDERunContextManager.m:926
Details: Error deleting scheme: Cannot modify data because the process disallows saving.
Object: <IDERunContextManager: 0xbfa4a5ec0>
Method: -deleteRunContexts:completionQueue:completionBlock:
Thread: <_NSMainThread: 0x103175ea0>{number = 1, name = main}
Please file a bug at https://feedbackassistant.apple.com with this warning message and any useful information you can provide.
2026-10-31 07:35:03.696 xcodebuild[760:5001] could not delete old scheme: Error Domain=DVTCustomDataStoringErrors Code=0 "Cannot modify data because the process disallows saving." UserInfo={NSLocalizedDescription=Cannot modify data because the process disallows saving.}
2026-10-31 07:35:04.719 xcodebuild[760:5001] [MT] IDERunDestination: Supported platforms for the buildables in the current scheme is empty.
Running build ...
env DEVELOPER_DIR=/Applications/Xcode-26.3.0.app xcrun xcodebuild -IDEClonedSourcePackagesDirPathOverride=$PWD/.dependencies -skipMacroValidation -skipPackagePluginValidation -derivedDataPath $PWD/.derivedData build -scheme NobodyWho -destination generic/platform=tvOS
Command line invocation:
/Applications/Xcode-26.3.0.app/Contents/Developer/usr/bin/xcodebuild -IDEClonedSourcePackagesDirPathOverride=/Users/admin/builder/spi-builder-workspace/.dependencies -skipMacroValidation -skipPackagePluginValidation -derivedDataPath /Users/admin/builder/spi-builder-workspace/.derivedData build -scheme NobodyWho -destination generic/platform=tvOS
Resolve Package Graph
Downloading package prebuilt https://download.swift.org/prebuilts/swift-syntax/600.0.1/swiftlang-6.2.4.1.4-MacroSupport-macos_aarch64.zip
Resolve Package Graph
Downloading package prebuilt https://download.swift.org/prebuilts/swift-syntax/600.0.1/swiftlang-6.2.4.1.4-MacroSupport-macos_aarch64.zip
Resolve Package Graph
Downloading package prebuilt https://download.swift.org/prebuilts/swift-syntax/600.0.1/swiftlang-6.2.4.1.4-MacroSupport-macos_aarch64.zip
Resolved source packages:
swift-syntax: https://github.com/swiftlang/swift-syntax.git @ 600.0.1
NobodyWho: /Users/admin/builder/spi-builder-workspace
2026-10-31 07:35:07.478 xcodebuild[762:5081] [MT] IDERunDestination: Supported platforms for the buildables in the current scheme is empty.
2026-10-31 07:35:10.206 xcodebuild[762:5081] [MT] DVTAssertions: Warning in IDEFrameworks/IDEFoundation/Execution/RunContextManager/IDERunContextManager.m:926
Details: Error deleting scheme: Cannot modify data because the process disallows saving.
Object: <IDERunContextManager: 0xc5c4ad500>
Method: -deleteRunContexts:completionQueue:completionBlock:
Thread: <_NSMainThread: 0x101319ea0>{number = 1, name = main}
Please file a bug at https://feedbackassistant.apple.com with this warning message and any useful information you can provide.
2026-10-31 07:35:10.207 xcodebuild[762:5081] could not delete old scheme: Error Domain=DVTCustomDataStoringErrors Code=0 "Cannot modify data because the process disallows saving." UserInfo={NSLocalizedDescription=Cannot modify data because the process disallows saving.}
2026-10-31 07:35:10.209 xcodebuild[762:5081] Writing error result bundle to /var/folders/xq/y_g06wb113726d38xsyx71_h0000gn/T/ResultBundle_2026-31-10_07-35-0010.xcresult
xcodebuild: error: The workspace named "spi-builder-workspace" does not contain a scheme named "NobodyWho". The "-list" option can be used to find the names of the schemes in the workspace.
BUILD FAILURE 6.2 tvOS