Build Information
Failed to build Crossdeck, reference main (9e8303), with Swift 6.2 for Android on 3 Sep 2026 19:02:15 UTC.
Build Command
bash -c docker run --pull=always --rm -v "checkouts-53886770-0":/host -w "$PWD" -e JAVA_HOME="/root/.sdkman/candidates/java/current" -e SPI_BUILD="1" -e SPI_PROCESSING="1" registry.gitlab.com/saguaro1/spi-images:android-6.2-latest swift build --swift-sdk aarch64-unknown-linux-android28 2>&1Build Log
========================================
RunAll
========================================
Builder version: 5.0.2
Interrupt handler set up.
========================================
Checkout
========================================
Clone URL: https://github.com/Crossdeckhq/crossdeck-swift.git
Reference: main
Initialized empty Git repository in /host/spi-builder-workspace/.git/
hint: Using 'master' as the name for the initial branch. This default branch name
hint: is subject to change. To configure the initial branch name to use in all
hint: of your new repositories, which will suppress this warning, call:
hint:
hint: git config --global init.defaultBranch <name>
hint:
hint: Names commonly chosen instead of 'master' are 'main', 'trunk' and
hint: 'development'. The just-created branch can be renamed via this command:
hint:
hint: git branch -m <name>
From https://github.com/Crossdeckhq/crossdeck-swift
* branch main -> FETCH_HEAD
* [new branch] main -> origin/main
HEAD is now at 9e8303b docs: add SECURITY.md with a private disclosure route
Cloned https://github.com/Crossdeckhq/crossdeck-swift.git
Revision (git rev-parse @):
9e8303b6f8646a89e22b267365afc0076a20b3ba
SUCCESS checkout https://github.com/Crossdeckhq/crossdeck-swift.git at main
========================================
Build
========================================
Selected platform: android
Swift version: 6.2
Building package at path: $PWD
https://github.com/Crossdeckhq/crossdeck-swift.git
Running build ...
bash -c docker run --pull=always --rm -v "checkouts-53886770-0":/host -w "$PWD" -e JAVA_HOME="/root/.sdkman/candidates/java/current" -e SPI_BUILD="1" -e SPI_PROCESSING="1" registry.gitlab.com/saguaro1/spi-images:android-6.2-latest swift build --swift-sdk aarch64-unknown-linux-android28 2>&1
android-6.2-latest: Pulling from saguaro1/spi-images
Digest: sha256:573917aa137cc6f081a4f3d2a0330bac24553e9cd713cd758adf65046f5c6b90
Status: Image is up to date for registry.gitlab.com/saguaro1/spi-images:android-6.2-latest
Building for debugging...
[0/4] Write sources
[0/4] Copying PrivacyInfo.xcprivacy
[0/4] Copying contracts.json
[3/4] Write swift-version--11D90AFD9DD3AB2.txt
error: emit-module command failed with exit code 1 (use -v to see invocation)
[5/38] Emitting module Crossdeck
/host/spi-builder-workspace/Sources/Crossdeck/AppAccountTokenDerivation.swift:70:8: error: no such module 'CryptoKit'
68 |
69 | import Foundation
70 | import CryptoKit
| `- error: no such module 'CryptoKit'
71 |
72 | internal enum AppAccountTokenDerivation {
[6/42] Compiling Crossdeck SwiftUIEnvironment.swift
/host/spi-builder-workspace/Sources/Crossdeck/AppAccountTokenDerivation.swift:70:8: error: no such module 'CryptoKit'
68 |
69 | import Foundation
70 | import CryptoKit
| `- error: no such module 'CryptoKit'
71 |
72 | internal enum AppAccountTokenDerivation {
[7/42] Compiling Crossdeck _DiagnosticTelemetry.swift
/host/spi-builder-workspace/Sources/Crossdeck/AppAccountTokenDerivation.swift:70:8: error: no such module 'CryptoKit'
68 |
69 | import Foundation
70 | import CryptoKit
| `- error: no such module 'CryptoKit'
71 |
72 | internal enum AppAccountTokenDerivation {
[8/42] Compiling Crossdeck _Version.swift
/host/spi-builder-workspace/Sources/Crossdeck/AppAccountTokenDerivation.swift:70:8: error: no such module 'CryptoKit'
68 |
69 | import Foundation
70 | import CryptoKit
| `- error: no such module 'CryptoKit'
71 |
72 | internal enum AppAccountTokenDerivation {
[9/42] Compiling Crossdeck resource_bundle_accessor.swift
/host/spi-builder-workspace/Sources/Crossdeck/AppAccountTokenDerivation.swift:70:8: error: no such module 'CryptoKit'
68 |
69 | import Foundation
70 | import CryptoKit
| `- error: no such module 'CryptoKit'
71 |
72 | internal enum AppAccountTokenDerivation {
[10/42] Compiling Crossdeck AppAccountTokenDerivation.swift
/host/spi-builder-workspace/Sources/Crossdeck/AppAccountTokenDerivation.swift:70:8: error: no such module 'CryptoKit'
68 |
69 | import Foundation
70 | import CryptoKit
| `- error: no such module 'CryptoKit'
71 |
72 | internal enum AppAccountTokenDerivation {
[11/42] Compiling Crossdeck AppleEntitlementSync.swift
/host/spi-builder-workspace/Sources/Crossdeck/AppAccountTokenDerivation.swift:70:8: error: no such module 'CryptoKit'
68 |
69 | import Foundation
70 | import CryptoKit
| `- error: no such module 'CryptoKit'
71 |
72 | internal enum AppAccountTokenDerivation {
[12/42] Compiling Crossdeck AppleLocalEntitlements.swift
/host/spi-builder-workspace/Sources/Crossdeck/AppAccountTokenDerivation.swift:70:8: error: no such module 'CryptoKit'
68 |
69 | import Foundation
70 | import CryptoKit
| `- error: no such module 'CryptoKit'
71 |
72 | internal enum AppAccountTokenDerivation {
[13/42] Compiling Crossdeck AppleProductMap.swift
/host/spi-builder-workspace/Sources/Crossdeck/AppAccountTokenDerivation.swift:70:8: error: no such module 'CryptoKit'
68 |
69 | import Foundation
70 | import CryptoKit
| `- error: no such module 'CryptoKit'
71 |
72 | internal enum AppAccountTokenDerivation {
[14/42] Compiling Crossdeck AutoTrack.swift
/host/spi-builder-workspace/Sources/Crossdeck/AppAccountTokenDerivation.swift:70:8: error: no such module 'CryptoKit'
68 |
69 | import Foundation
70 | import CryptoKit
| `- error: no such module 'CryptoKit'
71 |
72 | internal enum AppAccountTokenDerivation {
[15/42] Compiling Crossdeck ErrorCapture.swift
/host/spi-builder-workspace/Sources/Crossdeck/AppAccountTokenDerivation.swift:70:8: error: no such module 'CryptoKit'
68 |
69 | import Foundation
70 | import CryptoKit
| `- error: no such module 'CryptoKit'
71 |
72 | internal enum AppAccountTokenDerivation {
[16/42] Compiling Crossdeck Errors.swift
/host/spi-builder-workspace/Sources/Crossdeck/AppAccountTokenDerivation.swift:70:8: error: no such module 'CryptoKit'
68 |
69 | import Foundation
70 | import CryptoKit
| `- error: no such module 'CryptoKit'
71 |
72 | internal enum AppAccountTokenDerivation {
[17/42] Compiling Crossdeck EventPropertyMerge.swift
/host/spi-builder-workspace/Sources/Crossdeck/AppAccountTokenDerivation.swift:70:8: error: no such module 'CryptoKit'
68 |
69 | import Foundation
70 | import CryptoKit
| `- error: no such module 'CryptoKit'
71 |
72 | internal enum AppAccountTokenDerivation {
[18/42] Compiling Crossdeck EventQueue.swift
/host/spi-builder-workspace/Sources/Crossdeck/AppAccountTokenDerivation.swift:70:8: error: no such module 'CryptoKit'
68 |
69 | import Foundation
70 | import CryptoKit
| `- error: no such module 'CryptoKit'
71 |
72 | internal enum AppAccountTokenDerivation {
[19/42] Compiling Crossdeck EventValidation.swift
/host/spi-builder-workspace/Sources/Crossdeck/AppAccountTokenDerivation.swift:70:8: error: no such module 'CryptoKit'
68 |
69 | import Foundation
70 | import CryptoKit
| `- error: no such module 'CryptoKit'
71 |
72 | internal enum AppAccountTokenDerivation {
[20/42] Compiling Crossdeck ServerEndpoints.swift
/host/spi-builder-workspace/Sources/Crossdeck/AppAccountTokenDerivation.swift:70:8: error: no such module 'CryptoKit'
68 |
69 | import Foundation
70 | import CryptoKit
| `- error: no such module 'CryptoKit'
71 |
72 | internal enum AppAccountTokenDerivation {
[21/42] Compiling Crossdeck StackParser.swift
/host/spi-builder-workspace/Sources/Crossdeck/AppAccountTokenDerivation.swift:70:8: error: no such module 'CryptoKit'
68 |
69 | import Foundation
70 | import CryptoKit
| `- error: no such module 'CryptoKit'
71 |
72 | internal enum AppAccountTokenDerivation {
[22/42] Compiling Crossdeck Storage.swift
/host/spi-builder-workspace/Sources/Crossdeck/AppAccountTokenDerivation.swift:70:8: error: no such module 'CryptoKit'
68 |
69 | import Foundation
70 | import CryptoKit
| `- error: no such module 'CryptoKit'
71 |
72 | internal enum AppAccountTokenDerivation {
[23/42] Compiling Crossdeck SuperProperties.swift
/host/spi-builder-workspace/Sources/Crossdeck/AppAccountTokenDerivation.swift:70:8: error: no such module 'CryptoKit'
68 |
69 | import Foundation
70 | import CryptoKit
| `- error: no such module 'CryptoKit'
71 |
72 | internal enum AppAccountTokenDerivation {
[24/42] Compiling Crossdeck Http.swift
/host/spi-builder-workspace/Sources/Crossdeck/AppAccountTokenDerivation.swift:70:8: error: no such module 'CryptoKit'
68 |
69 | import Foundation
70 | import CryptoKit
| `- error: no such module 'CryptoKit'
71 |
72 | internal enum AppAccountTokenDerivation {
[25/42] Compiling Crossdeck IdempotencyKey.swift
/host/spi-builder-workspace/Sources/Crossdeck/AppAccountTokenDerivation.swift:70:8: error: no such module 'CryptoKit'
68 |
69 | import Foundation
70 | import CryptoKit
| `- error: no such module 'CryptoKit'
71 |
72 | internal enum AppAccountTokenDerivation {
[26/42] Compiling Crossdeck Identity.swift
/host/spi-builder-workspace/Sources/Crossdeck/AppAccountTokenDerivation.swift:70:8: error: no such module 'CryptoKit'
68 |
69 | import Foundation
70 | import CryptoKit
| `- error: no such module 'CryptoKit'
71 |
72 | internal enum AppAccountTokenDerivation {
[27/42] Compiling Crossdeck PendingPurchaseQueue.swift
/host/spi-builder-workspace/Sources/Crossdeck/AppAccountTokenDerivation.swift:70:8: error: no such module 'CryptoKit'
68 |
69 | import Foundation
70 | import CryptoKit
| `- error: no such module 'CryptoKit'
71 |
72 | internal enum AppAccountTokenDerivation {
[28/42] Compiling Crossdeck PerformanceVitals.swift
/host/spi-builder-workspace/Sources/Crossdeck/AppAccountTokenDerivation.swift:70:8: error: no such module 'CryptoKit'
68 |
69 | import Foundation
70 | import CryptoKit
| `- error: no such module 'CryptoKit'
71 |
72 | internal enum AppAccountTokenDerivation {
[29/42] Compiling Crossdeck PurchaseAutoTrack.swift
/host/spi-builder-workspace/Sources/Crossdeck/AppAccountTokenDerivation.swift:70:8: error: no such module 'CryptoKit'
68 |
69 | import Foundation
70 | import CryptoKit
| `- error: no such module 'CryptoKit'
71 |
72 | internal enum AppAccountTokenDerivation {
[30/42] Compiling Crossdeck PurchaseSyncEffects.swift
/host/spi-builder-workspace/Sources/Crossdeck/AppAccountTokenDerivation.swift:70:8: error: no such module 'CryptoKit'
68 |
69 | import Foundation
70 | import CryptoKit
| `- error: no such module 'CryptoKit'
71 |
72 | internal enum AppAccountTokenDerivation {
[31/42] Compiling Crossdeck Reachability.swift
/host/spi-builder-workspace/Sources/Crossdeck/AppAccountTokenDerivation.swift:70:8: error: no such module 'CryptoKit'
68 |
69 | import Foundation
70 | import CryptoKit
| `- error: no such module 'CryptoKit'
71 |
72 | internal enum AppAccountTokenDerivation {
[32/42] Compiling Crossdeck RetryPolicy.swift
/host/spi-builder-workspace/Sources/Crossdeck/AppAccountTokenDerivation.swift:70:8: error: no such module 'CryptoKit'
68 |
69 | import Foundation
70 | import CryptoKit
| `- error: no such module 'CryptoKit'
71 |
72 | internal enum AppAccountTokenDerivation {
[33/42] Compiling Crossdeck DeepLink.swift
/host/spi-builder-workspace/Sources/Crossdeck/AppAccountTokenDerivation.swift:70:8: error: no such module 'CryptoKit'
68 |
69 | import Foundation
70 | import CryptoKit
| `- error: no such module 'CryptoKit'
71 |
72 | internal enum AppAccountTokenDerivation {
[34/42] Compiling Crossdeck DeviceInfo.swift
/host/spi-builder-workspace/Sources/Crossdeck/AppAccountTokenDerivation.swift:70:8: error: no such module 'CryptoKit'
68 |
69 | import Foundation
70 | import CryptoKit
| `- error: no such module 'CryptoKit'
71 |
72 | internal enum AppAccountTokenDerivation {
[35/42] Compiling Crossdeck DurableDeviceId.swift
/host/spi-builder-workspace/Sources/Crossdeck/AppAccountTokenDerivation.swift:70:8: error: no such module 'CryptoKit'
68 |
69 | import Foundation
70 | import CryptoKit
| `- error: no such module 'CryptoKit'
71 |
72 | internal enum AppAccountTokenDerivation {
[36/42] Compiling Crossdeck EntitlementCache.swift
/host/spi-builder-workspace/Sources/Crossdeck/AppAccountTokenDerivation.swift:70:8: error: no such module 'CryptoKit'
68 |
69 | import Foundation
70 | import CryptoKit
| `- error: no such module 'CryptoKit'
71 |
72 | internal enum AppAccountTokenDerivation {
[37/42] Compiling Crossdeck EntitlementResolution.swift
/host/spi-builder-workspace/Sources/Crossdeck/AppAccountTokenDerivation.swift:70:8: error: no such module 'CryptoKit'
68 |
69 | import Foundation
70 | import CryptoKit
| `- error: no such module 'CryptoKit'
71 |
72 | internal enum AppAccountTokenDerivation {
[38/42] Compiling Crossdeck Breadcrumbs.swift
/host/spi-builder-workspace/Sources/Crossdeck/AppAccountTokenDerivation.swift:70:8: error: no such module 'CryptoKit'
68 |
69 | import Foundation
70 | import CryptoKit
| `- error: no such module 'CryptoKit'
71 |
72 | internal enum AppAccountTokenDerivation {
[39/42] Compiling Crossdeck Consent.swift
/host/spi-builder-workspace/Sources/Crossdeck/AppAccountTokenDerivation.swift:70:8: error: no such module 'CryptoKit'
68 |
69 | import Foundation
70 | import CryptoKit
| `- error: no such module 'CryptoKit'
71 |
72 | internal enum AppAccountTokenDerivation {
[40/42] Compiling Crossdeck Contracts.swift
/host/spi-builder-workspace/Sources/Crossdeck/AppAccountTokenDerivation.swift:70:8: error: no such module 'CryptoKit'
68 |
69 | import Foundation
70 | import CryptoKit
| `- error: no such module 'CryptoKit'
71 |
72 | internal enum AppAccountTokenDerivation {
[41/42] Compiling Crossdeck Crossdeck.swift
/host/spi-builder-workspace/Sources/Crossdeck/AppAccountTokenDerivation.swift:70:8: error: no such module 'CryptoKit'
68 |
69 | import Foundation
70 | import CryptoKit
| `- error: no such module 'CryptoKit'
71 |
72 | internal enum AppAccountTokenDerivation {
[42/42] Compiling Crossdeck Debug.swift
/host/spi-builder-workspace/Sources/Crossdeck/AppAccountTokenDerivation.swift:70:8: error: no such module 'CryptoKit'
68 |
69 | import Foundation
70 | import CryptoKit
| `- error: no such module 'CryptoKit'
71 |
72 | internal enum AppAccountTokenDerivation {
BUILD FAILURE 6.2 android