The Swift Package Index logo.Swift Package Index

Build Information

Failed to build UDAExplainer, reference main (cbba89), with Swift 6.4 for watchOS using Xcode 27.0 on 18 Oct 2026 05:32:54 UTC.

Build Command

env DEVELOPER_DIR=/Applications/Xcode-27.0.0.app xcrun xcodebuild -IDEClonedSourcePackagesDirPathOverride=$PWD/.dependencies -skipMacroValidation -skipPackagePluginValidation -derivedDataPath $PWD/.derivedData build -scheme UDAExplainer -destination generic/platform=watchOS

Build Log

========================================
RunAll
========================================
Builder version: 5.1.3
Interrupt handler set up.
========================================
Checkout
========================================
Clone URL: https://github.com/Kjuly/UDAExplainer.git
Reference: main
Initialized empty Git repository in /Users/admin/builder/spi-builder-workspace/.git/
From https://github.com/Kjuly/UDAExplainer
 * branch            main       -> FETCH_HEAD
 * [new branch]      main       -> origin/main
HEAD is now at cbba898 build(xcode): upgrade to 2710
Cloned https://github.com/Kjuly/UDAExplainer.git
Revision (git rev-parse @):
cbba898c9ddc9132a10d62be4f283f6b3fb27f8c
SUCCESS checkout https://github.com/Kjuly/UDAExplainer.git at main
========================================
Build
========================================
Selected platform:         watchOS
Swift version:             6.4
Building package at path:  $PWD
https://github.com/Kjuly/UDAExplainer.git
Command line invocation:
    /Applications/Xcode-27.0.0.app/Contents/Developer/usr/bin/xcodebuild -IDEClonedSourcePackagesDirPathOverride=/Users/admin/builder/spi-builder-workspace/.dependencies -resolvePackageDependencies
resolved source packages:
{
  "default_localization" : "en",
  "dependencies" : [
  ],
  "manifest_display_name" : "UDAExplainer",
  "name" : "UDAExplainer",
  "path" : "/Users/admin/builder/spi-builder-workspace",
  "platforms" : [
    {
      "name" : "ios",
      "version" : "15.5"
    }
  ],
  "products" : [
    {
      "name" : "UDAExplainer",
      "targets" : [
        "UDAExplainer"
      ],
      "type" : {
        "library" : [
          "automatic"
        ]
      }
    }
  ],
  "targets" : [
    {
      "c99name" : "UDAExplainerTests",
      "module_type" : "SwiftTarget",
      "name" : "UDAExplainerTests",
      "path" : "UDAExplainerTests",
      "sources" : [
        "DefaultDataSource/UDAExplainerDefaultDataSourceTests.swift",
        "UDAExplainerTypeTests.swift"
      ],
      "target_dependencies" : [
        "UDAExplainer"
      ],
      "type" : "test"
    },
    {
      "c99name" : "UDAExplainer",
      "module_type" : "SwiftTarget",
      "name" : "UDAExplainer",
      "path" : "UDAExplainer/Sources",
      "product_memberships" : [
        "UDAExplainer"
      ],
      "resources" : [
        {
          "path" : "/Users/admin/builder/spi-builder-workspace/UDAExplainer/Sources/Resources/en.lproj/UDAExplainerLocalizations.strings",
          "rule" : {
            "process" : {
              "localization" : "en"
            }
          }
        },
        {
          "path" : "/Users/admin/builder/spi-builder-workspace/UDAExplainer/Sources/Resources/zh-Hans.lproj/UDAExplainerLocalizations.strings",
          "rule" : {
            "process" : {
              "localization" : "zh-hans"
            }
          }
        }
      ],
      "sources" : [
        "DefaultDataSource/UDAExplainerDefaultDataSource.swift",
        "Internal/UDAExplainerUIDimension.swift",
        "Internal/View+UDAExplainer.swift",
        "Localizations/UDAExplainerLocalizations.swift",
        "UDAExplainerColorSet.swift",
        "UDAExplainerConfiguration.swift",
        "UDAExplainerDataSourceProtocol.swift",
        "UDAExplainerType.swift",
        "UDAExplainerView.swift",
        "UIKitExtension/UDAExplainerHostingController.swift"
      ],
      "type" : "library"
    }
  ],
  "tools_version" : "5.7"
}
{
  "project" : {
    "configurations" : [
      "Debug",
      "Release"
    ],
    "name" : "UDAExplainer",
    "schemes" : [
      "UDAExplainer",
      "UDAExplainerDemo"
    ],
    "targets" : [
      "UDAExplainer",
      "UDAExplainerTests",
      "UDAExplainerDemo"
    ]
  }
}
{
  "workspace" : {
    "name" : "UDAExplainer",
    "schemes" : [
      "UDAExplainer"
    ]
  }
}
2026-10-18 01:32:42.251 xcodebuild[621:3879] [MT] IDERunDestination: Supported platforms for the buildables in the current scheme is empty.
Running build ...
env DEVELOPER_DIR=/Applications/Xcode-27.0.0.app xcrun xcodebuild -IDEClonedSourcePackagesDirPathOverride=$PWD/.dependencies -skipMacroValidation -skipPackagePluginValidation -derivedDataPath $PWD/.derivedData build -scheme UDAExplainer -destination generic/platform=watchOS
Command line invocation:
    /Applications/Xcode-27.0.0.app/Contents/Developer/usr/bin/xcodebuild -IDEClonedSourcePackagesDirPathOverride=/Users/admin/builder/spi-builder-workspace/.dependencies -skipMacroValidation -skipPackagePluginValidation -derivedDataPath /Users/admin/builder/spi-builder-workspace/.derivedData build -scheme UDAExplainer -destination generic/platform=watchOS
Resolve Package Graph
Resolved source packages:
  UDAExplainer: /Users/admin/builder/spi-builder-workspace
ComputePackagePrebuildTargetDependencyGraph
Prepare packages
CreateBuildRequest
SendProjectDescription
CreateBuildOperation
ComputeTargetDependencyGraph
note: Building targets in dependency order
note: Target dependency graph (3 targets)
    Target 'UDAExplainer-product' in project 'UDAExplainer'
        ➜ Explicit dependency on target 'UDAExplainer' in project 'UDAExplainer'
        ➜ Explicit dependency on target 'UDAExplainer_UDAExplainer' in project 'UDAExplainer'
    Target 'UDAExplainer' in project 'UDAExplainer'
        ➜ Explicit dependency on target 'UDAExplainer_UDAExplainer' in project 'UDAExplainer'
    Target 'UDAExplainer_UDAExplainer' in project 'UDAExplainer' (no dependencies)
GatherProvisioningInputs
CreateBuildDescription
ExecuteExternalTool /Applications/Xcode-27.0.0.app/Contents/Developer/Toolchains/XcodeDefault.xctoolchain/usr/bin/clang -v -E -dM -isysroot /Applications/Xcode-27.0.0.app/Contents/Developer/Platforms/WatchOS.platform/Developer/SDKs/WatchOS27.0.sdk -x c -c /dev/null
ExecuteExternalTool /Applications/Xcode-27.0.0.app/Contents/Developer/Toolchains/XcodeDefault.xctoolchain/usr/bin/swiftc --version
ExecuteExternalTool /Applications/Xcode-27.0.0.app/Contents/Developer/Toolchains/XcodeDefault.xctoolchain/usr/bin/ld -version_details
Build description signature: 20a603289b752c76338b625f626b807f
Build description path: /Users/admin/builder/spi-builder-workspace/.derivedData/Build/Intermediates.noindex/XCBuildData/20a603289b752c76338b625f626b807f.xcbuilddata
CreateBuildDirectory /Users/admin/builder/spi-builder-workspace/.derivedData/SDKExplicitPrecompiledModules
    cd /Users/admin/builder/spi-builder-workspace/.swiftpm/xcode
    builtin-create-build-directory /Users/admin/builder/spi-builder-workspace/.derivedData/SDKExplicitPrecompiledModules
CreateBuildDirectory /Users/admin/builder/spi-builder-workspace/.derivedData/ModuleCache.noindex
    cd /Users/admin/builder/spi-builder-workspace/.swiftpm/xcode
    builtin-create-build-directory /Users/admin/builder/spi-builder-workspace/.derivedData/ModuleCache.noindex
CreateBuildDirectory /Users/admin/builder/spi-builder-workspace/.derivedData/CompilationCache.noindex
    cd /Users/admin/builder/spi-builder-workspace/.swiftpm/xcode
    builtin-create-build-directory /Users/admin/builder/spi-builder-workspace/.derivedData/CompilationCache.noindex
CreateBuildDirectory /Users/admin/builder/spi-builder-workspace/.derivedData/Build/Products
    cd /Users/admin/builder/spi-builder-workspace/.swiftpm/xcode
    builtin-create-build-directory /Users/admin/builder/spi-builder-workspace/.derivedData/Build/Products
CreateBuildDirectory /Users/admin/builder/spi-builder-workspace/.derivedData/Build/Intermediates.noindex
    cd /Users/admin/builder/spi-builder-workspace/.swiftpm/xcode
    builtin-create-build-directory /Users/admin/builder/spi-builder-workspace/.derivedData/Build/Intermediates.noindex
ClangStatCache /Applications/Xcode-27.0.0.app/Contents/Developer/Toolchains/XcodeDefault.xctoolchain/usr/bin/clang-stat-cache /Applications/Xcode-27.0.0.app/Contents/Developer/Platforms/WatchOS.platform/Developer/SDKs/WatchOS27.0.sdk /Users/admin/builder/spi-builder-workspace/.derivedData/SDKStatCaches.noindex/watchos27.0-24R360-e829b21a6f8c9b70876ba0858053c044b9db9bc9c079ee3c7b5f3373b13d10bc.sdkstatcache
    cd /Users/admin/builder/spi-builder-workspace/.swiftpm/xcode
    /Applications/Xcode-27.0.0.app/Contents/Developer/Toolchains/XcodeDefault.xctoolchain/usr/bin/clang-stat-cache /Applications/Xcode-27.0.0.app/Contents/Developer/Platforms/WatchOS.platform/Developer/SDKs/WatchOS27.0.sdk -o /Users/admin/builder/spi-builder-workspace/.derivedData/SDKStatCaches.noindex/watchos27.0-24R360-e829b21a6f8c9b70876ba0858053c044b9db9bc9c079ee3c7b5f3373b13d10bc.sdkstatcache
CreateBuildDirectory /Users/admin/builder/spi-builder-workspace/.derivedData/Build/Products/Debug-watchos
    cd /Users/admin/builder/spi-builder-workspace/.swiftpm/xcode
    builtin-create-build-directory /Users/admin/builder/spi-builder-workspace/.derivedData/Build/Products/Debug-watchos
CreateBuildDirectory /Users/admin/builder/spi-builder-workspace/.derivedData/Build/Intermediates.noindex/ExplicitPrecompiledModules
    cd /Users/admin/builder/spi-builder-workspace/.swiftpm/xcode
    builtin-create-build-directory /Users/admin/builder/spi-builder-workspace/.derivedData/Build/Intermediates.noindex/ExplicitPrecompiledModules
CreateBuildDirectory /Users/admin/builder/spi-builder-workspace/.derivedData/Build/Intermediates.noindex/PrecompiledHeaders
    cd /Users/admin/builder/spi-builder-workspace/.swiftpm/xcode
    builtin-create-build-directory /Users/admin/builder/spi-builder-workspace/.derivedData/Build/Intermediates.noindex/PrecompiledHeaders
CreateBuildDirectory /Users/admin/builder/spi-builder-workspace/.derivedData/Build/Intermediates.noindex/SwiftExplicitPrecompiledModules
    cd /Users/admin/builder/spi-builder-workspace/.swiftpm/xcode
    builtin-create-build-directory /Users/admin/builder/spi-builder-workspace/.derivedData/Build/Intermediates.noindex/SwiftExplicitPrecompiledModules
CreateBuildDirectory /Users/admin/builder/spi-builder-workspace/.derivedData/Build/Intermediates.noindex/EagerLinkingTBDs/Debug-watchos
    cd /Users/admin/builder/spi-builder-workspace/.swiftpm/xcode
    builtin-create-build-directory /Users/admin/builder/spi-builder-workspace/.derivedData/Build/Intermediates.noindex/EagerLinkingTBDs/Debug-watchos
CreateBuildDirectory /Users/admin/builder/spi-builder-workspace/.derivedData/Build/Products/Debug-watchos/PackageFrameworks
    cd /Users/admin/builder/spi-builder-workspace/.swiftpm/xcode
    builtin-create-build-directory /Users/admin/builder/spi-builder-workspace/.derivedData/Build/Products/Debug-watchos/PackageFrameworks
MkDir /Users/admin/builder/spi-builder-workspace/.derivedData/Build/Products/Debug-watchos/UDAExplainer_UDAExplainer.bundle (in target 'UDAExplainer_UDAExplainer' from project 'UDAExplainer')
    cd /Users/admin/builder/spi-builder-workspace
    /bin/mkdir -p /Users/admin/builder/spi-builder-workspace/.derivedData/Build/Products/Debug-watchos/UDAExplainer_UDAExplainer.bundle
WriteAuxiliaryFile /Users/admin/builder/spi-builder-workspace/.derivedData/Build/Intermediates.noindex/UDAExplainer.build/Debug-watchos/UDAExplainer_UDAExplainer-b.build/UDAExplainer_UDAExplainer.DependencyStaticMetadataFileList (in target 'UDAExplainer_UDAExplainer' from project 'UDAExplainer')
    cd /Users/admin/builder/spi-builder-workspace
    write-file /Users/admin/builder/spi-builder-workspace/.derivedData/Build/Intermediates.noindex/UDAExplainer.build/Debug-watchos/UDAExplainer_UDAExplainer-b.build/UDAExplainer_UDAExplainer.DependencyStaticMetadataFileList
WriteAuxiliaryFile /Users/admin/builder/spi-builder-workspace/.derivedData/Build/Intermediates.noindex/UDAExplainer.build/Debug-watchos/UDAExplainer_UDAExplainer-b.build/empty-UDAExplainer_UDAExplainer.plist (in target 'UDAExplainer_UDAExplainer' from project 'UDAExplainer')
    cd /Users/admin/builder/spi-builder-workspace
    write-file /Users/admin/builder/spi-builder-workspace/.derivedData/Build/Intermediates.noindex/UDAExplainer.build/Debug-watchos/UDAExplainer_UDAExplainer-b.build/empty-UDAExplainer_UDAExplainer.plist
WriteAuxiliaryFile /Users/admin/builder/spi-builder-workspace/.derivedData/Build/Intermediates.noindex/UDAExplainer.build/Debug-watchos/UDAExplainer_UDAExplainer-b.build/UDAExplainer_UDAExplainer.DependencyMetadataFileList (in target 'UDAExplainer_UDAExplainer' from project 'UDAExplainer')
    cd /Users/admin/builder/spi-builder-workspace
    write-file /Users/admin/builder/spi-builder-workspace/.derivedData/Build/Intermediates.noindex/UDAExplainer.build/Debug-watchos/UDAExplainer_UDAExplainer-b.build/UDAExplainer_UDAExplainer.DependencyMetadataFileList
WriteAuxiliaryFile /Users/admin/builder/spi-builder-workspace/.derivedData/Build/Intermediates.noindex/UDAExplainer.build/Debug-watchos/UDAExplainer-t.build/UDAExplainer.modulemap (in target 'UDAExplainer' from project 'UDAExplainer')
    cd /Users/admin/builder/spi-builder-workspace
    write-file /Users/admin/builder/spi-builder-workspace/.derivedData/Build/Intermediates.noindex/UDAExplainer.build/Debug-watchos/UDAExplainer-t.build/UDAExplainer.modulemap
WriteAuxiliaryFile /Users/admin/builder/spi-builder-workspace/.derivedData/Build/Intermediates.noindex/UDAExplainer.build/Debug-watchos/UDAExplainer-t.build/UDAExplainer.DependencyMetadataFileList (in target 'UDAExplainer' from project 'UDAExplainer')
    cd /Users/admin/builder/spi-builder-workspace
    write-file /Users/admin/builder/spi-builder-workspace/.derivedData/Build/Intermediates.noindex/UDAExplainer.build/Debug-watchos/UDAExplainer-t.build/UDAExplainer.DependencyMetadataFileList
WriteAuxiliaryFile /Users/admin/builder/spi-builder-workspace/.derivedData/Build/Intermediates.noindex/UDAExplainer.build/Debug-watchos/UDAExplainer-t.build/UDAExplainer.DependencyStaticMetadataFileList (in target 'UDAExplainer' from project 'UDAExplainer')
    cd /Users/admin/builder/spi-builder-workspace
    write-file /Users/admin/builder/spi-builder-workspace/.derivedData/Build/Intermediates.noindex/UDAExplainer.build/Debug-watchos/UDAExplainer-t.build/UDAExplainer.DependencyStaticMetadataFileList
WriteAuxiliaryFile /Users/admin/builder/spi-builder-workspace/.derivedData/Build/Intermediates.noindex/UDAExplainer.build/Debug-watchos/UDAExplainer-t.build/Objects-normal/arm64_32/UDAExplainer_const_extract_protocols.json (in target 'UDAExplainer' from project 'UDAExplainer')
    cd /Users/admin/builder/spi-builder-workspace
    write-file /Users/admin/builder/spi-builder-workspace/.derivedData/Build/Intermediates.noindex/UDAExplainer.build/Debug-watchos/UDAExplainer-t.build/Objects-normal/arm64_32/UDAExplainer_const_extract_protocols.json
WriteAuxiliaryFile /Users/admin/builder/spi-builder-workspace/.derivedData/Build/Intermediates.noindex/UDAExplainer.build/Debug-watchos/UDAExplainer-t.build/Objects-normal/arm64_32/UDAExplainer.SwiftFileList (in target 'UDAExplainer' from project 'UDAExplainer')
    cd /Users/admin/builder/spi-builder-workspace
    write-file /Users/admin/builder/spi-builder-workspace/.derivedData/Build/Intermediates.noindex/UDAExplainer.build/Debug-watchos/UDAExplainer-t.build/Objects-normal/arm64_32/UDAExplainer.SwiftFileList
WriteAuxiliaryFile /Users/admin/builder/spi-builder-workspace/.derivedData/Build/Intermediates.noindex/UDAExplainer.build/Debug-watchos/UDAExplainer-t.build/Objects-normal/arm64_32/UDAExplainer.SwiftConstValuesFileList (in target 'UDAExplainer' from project 'UDAExplainer')
    cd /Users/admin/builder/spi-builder-workspace
    write-file /Users/admin/builder/spi-builder-workspace/.derivedData/Build/Intermediates.noindex/UDAExplainer.build/Debug-watchos/UDAExplainer-t.build/Objects-normal/arm64_32/UDAExplainer.SwiftConstValuesFileList
WriteAuxiliaryFile /Users/admin/builder/spi-builder-workspace/.derivedData/Build/Intermediates.noindex/UDAExplainer.build/Debug-watchos/UDAExplainer-t.build/Objects-normal/arm64_32/UDAExplainer.LinkFileList (in target 'UDAExplainer' from project 'UDAExplainer')
    cd /Users/admin/builder/spi-builder-workspace
    write-file /Users/admin/builder/spi-builder-workspace/.derivedData/Build/Intermediates.noindex/UDAExplainer.build/Debug-watchos/UDAExplainer-t.build/Objects-normal/arm64_32/UDAExplainer.LinkFileList
WriteAuxiliaryFile /Users/admin/builder/spi-builder-workspace/.derivedData/Build/Intermediates.noindex/UDAExplainer.build/Debug-watchos/UDAExplainer-t.build/Objects-normal/arm64_32/UDAExplainer-OutputFileMap.json (in target 'UDAExplainer' from project 'UDAExplainer')
    cd /Users/admin/builder/spi-builder-workspace
    write-file /Users/admin/builder/spi-builder-workspace/.derivedData/Build/Intermediates.noindex/UDAExplainer.build/Debug-watchos/UDAExplainer-t.build/Objects-normal/arm64_32/UDAExplainer-OutputFileMap.json
WriteAuxiliaryFile /Users/admin/builder/spi-builder-workspace/.derivedData/Build/Intermediates.noindex/UDAExplainer.build/Debug-watchos/UDAExplainer-t.build/Objects-normal/arm64/UDAExplainer.SwiftFileList (in target 'UDAExplainer' from project 'UDAExplainer')
    cd /Users/admin/builder/spi-builder-workspace
    write-file /Users/admin/builder/spi-builder-workspace/.derivedData/Build/Intermediates.noindex/UDAExplainer.build/Debug-watchos/UDAExplainer-t.build/Objects-normal/arm64/UDAExplainer.SwiftFileList
WriteAuxiliaryFile /Users/admin/builder/spi-builder-workspace/.derivedData/Build/Intermediates.noindex/UDAExplainer.build/Debug-watchos/UDAExplainer-t.build/Objects-normal/arm64/UDAExplainer.LinkFileList (in target 'UDAExplainer' from project 'UDAExplainer')
    cd /Users/admin/builder/spi-builder-workspace
    write-file /Users/admin/builder/spi-builder-workspace/.derivedData/Build/Intermediates.noindex/UDAExplainer.build/Debug-watchos/UDAExplainer-t.build/Objects-normal/arm64/UDAExplainer.LinkFileList
WriteAuxiliaryFile /Users/admin/builder/spi-builder-workspace/.derivedData/Build/Intermediates.noindex/UDAExplainer.build/Debug-watchos/UDAExplainer-t.build/Objects-normal/arm64/UDAExplainer.SwiftConstValuesFileList (in target 'UDAExplainer' from project 'UDAExplainer')
    cd /Users/admin/builder/spi-builder-workspace
    write-file /Users/admin/builder/spi-builder-workspace/.derivedData/Build/Intermediates.noindex/UDAExplainer.build/Debug-watchos/UDAExplainer-t.build/Objects-normal/arm64/UDAExplainer.SwiftConstValuesFileList
WriteAuxiliaryFile /Users/admin/builder/spi-builder-workspace/.derivedData/Build/Intermediates.noindex/UDAExplainer.build/Debug-watchos/UDAExplainer-t.build/Objects-normal/arm64/UDAExplainer_const_extract_protocols.json (in target 'UDAExplainer' from project 'UDAExplainer')
    cd /Users/admin/builder/spi-builder-workspace
    write-file /Users/admin/builder/spi-builder-workspace/.derivedData/Build/Intermediates.noindex/UDAExplainer.build/Debug-watchos/UDAExplainer-t.build/Objects-normal/arm64/UDAExplainer_const_extract_protocols.json
WriteAuxiliaryFile /Users/admin/builder/spi-builder-workspace/.derivedData/Build/Intermediates.noindex/UDAExplainer.build/Debug-watchos/UDAExplainer-t.build/Objects-normal/arm64/UDAExplainer-OutputFileMap.json (in target 'UDAExplainer' from project 'UDAExplainer')
    cd /Users/admin/builder/spi-builder-workspace
    write-file /Users/admin/builder/spi-builder-workspace/.derivedData/Build/Intermediates.noindex/UDAExplainer.build/Debug-watchos/UDAExplainer-t.build/Objects-normal/arm64/UDAExplainer-OutputFileMap.json
WriteAuxiliaryFile /Users/admin/builder/spi-builder-workspace/.derivedData/Build/Intermediates.noindex/UDAExplainer.build/Debug-watchos/UDAExplainer-t.build/DerivedSources/resource_bundle_accessor.swift (in target 'UDAExplainer' from project 'UDAExplainer')
    cd /Users/admin/builder/spi-builder-workspace
    write-file /Users/admin/builder/spi-builder-workspace/.derivedData/Build/Intermediates.noindex/UDAExplainer.build/Debug-watchos/UDAExplainer-t.build/DerivedSources/resource_bundle_accessor.swift
Copy /Users/admin/builder/spi-builder-workspace/.derivedData/Build/Intermediates.noindex/GeneratedModuleMaps-watchos/UDAExplainer.modulemap /Users/admin/builder/spi-builder-workspace/.derivedData/Build/Intermediates.noindex/UDAExplainer.build/Debug-watchos/UDAExplainer-t.build/UDAExplainer.modulemap (in target 'UDAExplainer' from project 'UDAExplainer')
    cd /Users/admin/builder/spi-builder-workspace
    builtin-copy -exclude .DS_Store -exclude CVS -exclude .svn -exclude .git -exclude .hg -resolve-src-symlinks /Users/admin/builder/spi-builder-workspace/.derivedData/Build/Intermediates.noindex/UDAExplainer.build/Debug-watchos/UDAExplainer-t.build/UDAExplainer.modulemap /Users/admin/builder/spi-builder-workspace/.derivedData/Build/Intermediates.noindex/GeneratedModuleMaps-watchos
ProcessInfoPlistFile /Users/admin/builder/spi-builder-workspace/.derivedData/Build/Products/Debug-watchos/UDAExplainer_UDAExplainer.bundle/Info.plist /Users/admin/builder/spi-builder-workspace/.derivedData/Build/Intermediates.noindex/UDAExplainer.build/Debug-watchos/UDAExplainer_UDAExplainer-b.build/empty-UDAExplainer_UDAExplainer.plist (in target 'UDAExplainer_UDAExplainer' from project 'UDAExplainer')
    cd /Users/admin/builder/spi-builder-workspace
    builtin-infoPlistUtility /Users/admin/builder/spi-builder-workspace/.derivedData/Build/Intermediates.noindex/UDAExplainer.build/Debug-watchos/UDAExplainer_UDAExplainer-b.build/empty-UDAExplainer_UDAExplainer.plist -producttype com.apple.product-type.bundle -expandbuildsettings -format binary -platform watchos -o /Users/admin/builder/spi-builder-workspace/.derivedData/Build/Products/Debug-watchos/UDAExplainer_UDAExplainer.bundle/Info.plist
CpResource /Users/admin/builder/spi-builder-workspace/.derivedData/Build/Products/Debug-watchos/UDAExplainer_UDAExplainer.bundle/zh-Hans.lproj/UDAExplainerLocalizations.strings /Users/admin/builder/spi-builder-workspace/UDAExplainer/Sources/Resources/zh-Hans.lproj/UDAExplainerLocalizations.strings (in target 'UDAExplainer_UDAExplainer' from project 'UDAExplainer')
    cd /Users/admin/builder/spi-builder-workspace
    builtin-copy -exclude .DS_Store -exclude CVS -exclude .svn -exclude .git -exclude .hg -resolve-src-symlinks /Users/admin/builder/spi-builder-workspace/UDAExplainer/Sources/Resources/zh-Hans.lproj/UDAExplainerLocalizations.strings /Users/admin/builder/spi-builder-workspace/.derivedData/Build/Products/Debug-watchos/UDAExplainer_UDAExplainer.bundle/zh-Hans.lproj
CpResource /Users/admin/builder/spi-builder-workspace/.derivedData/Build/Products/Debug-watchos/UDAExplainer_UDAExplainer.bundle/en.lproj/UDAExplainerLocalizations.strings /Users/admin/builder/spi-builder-workspace/UDAExplainer/Sources/Resources/en.lproj/UDAExplainerLocalizations.strings (in target 'UDAExplainer_UDAExplainer' from project 'UDAExplainer')
    cd /Users/admin/builder/spi-builder-workspace
    builtin-copy -exclude .DS_Store -exclude CVS -exclude .svn -exclude .git -exclude .hg -resolve-src-symlinks /Users/admin/builder/spi-builder-workspace/UDAExplainer/Sources/Resources/en.lproj/UDAExplainerLocalizations.strings /Users/admin/builder/spi-builder-workspace/.derivedData/Build/Products/Debug-watchos/UDAExplainer_UDAExplainer.bundle/en.lproj
RegisterExecutionPolicyException /Users/admin/builder/spi-builder-workspace/.derivedData/Build/Products/Debug-watchos/UDAExplainer_UDAExplainer.bundle (in target 'UDAExplainer_UDAExplainer' from project 'UDAExplainer')
    cd /Users/admin/builder/spi-builder-workspace
    builtin-RegisterExecutionPolicyException /Users/admin/builder/spi-builder-workspace/.derivedData/Build/Products/Debug-watchos/UDAExplainer_UDAExplainer.bundle
Touch /Users/admin/builder/spi-builder-workspace/.derivedData/Build/Products/Debug-watchos/UDAExplainer_UDAExplainer.bundle (in target 'UDAExplainer_UDAExplainer' from project 'UDAExplainer')
    cd /Users/admin/builder/spi-builder-workspace
    /usr/bin/touch -c /Users/admin/builder/spi-builder-workspace/.derivedData/Build/Products/Debug-watchos/UDAExplainer_UDAExplainer.bundle
SwiftDriver UDAExplainer normal arm64_32 com.apple.xcode.tools.swift.compiler (in target 'UDAExplainer' from project 'UDAExplainer')
    cd /Users/admin/builder/spi-builder-workspace/.swiftpm/xcode
    builtin-SwiftDriver -- /Applications/Xcode-27.0.0.app/Contents/Developer/Toolchains/XcodeDefault.xctoolchain/usr/bin/swiftc -parse-as-library -module-name UDAExplainer -Onone @/Users/admin/builder/spi-builder-workspace/.derivedData/Build/Intermediates.noindex/UDAExplainer.build/Debug-watchos/UDAExplainer-t.build/Objects-normal/arm64_32/UDAExplainer.SwiftFileList -DSWIFT_PACKAGE -DDEBUG -DSWIFT_MODULE_RESOURCE_BUNDLE_AVAILABLE -DXcode -plugin-path /Applications/Xcode-27.0.0.app/Contents/Developer/Toolchains/XcodeDefault.xctoolchain/usr/lib/swift/host/plugins/testing -enable-experimental-feature DebugDescriptionMacro -sdk /Applications/Xcode-27.0.0.app/Contents/Developer/Platforms/WatchOS.platform/Developer/SDKs/WatchOS27.0.sdk -target arm64_32-apple-watchos9.0 -g -module-cache-path /Users/admin/builder/spi-builder-workspace/.derivedData/ModuleCache.noindex -Xfrontend -serialize-debugging-options -profile-coverage-mapping -profile-generate -enable-testing -index-store-path /Users/admin/builder/spi-builder-workspace/.derivedData/Index.noindex/DataStore -Xcc -D_LIBCPP_HARDENING_MODE\=_LIBCPP_HARDENING_MODE_DEBUG -swift-version 5 -I /Users/admin/builder/spi-builder-workspace/.derivedData/Build/Products/Debug-watchos -Isystem /Applications/Xcode-27.0.0.app/Contents/Developer/Platforms/WatchOS.platform/Developer/usr/lib -F /Users/admin/builder/spi-builder-workspace/.derivedData/Build/Products/Debug-watchos -F /Applications/Xcode-27.0.0.app/Contents/Developer/Platforms/WatchOS.platform/Developer/Library/Frameworks -F /Applications/Xcode-27.0.0.app/Contents/Developer/Platforms/WatchOS.platform/Developer/SDKs/WatchOS27.0.sdk/Developer/Library/Frameworks -emit-localized-strings -emit-localized-strings-path /Users/admin/builder/spi-builder-workspace/.derivedData/Build/Intermediates.noindex/UDAExplainer.build/Debug-watchos/UDAExplainer-t.build/Objects-normal/arm64_32 -c -j10 -enable-batch-mode -incremental -Xcc -ivfsstatcache -Xcc /Users/admin/builder/spi-builder-workspace/.derivedData/SDKStatCaches.noindex/watchos27.0-24R360-e829b21a6f8c9b70876ba0858053c044b9db9bc9c079ee3c7b5f3373b13d10bc.sdkstatcache -output-file-map /Users/admin/builder/spi-builder-workspace/.derivedData/Build/Intermediates.noindex/UDAExplainer.build/Debug-watchos/UDAExplainer-t.build/Objects-normal/arm64_32/UDAExplainer-OutputFileMap.json -save-temps -no-color-diagnostics -explicit-module-build -module-cache-path /Users/admin/builder/spi-builder-workspace/.derivedData/Build/Intermediates.noindex/SwiftExplicitPrecompiledModules -clang-scanner-module-cache-path /Users/admin/builder/spi-builder-workspace/.derivedData/ModuleCache.noindex -sdk-module-cache-path /Users/admin/builder/spi-builder-workspace/.derivedData/SDKExplicitPrecompiledModules -emit-dependencies -emit-module -emit-module-path /Users/admin/builder/spi-builder-workspace/.derivedData/Build/Intermediates.noindex/UDAExplainer.build/Debug-watchos/UDAExplainer-t.build/Objects-normal/arm64_32/UDAExplainer.swiftmodule -serialize-diagnostics -dependency-scan-serialize-diagnostics-path /Users/admin/builder/spi-builder-workspace/.derivedData/Build/Intermediates.noindex/UDAExplainer.build/Debug-watchos/UDAExplainer-t.build/Objects-normal/arm64_32/UDAExplainer-dependency-scan.dia -validate-clang-modules-once -clang-build-session-file /Users/admin/builder/spi-builder-workspace/.derivedData/ModuleCache.noindex/Session.modulevalidation -Xcc -fmodules-prune-interval\=86400 -Xcc -fmodules-prune-after\=345600 -emit-const-values -const-gather-protocols-list /Users/admin/builder/spi-builder-workspace/.derivedData/Build/Intermediates.noindex/UDAExplainer.build/Debug-watchos/UDAExplainer-t.build/Objects-normal/arm64_32/UDAExplainer_const_extract_protocols.json -Xcc -I/Users/admin/builder/spi-builder-workspace/.derivedData/Build/Products/Debug-watchos/include -Xcc -I/Users/admin/builder/spi-builder-workspace/.derivedData/Build/Intermediates.noindex/UDAExplainer.build/Debug-watchos/UDAExplainer-t.build/DerivedSources-normal/arm64_32 -Xcc -I/Users/admin/builder/spi-builder-workspace/.derivedData/Build/Intermediates.noindex/UDAExplainer.build/Debug-watchos/UDAExplainer-t.build/DerivedSources/arm64_32 -Xcc -I/Users/admin/builder/spi-builder-workspace/.derivedData/Build/Intermediates.noindex/UDAExplainer.build/Debug-watchos/UDAExplainer-t.build/DerivedSources -Xcc -DSWIFT_PACKAGE -Xcc -DDEBUG\=1 -emit-objc-header -emit-objc-header-path /Users/admin/builder/spi-builder-workspace/.derivedData/Build/Intermediates.noindex/UDAExplainer.build/Debug-watchos/UDAExplainer-t.build/Objects-normal/arm64_32/UDAExplainer-Swift.h -working-directory /Users/admin/builder/spi-builder-workspace/.swiftpm/xcode -experimental-emit-module-separately -disable-cmo
SwiftDriver UDAExplainer normal arm64 com.apple.xcode.tools.swift.compiler (in target 'UDAExplainer' from project 'UDAExplainer')
    cd /Users/admin/builder/spi-builder-workspace/.swiftpm/xcode
    builtin-SwiftDriver -- /Applications/Xcode-27.0.0.app/Contents/Developer/Toolchains/XcodeDefault.xctoolchain/usr/bin/swiftc -parse-as-library -module-name UDAExplainer -Onone @/Users/admin/builder/spi-builder-workspace/.derivedData/Build/Intermediates.noindex/UDAExplainer.build/Debug-watchos/UDAExplainer-t.build/Objects-normal/arm64/UDAExplainer.SwiftFileList -DSWIFT_PACKAGE -DDEBUG -DSWIFT_MODULE_RESOURCE_BUNDLE_AVAILABLE -DXcode -plugin-path /Applications/Xcode-27.0.0.app/Contents/Developer/Toolchains/XcodeDefault.xctoolchain/usr/lib/swift/host/plugins/testing -enable-experimental-feature DebugDescriptionMacro -sdk /Applications/Xcode-27.0.0.app/Contents/Developer/Platforms/WatchOS.platform/Developer/SDKs/WatchOS27.0.sdk -target arm64-apple-watchos9.0 -g -module-cache-path /Users/admin/builder/spi-builder-workspace/.derivedData/ModuleCache.noindex -Xfrontend -serialize-debugging-options -profile-coverage-mapping -profile-generate -enable-testing -index-store-path /Users/admin/builder/spi-builder-workspace/.derivedData/Index.noindex/DataStore -Xcc -D_LIBCPP_HARDENING_MODE\=_LIBCPP_HARDENING_MODE_DEBUG -swift-version 5 -I /Users/admin/builder/spi-builder-workspace/.derivedData/Build/Products/Debug-watchos -Isystem /Applications/Xcode-27.0.0.app/Contents/Developer/Platforms/WatchOS.platform/Developer/usr/lib -F /Users/admin/builder/spi-builder-workspace/.derivedData/Build/Products/Debug-watchos -F /Applications/Xcode-27.0.0.app/Contents/Developer/Platforms/WatchOS.platform/Developer/Library/Frameworks -F /Applications/Xcode-27.0.0.app/Contents/Developer/Platforms/WatchOS.platform/Developer/SDKs/WatchOS27.0.sdk/Developer/Library/Frameworks -emit-localized-strings -emit-localized-strings-path /Users/admin/builder/spi-builder-workspace/.derivedData/Build/Intermediates.noindex/UDAExplainer.build/Debug-watchos/UDAExplainer-t.build/Objects-normal/arm64 -c -j10 -enable-batch-mode -incremental -Xcc -ivfsstatcache -Xcc /Users/admin/builder/spi-builder-workspace/.derivedData/SDKStatCaches.noindex/watchos27.0-24R360-e829b21a6f8c9b70876ba0858053c044b9db9bc9c079ee3c7b5f3373b13d10bc.sdkstatcache -output-file-map /Users/admin/builder/spi-builder-workspace/.derivedData/Build/Intermediates.noindex/UDAExplainer.build/Debug-watchos/UDAExplainer-t.build/Objects-normal/arm64/UDAExplainer-OutputFileMap.json -save-temps -no-color-diagnostics -explicit-module-build -module-cache-path /Users/admin/builder/spi-builder-workspace/.derivedData/Build/Intermediates.noindex/SwiftExplicitPrecompiledModules -clang-scanner-module-cache-path /Users/admin/builder/spi-builder-workspace/.derivedData/ModuleCache.noindex -sdk-module-cache-path /Users/admin/builder/spi-builder-workspace/.derivedData/SDKExplicitPrecompiledModules -emit-dependencies -emit-module -emit-module-path /Users/admin/builder/spi-builder-workspace/.derivedData/Build/Intermediates.noindex/UDAExplainer.build/Debug-watchos/UDAExplainer-t.build/Objects-normal/arm64/UDAExplainer.swiftmodule -serialize-diagnostics -dependency-scan-serialize-diagnostics-path /Users/admin/builder/spi-builder-workspace/.derivedData/Build/Intermediates.noindex/UDAExplainer.build/Debug-watchos/UDAExplainer-t.build/Objects-normal/arm64/UDAExplainer-dependency-scan.dia -validate-clang-modules-once -clang-build-session-file /Users/admin/builder/spi-builder-workspace/.derivedData/ModuleCache.noindex/Session.modulevalidation -Xcc -fmodules-prune-interval\=86400 -Xcc -fmodules-prune-after\=345600 -emit-const-values -const-gather-protocols-list /Users/admin/builder/spi-builder-workspace/.derivedData/Build/Intermediates.noindex/UDAExplainer.build/Debug-watchos/UDAExplainer-t.build/Objects-normal/arm64/UDAExplainer_const_extract_protocols.json -Xcc -I/Users/admin/builder/spi-builder-workspace/.derivedData/Build/Products/Debug-watchos/include -Xcc -I/Users/admin/builder/spi-builder-workspace/.derivedData/Build/Intermediates.noindex/UDAExplainer.build/Debug-watchos/UDAExplainer-t.build/DerivedSources-normal/arm64 -Xcc -I/Users/admin/builder/spi-builder-workspace/.derivedData/Build/Intermediates.noindex/UDAExplainer.build/Debug-watchos/UDAExplainer-t.build/DerivedSources/arm64 -Xcc -I/Users/admin/builder/spi-builder-workspace/.derivedData/Build/Intermediates.noindex/UDAExplainer.build/Debug-watchos/UDAExplainer-t.build/DerivedSources -Xcc -DSWIFT_PACKAGE -Xcc -DDEBUG\=1 -emit-objc-header -emit-objc-header-path /Users/admin/builder/spi-builder-workspace/.derivedData/Build/Intermediates.noindex/UDAExplainer.build/Debug-watchos/UDAExplainer-t.build/Objects-normal/arm64/UDAExplainer-Swift.h -working-directory /Users/admin/builder/spi-builder-workspace/.swiftpm/xcode -experimental-emit-module-separately -disable-cmo
SwiftExplicitDependencyGeneratePcm arm64_32 /Users/admin/builder/spi-builder-workspace/.derivedData/SDKExplicitPrecompiledModules/_AvailabilityInternal-17Z6RE1QMV2VXWEMAC9MW0NL2.pcm
SwiftExplicitDependencyGeneratePcm arm64_32 /Users/admin/builder/spi-builder-workspace/.derivedData/SDKExplicitPrecompiledModules/_Builtin_stdarg-EIY5S589Q5DGECFY19XTQD8M7.pcm
SwiftExplicitDependencyGeneratePcm arm64_32 /Users/admin/builder/spi-builder-workspace/.derivedData/SDKExplicitPrecompiledModules/DeveloperToolsSupport-8UUKUF1F7527LS7YEIL999781.pcm
SwiftExplicitDependencyGeneratePcm arm64_32 /Users/admin/builder/spi-builder-workspace/.derivedData/SDKExplicitPrecompiledModules/_SwiftConcurrencyShims-EMXWUK5EGT5ME6C38RQNDWMNP.pcm
SwiftExplicitDependencyGeneratePcm arm64_32 /Users/admin/builder/spi-builder-workspace/.derivedData/SDKExplicitPrecompiledModules/SwiftShims-FK6J9H4F4DCVC1W0HC6IAN7E.pcm
SwiftExplicitDependencyGeneratePcm arm64_32 /Users/admin/builder/spi-builder-workspace/.derivedData/SDKExplicitPrecompiledModules/ptrauth-9TF4O22D6TX777CFS74NYS6CY.pcm
SwiftExplicitDependencyGeneratePcm arm64_32 /Users/admin/builder/spi-builder-workspace/.derivedData/SDKExplicitPrecompiledModules/_Builtin_stddef-7IVIF81HCPH4VETEG4IKQ3UQQ.pcm
SwiftExplicitDependencyGeneratePcm arm64_32 /Users/admin/builder/spi-builder-workspace/.derivedData/SDKExplicitPrecompiledModules/ptrcheck-BR45GYU0OXGGBT6UQES0MQ1N0.pcm
SwiftExplicitDependencyGeneratePcm arm64_32 /Users/admin/builder/spi-builder-workspace/.derivedData/SDKExplicitPrecompiledModules/_Builtin_stdbool-2R26DWCM83W66RITBNPVY8WLG.pcm
SwiftExplicitDependencyGeneratePcm arm64_32 /Users/admin/builder/spi-builder-workspace/.derivedData/SDKExplicitPrecompiledModules/_Builtin_float-EO919BOWGZLY4R4CLQ07XGI1B.pcm
SwiftExplicitDependencyGeneratePcm arm64 /Users/admin/builder/spi-builder-workspace/.derivedData/SDKExplicitPrecompiledModules/_AvailabilityInternal-AF5SKZ02JKM4MFX7SHRO95N5P.pcm
SwiftExplicitDependencyGeneratePcm arm64 /Users/admin/builder/spi-builder-workspace/.derivedData/SDKExplicitPrecompiledModules/SwiftShims-EF6MVIY0O67MYUVBFUXUVMSI1.pcm
SwiftExplicitDependencyGeneratePcm arm64 /Users/admin/builder/spi-builder-workspace/.derivedData/SDKExplicitPrecompiledModules/ptrcheck-7FGMFZLUYUYHQ4SHZ6QURH9XO.pcm
SwiftExplicitDependencyGeneratePcm arm64 /Users/admin/builder/spi-builder-workspace/.derivedData/SDKExplicitPrecompiledModules/_Builtin_float-5CYEICIOR71FH3JNBYO5RNW2Y.pcm
SwiftExplicitDependencyGeneratePcm arm64 /Users/admin/builder/spi-builder-workspace/.derivedData/SDKExplicitPrecompiledModules/DeveloperToolsSupport-8UKX37WK4Y6NM0OTO6P0BMRWX.pcm
SwiftExplicitDependencyGeneratePcm arm64 /Users/admin/builder/spi-builder-workspace/.derivedData/SDKExplicitPrecompiledModules/ptrauth-6SG94WK08IK1YCEWQOZD37DN0.pcm
SwiftExplicitDependencyGeneratePcm arm64 /Users/admin/builder/spi-builder-workspace/.derivedData/SDKExplicitPrecompiledModules/_Builtin_stdbool-3K4XSB9Q4L8IFTW70XLGVL6XX.pcm
SwiftExplicitDependencyGeneratePcm arm64 /Users/admin/builder/spi-builder-workspace/.derivedData/SDKExplicitPrecompiledModules/_Builtin_stddef-A11S6F17KAXV30S0KGP5CR2HY.pcm
SwiftExplicitDependencyGeneratePcm arm64 /Users/admin/builder/spi-builder-workspace/.derivedData/SDKExplicitPrecompiledModules/_SwiftConcurrencyShims-DV7QQKPN6TGJGC9GZTKV2BO5H.pcm
SwiftExplicitDependencyGeneratePcm arm64_32 /Users/admin/builder/spi-builder-workspace/.derivedData/SDKExplicitPrecompiledModules/_DarwinFoundation1-7K8R5BSKT1Q8NA8EO8Y97BRPU.pcm
SwiftExplicitDependencyGeneratePcm arm64 /Users/admin/builder/spi-builder-workspace/.derivedData/SDKExplicitPrecompiledModules/_Builtin_stdarg-E27KV476VNYRQJFKM7GUWE5EB.pcm
SwiftExplicitDependencyGeneratePcm arm64 /Users/admin/builder/spi-builder-workspace/.derivedData/SDKExplicitPrecompiledModules/_DarwinFoundation1-7N0SGXTYCHMGUJDV48PP21F4C.pcm
SwiftExplicitDependencyGeneratePcm arm64_32 /Users/admin/builder/spi-builder-workspace/.derivedData/SDKExplicitPrecompiledModules/_DarwinFoundation2-1L1DGA5Y00GMMUA6S1357T8P5.pcm
SwiftExplicitDependencyGeneratePcm arm64_32 /Users/admin/builder/spi-builder-workspace/.derivedData/SDKExplicitPrecompiledModules/_Builtin_limits-GUPGFJ078RLT756BNJI0XWL.pcm
SwiftExplicitDependencyGeneratePcm arm64 /Users/admin/builder/spi-builder-workspace/.derivedData/SDKExplicitPrecompiledModules/_Builtin_limits-8ZG2VQ8V2RYXL3B9Y4E6DGCH0.pcm
SwiftExplicitDependencyGeneratePcm arm64 /Users/admin/builder/spi-builder-workspace/.derivedData/SDKExplicitPrecompiledModules/_DarwinFoundation2-4L3FV1RX9YL087FSDMFO2ZHRG.pcm
SwiftExplicitDependencyGeneratePcm arm64_32 /Users/admin/builder/spi-builder-workspace/.derivedData/SDKExplicitPrecompiledModules/sys_types-DW6ACFLMOYH9H8JQZARI5K6PT.pcm
SwiftExplicitDependencyGeneratePcm arm64_32 /Users/admin/builder/spi-builder-workspace/.derivedData/SDKExplicitPrecompiledModules/_Builtin_tgmath-DLHJX8PIH8R66J3SRIOGOYIMC.pcm
SwiftExplicitDependencyGeneratePcm arm64_32 /Users/admin/builder/spi-builder-workspace/.derivedData/SDKExplicitPrecompiledModules/string_h-81YP5J2UC53QPS4YO8SKG6A9D.pcm
SwiftExplicitDependencyGeneratePcm arm64_32 /Users/admin/builder/spi-builder-workspace/.derivedData/SDKExplicitPrecompiledModules/_Builtin_stdint-CO1ZFP9095O15L3XEZDZ5QRCE.pcm
SwiftExplicitDependencyGeneratePcm arm64 /Users/admin/builder/spi-builder-workspace/.derivedData/SDKExplicitPrecompiledModules/string_h-6DIFPQAW6XJKBOLA1RB9BDYNT.pcm
SwiftExplicitDependencyGeneratePcm arm64 /Users/admin/builder/spi-builder-workspace/.derivedData/SDKExplicitPrecompiledModules/_Builtin_tgmath-6OCQL7105SKNHIWR72LQJZ96P.pcm
SwiftExplicitDependencyGeneratePcm arm64 /Users/admin/builder/spi-builder-workspace/.derivedData/SDKExplicitPrecompiledModules/_Builtin_stdint-DVIV8NGT87UZG5NODZGBEN6MQ.pcm
SwiftExplicitDependencyGeneratePcm arm64 /Users/admin/builder/spi-builder-workspace/.derivedData/SDKExplicitPrecompiledModules/sys_types-1QTBK62RTLQOA6UPGMTAIO90V.pcm
SwiftExplicitDependencyGeneratePcm arm64_32 /Users/admin/builder/spi-builder-workspace/.derivedData/SDKExplicitPrecompiledModules/_Builtin_stdatomic-3XRUFMQEDTJCWQU2P327LNI0O.pcm
SwiftExplicitDependencyGeneratePcm arm64_32 /Users/admin/builder/spi-builder-workspace/.derivedData/SDKExplicitPrecompiledModules/_DarwinFoundation3-4REFBLLOYWM9TKF690AB5HG9D.pcm
SwiftExplicitDependencyGeneratePcm arm64_32 /Users/admin/builder/spi-builder-workspace/.derivedData/SDKExplicitPrecompiledModules/_Builtin_intrinsics-CS3GVPE30VKMJAG4B9LVWWD8.pcm
SwiftExplicitDependencyGeneratePcm arm64 /Users/admin/builder/spi-builder-workspace/.derivedData/SDKExplicitPrecompiledModules/_Builtin_intrinsics-BFKP38HM4DQSTO5RTUB4PSD2N.pcm
SwiftExplicitDependencyGeneratePcm arm64 /Users/admin/builder/spi-builder-workspace/.derivedData/SDKExplicitPrecompiledModules/_DarwinFoundation3-69S1IZN54A04V40F6LZUZQM1U.pcm
SwiftExplicitDependencyGeneratePcm arm64 /Users/admin/builder/spi-builder-workspace/.derivedData/SDKExplicitPrecompiledModules/_Builtin_stdatomic-5PMTKJDURAT1MUA3ZRJ5SJ78L.pcm
SwiftExplicitDependencyGeneratePcm arm64_32 /Users/admin/builder/spi-builder-workspace/.derivedData/SDKExplicitPrecompiledModules/_Builtin_inttypes-19ZDGQRY4BC1GU2LLTSHVKQ7Z.pcm
SwiftExplicitDependencyGeneratePcm arm64_32 /Users/admin/builder/spi-builder-workspace/.derivedData/SDKExplicitPrecompiledModules/Darwin-5AE17T3V4HG2DSUV5M88MTR6P.pcm
SwiftExplicitDependencyGeneratePcm arm64 /Users/admin/builder/spi-builder-workspace/.derivedData/SDKExplicitPrecompiledModules/_Builtin_inttypes-4BBW9ODF46683IQN290Q5KPBZ.pcm
SwiftExplicitDependencyGeneratePcm arm64 /Users/admin/builder/spi-builder-workspace/.derivedData/SDKExplicitPrecompiledModules/Darwin-CVUA7MO0M8ZZXZHP5VQJDYARR.pcm
SwiftExplicitDependencyGeneratePcm arm64_32 /Users/admin/builder/spi-builder-workspace/.derivedData/SDKExplicitPrecompiledModules/simd-DG4EVNQLCPJMLRKMCV7CZUGYL.pcm
SwiftExplicitDependencyGeneratePcm arm64 /Users/admin/builder/spi-builder-workspace/.derivedData/SDKExplicitPrecompiledModules/simd-CSWH6RLLGVRAXR77KBHX7NQJK.pcm
SwiftExplicitDependencyGeneratePcm arm64_32 /Users/admin/builder/spi-builder-workspace/.derivedData/SDKExplicitPrecompiledModules/MachO-8ZC82KUF1MCK2UUP46TYM0LNO.pcm
SwiftExplicitDependencyGeneratePcm arm64_32 /Users/admin/builder/spi-builder-workspace/.derivedData/SDKExplicitPrecompiledModules/ObjectiveC-C2SXBJ4XCHOPW37WE6EYH1VP6.pcm
SwiftExplicitDependencyGeneratePcm arm64 /Users/admin/builder/spi-builder-workspace/.derivedData/SDKExplicitPrecompiledModules/MachO-7ZBY7PZ84IANKZL0EFL1URBGX.pcm
SwiftExplicitDependencyGeneratePcm arm64 /Users/admin/builder/spi-builder-workspace/.derivedData/SDKExplicitPrecompiledModules/ObjectiveC-AOKE7RYV3JL8DQK6GFG7FC40F.pcm
SwiftExplicitDependencyGeneratePcm arm64_32 /Users/admin/builder/spi-builder-workspace/.derivedData/SDKExplicitPrecompiledModules/os_object-C5UW3I42CB38OJPDAJAIGQSU0.pcm
SwiftExplicitDependencyGeneratePcm arm64 /Users/admin/builder/spi-builder-workspace/.derivedData/SDKExplicitPrecompiledModules/os_object-62CJ1DQOY9KI8Y9HLE6T7NWGU.pcm
SwiftExplicitDependencyGeneratePcm arm64_32 /Users/admin/builder/spi-builder-workspace/.derivedData/SDKExplicitPrecompiledModules/os_workgroup-EVS28DTM5N1LI6SPC508XAGAM.pcm
SwiftExplicitDependencyGeneratePcm arm64_32 /Users/admin/builder/spi-builder-workspace/.derivedData/SDKExplicitPrecompiledModules/Spatial-377TCL7ZGTGSNLFPBH2YHADNJ.pcm
SwiftExplicitDependencyGeneratePcm arm64 /Users/admin/builder/spi-builder-workspace/.derivedData/SDKExplicitPrecompiledModules/os_workgroup-CZ3P364CI14HMS8EFDSYWQPJL.pcm
SwiftExplicitDependencyGeneratePcm arm64_32 /Users/admin/builder/spi-builder-workspace/.derivedData/SDKExplicitPrecompiledModules/Dispatch-58FLILJX3CKQLRDJCB3SG6E1Q.pcm
SwiftExplicitDependencyGeneratePcm arm64 /Users/admin/builder/spi-builder-workspace/.derivedData/SDKExplicitPrecompiledModules/Spatial-7ML55CIU734I4OPDAKYST1YKH.pcm
SwiftExplicitDependencyGeneratePcm arm64 /Users/admin/builder/spi-builder-workspace/.derivedData/SDKExplicitPrecompiledModules/Dispatch-58O9QPTF6ST7V8A7GDQ5Y1XHS.pcm
SwiftExplicitDependencyGeneratePcm arm64_32 /Users/admin/builder/spi-builder-workspace/.derivedData/SDKExplicitPrecompiledModules/XPC-958V8Q6FCC4PLYT1DZZ19RJS9.pcm
SwiftExplicitDependencyGeneratePcm arm64_32 /Users/admin/builder/spi-builder-workspace/.derivedData/SDKExplicitPrecompiledModules/CoreFoundation-1ISY9HVX5FUTVX25NNCPUZPKQ.pcm
SwiftExplicitDependencyGeneratePcm arm64 /Users/admin/builder/spi-builder-workspace/.derivedData/SDKExplicitPrecompiledModules/CoreFoundation-58AC9CNNA0EIGC7FAX7P2A24P.pcm
SwiftExplicitDependencyGeneratePcm arm64 /Users/admin/builder/spi-builder-workspace/.derivedData/SDKExplicitPrecompiledModules/XPC-57GG1FI5M2I09XYXHZQ4RT3LB.pcm
SwiftExplicitDependencyGeneratePcm arm64_32 /Users/admin/builder/spi-builder-workspace/.derivedData/SDKExplicitPrecompiledModules/os-7R73UEPR1WAV6HIFTG5SSR1O2.pcm
SwiftExplicitDependencyGeneratePcm arm64 /Users/admin/builder/spi-builder-workspace/.derivedData/SDKExplicitPrecompiledModules/os-B7MMBX2Y1BC2Z263ELOZHAZ3H.pcm
SwiftExplicitDependencyGeneratePcm arm64_32 /Users/admin/builder/spi-builder-workspace/.derivedData/SDKExplicitPrecompiledModules/CoreGraphics-59FVANFAOHMLOOF3WD5RLEOES.pcm
SwiftExplicitDependencyGeneratePcm arm64_32 /Users/admin/builder/spi-builder-workspace/.derivedData/SDKExplicitPrecompiledModules/Security-BYUKV3XOOFSMJINIAFUSOBX3G.pcm
SwiftExplicitDependencyGeneratePcm arm64_32 /Users/admin/builder/spi-builder-workspace/.derivedData/SDKExplicitPrecompiledModules/CoreAudioTypes-2GNEZN6AOMTH0288GSYX10WKD.pcm
SwiftExplicitDependencyGeneratePcm arm64 /Users/admin/builder/spi-builder-workspace/.derivedData/SDKExplicitPrecompiledModules/CoreAudioTypes-5YGN1IMEA2EHEKVSXK6T1LN2A.pcm
SwiftExplicitDependencyGeneratePcm arm64 /Users/admin/builder/spi-builder-workspace/.derivedData/SDKExplicitPrecompiledModules/Security-CIP7TOFQEQF2GF4IJ44ZCF1OG.pcm
SwiftExplicitDependencyGeneratePcm arm64 /Users/admin/builder/spi-builder-workspace/.derivedData/SDKExplicitPrecompiledModules/CoreGraphics-7AG7A5C0DUHJBWO013GNWN96N.pcm
SwiftExplicitDependencyGeneratePcm arm64_32 /Users/admin/builder/spi-builder-workspace/.derivedData/SDKExplicitPrecompiledModules/CoreAudio-32WET3MI6NUPL3ARI2CDM5HO0.pcm
SwiftExplicitDependencyGeneratePcm arm64_32 /Users/admin/builder/spi-builder-workspace/.derivedData/SDKExplicitPrecompiledModules/Foundation-69CEH4QYZZMCOQZ4UEW8XRYBG.pcm
SwiftExplicitDependencyGeneratePcm arm64_32 /Users/admin/builder/spi-builder-workspace/.derivedData/SDKExplicitPrecompiledModules/CoreVideo-4ZGZA7ONJGOLQDZB8UNDVRKW5.pcm
SwiftExplicitDependencyGeneratePcm arm64_32 /Users/admin/builder/spi-builder-workspace/.derivedData/SDKExplicitPrecompiledModules/CoreText-7KTAP1GJS5LAL54PY0YFS6B8H.pcm
SwiftExplicitDependencyGeneratePcm arm64 /Users/admin/builder/spi-builder-workspace/.derivedData/SDKExplicitPrecompiledModules/CoreAudio-9FM7V3PM29GMEQQJ0ID41DMA.pcm
SwiftExplicitDependencyGeneratePcm arm64 /Users/admin/builder/spi-builder-workspace/.derivedData/SDKExplicitPrecompiledModules/Foundation-8Z6HVB6J38TM6E0X2YZ0SQT9H.pcm
SwiftExplicitDependencyGeneratePcm arm64 /Users/admin/builder/spi-builder-workspace/.derivedData/SDKExplicitPrecompiledModules/CoreText-3S01TUG0VLLOF4ER2B95WZCR5.pcm
SwiftExplicitDependencyGeneratePcm arm64 /Users/admin/builder/spi-builder-workspace/.derivedData/SDKExplicitPrecompiledModules/CoreVideo-C44DVKJNODH28YMC5SEXWVOWR.pcm
SwiftExplicitDependencyGeneratePcm arm64_32 /Users/admin/builder/spi-builder-workspace/.derivedData/SDKExplicitPrecompiledModules/CoreMedia-1E2BOWZR1XBDBZ5LWPIZ7R12F.pcm
SwiftExplicitDependencyGeneratePcm arm64 /Users/admin/builder/spi-builder-workspace/.derivedData/SDKExplicitPrecompiledModules/CoreMedia-2YL318GFSZISWU8AFJQHK11E7.pcm
SwiftExplicitDependencyGeneratePcm arm64_32 /Users/admin/builder/spi-builder-workspace/.derivedData/SDKExplicitPrecompiledModules/UserNotifications-BPMOWA2WADZEME8R9G4GASVM.pcm
SwiftExplicitDependencyGeneratePcm arm64_32 /Users/admin/builder/spi-builder-workspace/.derivedData/SDKExplicitPrecompiledModules/_LocationEssentials-7GE423HTZGPAUTJNPKWMXDZHU.pcm
SwiftExplicitDependencyGeneratePcm arm64_32 /Users/admin/builder/spi-builder-workspace/.derivedData/SDKExplicitPrecompiledModules/OSLog-A6EJL732IY339NVWJTGU4BNYJ.pcm
SwiftExplicitDependencyGeneratePcm arm64_32 /Users/admin/builder/spi-builder-workspace/.derivedData/SDKExplicitPrecompiledModules/Accessibility-CKXOXWYUQQ2O48CH4UU13Z2JM.pcm
SwiftExplicitDependencyGeneratePcm arm64_32 /Users/admin/builder/spi-builder-workspace/.derivedData/SDKExplicitPrecompiledModules/SceneKit-4FI8HN5217JGJRU942SA928Z.pcm
SwiftExplicitDependencyGeneratePcm arm64_32 /Users/admin/builder/spi-builder-workspace/.derivedData/SDKExplicitPrecompiledModules/CoreData-CZDKC12L2X4V27KS49NM6B72W.pcm
SwiftExplicitDependencyGeneratePcm arm64_32 /Users/admin/builder/spi-builder-workspace/.derivedData/SDKExplicitPrecompiledModules/UniformTypeIdentifiers-F3GUTV7D2LYY308MCT35WC4NO.pcm
SwiftExplicitDependencyGeneratePcm arm64_32 /Users/admin/builder/spi-builder-workspace/.derivedData/SDKExplicitPrecompiledModules/UIUtilities-1HASPTR721UBF2PWAKJDM1FL3.pcm
SwiftExplicitDependencyGeneratePcm arm64_32 /Users/admin/builder/spi-builder-workspace/.derivedData/SDKExplicitPrecompiledModules/DataDetection-CZFLLU0QMVW8HYPP57I4S0DSC.pcm
SwiftExplicitDependencyGeneratePcm arm64_32 /Users/admin/builder/spi-builder-workspace/.derivedData/SDKExplicitPrecompiledModules/Symbols-OLX9XIE0GLM2YWAI20FII4R4.pcm
SwiftExplicitDependencyGeneratePcm arm64 /Users/admin/builder/spi-builder-workspace/.derivedData/SDKExplicitPrecompiledModules/Accessibility-DX1IW2AOS22HM0GCPHLUWDNU6.pcm
SwiftExplicitDependencyGeneratePcm arm64 /Users/admin/builder/spi-builder-workspace/.derivedData/SDKExplicitPrecompiledModules/_LocationEssentials-592D72KC42GLPLPFVJNXXBBEK.pcm
SwiftExplicitDependencyGeneratePcm arm64 /Users/admin/builder/spi-builder-workspace/.derivedData/SDKExplicitPrecompiledModules/QuartzCore-2Y9U3581EK6VREQ762NVMXV4W.pcm
SwiftExplicitDependencyGeneratePcm arm64 /Users/admin/builder/spi-builder-workspace/.derivedData/SDKExplicitPrecompiledModules/UserNotifications-2OYX5669SEDP32XPBIUN6CBFD.pcm
SwiftExplicitDependencyGeneratePcm arm64 /Users/admin/builder/spi-builder-workspace/.derivedData/SDKExplicitPrecompiledModules/CoreTransferable-4SW3G4U6UIS29AOHC9ZVG0MY2.pcm
SwiftExplicitDependencyGeneratePcm arm64 /Users/admin/builder/spi-builder-workspace/.derivedData/SDKExplicitPrecompiledModules/OSLog-1PSI98ZFAU5MF2OCSPTPFVD66.pcm
SwiftExplicitDependencyGeneratePcm arm64 /Users/admin/builder/spi-builder-workspace/.derivedData/SDKExplicitPrecompiledModules/SceneKit-ERXQAS5DTIVA5XTQVC1UDQ8KV.pcm
SwiftExplicitDependencyGeneratePcm arm64_32 /Users/admin/builder/spi-builder-workspace/.derivedData/SDKExplicitPrecompiledModules/CoreLocation-27G5URXACTR146TYQKM9JMGFV.pcm
SwiftExplicitDependencyGeneratePcm arm64 /Users/admin/builder/spi-builder-workspace/.derivedData/SDKExplicitPrecompiledModules/UIUtilities-DXNWZ2TCJXFQ2A7ESDZ6J2XYO.pcm
SwiftExplicitDependencyGeneratePcm arm64 /Users/admin/builder/spi-builder-workspace/.derivedData/SDKExplicitPrecompiledModules/DataDetection-ATFJGS4FR6AGPG9P5TVBZNW3O.pcm
SwiftExplicitDependencyGeneratePcm arm64 /Users/admin/builder/spi-builder-workspace/.derivedData/SDKExplicitPrecompiledModules/CoreData-9P6L94KNA490O8M2QQP9NLYS5.pcm
SwiftExplicitDependencyGeneratePcm arm64 /Users/admin/builder/spi-builder-workspace/.derivedData/SDKExplicitPrecompiledModules/CoreLocation-8N24HH5HR3W0T3UOYRM5W87RN.pcm
SwiftExplicitDependencyGeneratePcm arm64 /Users/admin/builder/spi-builder-workspace/.derivedData/SDKExplicitPrecompiledModules/Symbols-2RMK9LW2HHS47WUUU80KV2ZIF.pcm
SwiftExplicitDependencyGeneratePcm arm64 /Users/admin/builder/spi-builder-workspace/.derivedData/SDKExplicitPrecompiledModules/UniformTypeIdentifiers-3C1XTOT5B3B3PLKZT0HC6VBQO.pcm
SwiftExplicitDependencyGeneratePcm arm64_32 /Users/admin/builder/spi-builder-workspace/.derivedData/SDKExplicitPrecompiledModules/QuartzCore-3YZD3YA7Z4MWTYCYTBEZPNQON.pcm
SwiftExplicitDependencyGeneratePcm arm64_32 /Users/admin/builder/spi-builder-workspace/.derivedData/SDKExplicitPrecompiledModules/CoreTransferable-CNRFYTWZST27Y961TFFMJJSWW.pcm
SwiftExplicitDependencyGeneratePcm arm64 /Users/admin/builder/spi-builder-workspace/.derivedData/SDKExplicitPrecompiledModules/SwiftUICore-F44576R4QP5SWTA4Z0CG8BW69.pcm
SwiftExplicitDependencyGeneratePcm arm64_32 /Users/admin/builder/spi-builder-workspace/.derivedData/SDKExplicitPrecompiledModules/CoreMotion-8OTQ19C7N17T5P3BMIWG1453Y.pcm
SwiftExplicitDependencyGeneratePcm arm64 /Users/admin/builder/spi-builder-workspace/.derivedData/SDKExplicitPrecompiledModules/CoreMotion-61S19SPNFXST7VOQ470VJWCZT.pcm
SwiftExplicitDependencyGeneratePcm arm64_32 /Users/admin/builder/spi-builder-workspace/.derivedData/SDKExplicitPrecompiledModules/SwiftUICore-55CZLUBD3974QKFT3IL0PRWPE.pcm
SwiftExplicitDependencyGeneratePcm arm64_32 /Users/admin/builder/spi-builder-workspace/.derivedData/SDKExplicitPrecompiledModules/UIKit-EJDCR42WCUPDE27EZHUU2K5V6.pcm
SwiftExplicitDependencyGeneratePcm arm64 /Users/admin/builder/spi-builder-workspace/.derivedData/SDKExplicitPrecompiledModules/UIKit-DFD16XMEJADJ1M2P58VJADV91.pcm
SwiftExplicitDependencyGeneratePcm arm64_32 /Users/admin/builder/spi-builder-workspace/.derivedData/SDKExplicitPrecompiledModules/HomeKit-F3VQ1NJSP19IRCQN9HO7VFZJ9.pcm
SwiftExplicitDependencyGeneratePcm arm64_32 /Users/admin/builder/spi-builder-workspace/.derivedData/SDKExplicitPrecompiledModules/MapKit-EWIM45DTJOC05JOFF0A1QCILJ.pcm
SwiftExplicitDependencyGeneratePcm arm64 /Users/admin/builder/spi-builder-workspace/.derivedData/SDKExplicitPrecompiledModules/MapKit-90C7VMYJ6BBMC83YO3S16E8C0.pcm
SwiftExplicitDependencyGeneratePcm arm64 /Users/admin/builder/spi-builder-workspace/.derivedData/SDKExplicitPrecompiledModules/HomeKit-3BJ5JLWLEE2DZ91C2S47JEUX6.pcm
SwiftExplicitDependencyGeneratePcm arm64_32 /Users/admin/builder/spi-builder-workspace/.derivedData/SDKExplicitPrecompiledModules/WatchKit-634QCD6ZA4G38HK529O8ZYF6G.pcm
SwiftExplicitDependencyGeneratePcm arm64 /Users/admin/builder/spi-builder-workspace/.derivedData/SDKExplicitPrecompiledModules/WatchKit-9GGFBAQ0O9N9JQABITS3Z9R0O.pcm
SwiftExplicitDependencyGeneratePcm arm64_32 /Users/admin/builder/spi-builder-workspace/.derivedData/SDKExplicitPrecompiledModules/SwiftUI-ADDFYS4JIT928LKYKA5YJU1G8.pcm
SwiftExplicitDependencyGeneratePcm arm64 /Users/admin/builder/spi-builder-workspace/.derivedData/SDKExplicitPrecompiledModules/SwiftUI-2NIV6RL93T7Y4UMRZ6CFAK2OJ.pcm
SwiftCompile normal arm64_32 Compiling\ UDAExplainerColorSet.swift /Users/admin/builder/spi-builder-workspace/UDAExplainer/Sources/UDAExplainerColorSet.swift (in target 'UDAExplainer' from project 'UDAExplainer')
SwiftCompile normal arm64_32 /Users/admin/builder/spi-builder-workspace/UDAExplainer/Sources/UDAExplainerColorSet.swift (in target 'UDAExplainer' from project 'UDAExplainer')
    cd /Users/admin/builder/spi-builder-workspace/.swiftpm/xcode
    builtin-SwiftPerFileCompile UDAExplainerColorSet.swift
/Users/admin/builder/spi-builder-workspace/UDAExplainer/Sources/UDAExplainerColorSet.swift:69:27: error: 'systemGroupedBackground' is unavailable in watchOS
67 |   init() {
68 |     self.init(
69 |       backgroundUIColor: .systemGroupedBackground,
   |                           `- error: 'systemGroupedBackground' is unavailable in watchOS
70 |       defaultContentUIColor: .label,
71 |       secondaryContentUIColor: .secondaryLabel,
/Applications/Xcode-27.0.0.app/Contents/Developer/Platforms/WatchOS.platform/Developer/SDKs/WatchOS27.0.sdk/System/Library/Frameworks/UIKit.framework/Headers/UIInterface.h:217:49: note: 'systemGroupedBackground' has been explicitly marked unavailable here
215 |  *    colors in places where a table view wouldn't make sense.
216 |  */
217 | @property (class, nonatomic, readonly) UIColor *systemGroupedBackgroundColor            API_AVAILABLE(ios(13.0)) API_UNAVAILABLE(tvos, watchos);
    |                                                 `- note: 'systemGroupedBackground' has been explicitly marked unavailable here
218 | @property (class, nonatomic, readonly) UIColor *secondarySystemGroupedBackgroundColor   API_AVAILABLE(ios(13.0)) API_UNAVAILABLE(tvos, watchos);
219 | @property (class, nonatomic, readonly) UIColor *tertiarySystemGroupedBackgroundColor    API_AVAILABLE(ios(13.0)) API_UNAVAILABLE(tvos, watchos);
/Users/admin/builder/spi-builder-workspace/UDAExplainer/Sources/UDAExplainerColorSet.swift:70:31: error: 'label' is unavailable in watchOS
68 |     self.init(
69 |       backgroundUIColor: .systemGroupedBackground,
70 |       defaultContentUIColor: .label,
   |                               `- error: 'label' is unavailable in watchOS
71 |       secondaryContentUIColor: .secondaryLabel,
72 |       accentUIColor: .label,
/Applications/Xcode-27.0.0.app/Contents/Developer/Platforms/WatchOS.platform/Developer/SDKs/WatchOS27.0.sdk/System/Library/Frameworks/UIKit.framework/Headers/UIInterface.h:171:49: note: 'label' has been explicitly marked unavailable here
169 | /* Foreground colors for static text and related elements.
170 |  */
171 | @property (class, nonatomic, readonly) UIColor *labelColor              API_AVAILABLE(ios(13.0), tvos(13.0)) API_UNAVAILABLE(watchos);
    |                                                 `- note: 'label' has been explicitly marked unavailable here
172 | @property (class, nonatomic, readonly) UIColor *secondaryLabelColor     API_AVAILABLE(ios(13.0), tvos(13.0)) API_UNAVAILABLE(watchos);
173 | @property (class, nonatomic, readonly) UIColor *tertiaryLabelColor      API_AVAILABLE(ios(13.0), tvos(13.0)) API_UNAVAILABLE(watchos);
/Users/admin/builder/spi-builder-workspace/UDAExplainer/Sources/UDAExplainerColorSet.swift:71:33: error: 'secondaryLabel' is unavailable in watchOS
69 |       backgroundUIColor: .systemGroupedBackground,
70 |       defaultContentUIColor: .label,
71 |       secondaryContentUIColor: .secondaryLabel,
   |                                 `- error: 'secondaryLabel' is unavailable in watchOS
72 |       accentUIColor: .label,
73 |       textOverAccentUIColor: .systemBackground,
/Applications/Xcode-27.0.0.app/Contents/Developer/Platforms/WatchOS.platform/Developer/SDKs/WatchOS27.0.sdk/System/Library/Frameworks/UIKit.framework/Headers/UIInterface.h:172:49: note: 'secondaryLabel' has been explicitly marked unavailable here
170 |  */
171 | @property (class, nonatomic, readonly) UIColor *labelColor              API_AVAILABLE(ios(13.0), tvos(13.0)) API_UNAVAILABLE(watchos);
172 | @property (class, nonatomic, readonly) UIColor *secondaryLabelColor     API_AVAILABLE(ios(13.0), tvos(13.0)) API_UNAVAILABLE(watchos);
    |                                                 `- note: 'secondaryLabel' has been explicitly marked unavailable here
173 | @property (class, nonatomic, readonly) UIColor *tertiaryLabelColor      API_AVAILABLE(ios(13.0), tvos(13.0)) API_UNAVAILABLE(watchos);
174 | @property (class, nonatomic, readonly) UIColor *quaternaryLabelColor    API_AVAILABLE(ios(13.0), tvos(13.0)) API_UNAVAILABLE(watchos);
/Users/admin/builder/spi-builder-workspace/UDAExplainer/Sources/UDAExplainerColorSet.swift:72:23: error: 'label' is unavailable in watchOS
70 |       defaultContentUIColor: .label,
71 |       secondaryContentUIColor: .secondaryLabel,
72 |       accentUIColor: .label,
   |                       `- error: 'label' is unavailable in watchOS
73 |       textOverAccentUIColor: .systemBackground,
74 |       separatorUIColor: .opaqueSeparator,
/Applications/Xcode-27.0.0.app/Contents/Developer/Platforms/WatchOS.platform/Developer/SDKs/WatchOS27.0.sdk/System/Library/Frameworks/UIKit.framework/Headers/UIInterface.h:171:49: note: 'label' has been explicitly marked unavailable here
169 | /* Foreground colors for static text and related elements.
170 |  */
171 | @property (class, nonatomic, readonly) UIColor *labelColor              API_AVAILABLE(ios(13.0), tvos(13.0)) API_UNAVAILABLE(watchos);
    |                                                 `- note: 'label' has been explicitly marked unavailable here
172 | @property (class, nonatomic, readonly) UIColor *secondaryLabelColor     API_AVAILABLE(ios(13.0), tvos(13.0)) API_UNAVAILABLE(watchos);
173 | @property (class, nonatomic, readonly) UIColor *tertiaryLabelColor      API_AVAILABLE(ios(13.0), tvos(13.0)) API_UNAVAILABLE(watchos);
/Users/admin/builder/spi-builder-workspace/UDAExplainer/Sources/UDAExplainerColorSet.swift:73:31: error: 'systemBackground' is unavailable in watchOS
71 |       secondaryContentUIColor: .secondaryLabel,
72 |       accentUIColor: .label,
73 |       textOverAccentUIColor: .systemBackground,
   |                               `- error: 'systemBackground' is unavailable in watchOS
74 |       separatorUIColor: .opaqueSeparator,
75 |       greenUIColor: .systemGreen)
/Applications/Xcode-27.0.0.app/Contents/Developer/Platforms/WatchOS.platform/Developer/SDKs/WatchOS27.0.sdk/System/Library/Frameworks/UIKit.framework/Headers/UIInterface.h:208:49: note: 'systemBackground' has been explicitly marked unavailable here
206 |  *    primary background in light mode.
207 |  */
208 | @property (class, nonatomic, readonly) UIColor *systemBackgroundColor                   API_AVAILABLE(ios(13.0)) API_UNAVAILABLE(tvos, watchos);
    |                                                 `- note: 'systemBackground' has been explicitly marked unavailable here
209 | @property (class, nonatomic, readonly) UIColor *secondarySystemBackgroundColor          API_AVAILABLE(ios(13.0)) API_UNAVAILABLE(tvos, watchos);
210 | @property (class, nonatomic, readonly) UIColor *tertiarySystemBackgroundColor           API_AVAILABLE(ios(13.0)) API_UNAVAILABLE(tvos, watchos);
/Users/admin/builder/spi-builder-workspace/UDAExplainer/Sources/UDAExplainerColorSet.swift:74:26: error: 'opaqueSeparator' is unavailable in watchOS
72 |       accentUIColor: .label,
73 |       textOverAccentUIColor: .systemBackground,
74 |       separatorUIColor: .opaqueSeparator,
   |                          `- error: 'opaqueSeparator' is unavailable in watchOS
75 |       greenUIColor: .systemGreen)
76 |   }
/Applications/Xcode-27.0.0.app/Contents/Developer/Platforms/WatchOS.platform/Developer/SDKs/WatchOS27.0.sdk/System/Library/Frameworks/UIKit.framework/Headers/UIInterface.h:190:49: note: 'opaqueSeparator' has been explicitly marked unavailable here
188 |  */
189 | @property (class, nonatomic, readonly) UIColor *separatorColor          API_AVAILABLE(ios(13.0), tvos(13.0)) API_UNAVAILABLE(watchos);
190 | @property (class, nonatomic, readonly) UIColor *opaqueSeparatorColor    API_AVAILABLE(ios(13.0), tvos(13.0)) API_UNAVAILABLE(watchos);
    |                                                 `- note: 'opaqueSeparator' has been explicitly marked unavailable here
191 |
192 | #pragma mark Background colors
SwiftCompile normal arm64_32 Compiling\ UDAExplainerDataSourceProtocol.swift /Users/admin/builder/spi-builder-workspace/UDAExplainer/Sources/UDAExplainerDataSourceProtocol.swift (in target 'UDAExplainer' from project 'UDAExplainer')
SwiftCompile normal arm64_32 /Users/admin/builder/spi-builder-workspace/UDAExplainer/Sources/UDAExplainerDataSourceProtocol.swift (in target 'UDAExplainer' from project 'UDAExplainer')
    cd /Users/admin/builder/spi-builder-workspace/.swiftpm/xcode
    builtin-SwiftPerFileCompile UDAExplainerDataSourceProtocol.swift
SwiftCompile normal arm64_32 Compiling\ UDAExplainerView.swift /Users/admin/builder/spi-builder-workspace/UDAExplainer/Sources/UDAExplainerView.swift (in target 'UDAExplainer' from project 'UDAExplainer')
SwiftCompile normal arm64_32 /Users/admin/builder/spi-builder-workspace/UDAExplainer/Sources/UDAExplainerView.swift (in target 'UDAExplainer' from project 'UDAExplainer')
    cd /Users/admin/builder/spi-builder-workspace/.swiftpm/xcode
    builtin-SwiftPerFileCompile UDAExplainerView.swift
SwiftCompile normal arm64_32 Compiling\ UDAExplainerConfiguration.swift /Users/admin/builder/spi-builder-workspace/UDAExplainer/Sources/UDAExplainerConfiguration.swift (in target 'UDAExplainer' from project 'UDAExplainer')
SwiftCompile normal arm64_32 /Users/admin/builder/spi-builder-workspace/UDAExplainer/Sources/UDAExplainerConfiguration.swift (in target 'UDAExplainer' from project 'UDAExplainer')
    cd /Users/admin/builder/spi-builder-workspace/.swiftpm/xcode
    builtin-SwiftPerFileCompile UDAExplainerConfiguration.swift
SwiftCompile normal arm64_32 Compiling\ UDAExplainerHostingController.swift /Users/admin/builder/spi-builder-workspace/UDAExplainer/Sources/UIKitExtension/UDAExplainerHostingController.swift (in target 'UDAExplainer' from project 'UDAExplainer')
/Users/admin/builder/spi-builder-workspace/UDAExplainer/Sources/UIKitExtension/UDAExplainerHostingController.swift:12:51: error: cannot find type 'UIHostingController' in scope
10 | import SwiftUI
11 |
12 | public final class UDAExplainerHostingController: UIHostingController<UDAExplainerView> {
   |                                                   `- error: cannot find type 'UIHostingController' in scope
13 |
14 |   /// The UDAExplainer type (refer to the enum `UDAExplainerType`).
/Users/admin/builder/spi-builder-workspace/UDAExplainer/Sources/UIKitExtension/UDAExplainerHostingController.swift:48:5: error: 'super' cannot be used in class 'UDAExplainerHostingController' because it has no superclass
46 |     self.isSelfDismissible = isSelfDismissible
47 |
48 |     super.init(rootView: UDAExplainerView(config: config, isHosted: true))
   |     `- error: 'super' cannot be used in class 'UDAExplainerHostingController' because it has no superclass
49 |
50 |     self.view.backgroundColor = UIColor(config.colorSet.background)
/Users/admin/builder/spi-builder-workspace/UDAExplainer/Sources/UIKitExtension/UDAExplainerHostingController.swift:50:10: error: value of type 'UDAExplainerHostingController' has no member 'view'
48 |     super.init(rootView: UDAExplainerView(config: config, isHosted: true))
49 |
50 |     self.view.backgroundColor = UIColor(config.colorSet.background)
   |          `- error: value of type 'UDAExplainerHostingController' has no member 'view'
51 |     self.modalPresentationStyle = .fullScreen
52 |     self.modalTransitionStyle = .crossDissolve
/Users/admin/builder/spi-builder-workspace/UDAExplainer/Sources/UIKitExtension/UDAExplainerHostingController.swift:51:10: error: value of type 'UDAExplainerHostingController' has no member 'modalPresentationStyle'
49 |
50 |     self.view.backgroundColor = UIColor(config.colorSet.background)
51 |     self.modalPresentationStyle = .fullScreen
   |          `- error: value of type 'UDAExplainerHostingController' has no member 'modalPresentationStyle'
52 |     self.modalTransitionStyle = .crossDissolve
53 |
/Users/admin/builder/spi-builder-workspace/UDAExplainer/Sources/UIKitExtension/UDAExplainerHostingController.swift:51:36: error: cannot infer contextual base in reference to member 'fullScreen'
49 |
50 |     self.view.backgroundColor = UIColor(config.colorSet.background)
51 |     self.modalPresentationStyle = .fullScreen
   |                                    `- error: cannot infer contextual base in reference to member 'fullScreen'
52 |     self.modalTransitionStyle = .crossDissolve
53 |
/Users/admin/builder/spi-builder-workspace/UDAExplainer/Sources/UIKitExtension/UDAExplainerHostingController.swift:52:10: error: value of type 'UDAExplainerHostingController' has no member 'modalTransitionStyle'
50 |     self.view.backgroundColor = UIColor(config.colorSet.background)
51 |     self.modalPresentationStyle = .fullScreen
52 |     self.modalTransitionStyle = .crossDissolve
   |          `- error: value of type 'UDAExplainerHostingController' has no member 'modalTransitionStyle'
53 |
54 |     if isSelfDismissible {
/Users/admin/builder/spi-builder-workspace/UDAExplainer/Sources/UIKitExtension/UDAExplainerHostingController.swift:52:34: error: cannot infer contextual base in reference to member 'crossDissolve'
50 |     self.view.backgroundColor = UIColor(config.colorSet.background)
51 |     self.modalPresentationStyle = .fullScreen
52 |     self.modalTransitionStyle = .crossDissolve
   |                                  `- error: cannot infer contextual base in reference to member 'crossDissolve'
53 |
54 |     if isSelfDismissible {
SwiftCompile normal arm64_32 /Users/admin/builder/spi-builder-workspace/UDAExplainer/Sources/UIKitExtension/UDAExplainerHostingController.swift (in target 'UDAExplainer' from project 'UDAExplainer')
    cd /Users/admin/builder/spi-builder-workspace/.swiftpm/xcode
    builtin-SwiftPerFileCompile UDAExplainerHostingController.swift
SwiftCompile normal arm64_32 Compiling\ UDAExplainerType.swift /Users/admin/builder/spi-builder-workspace/UDAExplainer/Sources/UDAExplainerType.swift (in target 'UDAExplainer' from project 'UDAExplainer')
SwiftCompile normal arm64_32 /Users/admin/builder/spi-builder-workspace/UDAExplainer/Sources/UDAExplainerType.swift (in target 'UDAExplainer' from project 'UDAExplainer')
    cd /Users/admin/builder/spi-builder-workspace/.swiftpm/xcode
    builtin-SwiftPerFileCompile UDAExplainerType.swift
SwiftCompile normal arm64_32 Compiling\ UDAExplainerLocalizations.swift /Users/admin/builder/spi-builder-workspace/UDAExplainer/Sources/Localizations/UDAExplainerLocalizations.swift (in target 'UDAExplainer' from project 'UDAExplainer')
SwiftCompile normal arm64_32 /Users/admin/builder/spi-builder-workspace/UDAExplainer/Sources/Localizations/UDAExplainerLocalizations.swift (in target 'UDAExplainer' from project 'UDAExplainer')
    cd /Users/admin/builder/spi-builder-workspace/.swiftpm/xcode
    builtin-SwiftPerFileCompile UDAExplainerLocalizations.swift
SwiftEmitModule normal arm64_32 Emitting\ module\ for\ UDAExplainer (in target 'UDAExplainer' from project 'UDAExplainer')
/Users/admin/builder/spi-builder-workspace/UDAExplainer/Sources/UIKitExtension/UDAExplainerHostingController.swift:12:51: error: cannot find type 'UIHostingController' in scope
10 | import SwiftUI
11 |
12 | public final class UDAExplainerHostingController: UIHostingController<UDAExplainerView> {
   |                                                   `- error: cannot find type 'UIHostingController' in scope
13 |
14 |   /// The UDAExplainer type (refer to the enum `UDAExplainerType`).
Failed frontend command:
/Applications/Xcode-27.0.0.app/Contents/Developer/Toolchains/XcodeDefault.xctoolchain/usr/bin/swift-frontend -frontend -emit-module -experimental-skip-non-inlinable-function-bodies-without-types /Users/admin/builder/spi-builder-workspace/.derivedData/Build/Intermediates.noindex/UDAExplainer.build/Debug-watchos/UDAExplainer-t.build/DerivedSources/resource_bundle_accessor.swift /Users/admin/builder/spi-builder-workspace/UDAExplainer/Sources/DefaultDataSource/UDAExplainerDefaultDataSource.swift /Users/admin/builder/spi-builder-workspace/UDAExplainer/Sources/Internal/UDAExplainerUIDimension.swift /Users/admin/builder/spi-builder-workspace/UDAExplainer/Sources/Internal/View+UDAExplainer.swift /Users/admin/builder/spi-builder-workspace/UDAExplainer/Sources/Localizations/UDAExplainerLocalizations.swift /Users/admin/builder/spi-builder-workspace/UDAExplainer/Sources/UDAExplainerColorSet.swift /Users/admin/builder/spi-builder-workspace/UDAExplainer/Sources/UDAExplainerConfiguration.swift /Users/admin/builder/spi-builder-workspace/UDAExplainer/Sources/UDAExplainerDataSourceProtocol.swift /Users/admin/builder/spi-builder-workspace/UDAExplainer/Sources/UDAExplainerType.swift /Users/admin/builder/spi-builder-workspace/UDAExplainer/Sources/UDAExplainerView.swift /Users/admin/builder/spi-builder-workspace/UDAExplainer/Sources/UIKitExtension/UDAExplainerHostingController.swift -target arm64_32-apple-watchos9.0 -disable-cross-import-overlay-search -load-resolved-plugin /Applications/Xcode-27.0.0.app/Contents/Developer/Platforms/WatchOS.platform/Developer/usr/lib/swift/host/plugins/libFoundationMacros.dylib\#/Applications/Xcode-27.0.0.app/Contents/Developer/Platforms/WatchOS.platform/Developer/usr/bin/swift-plugin-server\#FoundationMacros -load-resolved-plugin /Applications/Xcode-27.0.0.app/Contents/Developer/Platforms/WatchOS.platform/Developer/usr/lib/swift/host/plugins/libObservationMacros.dylib\#/Applications/Xcode-27.0.0.app/Contents/Developer/Platforms/WatchOS.platform/Developer/usr/bin/swift-plugin-server\#ObservationMacros -load-resolved-plugin /Applications/Xcode-27.0.0.app/Contents/Developer/Platforms/WatchOS.platform/Developer/usr/lib/swift/host/plugins/libPreviewsMacros.dylib\#/Applications/Xcode-27.0.0.app/Contents/Developer/Platforms/WatchOS.platform/Developer/usr/bin/swift-plugin-server\#PreviewsMacros -load-resolved-plugin /Applications/Xcode-27.0.0.app/Contents/Developer/Platforms/WatchOS.platform/Developer/usr/lib/swift/host/plugins/libSwiftMacros.dylib\#/Applications/Xcode-27.0.0.app/Contents/Developer/Platforms/WatchOS.platform/Developer/usr/bin/swift-plugin-server\#SwiftMacros -load-resolved-plugin /Applications/Xcode-27.0.0.app/Contents/Developer/Platforms/WatchOS.platform/Developer/usr/lib/swift/host/plugins/libSwiftUIMacros.dylib\#/Applications/Xcode-27.0.0.app/Contents/Developer/Platforms/WatchOS.platform/Developer/usr/bin/swift-plugin-server\#SwiftUIMacros -disable-implicit-swift-modules -Xcc -fno-implicit-modules -Xcc -fno-implicit-module-maps -explicit-swift-module-map-file /Users/admin/builder/spi-builder-workspace/.derivedData/Build/Intermediates.noindex/UDAExplainer.build/Debug-watchos/UDAExplainer-t.build/Objects-normal/arm64_32/UDAExplainer-dependencies-1.json -enable-objc-interop -sdk /Applications/Xcode-27.0.0.app/Contents/Developer/Platforms/WatchOS.platform/Developer/SDKs/WatchOS27.0.sdk -I /Users/admin/builder/spi-builder-workspace/.derivedData/Build/Products/Debug-watchos -Isystem /Applications/Xcode-27.0.0.app/Contents/Developer/Platforms/WatchOS.platform/Developer/usr/lib -F /Users/admin/builder/spi-builder-workspace/.derivedData/Build/Products/Debug-watchos -F /Applications/Xcode-27.0.0.app/Contents/Developer/Platforms/WatchOS.platform/Developer/Library/Frameworks -F /Applications/Xcode-27.0.0.app/Contents/Developer/Platforms/WatchOS.platform/Developer/SDKs/WatchOS27.0.sdk/Developer/Library/Frameworks -module-cache-path /Users/admin/builder/spi-builder-workspace/.derivedData/Build/Intermediates.noindex/SwiftExplicitPrecompiledModules -no-color-diagnostics -Xcc -fno-color-diagnostics -enable-testing -g -debug-info-format\=dwarf -dwarf-version\=4 -profile-generate -profile-coverage-mapping -swift-version 5 -Onone -D SWIFT_PACKAGE -D DEBUG -D SWIFT_MODULE_RESOURCE_BUNDLE_AVAILABLE -D Xcode -serialize-debugging-options -enable-experimental-feature DebugDescriptionMacro -empty-abi-descriptor -validate-clang-modules-once -clang-build-session-file /Users/admin/builder/spi-builder-workspace/.derivedData/ModuleCache.noindex/Session.modulevalidation -Xcc -working-directory -Xcc /Users/admin/builder/spi-builder-workspace/.swiftpm/xcode -enable-anonymous-context-mangled-names -file-compilation-dir /Users/admin/builder/spi-builder-workspace/.swiftpm/xcode -Xcc -D_LIBCPP_HARDENING_MODE\=_LIBCPP_HARDENING_MODE_DEBUG -Xcc -ivfsstatcache -Xcc /Users/admin/builder/spi-builder-workspace/.derivedData/SDKStatCaches.noindex/watchos27.0-24R360-e829b21a6f8c9b70876ba0858053c044b9db9bc9c079ee3c7b5f3373b13d10bc.sdkstatcache -Xcc -fmodules-prune-interval\=86400 -Xcc -fmodules-prune-after\=345600 -Xcc -I/Users/admin/builder/spi-builder-workspace/.derivedData/Build/Products/Debug-watchos/include -Xcc -I/Users/admin/builder/spi-builder-workspace/.derivedData/Build/Intermediates.noindex/UDAExplainer.build/Debug-watchos/UDAExplainer-t.build/DerivedSources-normal/arm64_32 -Xcc -I/Users/admin/builder/spi-builder-workspace/.derivedData/Build/Intermediates.noindex/UDAExplainer.build/Debug-watchos/UDAExplainer-t.build/DerivedSources/arm64_32 -Xcc -I/Users/admin/builder/spi-builder-workspace/.derivedData/Build/Intermediates.noindex/UDAExplainer.build/Debug-watchos/UDAExplainer-t.build/DerivedSources -Xcc -DSWIFT_PACKAGE -Xcc -DDEBUG\=1 -no-auto-bridging-header-chaining -module-name UDAExplainer -const-gather-protocols-file /Users/admin/builder/spi-builder-workspace/.derivedData/Build/Intermediates.noindex/UDAExplainer.build/Debug-watchos/UDAExplainer-t.build/Objects-normal/arm64_32/UDAExplainer_const_extract_protocols.json -disable-clang-spi -clang-target arm64_32-apple-watchos27.0 -target-sdk-version 27.0 -target-sdk-name watchos27.0 -in-process-plugin-server-path /Applications/Xcode-27.0.0.app/Contents/Developer/Toolchains/XcodeDefault.xctoolchain/usr/lib/swift/host/libSwiftInProcPluginServer.dylib -emit-module-doc-path /Users/admin/builder/spi-builder-workspace/.derivedData/Build/Intermediates.noindex/UDAExplainer.build/Debug-watchos/UDAExplainer-t.build/Objects-normal/arm64_32/UDAExplainer.swiftdoc -emit-module-source-info-path /Users/admin/builder/spi-builder-workspace/.derivedData/Build/Intermediates.noindex/UDAExplainer.build/Debug-watchos/UDAExplainer-t.build/Objects-normal/arm64_32/UDAExplainer.swiftsourceinfo -emit-objc-header-path /Users/admin/builder/spi-builder-workspace/.derivedData/Build/Intermediates.noindex/UDAExplainer.build/Debug-watchos/UDAExplainer-t.build/Objects-normal/arm64_32/UDAExplainer-Swift.h -serialize-diagnostics-path /Users/admin/builder/spi-builder-workspace/.derivedData/Build/Intermediates.noindex/UDAExplainer.build/Debug-watchos/UDAExplainer-t.build/Objects-normal/arm64_32/UDAExplainer-primary-emit-module.dia -emit-dependencies-path /Users/admin/builder/spi-builder-workspace/.derivedData/Build/Intermediates.noindex/UDAExplainer.build/Debug-watchos/UDAExplainer-t.build/Objects-normal/arm64_32/UDAExplainer-primary-emit-module.d -parse-as-library -o /Users/admin/builder/spi-builder-workspace/.derivedData/Build/Intermediates.noindex/UDAExplainer.build/Debug-watchos/UDAExplainer-t.build/Objects-normal/arm64_32/UDAExplainer.swiftmodule -emit-abi-descriptor-path /Users/admin/builder/spi-builder-workspace/.derivedData/Build/Intermediates.noindex/UDAExplainer.build/Debug-watchos/UDAExplainer-t.build/Objects-normal/arm64_32/UDAExplainer.abi.json
SwiftCompile normal arm64_32 (in target 'UDAExplainer' from project 'UDAExplainer')
    cd /Users/admin/builder/spi-builder-workspace/.swiftpm/xcode

SwiftCompile normal arm64_32 Compiling\ resource_bundle_accessor.swift,\ UDAExplainerDefaultDataSource.swift /Users/admin/builder/spi-builder-workspace/.derivedData/Build/Intermediates.noindex/UDAExplainer.build/Debug-watchos/UDAExplainer-t.build/DerivedSources/resource_bundle_accessor.swift /Users/admin/builder/spi-builder-workspace/UDAExplainer/Sources/DefaultDataSource/UDAExplainerDefaultDataSource.swift (in target 'UDAExplainer' from project 'UDAExplainer')
SwiftCompile normal arm64_32 /Users/admin/builder/spi-builder-workspace/.derivedData/Build/Intermediates.noindex/UDAExplainer.build/Debug-watchos/UDAExplainer-t.build/DerivedSources/resource_bundle_accessor.swift (in target 'UDAExplainer' from project 'UDAExplainer')
    cd /Users/admin/builder/spi-builder-workspace/.swiftpm/xcode
    builtin-SwiftPerFileCompile resource_bundle_accessor.swift
SwiftCompile normal arm64_32 /Users/admin/builder/spi-builder-workspace/UDAExplainer/Sources/DefaultDataSource/UDAExplainerDefaultDataSource.swift (in target 'UDAExplainer' from project 'UDAExplainer')
    cd /Users/admin/builder/spi-builder-workspace/.swiftpm/xcode
    builtin-SwiftPerFileCompile UDAExplainerDefaultDataSource.swift
SwiftCompile normal arm64_32 Compiling\ View+UDAExplainer.swift /Users/admin/builder/spi-builder-workspace/UDAExplainer/Sources/Internal/View+UDAExplainer.swift (in target 'UDAExplainer' from project 'UDAExplainer')
SwiftCompile normal arm64_32 /Users/admin/builder/spi-builder-workspace/UDAExplainer/Sources/Internal/View+UDAExplainer.swift (in target 'UDAExplainer' from project 'UDAExplainer')
    cd /Users/admin/builder/spi-builder-workspace/.swiftpm/xcode
    builtin-SwiftPerFileCompile View+UDAExplainer.swift
SwiftEmitModule normal arm64 Emitting\ module\ for\ UDAExplainer (in target 'UDAExplainer' from project 'UDAExplainer')
SwiftCompile normal arm64 (in target 'UDAExplainer' from project 'UDAExplainer')
    cd /Users/admin/builder/spi-builder-workspace/.swiftpm/xcode

PruneExplicitPrecompiledModules /Users/admin/builder/spi-builder-workspace/.derivedData/Build/Intermediates.noindex/SwiftExplicitPrecompiledModules
PruneExplicitPrecompiledModules /Users/admin/builder/spi-builder-workspace/.derivedData/Build/Intermediates.noindex/ExplicitPrecompiledModules
PruneExplicitPrecompiledModules /Users/admin/builder/spi-builder-workspace/.derivedData/SDKExplicitPrecompiledModules
2026-10-18 01:32:43.784 xcodebuild[653:4243] [MT] IDERunDestination: Supported platforms for the buildables in the current scheme is empty.
** BUILD FAILED **
The following build commands failed:
	SwiftEmitModule normal arm64_32 Emitting\ module\ for\ UDAExplainer (in target 'UDAExplainer' from project 'UDAExplainer')
	SwiftCompile normal arm64_32 (in target 'UDAExplainer' from project 'UDAExplainer')
	Building workspace UDAExplainer with scheme UDAExplainer
(3 failures)
Command line invocation:
    /Applications/Xcode-27.0.0.app/Contents/Developer/usr/bin/xcodebuild -IDEClonedSourcePackagesDirPathOverride=/Users/admin/builder/spi-builder-workspace/.dependencies -resolvePackageDependencies
Resolve Package Graph
Resolved source packages:
  UDAExplainer: /Users/admin/builder/spi-builder-workspace
resolved source packages: UDAExplainer
2026-10-18 01:32:50.467 xcodebuild[799:4792] [MT] IDERunDestination: Supported platforms for the buildables in the current scheme is empty.
{
  "default_localization" : "en",
  "dependencies" : [
  ],
  "manifest_display_name" : "UDAExplainer",
  "name" : "UDAExplainer",
  "path" : "/Users/admin/builder/spi-builder-workspace",
  "platforms" : [
    {
      "name" : "ios",
      "version" : "15.5"
    }
  ],
  "products" : [
    {
      "name" : "UDAExplainer",
      "targets" : [
        "UDAExplainer"
      ],
      "type" : {
        "library" : [
          "automatic"
        ]
      }
    }
  ],
  "targets" : [
    {
      "c99name" : "UDAExplainerTests",
      "module_type" : "SwiftTarget",
      "name" : "UDAExplainerTests",
      "path" : "UDAExplainerTests",
      "sources" : [
        "DefaultDataSource/UDAExplainerDefaultDataSourceTests.swift",
        "UDAExplainerTypeTests.swift"
      ],
      "target_dependencies" : [
        "UDAExplainer"
      ],
      "type" : "test"
    },
    {
      "c99name" : "UDAExplainer",
      "module_type" : "SwiftTarget",
      "name" : "UDAExplainer",
      "path" : "UDAExplainer/Sources",
      "product_memberships" : [
        "UDAExplainer"
      ],
      "resources" : [
        {
          "path" : "/Users/admin/builder/spi-builder-workspace/UDAExplainer/Sources/Resources/en.lproj/UDAExplainerLocalizations.strings",
          "rule" : {
            "process" : {
              "localization" : "en"
            }
          }
        },
        {
          "path" : "/Users/admin/builder/spi-builder-workspace/UDAExplainer/Sources/Resources/zh-Hans.lproj/UDAExplainerLocalizations.strings",
          "rule" : {
            "process" : {
              "localization" : "zh-hans"
            }
          }
        }
      ],
      "sources" : [
        "DefaultDataSource/UDAExplainerDefaultDataSource.swift",
        "Internal/UDAExplainerUIDimension.swift",
        "Internal/View+UDAExplainer.swift",
        "Localizations/UDAExplainerLocalizations.swift",
        "UDAExplainerColorSet.swift",
        "UDAExplainerConfiguration.swift",
        "UDAExplainerDataSourceProtocol.swift",
        "UDAExplainerType.swift",
        "UDAExplainerView.swift",
        "UIKitExtension/UDAExplainerHostingController.swift"
      ],
      "type" : "library"
    }
  ],
  "tools_version" : "5.7"
}
{
  "workspace" : {
    "name" : "UDAExplainer",
    "schemes" : [
      "UDAExplainer"
    ]
  }
}
2026-10-18 01:32:51.753 xcodebuild[807:4859] [MT] IDERunDestination: Supported platforms for the buildables in the current scheme is empty.
Running build ...
env DEVELOPER_DIR=/Applications/Xcode-27.0.0.app xcrun xcodebuild -IDEClonedSourcePackagesDirPathOverride=$PWD/.dependencies -skipMacroValidation -skipPackagePluginValidation -derivedDataPath $PWD/.derivedData build -scheme UDAExplainer -destination generic/platform=watchOS
Command line invocation:
    /Applications/Xcode-27.0.0.app/Contents/Developer/usr/bin/xcodebuild -IDEClonedSourcePackagesDirPathOverride=/Users/admin/builder/spi-builder-workspace/.dependencies -skipMacroValidation -skipPackagePluginValidation -derivedDataPath /Users/admin/builder/spi-builder-workspace/.derivedData build -scheme UDAExplainer -destination generic/platform=watchOS
Resolve Package Graph
Resolved source packages:
  UDAExplainer: /Users/admin/builder/spi-builder-workspace
ComputePackagePrebuildTargetDependencyGraph
Prepare packages
CreateBuildRequest
SendProjectDescription
CreateBuildOperation
ComputeTargetDependencyGraph
note: Building targets in dependency order
note: Target dependency graph (3 targets)
    Target 'UDAExplainer-product' in project 'UDAExplainer'
        ➜ Explicit dependency on target 'UDAExplainer' in project 'UDAExplainer'
        ➜ Explicit dependency on target 'UDAExplainer_UDAExplainer' in project 'UDAExplainer'
    Target 'UDAExplainer' in project 'UDAExplainer'
        ➜ Explicit dependency on target 'UDAExplainer_UDAExplainer' in project 'UDAExplainer'
    Target 'UDAExplainer_UDAExplainer' in project 'UDAExplainer' (no dependencies)
GatherProvisioningInputs
CreateBuildDescription
ClangStatCache /Applications/Xcode-27.0.0.app/Contents/Developer/Toolchains/XcodeDefault.xctoolchain/usr/bin/clang-stat-cache /Applications/Xcode-27.0.0.app/Contents/Developer/Platforms/WatchOS.platform/Developer/SDKs/WatchOS27.0.sdk /Users/admin/builder/spi-builder-workspace/.derivedData/SDKStatCaches.noindex/watchos27.0-24R360-e829b21a6f8c9b70876ba0858053c044b9db9bc9c079ee3c7b5f3373b13d10bc.sdkstatcache
    cd /Users/admin/builder/spi-builder-workspace/.swiftpm/xcode
    /Applications/Xcode-27.0.0.app/Contents/Developer/Toolchains/XcodeDefault.xctoolchain/usr/bin/clang-stat-cache /Applications/Xcode-27.0.0.app/Contents/Developer/Platforms/WatchOS.platform/Developer/SDKs/WatchOS27.0.sdk -o /Users/admin/builder/spi-builder-workspace/.derivedData/SDKStatCaches.noindex/watchos27.0-24R360-e829b21a6f8c9b70876ba0858053c044b9db9bc9c079ee3c7b5f3373b13d10bc.sdkstatcache
SwiftDriver UDAExplainer normal arm64 com.apple.xcode.tools.swift.compiler (in target 'UDAExplainer' from project 'UDAExplainer')
    cd /Users/admin/builder/spi-builder-workspace/.swiftpm/xcode
    builtin-SwiftDriver -- /Applications/Xcode-27.0.0.app/Contents/Developer/Toolchains/XcodeDefault.xctoolchain/usr/bin/swiftc -parse-as-library -module-name UDAExplainer -Onone @/Users/admin/builder/spi-builder-workspace/.derivedData/Build/Intermediates.noindex/UDAExplainer.build/Debug-watchos/UDAExplainer-t.build/Objects-normal/arm64/UDAExplainer.SwiftFileList -DSWIFT_PACKAGE -DDEBUG -DSWIFT_MODULE_RESOURCE_BUNDLE_AVAILABLE -DXcode -plugin-path /Applications/Xcode-27.0.0.app/Contents/Developer/Toolchains/XcodeDefault.xctoolchain/usr/lib/swift/host/plugins/testing -enable-experimental-feature DebugDescriptionMacro -sdk /Applications/Xcode-27.0.0.app/Contents/Developer/Platforms/WatchOS.platform/Developer/SDKs/WatchOS27.0.sdk -target arm64-apple-watchos9.0 -g -module-cache-path /Users/admin/builder/spi-builder-workspace/.derivedData/ModuleCache.noindex -Xfrontend -serialize-debugging-options -profile-coverage-mapping -profile-generate -enable-testing -index-store-path /Users/admin/builder/spi-builder-workspace/.derivedData/Index.noindex/DataStore -Xcc -D_LIBCPP_HARDENING_MODE\=_LIBCPP_HARDENING_MODE_DEBUG -swift-version 5 -I /Users/admin/builder/spi-builder-workspace/.derivedData/Build/Products/Debug-watchos -Isystem /Applications/Xcode-27.0.0.app/Contents/Developer/Platforms/WatchOS.platform/Developer/usr/lib -F /Users/admin/builder/spi-builder-workspace/.derivedData/Build/Products/Debug-watchos -F /Applications/Xcode-27.0.0.app/Contents/Developer/Platforms/WatchOS.platform/Developer/Library/Frameworks -F /Applications/Xcode-27.0.0.app/Contents/Developer/Platforms/WatchOS.platform/Developer/SDKs/WatchOS27.0.sdk/Developer/Library/Frameworks -emit-localized-strings -emit-localized-strings-path /Users/admin/builder/spi-builder-workspace/.derivedData/Build/Intermediates.noindex/UDAExplainer.build/Debug-watchos/UDAExplainer-t.build/Objects-normal/arm64 -c -j10 -enable-batch-mode -incremental -Xcc -ivfsstatcache -Xcc /Users/admin/builder/spi-builder-workspace/.derivedData/SDKStatCaches.noindex/watchos27.0-24R360-e829b21a6f8c9b70876ba0858053c044b9db9bc9c079ee3c7b5f3373b13d10bc.sdkstatcache -output-file-map /Users/admin/builder/spi-builder-workspace/.derivedData/Build/Intermediates.noindex/UDAExplainer.build/Debug-watchos/UDAExplainer-t.build/Objects-normal/arm64/UDAExplainer-OutputFileMap.json -save-temps -no-color-diagnostics -explicit-module-build -module-cache-path /Users/admin/builder/spi-builder-workspace/.derivedData/Build/Intermediates.noindex/SwiftExplicitPrecompiledModules -clang-scanner-module-cache-path /Users/admin/builder/spi-builder-workspace/.derivedData/ModuleCache.noindex -sdk-module-cache-path /Users/admin/builder/spi-builder-workspace/.derivedData/SDKExplicitPrecompiledModules -emit-dependencies -emit-module -emit-module-path /Users/admin/builder/spi-builder-workspace/.derivedData/Build/Intermediates.noindex/UDAExplainer.build/Debug-watchos/UDAExplainer-t.build/Objects-normal/arm64/UDAExplainer.swiftmodule -serialize-diagnostics -dependency-scan-serialize-diagnostics-path /Users/admin/builder/spi-builder-workspace/.derivedData/Build/Intermediates.noindex/UDAExplainer.build/Debug-watchos/UDAExplainer-t.build/Objects-normal/arm64/UDAExplainer-dependency-scan.dia -validate-clang-modules-once -clang-build-session-file /Users/admin/builder/spi-builder-workspace/.derivedData/ModuleCache.noindex/Session.modulevalidation -Xcc -fmodules-prune-interval\=86400 -Xcc -fmodules-prune-after\=345600 -emit-const-values -const-gather-protocols-list /Users/admin/builder/spi-builder-workspace/.derivedData/Build/Intermediates.noindex/UDAExplainer.build/Debug-watchos/UDAExplainer-t.build/Objects-normal/arm64/UDAExplainer_const_extract_protocols.json -Xcc -I/Users/admin/builder/spi-builder-workspace/.derivedData/Build/Products/Debug-watchos/include -Xcc -I/Users/admin/builder/spi-builder-workspace/.derivedData/Build/Intermediates.noindex/UDAExplainer.build/Debug-watchos/UDAExplainer-t.build/DerivedSources-normal/arm64 -Xcc -I/Users/admin/builder/spi-builder-workspace/.derivedData/Build/Intermediates.noindex/UDAExplainer.build/Debug-watchos/UDAExplainer-t.build/DerivedSources/arm64 -Xcc -I/Users/admin/builder/spi-builder-workspace/.derivedData/Build/Intermediates.noindex/UDAExplainer.build/Debug-watchos/UDAExplainer-t.build/DerivedSources -Xcc -DSWIFT_PACKAGE -Xcc -DDEBUG\=1 -emit-objc-header -emit-objc-header-path /Users/admin/builder/spi-builder-workspace/.derivedData/Build/Intermediates.noindex/UDAExplainer.build/Debug-watchos/UDAExplainer-t.build/Objects-normal/arm64/UDAExplainer-Swift.h -working-directory /Users/admin/builder/spi-builder-workspace/.swiftpm/xcode -experimental-emit-module-separately -disable-cmo
SwiftDriver UDAExplainer normal arm64_32 com.apple.xcode.tools.swift.compiler (in target 'UDAExplainer' from project 'UDAExplainer')
    cd /Users/admin/builder/spi-builder-workspace/.swiftpm/xcode
    builtin-SwiftDriver -- /Applications/Xcode-27.0.0.app/Contents/Developer/Toolchains/XcodeDefault.xctoolchain/usr/bin/swiftc -parse-as-library -module-name UDAExplainer -Onone @/Users/admin/builder/spi-builder-workspace/.derivedData/Build/Intermediates.noindex/UDAExplainer.build/Debug-watchos/UDAExplainer-t.build/Objects-normal/arm64_32/UDAExplainer.SwiftFileList -DSWIFT_PACKAGE -DDEBUG -DSWIFT_MODULE_RESOURCE_BUNDLE_AVAILABLE -DXcode -plugin-path /Applications/Xcode-27.0.0.app/Contents/Developer/Toolchains/XcodeDefault.xctoolchain/usr/lib/swift/host/plugins/testing -enable-experimental-feature DebugDescriptionMacro -sdk /Applications/Xcode-27.0.0.app/Contents/Developer/Platforms/WatchOS.platform/Developer/SDKs/WatchOS27.0.sdk -target arm64_32-apple-watchos9.0 -g -module-cache-path /Users/admin/builder/spi-builder-workspace/.derivedData/ModuleCache.noindex -Xfrontend -serialize-debugging-options -profile-coverage-mapping -profile-generate -enable-testing -index-store-path /Users/admin/builder/spi-builder-workspace/.derivedData/Index.noindex/DataStore -Xcc -D_LIBCPP_HARDENING_MODE\=_LIBCPP_HARDENING_MODE_DEBUG -swift-version 5 -I /Users/admin/builder/spi-builder-workspace/.derivedData/Build/Products/Debug-watchos -Isystem /Applications/Xcode-27.0.0.app/Contents/Developer/Platforms/WatchOS.platform/Developer/usr/lib -F /Users/admin/builder/spi-builder-workspace/.derivedData/Build/Products/Debug-watchos -F /Applications/Xcode-27.0.0.app/Contents/Developer/Platforms/WatchOS.platform/Developer/Library/Frameworks -F /Applications/Xcode-27.0.0.app/Contents/Developer/Platforms/WatchOS.platform/Developer/SDKs/WatchOS27.0.sdk/Developer/Library/Frameworks -emit-localized-strings -emit-localized-strings-path /Users/admin/builder/spi-builder-workspace/.derivedData/Build/Intermediates.noindex/UDAExplainer.build/Debug-watchos/UDAExplainer-t.build/Objects-normal/arm64_32 -c -j10 -enable-batch-mode -incremental -Xcc -ivfsstatcache -Xcc /Users/admin/builder/spi-builder-workspace/.derivedData/SDKStatCaches.noindex/watchos27.0-24R360-e829b21a6f8c9b70876ba0858053c044b9db9bc9c079ee3c7b5f3373b13d10bc.sdkstatcache -output-file-map /Users/admin/builder/spi-builder-workspace/.derivedData/Build/Intermediates.noindex/UDAExplainer.build/Debug-watchos/UDAExplainer-t.build/Objects-normal/arm64_32/UDAExplainer-OutputFileMap.json -save-temps -no-color-diagnostics -explicit-module-build -module-cache-path /Users/admin/builder/spi-builder-workspace/.derivedData/Build/Intermediates.noindex/SwiftExplicitPrecompiledModules -clang-scanner-module-cache-path /Users/admin/builder/spi-builder-workspace/.derivedData/ModuleCache.noindex -sdk-module-cache-path /Users/admin/builder/spi-builder-workspace/.derivedData/SDKExplicitPrecompiledModules -emit-dependencies -emit-module -emit-module-path /Users/admin/builder/spi-builder-workspace/.derivedData/Build/Intermediates.noindex/UDAExplainer.build/Debug-watchos/UDAExplainer-t.build/Objects-normal/arm64_32/UDAExplainer.swiftmodule -serialize-diagnostics -dependency-scan-serialize-diagnostics-path /Users/admin/builder/spi-builder-workspace/.derivedData/Build/Intermediates.noindex/UDAExplainer.build/Debug-watchos/UDAExplainer-t.build/Objects-normal/arm64_32/UDAExplainer-dependency-scan.dia -validate-clang-modules-once -clang-build-session-file /Users/admin/builder/spi-builder-workspace/.derivedData/ModuleCache.noindex/Session.modulevalidation -Xcc -fmodules-prune-interval\=86400 -Xcc -fmodules-prune-after\=345600 -emit-const-values -const-gather-protocols-list /Users/admin/builder/spi-builder-workspace/.derivedData/Build/Intermediates.noindex/UDAExplainer.build/Debug-watchos/UDAExplainer-t.build/Objects-normal/arm64_32/UDAExplainer_const_extract_protocols.json -Xcc -I/Users/admin/builder/spi-builder-workspace/.derivedData/Build/Products/Debug-watchos/include -Xcc -I/Users/admin/builder/spi-builder-workspace/.derivedData/Build/Intermediates.noindex/UDAExplainer.build/Debug-watchos/UDAExplainer-t.build/DerivedSources-normal/arm64_32 -Xcc -I/Users/admin/builder/spi-builder-workspace/.derivedData/Build/Intermediates.noindex/UDAExplainer.build/Debug-watchos/UDAExplainer-t.build/DerivedSources/arm64_32 -Xcc -I/Users/admin/builder/spi-builder-workspace/.derivedData/Build/Intermediates.noindex/UDAExplainer.build/Debug-watchos/UDAExplainer-t.build/DerivedSources -Xcc -DSWIFT_PACKAGE -Xcc -DDEBUG\=1 -emit-objc-header -emit-objc-header-path /Users/admin/builder/spi-builder-workspace/.derivedData/Build/Intermediates.noindex/UDAExplainer.build/Debug-watchos/UDAExplainer-t.build/Objects-normal/arm64_32/UDAExplainer-Swift.h -working-directory /Users/admin/builder/spi-builder-workspace/.swiftpm/xcode -experimental-emit-module-separately -disable-cmo
SwiftEmitModule normal arm64_32 Emitting\ module\ for\ UDAExplainer (in target 'UDAExplainer' from project 'UDAExplainer')
SwiftCompile normal arm64_32 (in target 'UDAExplainer' from project 'UDAExplainer')
    cd /Users/admin/builder/spi-builder-workspace/.swiftpm/xcode

/Users/admin/builder/spi-builder-workspace/UDAExplainer/Sources/UIKitExtension/UDAExplainerHostingController.swift:12:51: error: cannot find type 'UIHostingController' in scope
10 | import SwiftUI
11 |
12 | public final class UDAExplainerHostingController: UIHostingController<UDAExplainerView> {
   |                                                   `- error: cannot find type 'UIHostingController' in scope
13 |
14 |   /// The UDAExplainer type (refer to the enum `UDAExplainerType`).
Failed frontend command:
/Applications/Xcode-27.0.0.app/Contents/Developer/Toolchains/XcodeDefault.xctoolchain/usr/bin/swift-frontend -frontend -emit-module -experimental-skip-non-inlinable-function-bodies-without-types /Users/admin/builder/spi-builder-workspace/.derivedData/Build/Intermediates.noindex/UDAExplainer.build/Debug-watchos/UDAExplainer-t.build/DerivedSources/resource_bundle_accessor.swift /Users/admin/builder/spi-builder-workspace/UDAExplainer/Sources/DefaultDataSource/UDAExplainerDefaultDataSource.swift /Users/admin/builder/spi-builder-workspace/UDAExplainer/Sources/Internal/UDAExplainerUIDimension.swift /Users/admin/builder/spi-builder-workspace/UDAExplainer/Sources/Internal/View+UDAExplainer.swift /Users/admin/builder/spi-builder-workspace/UDAExplainer/Sources/Localizations/UDAExplainerLocalizations.swift /Users/admin/builder/spi-builder-workspace/UDAExplainer/Sources/UDAExplainerColorSet.swift /Users/admin/builder/spi-builder-workspace/UDAExplainer/Sources/UDAExplainerConfiguration.swift /Users/admin/builder/spi-builder-workspace/UDAExplainer/Sources/UDAExplainerDataSourceProtocol.swift /Users/admin/builder/spi-builder-workspace/UDAExplainer/Sources/UDAExplainerType.swift /Users/admin/builder/spi-builder-workspace/UDAExplainer/Sources/UDAExplainerView.swift /Users/admin/builder/spi-builder-workspace/UDAExplainer/Sources/UIKitExtension/UDAExplainerHostingController.swift -target arm64_32-apple-watchos9.0 -disable-cross-import-overlay-search -load-resolved-plugin /Applications/Xcode-27.0.0.app/Contents/Developer/Platforms/WatchOS.platform/Developer/usr/lib/swift/host/plugins/libFoundationMacros.dylib\#/Applications/Xcode-27.0.0.app/Contents/Developer/Platforms/WatchOS.platform/Developer/usr/bin/swift-plugin-server\#FoundationMacros -load-resolved-plugin /Applications/Xcode-27.0.0.app/Contents/Developer/Platforms/WatchOS.platform/Developer/usr/lib/swift/host/plugins/libObservationMacros.dylib\#/Applications/Xcode-27.0.0.app/Contents/Developer/Platforms/WatchOS.platform/Developer/usr/bin/swift-plugin-server\#ObservationMacros -load-resolved-plugin /Applications/Xcode-27.0.0.app/Contents/Developer/Platforms/WatchOS.platform/Developer/usr/lib/swift/host/plugins/libPreviewsMacros.dylib\#/Applications/Xcode-27.0.0.app/Contents/Developer/Platforms/WatchOS.platform/Developer/usr/bin/swift-plugin-server\#PreviewsMacros -load-resolved-plugin /Applications/Xcode-27.0.0.app/Contents/Developer/Platforms/WatchOS.platform/Developer/usr/lib/swift/host/plugins/libSwiftMacros.dylib\#/Applications/Xcode-27.0.0.app/Contents/Developer/Platforms/WatchOS.platform/Developer/usr/bin/swift-plugin-server\#SwiftMacros -load-resolved-plugin /Applications/Xcode-27.0.0.app/Contents/Developer/Platforms/WatchOS.platform/Developer/usr/lib/swift/host/plugins/libSwiftUIMacros.dylib\#/Applications/Xcode-27.0.0.app/Contents/Developer/Platforms/WatchOS.platform/Developer/usr/bin/swift-plugin-server\#SwiftUIMacros -disable-implicit-swift-modules -Xcc -fno-implicit-modules -Xcc -fno-implicit-module-maps -explicit-swift-module-map-file /Users/admin/builder/spi-builder-workspace/.derivedData/Build/Intermediates.noindex/UDAExplainer.build/Debug-watchos/UDAExplainer-t.build/Objects-normal/arm64_32/UDAExplainer-dependencies-2.json -enable-objc-interop -sdk /Applications/Xcode-27.0.0.app/Contents/Developer/Platforms/WatchOS.platform/Developer/SDKs/WatchOS27.0.sdk -I /Users/admin/builder/spi-builder-workspace/.derivedData/Build/Products/Debug-watchos -Isystem /Applications/Xcode-27.0.0.app/Contents/Developer/Platforms/WatchOS.platform/Developer/usr/lib -F /Users/admin/builder/spi-builder-workspace/.derivedData/Build/Products/Debug-watchos -F /Applications/Xcode-27.0.0.app/Contents/Developer/Platforms/WatchOS.platform/Developer/Library/Frameworks -F /Applications/Xcode-27.0.0.app/Contents/Developer/Platforms/WatchOS.platform/Developer/SDKs/WatchOS27.0.sdk/Developer/Library/Frameworks -module-cache-path /Users/admin/builder/spi-builder-workspace/.derivedData/Build/Intermediates.noindex/SwiftExplicitPrecompiledModules -no-color-diagnostics -Xcc -fno-color-diagnostics -enable-testing -g -debug-info-format\=dwarf -dwarf-version\=4 -profile-generate -profile-coverage-mapping -swift-version 5 -Onone -D SWIFT_PACKAGE -D DEBUG -D SWIFT_MODULE_RESOURCE_BUNDLE_AVAILABLE -D Xcode -serialize-debugging-options -enable-experimental-feature DebugDescriptionMacro -empty-abi-descriptor -validate-clang-modules-once -clang-build-session-file /Users/admin/builder/spi-builder-workspace/.derivedData/ModuleCache.noindex/Session.modulevalidation -Xcc -working-directory -Xcc /Users/admin/builder/spi-builder-workspace/.swiftpm/xcode -enable-anonymous-context-mangled-names -file-compilation-dir /Users/admin/builder/spi-builder-workspace/.swiftpm/xcode -Xcc -D_LIBCPP_HARDENING_MODE\=_LIBCPP_HARDENING_MODE_DEBUG -Xcc -ivfsstatcache -Xcc /Users/admin/builder/spi-builder-workspace/.derivedData/SDKStatCaches.noindex/watchos27.0-24R360-e829b21a6f8c9b70876ba0858053c044b9db9bc9c079ee3c7b5f3373b13d10bc.sdkstatcache -Xcc -fmodules-prune-interval\=86400 -Xcc -fmodules-prune-after\=345600 -Xcc -I/Users/admin/builder/spi-builder-workspace/.derivedData/Build/Products/Debug-watchos/include -Xcc -I/Users/admin/builder/spi-builder-workspace/.derivedData/Build/Intermediates.noindex/UDAExplainer.build/Debug-watchos/UDAExplainer-t.build/DerivedSources-normal/arm64_32 -Xcc -I/Users/admin/builder/spi-builder-workspace/.derivedData/Build/Intermediates.noindex/UDAExplainer.build/Debug-watchos/UDAExplainer-t.build/DerivedSources/arm64_32 -Xcc -I/Users/admin/builder/spi-builder-workspace/.derivedData/Build/Intermediates.noindex/UDAExplainer.build/Debug-watchos/UDAExplainer-t.build/DerivedSources -Xcc -DSWIFT_PACKAGE -Xcc -DDEBUG\=1 -no-auto-bridging-header-chaining -module-name UDAExplainer -const-gather-protocols-file /Users/admin/builder/spi-builder-workspace/.derivedData/Build/Intermediates.noindex/UDAExplainer.build/Debug-watchos/UDAExplainer-t.build/Objects-normal/arm64_32/UDAExplainer_const_extract_protocols.json -disable-clang-spi -clang-target arm64_32-apple-watchos27.0 -target-sdk-version 27.0 -target-sdk-name watchos27.0 -in-process-plugin-server-path /Applications/Xcode-27.0.0.app/Contents/Developer/Toolchains/XcodeDefault.xctoolchain/usr/lib/swift/host/libSwiftInProcPluginServer.dylib -emit-module-doc-path /Users/admin/builder/spi-builder-workspace/.derivedData/Build/Intermediates.noindex/UDAExplainer.build/Debug-watchos/UDAExplainer-t.build/Objects-normal/arm64_32/UDAExplainer.swiftdoc -emit-module-source-info-path /Users/admin/builder/spi-builder-workspace/.derivedData/Build/Intermediates.noindex/UDAExplainer.build/Debug-watchos/UDAExplainer-t.build/Objects-normal/arm64_32/UDAExplainer.swiftsourceinfo -emit-objc-header-path /Users/admin/builder/spi-builder-workspace/.derivedData/Build/Intermediates.noindex/UDAExplainer.build/Debug-watchos/UDAExplainer-t.build/Objects-normal/arm64_32/UDAExplainer-Swift.h -serialize-diagnostics-path /Users/admin/builder/spi-builder-workspace/.derivedData/Build/Intermediates.noindex/UDAExplainer.build/Debug-watchos/UDAExplainer-t.build/Objects-normal/arm64_32/UDAExplainer-primary-emit-module.dia -emit-dependencies-path /Users/admin/builder/spi-builder-workspace/.derivedData/Build/Intermediates.noindex/UDAExplainer.build/Debug-watchos/UDAExplainer-t.build/Objects-normal/arm64_32/UDAExplainer-primary-emit-module.d -parse-as-library -o /Users/admin/builder/spi-builder-workspace/.derivedData/Build/Intermediates.noindex/UDAExplainer.build/Debug-watchos/UDAExplainer-t.build/Objects-normal/arm64_32/UDAExplainer.swiftmodule -emit-abi-descriptor-path /Users/admin/builder/spi-builder-workspace/.derivedData/Build/Intermediates.noindex/UDAExplainer.build/Debug-watchos/UDAExplainer-t.build/Objects-normal/arm64_32/UDAExplainer.abi.json
SwiftCompile normal arm64_32 Compiling\ UDAExplainerColorSet.swift /Users/admin/builder/spi-builder-workspace/UDAExplainer/Sources/UDAExplainerColorSet.swift (in target 'UDAExplainer' from project 'UDAExplainer')
SwiftCompile normal arm64_32 /Users/admin/builder/spi-builder-workspace/UDAExplainer/Sources/UDAExplainerColorSet.swift (in target 'UDAExplainer' from project 'UDAExplainer')
    cd /Users/admin/builder/spi-builder-workspace/.swiftpm/xcode
    builtin-SwiftPerFileCompile UDAExplainerColorSet.swift
/Users/admin/builder/spi-builder-workspace/UDAExplainer/Sources/UDAExplainerColorSet.swift:69:27: error: 'systemGroupedBackground' is unavailable in watchOS
67 |   init() {
68 |     self.init(
69 |       backgroundUIColor: .systemGroupedBackground,
   |                           `- error: 'systemGroupedBackground' is unavailable in watchOS
70 |       defaultContentUIColor: .label,
71 |       secondaryContentUIColor: .secondaryLabel,
/Applications/Xcode-27.0.0.app/Contents/Developer/Platforms/WatchOS.platform/Developer/SDKs/WatchOS27.0.sdk/System/Library/Frameworks/UIKit.framework/Headers/UIInterface.h:217:49: note: 'systemGroupedBackground' has been explicitly marked unavailable here
215 |  *    colors in places where a table view wouldn't make sense.
216 |  */
217 | @property (class, nonatomic, readonly) UIColor *systemGroupedBackgroundColor            API_AVAILABLE(ios(13.0)) API_UNAVAILABLE(tvos, watchos);
    |                                                 `- note: 'systemGroupedBackground' has been explicitly marked unavailable here
218 | @property (class, nonatomic, readonly) UIColor *secondarySystemGroupedBackgroundColor   API_AVAILABLE(ios(13.0)) API_UNAVAILABLE(tvos, watchos);
219 | @property (class, nonatomic, readonly) UIColor *tertiarySystemGroupedBackgroundColor    API_AVAILABLE(ios(13.0)) API_UNAVAILABLE(tvos, watchos);
/Users/admin/builder/spi-builder-workspace/UDAExplainer/Sources/UDAExplainerColorSet.swift:70:31: error: 'label' is unavailable in watchOS
68 |     self.init(
69 |       backgroundUIColor: .systemGroupedBackground,
70 |       defaultContentUIColor: .label,
   |                               `- error: 'label' is unavailable in watchOS
71 |       secondaryContentUIColor: .secondaryLabel,
72 |       accentUIColor: .label,
/Applications/Xcode-27.0.0.app/Contents/Developer/Platforms/WatchOS.platform/Developer/SDKs/WatchOS27.0.sdk/System/Library/Frameworks/UIKit.framework/Headers/UIInterface.h:171:49: note: 'label' has been explicitly marked unavailable here
169 | /* Foreground colors for static text and related elements.
170 |  */
171 | @property (class, nonatomic, readonly) UIColor *labelColor              API_AVAILABLE(ios(13.0), tvos(13.0)) API_UNAVAILABLE(watchos);
    |                                                 `- note: 'label' has been explicitly marked unavailable here
172 | @property (class, nonatomic, readonly) UIColor *secondaryLabelColor     API_AVAILABLE(ios(13.0), tvos(13.0)) API_UNAVAILABLE(watchos);
173 | @property (class, nonatomic, readonly) UIColor *tertiaryLabelColor      API_AVAILABLE(ios(13.0), tvos(13.0)) API_UNAVAILABLE(watchos);
/Users/admin/builder/spi-builder-workspace/UDAExplainer/Sources/UDAExplainerColorSet.swift:71:33: error: 'secondaryLabel' is unavailable in watchOS
69 |       backgroundUIColor: .systemGroupedBackground,
70 |       defaultContentUIColor: .label,
71 |       secondaryContentUIColor: .secondaryLabel,
   |                                 `- error: 'secondaryLabel' is unavailable in watchOS
72 |       accentUIColor: .label,
73 |       textOverAccentUIColor: .systemBackground,
/Applications/Xcode-27.0.0.app/Contents/Developer/Platforms/WatchOS.platform/Developer/SDKs/WatchOS27.0.sdk/System/Library/Frameworks/UIKit.framework/Headers/UIInterface.h:172:49: note: 'secondaryLabel' has been explicitly marked unavailable here
170 |  */
171 | @property (class, nonatomic, readonly) UIColor *labelColor              API_AVAILABLE(ios(13.0), tvos(13.0)) API_UNAVAILABLE(watchos);
172 | @property (class, nonatomic, readonly) UIColor *secondaryLabelColor     API_AVAILABLE(ios(13.0), tvos(13.0)) API_UNAVAILABLE(watchos);
    |                                                 `- note: 'secondaryLabel' has been explicitly marked unavailable here
173 | @property (class, nonatomic, readonly) UIColor *tertiaryLabelColor      API_AVAILABLE(ios(13.0), tvos(13.0)) API_UNAVAILABLE(watchos);
174 | @property (class, nonatomic, readonly) UIColor *quaternaryLabelColor    API_AVAILABLE(ios(13.0), tvos(13.0)) API_UNAVAILABLE(watchos);
/Users/admin/builder/spi-builder-workspace/UDAExplainer/Sources/UDAExplainerColorSet.swift:72:23: error: 'label' is unavailable in watchOS
70 |       defaultContentUIColor: .label,
71 |       secondaryContentUIColor: .secondaryLabel,
72 |       accentUIColor: .label,
   |                       `- error: 'label' is unavailable in watchOS
73 |       textOverAccentUIColor: .systemBackground,
74 |       separatorUIColor: .opaqueSeparator,
/Applications/Xcode-27.0.0.app/Contents/Developer/Platforms/WatchOS.platform/Developer/SDKs/WatchOS27.0.sdk/System/Library/Frameworks/UIKit.framework/Headers/UIInterface.h:171:49: note: 'label' has been explicitly marked unavailable here
169 | /* Foreground colors for static text and related elements.
170 |  */
171 | @property (class, nonatomic, readonly) UIColor *labelColor              API_AVAILABLE(ios(13.0), tvos(13.0)) API_UNAVAILABLE(watchos);
    |                                                 `- note: 'label' has been explicitly marked unavailable here
172 | @property (class, nonatomic, readonly) UIColor *secondaryLabelColor     API_AVAILABLE(ios(13.0), tvos(13.0)) API_UNAVAILABLE(watchos);
173 | @property (class, nonatomic, readonly) UIColor *tertiaryLabelColor      API_AVAILABLE(ios(13.0), tvos(13.0)) API_UNAVAILABLE(watchos);
/Users/admin/builder/spi-builder-workspace/UDAExplainer/Sources/UDAExplainerColorSet.swift:73:31: error: 'systemBackground' is unavailable in watchOS
71 |       secondaryContentUIColor: .secondaryLabel,
72 |       accentUIColor: .label,
73 |       textOverAccentUIColor: .systemBackground,
   |                               `- error: 'systemBackground' is unavailable in watchOS
74 |       separatorUIColor: .opaqueSeparator,
75 |       greenUIColor: .systemGreen)
/Applications/Xcode-27.0.0.app/Contents/Developer/Platforms/WatchOS.platform/Developer/SDKs/WatchOS27.0.sdk/System/Library/Frameworks/UIKit.framework/Headers/UIInterface.h:208:49: note: 'systemBackground' has been explicitly marked unavailable here
206 |  *    primary background in light mode.
207 |  */
208 | @property (class, nonatomic, readonly) UIColor *systemBackgroundColor                   API_AVAILABLE(ios(13.0)) API_UNAVAILABLE(tvos, watchos);
    |                                                 `- note: 'systemBackground' has been explicitly marked unavailable here
209 | @property (class, nonatomic, readonly) UIColor *secondarySystemBackgroundColor          API_AVAILABLE(ios(13.0)) API_UNAVAILABLE(tvos, watchos);
210 | @property (class, nonatomic, readonly) UIColor *tertiarySystemBackgroundColor           API_AVAILABLE(ios(13.0)) API_UNAVAILABLE(tvos, watchos);
/Users/admin/builder/spi-builder-workspace/UDAExplainer/Sources/UDAExplainerColorSet.swift:74:26: error: 'opaqueSeparator' is unavailable in watchOS
72 |       accentUIColor: .label,
73 |       textOverAccentUIColor: .systemBackground,
74 |       separatorUIColor: .opaqueSeparator,
   |                          `- error: 'opaqueSeparator' is unavailable in watchOS
75 |       greenUIColor: .systemGreen)
76 |   }
/Applications/Xcode-27.0.0.app/Contents/Developer/Platforms/WatchOS.platform/Developer/SDKs/WatchOS27.0.sdk/System/Library/Frameworks/UIKit.framework/Headers/UIInterface.h:190:49: note: 'opaqueSeparator' has been explicitly marked unavailable here
188 |  */
189 | @property (class, nonatomic, readonly) UIColor *separatorColor          API_AVAILABLE(ios(13.0), tvos(13.0)) API_UNAVAILABLE(watchos);
190 | @property (class, nonatomic, readonly) UIColor *opaqueSeparatorColor    API_AVAILABLE(ios(13.0), tvos(13.0)) API_UNAVAILABLE(watchos);
    |                                                 `- note: 'opaqueSeparator' has been explicitly marked unavailable here
191 |
192 | #pragma mark Background colors
SwiftCompile normal arm64_32 Compiling\ View+UDAExplainer.swift /Users/admin/builder/spi-builder-workspace/UDAExplainer/Sources/Internal/View+UDAExplainer.swift (in target 'UDAExplainer' from project 'UDAExplainer')
SwiftCompile normal arm64_32 /Users/admin/builder/spi-builder-workspace/UDAExplainer/Sources/Internal/View+UDAExplainer.swift (in target 'UDAExplainer' from project 'UDAExplainer')
    cd /Users/admin/builder/spi-builder-workspace/.swiftpm/xcode
    builtin-SwiftPerFileCompile View+UDAExplainer.swift
SwiftCompile normal arm64_32 Compiling\ UDAExplainerUIDimension.swift /Users/admin/builder/spi-builder-workspace/UDAExplainer/Sources/Internal/UDAExplainerUIDimension.swift (in target 'UDAExplainer' from project 'UDAExplainer')
SwiftCompile normal arm64_32 /Users/admin/builder/spi-builder-workspace/UDAExplainer/Sources/Internal/UDAExplainerUIDimension.swift (in target 'UDAExplainer' from project 'UDAExplainer')
    cd /Users/admin/builder/spi-builder-workspace/.swiftpm/xcode
    builtin-SwiftPerFileCompile UDAExplainerUIDimension.swift
SwiftCompile normal arm64_32 Compiling\ resource_bundle_accessor.swift,\ UDAExplainerDefaultDataSource.swift /Users/admin/builder/spi-builder-workspace/.derivedData/Build/Intermediates.noindex/UDAExplainer.build/Debug-watchos/UDAExplainer-t.build/DerivedSources/resource_bundle_accessor.swift /Users/admin/builder/spi-builder-workspace/UDAExplainer/Sources/DefaultDataSource/UDAExplainerDefaultDataSource.swift (in target 'UDAExplainer' from project 'UDAExplainer')
SwiftCompile normal arm64_32 /Users/admin/builder/spi-builder-workspace/.derivedData/Build/Intermediates.noindex/UDAExplainer.build/Debug-watchos/UDAExplainer-t.build/DerivedSources/resource_bundle_accessor.swift (in target 'UDAExplainer' from project 'UDAExplainer')
    cd /Users/admin/builder/spi-builder-workspace/.swiftpm/xcode
    builtin-SwiftPerFileCompile resource_bundle_accessor.swift
SwiftCompile normal arm64_32 /Users/admin/builder/spi-builder-workspace/UDAExplainer/Sources/DefaultDataSource/UDAExplainerDefaultDataSource.swift (in target 'UDAExplainer' from project 'UDAExplainer')
    cd /Users/admin/builder/spi-builder-workspace/.swiftpm/xcode
    builtin-SwiftPerFileCompile UDAExplainerDefaultDataSource.swift
SwiftCompile normal arm64_32 Compiling\ UDAExplainerDataSourceProtocol.swift /Users/admin/builder/spi-builder-workspace/UDAExplainer/Sources/UDAExplainerDataSourceProtocol.swift (in target 'UDAExplainer' from project 'UDAExplainer')
SwiftCompile normal arm64_32 /Users/admin/builder/spi-builder-workspace/UDAExplainer/Sources/UDAExplainerDataSourceProtocol.swift (in target 'UDAExplainer' from project 'UDAExplainer')
    cd /Users/admin/builder/spi-builder-workspace/.swiftpm/xcode
    builtin-SwiftPerFileCompile UDAExplainerDataSourceProtocol.swift
SwiftCompile normal arm64_32 Compiling\ UDAExplainerConfiguration.swift /Users/admin/builder/spi-builder-workspace/UDAExplainer/Sources/UDAExplainerConfiguration.swift (in target 'UDAExplainer' from project 'UDAExplainer')
SwiftCompile normal arm64_32 /Users/admin/builder/spi-builder-workspace/UDAExplainer/Sources/UDAExplainerConfiguration.swift (in target 'UDAExplainer' from project 'UDAExplainer')
    cd /Users/admin/builder/spi-builder-workspace/.swiftpm/xcode
    builtin-SwiftPerFileCompile UDAExplainerConfiguration.swift
SwiftCompile normal arm64_32 Compiling\ UDAExplainerType.swift /Users/admin/builder/spi-builder-workspace/UDAExplainer/Sources/UDAExplainerType.swift (in target 'UDAExplainer' from project 'UDAExplainer')
SwiftCompile normal arm64_32 /Users/admin/builder/spi-builder-workspace/UDAExplainer/Sources/UDAExplainerType.swift (in target 'UDAExplainer' from project 'UDAExplainer')
    cd /Users/admin/builder/spi-builder-workspace/.swiftpm/xcode
    builtin-SwiftPerFileCompile UDAExplainerType.swift
SwiftCompile normal arm64_32 Compiling\ UDAExplainerLocalizations.swift /Users/admin/builder/spi-builder-workspace/UDAExplainer/Sources/Localizations/UDAExplainerLocalizations.swift (in target 'UDAExplainer' from project 'UDAExplainer')
SwiftCompile normal arm64_32 /Users/admin/builder/spi-builder-workspace/UDAExplainer/Sources/Localizations/UDAExplainerLocalizations.swift (in target 'UDAExplainer' from project 'UDAExplainer')
    cd /Users/admin/builder/spi-builder-workspace/.swiftpm/xcode
    builtin-SwiftPerFileCompile UDAExplainerLocalizations.swift
SwiftCompile normal arm64_32 Compiling\ UDAExplainerHostingController.swift /Users/admin/builder/spi-builder-workspace/UDAExplainer/Sources/UIKitExtension/UDAExplainerHostingController.swift (in target 'UDAExplainer' from project 'UDAExplainer')
/Users/admin/builder/spi-builder-workspace/UDAExplainer/Sources/UIKitExtension/UDAExplainerHostingController.swift:12:51: error: cannot find type 'UIHostingController' in scope
10 | import SwiftUI
11 |
12 | public final class UDAExplainerHostingController: UIHostingController<UDAExplainerView> {
   |                                                   `- error: cannot find type 'UIHostingController' in scope
13 |
14 |   /// The UDAExplainer type (refer to the enum `UDAExplainerType`).
/Users/admin/builder/spi-builder-workspace/UDAExplainer/Sources/UIKitExtension/UDAExplainerHostingController.swift:48:5: error: 'super' cannot be used in class 'UDAExplainerHostingController' because it has no superclass
46 |     self.isSelfDismissible = isSelfDismissible
47 |
48 |     super.init(rootView: UDAExplainerView(config: config, isHosted: true))
   |     `- error: 'super' cannot be used in class 'UDAExplainerHostingController' because it has no superclass
49 |
50 |     self.view.backgroundColor = UIColor(config.colorSet.background)
/Users/admin/builder/spi-builder-workspace/UDAExplainer/Sources/UIKitExtension/UDAExplainerHostingController.swift:50:10: error: value of type 'UDAExplainerHostingController' has no member 'view'
48 |     super.init(rootView: UDAExplainerView(config: config, isHosted: true))
49 |
50 |     self.view.backgroundColor = UIColor(config.colorSet.background)
   |          `- error: value of type 'UDAExplainerHostingController' has no member 'view'
51 |     self.modalPresentationStyle = .fullScreen
52 |     self.modalTransitionStyle = .crossDissolve
/Users/admin/builder/spi-builder-workspace/UDAExplainer/Sources/UIKitExtension/UDAExplainerHostingController.swift:51:10: error: value of type 'UDAExplainerHostingController' has no member 'modalPresentationStyle'
49 |
50 |     self.view.backgroundColor = UIColor(config.colorSet.background)
51 |     self.modalPresentationStyle = .fullScreen
   |          `- error: value of type 'UDAExplainerHostingController' has no member 'modalPresentationStyle'
52 |     self.modalTransitionStyle = .crossDissolve
53 |
/Users/admin/builder/spi-builder-workspace/UDAExplainer/Sources/UIKitExtension/UDAExplainerHostingController.swift:51:36: error: cannot infer contextual base in reference to member 'fullScreen'
49 |
50 |     self.view.backgroundColor = UIColor(config.colorSet.background)
51 |     self.modalPresentationStyle = .fullScreen
   |                                    `- error: cannot infer contextual base in reference to member 'fullScreen'
52 |     self.modalTransitionStyle = .crossDissolve
53 |
/Users/admin/builder/spi-builder-workspace/UDAExplainer/Sources/UIKitExtension/UDAExplainerHostingController.swift:52:10: error: value of type 'UDAExplainerHostingController' has no member 'modalTransitionStyle'
50 |     self.view.backgroundColor = UIColor(config.colorSet.background)
51 |     self.modalPresentationStyle = .fullScreen
52 |     self.modalTransitionStyle = .crossDissolve
   |          `- error: value of type 'UDAExplainerHostingController' has no member 'modalTransitionStyle'
53 |
54 |     if isSelfDismissible {
/Users/admin/builder/spi-builder-workspace/UDAExplainer/Sources/UIKitExtension/UDAExplainerHostingController.swift:52:34: error: cannot infer contextual base in reference to member 'crossDissolve'
50 |     self.view.backgroundColor = UIColor(config.colorSet.background)
51 |     self.modalPresentationStyle = .fullScreen
52 |     self.modalTransitionStyle = .crossDissolve
   |                                  `- error: cannot infer contextual base in reference to member 'crossDissolve'
53 |
54 |     if isSelfDismissible {
SwiftCompile normal arm64_32 /Users/admin/builder/spi-builder-workspace/UDAExplainer/Sources/UIKitExtension/UDAExplainerHostingController.swift (in target 'UDAExplainer' from project 'UDAExplainer')
    cd /Users/admin/builder/spi-builder-workspace/.swiftpm/xcode
    builtin-SwiftPerFileCompile UDAExplainerHostingController.swift
PruneExplicitPrecompiledModules /Users/admin/builder/spi-builder-workspace/.derivedData/SDKExplicitPrecompiledModules
PruneExplicitPrecompiledModules /Users/admin/builder/spi-builder-workspace/.derivedData/Build/Intermediates.noindex/ExplicitPrecompiledModules
PruneExplicitPrecompiledModules /Users/admin/builder/spi-builder-workspace/.derivedData/Build/Intermediates.noindex/SwiftExplicitPrecompiledModules
2026-10-18 01:32:52.732 xcodebuild[808:4884] [MT] IDERunDestination: Supported platforms for the buildables in the current scheme is empty.
** BUILD FAILED **
The following build commands failed:
	SwiftCompile normal arm64_32 (in target 'UDAExplainer' from project 'UDAExplainer')
	SwiftEmitModule normal arm64_32 Emitting\ module\ for\ UDAExplainer (in target 'UDAExplainer' from project 'UDAExplainer')
	Building workspace UDAExplainer with scheme UDAExplainer
(3 failures)
BUILD FAILURE 6.4 watchOS