The Swift Package Index logo.Swift Package Index

Build Information

Failed to build Eunomia, reference 3.8.4 (6c0b3d), with Swift 6.4 for visionOS using Xcode 27.0 on 16 Sep 2026 15:54:06 UTC.

Build Command

env DEVELOPER_DIR=/Applications/Xcode-27.0.0-Release.Candidate.app xcrun xcodebuild -IDEClonedSourcePackagesDirPathOverride=$PWD/.dependencies -skipMacroValidation -skipPackagePluginValidation -derivedDataPath $PWD/.derivedData build -scheme Eunomia -destination generic/platform=xrOS

Build Log

========================================
RunAll
========================================
Builder version: 5.1.0
Interrupt handler set up.
========================================
Checkout
========================================
Clone URL: https://github.com/Adorkable/Eunomia.git
Reference: 3.8.4
Initialized empty Git repository in /Users/admin/builder/spi-builder-workspace/.git/
From https://github.com/Adorkable/Eunomia
 * tag               3.8.4      -> FETCH_HEAD
HEAD is now at 6c0b3d6 Merge branch 'release/3.8.4'
Cloned https://github.com/Adorkable/Eunomia.git
Revision (git rev-parse @):
6c0b3d649c93854a0d5946c6858d789e8b832d94
SUCCESS checkout https://github.com/Adorkable/Eunomia.git at 3.8.4
========================================
Build
========================================
Selected platform:         visionOS
Swift version:             6.4
Building package at path:  $PWD
https://github.com/Adorkable/Eunomia.git
Command line invocation:
    /Applications/Xcode-27.0.0-Release.Candidate.app/Contents/Developer/usr/bin/xcodebuild -IDEClonedSourcePackagesDirPathOverride=/Users/admin/builder/spi-builder-workspace/.dependencies -resolvePackageDependencies
resolved source packages:
{
  "dependencies" : [
  ],
  "manifest_display_name" : "Eunomia",
  "name" : "Eunomia",
  "path" : "/Users/admin/builder/spi-builder-workspace",
  "platforms" : [
    {
      "name" : "macos",
      "version" : "10.12"
    },
    {
      "name" : "ios",
      "version" : "10.0"
    }
  ],
  "products" : [
    {
      "name" : "Eunomia",
      "targets" : [
        "Eunomia"
      ],
      "type" : {
        "library" : [
          "automatic"
        ]
      }
    }
  ],
  "targets" : [
    {
      "c99name" : "Eunomia",
      "module_type" : "SwiftTarget",
      "name" : "Eunomia",
      "path" : "Source",
      "product_memberships" : [
        "Eunomia"
      ],
      "sources" : [
        "Core/App/AppExtensionSafeApplication.swift",
        "Core/App/CocoaLumberjackDeprecation.swift",
        "Core/App/EunomiaAppDelegate.swift",
        "Core/App/Location.swift",
        "Core/App/Logging.swift",
        "Core/Misc/Errors.swift",
        "Core/Misc/Guarantee.swift",
        "Core/Misc/ManagedObjectsObserver.swift",
        "Core/Misc/OrdinalNumberFormatter.swift",
        "Core/Misc/SuccessResult.swift",
        "Core/Misc/System.swift",
        "Core/Misc/Tangent.swift",
        "Core/UtilityExtensions/AV/AVFoundation+Utility.swift",
        "Core/UtilityExtensions/AV/AVURLAsset+Utility.swift",
        "Core/UtilityExtensions/Array+Utility.swift",
        "Core/UtilityExtensions/CGRect.swift",
        "Core/UtilityExtensions/CLLocation+Utility.swift",
        "Core/UtilityExtensions/CLLocationCoordinate2D+Utility.swift",
        "Core/UtilityExtensions/CLLocationDegrees+Utility.swift",
        "Core/UtilityExtensions/CLLocationDirection+Utility.swift",
        "Core/UtilityExtensions/CLLocationSpeed+Utility.swift",
        "Core/UtilityExtensions/CNContactStore+Utility.swift",
        "Core/UtilityExtensions/ClosedRange+Utility.swift",
        "Core/UtilityExtensions/CoreData/NSFetchedResultsController+Utility.swift",
        "Core/UtilityExtensions/CoreData/NSManagedObject+Utility.swift",
        "Core/UtilityExtensions/CoreData/NSManagedObjectContext+Utility.swift",
        "Core/UtilityExtensions/Date+Utility.swift",
        "Core/UtilityExtensions/Dictionary+Utility.swift",
        "Core/UtilityExtensions/DispatchQueue+Utility.swift",
        "Core/UtilityExtensions/GCD+Utility.swift",
        "Core/UtilityExtensions/JSContext+Utility.swift",
        "Core/UtilityExtensions/KeyedDecodingContainer+Utility.swift",
        "Core/UtilityExtensions/KeyedEncodingContainer+Utility.swift",
        "Core/UtilityExtensions/MPMediaItem+Utility.swift",
        "Core/UtilityExtensions/Measurement+Utility.swift",
        "Core/UtilityExtensions/NSAttributedString+Utility.swift",
        "Core/UtilityExtensions/NSCharacterSet+Utility.swift",
        "Core/UtilityExtensions/NSColor+Utility.swift",
        "Core/UtilityExtensions/NSDataAsset.swift",
        "Core/UtilityExtensions/NSError+Utility.swift",
        "Core/UtilityExtensions/NSNotification+Utility.swift",
        "Core/UtilityExtensions/NSObject+Utility.swift",
        "Core/UtilityExtensions/NSRange+Utility.swift",
        "Core/UtilityExtensions/PHPhotoLibrary+Utility.swift",
        "Core/UtilityExtensions/RangeReplaceableCollectionType+Utility.swift",
        "Core/UtilityExtensions/String+Utility.swift",
        "Core/UtilityExtensions/UIApplication+Utility.swift",
        "Core/UtilityExtensions/UIColor+Utility.swift",
        "Core/UtilityExtensions/UIDevice+Utility.swift",
        "Core/UtilityExtensions/UIFont+Utility.swift",
        "Core/UtilityExtensions/Views/UIAlertController+Utility.swift",
        "Core/UtilityExtensions/Views/UIBarItem+Utility.swift",
        "Core/UtilityExtensions/Views/UICollectionView+Utility.swift",
        "Core/UtilityExtensions/Views/UICollectionViewFlowLayout+Utility.swift",
        "Core/UtilityExtensions/Views/UIImageView+Utility.swift",
        "Core/UtilityExtensions/Views/UIProgressView+Utility.swift",
        "Core/UtilityExtensions/Views/UIScrollView+Utility.swift",
        "Core/UtilityExtensions/Views/UIStackView+Utility.swift",
        "Core/UtilityExtensions/Views/UITabBar+Utility.swift",
        "Core/UtilityExtensions/Views/UITabBarController+Utility.swift",
        "Core/UtilityExtensions/Views/UITableView+Utility.swift",
        "Core/UtilityExtensions/Views/UITableViewCell+Utility.swift",
        "Core/UtilityExtensions/Views/UITextField+Utility.swift",
        "Core/UtilityExtensions/Views/UITextView+Utility.swift",
        "Core/UtilityExtensions/Views/UIView+Utility.swift",
        "Core/UtilityExtensions/Views/UIViewController+Utility.swift",
        "Core/UtilityExtensions/Views/UIWebView+Utility.swift"
      ],
      "type" : "library"
    }
  ],
  "tools_version" : "5.0"
}
{
  "project" : {
    "configurations" : [
      "Debug",
      "Release"
    ],
    "name" : "Eunomia",
    "schemes" : [
      "Eunomia-iOS",
      "Eunomia-macOS",
      "Examples"
    ],
    "targets" : [
      "Eunomia-iOS",
      "EunomiaTests-iOS",
      "Eunomia-macOS",
      "EunomiaTests-macOS",
      "Examples"
    ]
  }
}
{
  "workspace" : {
    "name" : "Eunomia",
    "schemes" : [
      "Eunomia"
    ]
  }
}
2026-09-16 11:53:53.683 xcodebuild[649:4147] [MT] IDERunDestination: Supported platforms for the buildables in the current scheme is empty.
Running build ...
env DEVELOPER_DIR=/Applications/Xcode-27.0.0-Release.Candidate.app xcrun xcodebuild -IDEClonedSourcePackagesDirPathOverride=$PWD/.dependencies -skipMacroValidation -skipPackagePluginValidation -derivedDataPath $PWD/.derivedData build -scheme Eunomia -destination generic/platform=xrOS
Command line invocation:
    /Applications/Xcode-27.0.0-Release.Candidate.app/Contents/Developer/usr/bin/xcodebuild -IDEClonedSourcePackagesDirPathOverride=/Users/admin/builder/spi-builder-workspace/.dependencies -skipMacroValidation -skipPackagePluginValidation -derivedDataPath /Users/admin/builder/spi-builder-workspace/.derivedData build -scheme Eunomia -destination generic/platform=xrOS
Resolve Package Graph
Resolved source packages:
  Eunomia: /Users/admin/builder/spi-builder-workspace
ComputePackagePrebuildTargetDependencyGraph
Prepare packages
CreateBuildRequest
SendProjectDescription
CreateBuildOperation
ComputeTargetDependencyGraph
note: Building targets in dependency order
note: Target dependency graph (2 targets)
    Target 'Eunomia-product' in project 'Eunomia'
        ➜ Explicit dependency on target 'Eunomia' in project 'Eunomia'
    Target 'Eunomia' in project 'Eunomia' (no dependencies)
GatherProvisioningInputs
CreateBuildDescription
ExecuteExternalTool /Applications/Xcode-27.0.0-Release.Candidate.app/Contents/Developer/Toolchains/XcodeDefault.xctoolchain/usr/bin/clang -v -E -dM -isysroot /Applications/Xcode-27.0.0-Release.Candidate.app/Contents/Developer/Platforms/XROS.platform/Developer/SDKs/XROS27.0.sdk -x c -c /dev/null
ExecuteExternalTool /Applications/Xcode-27.0.0-Release.Candidate.app/Contents/Developer/Toolchains/XcodeDefault.xctoolchain/usr/bin/swiftc --version
ExecuteExternalTool /Applications/Xcode-27.0.0-Release.Candidate.app/Contents/Developer/Toolchains/XcodeDefault.xctoolchain/usr/bin/ld -version_details
Build description signature: 525b024869d0156c4c82cd52caf11e56
Build description path: /Users/admin/builder/spi-builder-workspace/.derivedData/Build/Intermediates.noindex/XCBuildData/525b024869d0156c4c82cd52caf11e56.xcbuilddata
CreateBuildDirectory /Users/admin/builder/spi-builder-workspace/.derivedData/SDKExplicitPrecompiledModules
    cd /Users/admin/builder/spi-builder-workspace/.swiftpm/xcode
    builtin-create-build-directory /Users/admin/builder/spi-builder-workspace/.derivedData/SDKExplicitPrecompiledModules
CreateBuildDirectory /Users/admin/builder/spi-builder-workspace/.derivedData/ModuleCache.noindex
    cd /Users/admin/builder/spi-builder-workspace/.swiftpm/xcode
    builtin-create-build-directory /Users/admin/builder/spi-builder-workspace/.derivedData/ModuleCache.noindex
CreateBuildDirectory /Users/admin/builder/spi-builder-workspace/.derivedData/CompilationCache.noindex
    cd /Users/admin/builder/spi-builder-workspace/.swiftpm/xcode
    builtin-create-build-directory /Users/admin/builder/spi-builder-workspace/.derivedData/CompilationCache.noindex
ClangStatCache /Applications/Xcode-27.0.0-Release.Candidate.app/Contents/Developer/Toolchains/XcodeDefault.xctoolchain/usr/bin/clang-stat-cache /Applications/Xcode-27.0.0-Release.Candidate.app/Contents/Developer/Platforms/XROS.platform/Developer/SDKs/XROS27.0.sdk /Users/admin/builder/spi-builder-workspace/.derivedData/SDKStatCaches.noindex/xros27.0-24M361-e829b21a6f8c9b70876ba0858053c044735bd543db762f57723cac368afd1ce4.sdkstatcache
    cd /Users/admin/builder/spi-builder-workspace/.swiftpm/xcode
    /Applications/Xcode-27.0.0-Release.Candidate.app/Contents/Developer/Toolchains/XcodeDefault.xctoolchain/usr/bin/clang-stat-cache /Applications/Xcode-27.0.0-Release.Candidate.app/Contents/Developer/Platforms/XROS.platform/Developer/SDKs/XROS27.0.sdk -o /Users/admin/builder/spi-builder-workspace/.derivedData/SDKStatCaches.noindex/xros27.0-24M361-e829b21a6f8c9b70876ba0858053c044735bd543db762f57723cac368afd1ce4.sdkstatcache
CreateBuildDirectory /Users/admin/builder/spi-builder-workspace/.derivedData/Build/Products
    cd /Users/admin/builder/spi-builder-workspace/.swiftpm/xcode
    builtin-create-build-directory /Users/admin/builder/spi-builder-workspace/.derivedData/Build/Products
CreateBuildDirectory /Users/admin/builder/spi-builder-workspace/.derivedData/Build/Intermediates.noindex
    cd /Users/admin/builder/spi-builder-workspace/.swiftpm/xcode
    builtin-create-build-directory /Users/admin/builder/spi-builder-workspace/.derivedData/Build/Intermediates.noindex
CreateBuildDirectory /Users/admin/builder/spi-builder-workspace/.derivedData/Build/Intermediates.noindex/PrecompiledHeaders
    cd /Users/admin/builder/spi-builder-workspace/.swiftpm/xcode
    builtin-create-build-directory /Users/admin/builder/spi-builder-workspace/.derivedData/Build/Intermediates.noindex/PrecompiledHeaders
CreateBuildDirectory /Users/admin/builder/spi-builder-workspace/.derivedData/Build/Intermediates.noindex/SwiftExplicitPrecompiledModules
    cd /Users/admin/builder/spi-builder-workspace/.swiftpm/xcode
    builtin-create-build-directory /Users/admin/builder/spi-builder-workspace/.derivedData/Build/Intermediates.noindex/SwiftExplicitPrecompiledModules
CreateBuildDirectory /Users/admin/builder/spi-builder-workspace/.derivedData/Build/Intermediates.noindex/ExplicitPrecompiledModules
    cd /Users/admin/builder/spi-builder-workspace/.swiftpm/xcode
    builtin-create-build-directory /Users/admin/builder/spi-builder-workspace/.derivedData/Build/Intermediates.noindex/ExplicitPrecompiledModules
CreateBuildDirectory /Users/admin/builder/spi-builder-workspace/.derivedData/Build/Intermediates.noindex/EagerLinkingTBDs/Debug-xros
    cd /Users/admin/builder/spi-builder-workspace/.swiftpm/xcode
    builtin-create-build-directory /Users/admin/builder/spi-builder-workspace/.derivedData/Build/Intermediates.noindex/EagerLinkingTBDs/Debug-xros
CreateBuildDirectory /Users/admin/builder/spi-builder-workspace/.derivedData/Build/Products/Debug-xros
    cd /Users/admin/builder/spi-builder-workspace/.swiftpm/xcode
    builtin-create-build-directory /Users/admin/builder/spi-builder-workspace/.derivedData/Build/Products/Debug-xros
CreateBuildDirectory /Users/admin/builder/spi-builder-workspace/.derivedData/Build/Products/Debug-xros/PackageFrameworks
    cd /Users/admin/builder/spi-builder-workspace/.swiftpm/xcode
    builtin-create-build-directory /Users/admin/builder/spi-builder-workspace/.derivedData/Build/Products/Debug-xros/PackageFrameworks
WriteAuxiliaryFile /Users/admin/builder/spi-builder-workspace/.derivedData/Build/Intermediates.noindex/Eunomia.build/Debug-xros/Eunomia-t.build/Eunomia.modulemap (in target 'Eunomia' from project 'Eunomia')
    cd /Users/admin/builder/spi-builder-workspace
    write-file /Users/admin/builder/spi-builder-workspace/.derivedData/Build/Intermediates.noindex/Eunomia.build/Debug-xros/Eunomia-t.build/Eunomia.modulemap
WriteAuxiliaryFile /Users/admin/builder/spi-builder-workspace/.derivedData/Build/Intermediates.noindex/Eunomia.build/Debug-xros/Eunomia-t.build/Eunomia.DependencyStaticMetadataFileList (in target 'Eunomia' from project 'Eunomia')
    cd /Users/admin/builder/spi-builder-workspace
    write-file /Users/admin/builder/spi-builder-workspace/.derivedData/Build/Intermediates.noindex/Eunomia.build/Debug-xros/Eunomia-t.build/Eunomia.DependencyStaticMetadataFileList
WriteAuxiliaryFile /Users/admin/builder/spi-builder-workspace/.derivedData/Build/Intermediates.noindex/Eunomia.build/Debug-xros/Eunomia-t.build/Eunomia.DependencyMetadataFileList (in target 'Eunomia' from project 'Eunomia')
    cd /Users/admin/builder/spi-builder-workspace
    write-file /Users/admin/builder/spi-builder-workspace/.derivedData/Build/Intermediates.noindex/Eunomia.build/Debug-xros/Eunomia-t.build/Eunomia.DependencyMetadataFileList
WriteAuxiliaryFile /Users/admin/builder/spi-builder-workspace/.derivedData/Build/Intermediates.noindex/Eunomia.build/Debug-xros/Eunomia-t.build/Objects-normal/arm64/Eunomia.SwiftConstValuesFileList (in target 'Eunomia' from project 'Eunomia')
    cd /Users/admin/builder/spi-builder-workspace
    write-file /Users/admin/builder/spi-builder-workspace/.derivedData/Build/Intermediates.noindex/Eunomia.build/Debug-xros/Eunomia-t.build/Objects-normal/arm64/Eunomia.SwiftConstValuesFileList
WriteAuxiliaryFile /Users/admin/builder/spi-builder-workspace/.derivedData/Build/Intermediates.noindex/Eunomia.build/Debug-xros/Eunomia-t.build/Objects-normal/arm64/Eunomia_const_extract_protocols.json (in target 'Eunomia' from project 'Eunomia')
    cd /Users/admin/builder/spi-builder-workspace
    write-file /Users/admin/builder/spi-builder-workspace/.derivedData/Build/Intermediates.noindex/Eunomia.build/Debug-xros/Eunomia-t.build/Objects-normal/arm64/Eunomia_const_extract_protocols.json
WriteAuxiliaryFile /Users/admin/builder/spi-builder-workspace/.derivedData/Build/Intermediates.noindex/Eunomia.build/Debug-xros/Eunomia-t.build/Objects-normal/arm64/Eunomia.LinkFileList (in target 'Eunomia' from project 'Eunomia')
    cd /Users/admin/builder/spi-builder-workspace
    write-file /Users/admin/builder/spi-builder-workspace/.derivedData/Build/Intermediates.noindex/Eunomia.build/Debug-xros/Eunomia-t.build/Objects-normal/arm64/Eunomia.LinkFileList
WriteAuxiliaryFile /Users/admin/builder/spi-builder-workspace/.derivedData/Build/Intermediates.noindex/Eunomia.build/Debug-xros/Eunomia-t.build/Objects-normal/arm64/Eunomia-OutputFileMap.json (in target 'Eunomia' from project 'Eunomia')
    cd /Users/admin/builder/spi-builder-workspace
    write-file /Users/admin/builder/spi-builder-workspace/.derivedData/Build/Intermediates.noindex/Eunomia.build/Debug-xros/Eunomia-t.build/Objects-normal/arm64/Eunomia-OutputFileMap.json
WriteAuxiliaryFile /Users/admin/builder/spi-builder-workspace/.derivedData/Build/Intermediates.noindex/Eunomia.build/Debug-xros/Eunomia-t.build/Objects-normal/arm64/Eunomia.SwiftFileList (in target 'Eunomia' from project 'Eunomia')
    cd /Users/admin/builder/spi-builder-workspace
    write-file /Users/admin/builder/spi-builder-workspace/.derivedData/Build/Intermediates.noindex/Eunomia.build/Debug-xros/Eunomia-t.build/Objects-normal/arm64/Eunomia.SwiftFileList
Copy /Users/admin/builder/spi-builder-workspace/.derivedData/Build/Intermediates.noindex/GeneratedModuleMaps-xros/Eunomia.modulemap /Users/admin/builder/spi-builder-workspace/.derivedData/Build/Intermediates.noindex/Eunomia.build/Debug-xros/Eunomia-t.build/Eunomia.modulemap (in target 'Eunomia' from project 'Eunomia')
    cd /Users/admin/builder/spi-builder-workspace
    builtin-copy -exclude .DS_Store -exclude CVS -exclude .svn -exclude .git -exclude .hg -resolve-src-symlinks /Users/admin/builder/spi-builder-workspace/.derivedData/Build/Intermediates.noindex/Eunomia.build/Debug-xros/Eunomia-t.build/Eunomia.modulemap /Users/admin/builder/spi-builder-workspace/.derivedData/Build/Intermediates.noindex/GeneratedModuleMaps-xros
SwiftDriver Eunomia normal arm64 com.apple.xcode.tools.swift.compiler (in target 'Eunomia' from project 'Eunomia')
    cd /Users/admin/builder/spi-builder-workspace/.swiftpm/xcode
    builtin-SwiftDriver -- /Applications/Xcode-27.0.0-Release.Candidate.app/Contents/Developer/Toolchains/XcodeDefault.xctoolchain/usr/bin/swiftc -parse-as-library -module-name Eunomia -Onone @/Users/admin/builder/spi-builder-workspace/.derivedData/Build/Intermediates.noindex/Eunomia.build/Debug-xros/Eunomia-t.build/Objects-normal/arm64/Eunomia.SwiftFileList -DSWIFT_PACKAGE -DDEBUG -DSWIFT_MODULE_RESOURCE_BUNDLE_UNAVAILABLE -DXcode -plugin-path /Applications/Xcode-27.0.0-Release.Candidate.app/Contents/Developer/Toolchains/XcodeDefault.xctoolchain/usr/lib/swift/host/plugins/testing -enable-experimental-feature DebugDescriptionMacro -sdk /Applications/Xcode-27.0.0-Release.Candidate.app/Contents/Developer/Platforms/XROS.platform/Developer/SDKs/XROS27.0.sdk -target arm64-apple-xros1.0 -g -module-cache-path /Users/admin/builder/spi-builder-workspace/.derivedData/ModuleCache.noindex -Xfrontend -serialize-debugging-options -enable-testing -index-store-path /Users/admin/builder/spi-builder-workspace/.derivedData/Index.noindex/DataStore -Xcc -D_LIBCPP_HARDENING_MODE\=_LIBCPP_HARDENING_MODE_DEBUG -swift-version 5 -I /Users/admin/builder/spi-builder-workspace/.derivedData/Build/Products/Debug-xros -Isystem /Applications/Xcode-27.0.0-Release.Candidate.app/Contents/Developer/Platforms/XROS.platform/Developer/usr/lib -F /Users/admin/builder/spi-builder-workspace/.derivedData/Build/Products/Debug-xros -F /Applications/Xcode-27.0.0-Release.Candidate.app/Contents/Developer/Platforms/XROS.platform/Developer/Library/Frameworks -F /Applications/Xcode-27.0.0-Release.Candidate.app/Contents/Developer/Platforms/XROS.platform/Developer/SDKs/XROS27.0.sdk/Developer/Library/Frameworks -c -j10 -enable-batch-mode -incremental -Xcc -ivfsstatcache -Xcc /Users/admin/builder/spi-builder-workspace/.derivedData/SDKStatCaches.noindex/xros27.0-24M361-e829b21a6f8c9b70876ba0858053c044735bd543db762f57723cac368afd1ce4.sdkstatcache -output-file-map /Users/admin/builder/spi-builder-workspace/.derivedData/Build/Intermediates.noindex/Eunomia.build/Debug-xros/Eunomia-t.build/Objects-normal/arm64/Eunomia-OutputFileMap.json -save-temps -no-color-diagnostics -explicit-module-build -module-cache-path /Users/admin/builder/spi-builder-workspace/.derivedData/Build/Intermediates.noindex/SwiftExplicitPrecompiledModules -clang-scanner-module-cache-path /Users/admin/builder/spi-builder-workspace/.derivedData/ModuleCache.noindex -sdk-module-cache-path /Users/admin/builder/spi-builder-workspace/.derivedData/SDKExplicitPrecompiledModules -emit-dependencies -emit-module -emit-module-path /Users/admin/builder/spi-builder-workspace/.derivedData/Build/Intermediates.noindex/Eunomia.build/Debug-xros/Eunomia-t.build/Objects-normal/arm64/Eunomia.swiftmodule -serialize-diagnostics -dependency-scan-serialize-diagnostics-path /Users/admin/builder/spi-builder-workspace/.derivedData/Build/Intermediates.noindex/Eunomia.build/Debug-xros/Eunomia-t.build/Objects-normal/arm64/Eunomia-dependency-scan.dia -validate-clang-modules-once -clang-build-session-file /Users/admin/builder/spi-builder-workspace/.derivedData/ModuleCache.noindex/Session.modulevalidation -Xcc -fmodules-prune-interval\=86400 -Xcc -fmodules-prune-after\=345600 -emit-const-values -const-gather-protocols-list /Users/admin/builder/spi-builder-workspace/.derivedData/Build/Intermediates.noindex/Eunomia.build/Debug-xros/Eunomia-t.build/Objects-normal/arm64/Eunomia_const_extract_protocols.json -Xcc -I/Users/admin/builder/spi-builder-workspace/.derivedData/Build/Products/Debug-xros/include -Xcc -I/Users/admin/builder/spi-builder-workspace/.derivedData/Build/Intermediates.noindex/Eunomia.build/Debug-xros/Eunomia-t.build/DerivedSources-normal/arm64 -Xcc -I/Users/admin/builder/spi-builder-workspace/.derivedData/Build/Intermediates.noindex/Eunomia.build/Debug-xros/Eunomia-t.build/DerivedSources/arm64 -Xcc -I/Users/admin/builder/spi-builder-workspace/.derivedData/Build/Intermediates.noindex/Eunomia.build/Debug-xros/Eunomia-t.build/DerivedSources -Xcc -DSWIFT_PACKAGE -Xcc -DDEBUG\=1 -emit-objc-header -emit-objc-header-path /Users/admin/builder/spi-builder-workspace/.derivedData/Build/Intermediates.noindex/Eunomia.build/Debug-xros/Eunomia-t.build/Objects-normal/arm64/Eunomia-Swift.h -working-directory /Users/admin/builder/spi-builder-workspace/.swiftpm/xcode -experimental-emit-module-separately -disable-cmo
SwiftExplicitDependencyGeneratePcm arm64 /Users/admin/builder/spi-builder-workspace/.derivedData/SDKExplicitPrecompiledModules/ptrauth-1WBA714DZSVUL5JQDJ08CLKZ.pcm
SwiftExplicitDependencyGeneratePcm arm64 /Users/admin/builder/spi-builder-workspace/.derivedData/SDKExplicitPrecompiledModules/_Builtin_stdarg-CDA349K2K4US766844K8E0PVA.pcm
SwiftExplicitDependencyGeneratePcm arm64 /Users/admin/builder/spi-builder-workspace/.derivedData/SDKExplicitPrecompiledModules/ptrcheck-BXA97MNLI4BB0HF5I8MJE403D.pcm
SwiftExplicitDependencyGeneratePcm arm64 /Users/admin/builder/spi-builder-workspace/.derivedData/SDKExplicitPrecompiledModules/_AvailabilityInternal-1Q8IQP6M38UWSGZ95UCEY2M44.pcm
SwiftExplicitDependencyGeneratePcm arm64 /Users/admin/builder/spi-builder-workspace/.derivedData/SDKExplicitPrecompiledModules/_Builtin_stdbool-5BU2ADS7JXQMYENKQHW9X8XOU.pcm
SwiftExplicitDependencyGeneratePcm arm64 /Users/admin/builder/spi-builder-workspace/.derivedData/SDKExplicitPrecompiledModules/_Builtin_float-6WKHNW5S40U2QGHXXGETUDIRA.pcm
SwiftExplicitDependencyGeneratePcm arm64 /Users/admin/builder/spi-builder-workspace/.derivedData/SDKExplicitPrecompiledModules/DeveloperToolsSupport-46GOQP8J1QTHLYQSJW81T8UZ3.pcm
SwiftExplicitDependencyGeneratePcm arm64 /Users/admin/builder/spi-builder-workspace/.derivedData/SDKExplicitPrecompiledModules/SwiftShims-CI4H5RO9IYFFWQ2COB512Q2S9.pcm
SwiftExplicitDependencyGeneratePcm arm64 /Users/admin/builder/spi-builder-workspace/.derivedData/SDKExplicitPrecompiledModules/_SwiftConcurrencyShims-C8XHKSHX96D5YYALNM4W70Z0O.pcm
SwiftExplicitDependencyGeneratePcm arm64 /Users/admin/builder/spi-builder-workspace/.derivedData/SDKExplicitPrecompiledModules/_Builtin_stddef-5NQ9Z1GV07GBSRQGAQCGXGVRI.pcm
SwiftExplicitDependencyGeneratePcm arm64 /Users/admin/builder/spi-builder-workspace/.derivedData/SDKExplicitPrecompiledModules/_DarwinFoundation1-5RGRVV2TZ6WC4WZW5IXF8NQ04.pcm
SwiftExplicitDependencyGeneratePcm arm64 /Users/admin/builder/spi-builder-workspace/.derivedData/SDKExplicitPrecompiledModules/ExtensionFoundation-E7KNHPOM6BLHXC69S4MS8K7BO.pcm
SwiftExplicitDependencyGeneratePcm arm64 /Users/admin/builder/spi-builder-workspace/.derivedData/SDKExplicitPrecompiledModules/_DarwinFoundation2-ENTECK156YEWITZRRBTOCE4KR.pcm
SwiftExplicitDependencyGeneratePcm arm64 /Users/admin/builder/spi-builder-workspace/.derivedData/SDKExplicitPrecompiledModules/_Builtin_limits-425JDMN5HPM3D0UEI8LEHP6NM.pcm
SwiftExplicitDependencyGeneratePcm arm64 /Users/admin/builder/spi-builder-workspace/.derivedData/SDKExplicitPrecompiledModules/_Builtin_tgmath-BPYSMHWI520EQRL2HW519ZY7Z.pcm
SwiftExplicitDependencyGeneratePcm arm64 /Users/admin/builder/spi-builder-workspace/.derivedData/SDKExplicitPrecompiledModules/_Builtin_stdint-8OR6T47OOYJA90ZBO3N1USDE.pcm
SwiftExplicitDependencyGeneratePcm arm64 /Users/admin/builder/spi-builder-workspace/.derivedData/SDKExplicitPrecompiledModules/sys_types-AYM0BHR77VKMWZCO2T0XGV2HF.pcm
SwiftExplicitDependencyGeneratePcm arm64 /Users/admin/builder/spi-builder-workspace/.derivedData/SDKExplicitPrecompiledModules/string_h-2GT67HHHHK5CF1V1S31LH0PU2.pcm
SwiftExplicitDependencyGeneratePcm arm64 /Users/admin/builder/spi-builder-workspace/.derivedData/SDKExplicitPrecompiledModules/_Builtin_intrinsics-BC5IJI3YI34RQ61ZNVDRDZ6RN.pcm
SwiftExplicitDependencyGeneratePcm arm64 /Users/admin/builder/spi-builder-workspace/.derivedData/SDKExplicitPrecompiledModules/_DarwinFoundation3-9ZHN6JKBS40BBA81RQMV8H0IC.pcm
SwiftExplicitDependencyGeneratePcm arm64 /Users/admin/builder/spi-builder-workspace/.derivedData/SDKExplicitPrecompiledModules/_Builtin_stdatomic-1VUZPM79PNCAHXVBERD53WRSF.pcm
SwiftExplicitDependencyGeneratePcm arm64 /Users/admin/builder/spi-builder-workspace/.derivedData/SDKExplicitPrecompiledModules/_Builtin_inttypes-11B64KJD36B3YOHBR1BBXBJY8.pcm
SwiftExplicitDependencyGeneratePcm arm64 /Users/admin/builder/spi-builder-workspace/.derivedData/SDKExplicitPrecompiledModules/Darwin-60P5LVNQO3ESRRM5DCJ05PFNK.pcm
SwiftExplicitDependencyGeneratePcm arm64 /Users/admin/builder/spi-builder-workspace/.derivedData/SDKExplicitPrecompiledModules/simd-9XXAB17Y6E4BBPQADD61NZ23.pcm
SwiftExplicitDependencyGeneratePcm arm64 /Users/admin/builder/spi-builder-workspace/.derivedData/SDKExplicitPrecompiledModules/MachO-3XTHY7HWV6RF3KXKYQVHUBUXK.pcm
SwiftExplicitDependencyGeneratePcm arm64 /Users/admin/builder/spi-builder-workspace/.derivedData/SDKExplicitPrecompiledModules/ObjectiveC-26TIBFYCEJZVP216ZZAU1X8KN.pcm
SwiftExplicitDependencyGeneratePcm arm64 /Users/admin/builder/spi-builder-workspace/.derivedData/SDKExplicitPrecompiledModules/os_object-692CJ8BG6RE5H04487EJJOVXW.pcm
SwiftExplicitDependencyGeneratePcm arm64 /Users/admin/builder/spi-builder-workspace/.derivedData/SDKExplicitPrecompiledModules/os_workgroup-4U1VXMWIZD80E7PRUQF2G7P9X.pcm
SwiftExplicitDependencyGeneratePcm arm64 /Users/admin/builder/spi-builder-workspace/.derivedData/SDKExplicitPrecompiledModules/Dispatch-CLT3466HKC22GCKAWSCNG0H7T.pcm
SwiftExplicitDependencyGeneratePcm arm64 /Users/admin/builder/spi-builder-workspace/.derivedData/SDKExplicitPrecompiledModules/Spatial-5E0I2846LO3ZE24CSVR2O57TI.pcm
SwiftExplicitDependencyGeneratePcm arm64 /Users/admin/builder/spi-builder-workspace/.derivedData/SDKExplicitPrecompiledModules/CoreFoundation-AVLTZVCXBU2TO75JCN4AGU8XJ.pcm
SwiftExplicitDependencyGeneratePcm arm64 /Users/admin/builder/spi-builder-workspace/.derivedData/SDKExplicitPrecompiledModules/dnssd-CCUV1M8EULNEQJUXO7L0PJAL4.pcm
SwiftExplicitDependencyGeneratePcm arm64 /Users/admin/builder/spi-builder-workspace/.derivedData/SDKExplicitPrecompiledModules/XPC-EP5EU7FNGP4VOA3EDM18P1KHO.pcm
SwiftExplicitDependencyGeneratePcm arm64 /Users/admin/builder/spi-builder-workspace/.derivedData/SDKExplicitPrecompiledModules/os-1004XEJ3IXOOAU0KL58SM3D0K.pcm
SwiftExplicitDependencyGeneratePcm arm64 /Users/admin/builder/spi-builder-workspace/.derivedData/SDKExplicitPrecompiledModules/CoreGraphics-BFUJ177R223UT2ZI327ZTZY91.pcm
SwiftExplicitDependencyGeneratePcm arm64 /Users/admin/builder/spi-builder-workspace/.derivedData/SDKExplicitPrecompiledModules/CoreAudioTypes-45UXYEQRN95KG6BF2CW0QIYK9.pcm
SwiftExplicitDependencyGeneratePcm arm64 /Users/admin/builder/spi-builder-workspace/.derivedData/SDKExplicitPrecompiledModules/Security-8TH2M8WJIQMET4SADWX0N8372.pcm
SwiftExplicitDependencyGeneratePcm arm64 /Users/admin/builder/spi-builder-workspace/.derivedData/SDKExplicitPrecompiledModules/CFNetwork-5MI70N1VLDQSWTX4COWLMSIRO.pcm
SwiftExplicitDependencyGeneratePcm arm64 /Users/admin/builder/spi-builder-workspace/.derivedData/SDKExplicitPrecompiledModules/CoreAudio-CXS3C78T5TQDGLEGXIBJ04WJ4.pcm
SwiftExplicitDependencyGeneratePcm arm64 /Users/admin/builder/spi-builder-workspace/.derivedData/SDKExplicitPrecompiledModules/Foundation-8GON1KVEKRN3NOQI8RETBRWJP.pcm
SwiftExplicitDependencyGeneratePcm arm64 /Users/admin/builder/spi-builder-workspace/.derivedData/SDKExplicitPrecompiledModules/CoreText-6F9TY5TEPCCZ1K2KYM4GMEGHD.pcm
SwiftExplicitDependencyGeneratePcm arm64 /Users/admin/builder/spi-builder-workspace/.derivedData/SDKExplicitPrecompiledModules/ImageIO-5CC6COR9KJYI1UBL7CSHLU2OG.pcm
SwiftExplicitDependencyGeneratePcm arm64 /Users/admin/builder/spi-builder-workspace/.derivedData/SDKExplicitPrecompiledModules/Symbols-8G2XC01RPQ5HYIZE6JNUT864I.pcm
SwiftExplicitDependencyGeneratePcm arm64 /Users/admin/builder/spi-builder-workspace/.derivedData/SDKExplicitPrecompiledModules/FileProvider-C9I28SI56F2SEVH1BCWTKGODO.pcm
SwiftExplicitDependencyGeneratePcm arm64 /Users/admin/builder/spi-builder-workspace/.derivedData/SDKExplicitPrecompiledModules/IOSurface-5FE9U89GVFF9A7X7AGO2R8ENI.pcm
SwiftExplicitDependencyGeneratePcm arm64 /Users/admin/builder/spi-builder-workspace/.derivedData/SDKExplicitPrecompiledModules/CoreData-73N6Z547OZUEZ8ADGEC6XRHWN.pcm
SwiftExplicitDependencyGeneratePcm arm64 /Users/admin/builder/spi-builder-workspace/.derivedData/SDKExplicitPrecompiledModules/UIUtilities-AOVGLUWEAN6CG2UZFNESGSP6C.pcm
SwiftExplicitDependencyGeneratePcm arm64 /Users/admin/builder/spi-builder-workspace/.derivedData/SDKExplicitPrecompiledModules/_LocationEssentials-8GQGFVARUE99D8VJX3TINY0VP.pcm
SwiftExplicitDependencyGeneratePcm arm64 /Users/admin/builder/spi-builder-workspace/.derivedData/SDKExplicitPrecompiledModules/JavaScriptCore-2W5VHXWMYH40DJ427EOX8BWVS.pcm
SwiftExplicitDependencyGeneratePcm arm64 /Users/admin/builder/spi-builder-workspace/.derivedData/SDKExplicitPrecompiledModules/DataDetection-BANTQ3WXXGKZJYC0LLB3MD9K0.pcm
SwiftExplicitDependencyGeneratePcm arm64 /Users/admin/builder/spi-builder-workspace/.derivedData/SDKExplicitPrecompiledModules/Network-EQPZZF3W6BWG89K0PY9NZO3T0.pcm
SwiftExplicitDependencyGeneratePcm arm64 /Users/admin/builder/spi-builder-workspace/.derivedData/SDKExplicitPrecompiledModules/Accessibility-1DR4J4YDVDGAYQTZ0FKZ1PU09.pcm
SwiftExplicitDependencyGeneratePcm arm64 /Users/admin/builder/spi-builder-workspace/.derivedData/SDKExplicitPrecompiledModules/UserNotifications-8IIV1V1FPNAPA4LY1Y23LOM2N.pcm
SwiftExplicitDependencyGeneratePcm arm64 /Users/admin/builder/spi-builder-workspace/.derivedData/SDKExplicitPrecompiledModules/CoreMIDI-7L19IC4ZH9BPYLVTD8IIFWN9R.pcm
SwiftExplicitDependencyGeneratePcm arm64 /Users/admin/builder/spi-builder-workspace/.derivedData/SDKExplicitPrecompiledModules/OSLog-BNGT87TS0GMBFF7TY70HHB69.pcm
SwiftExplicitDependencyGeneratePcm arm64 /Users/admin/builder/spi-builder-workspace/.derivedData/SDKExplicitPrecompiledModules/Contacts-1EUL8WJYE6XG0HNRE42KOI73I.pcm
SwiftExplicitDependencyGeneratePcm arm64 /Users/admin/builder/spi-builder-workspace/.derivedData/SDKExplicitPrecompiledModules/CoreLocation-1SN37095DAPVJ068LLP9TBDQX.pcm
SwiftExplicitDependencyGeneratePcm arm64 /Users/admin/builder/spi-builder-workspace/.derivedData/SDKExplicitPrecompiledModules/OpenGLES-56BKSYXNVAP91BYZRWAKQZKGI.pcm
SwiftExplicitDependencyGeneratePcm arm64 /Users/admin/builder/spi-builder-workspace/.derivedData/SDKExplicitPrecompiledModules/Metal-EKNUM9P3PRIBHZK1ZBD6BA2T7.pcm
SwiftExplicitDependencyGeneratePcm arm64 /Users/admin/builder/spi-builder-workspace/.derivedData/SDKExplicitPrecompiledModules/CoreTransferable-8TBYAKHCX6UC8QQSS7BD8GQK5.pcm
SwiftExplicitDependencyGeneratePcm arm64 /Users/admin/builder/spi-builder-workspace/.derivedData/SDKExplicitPrecompiledModules/UniformTypeIdentifiers-E5KMWDZEKS4QW9RO1KBRDEXV6.pcm
SwiftExplicitDependencyGeneratePcm arm64 /Users/admin/builder/spi-builder-workspace/.derivedData/SDKExplicitPrecompiledModules/AVRouting-55P8FRNK50AFZOMMB2LBBOX33.pcm
SwiftExplicitDependencyGeneratePcm arm64 /Users/admin/builder/spi-builder-workspace/.derivedData/SDKExplicitPrecompiledModules/CoreMotion-10LV922UPGE28QX2SOIO7ALIZ.pcm
SwiftExplicitDependencyGeneratePcm arm64 /Users/admin/builder/spi-builder-workspace/.derivedData/SDKExplicitPrecompiledModules/CloudKit-8H34CCWTKF0HWDZN9I1SWPFRC.pcm
SwiftExplicitDependencyGeneratePcm arm64 /Users/admin/builder/spi-builder-workspace/.derivedData/SDKExplicitPrecompiledModules/AudioToolbox-2K3S8EA590EB3GMH6D6784BWZ.pcm
SwiftExplicitDependencyGeneratePcm arm64 /Users/admin/builder/spi-builder-workspace/.derivedData/SDKExplicitPrecompiledModules/CoreVideo-E12HJSJSLO0YKWYBES11UKJ02.pcm
SwiftExplicitDependencyGeneratePcm arm64 /Users/admin/builder/spi-builder-workspace/.derivedData/SDKExplicitPrecompiledModules/QuartzCore-12T8WVKUNCL1N7VXH87MM4YOB.pcm
SwiftExplicitDependencyGeneratePcm arm64 /Users/admin/builder/spi-builder-workspace/.derivedData/SDKExplicitPrecompiledModules/CoreImage-8WF1P230U10QM666EQMNV7OF1.pcm
SwiftExplicitDependencyGeneratePcm arm64 /Users/admin/builder/spi-builder-workspace/.derivedData/SDKExplicitPrecompiledModules/CoreMedia-D1IBHC28BRHWLNUG1Q75G5YN0.pcm
SwiftExplicitDependencyGeneratePcm arm64 /Users/admin/builder/spi-builder-workspace/.derivedData/SDKExplicitPrecompiledModules/SwiftUICore-6OBBMA39VFD4CB6SG2PE41FAP.pcm
SwiftExplicitDependencyGeneratePcm arm64 /Users/admin/builder/spi-builder-workspace/.derivedData/SDKExplicitPrecompiledModules/VideoToolbox-7I4MDYIPJ4IWU1ZSL4JE3I7M6.pcm
SwiftExplicitDependencyGeneratePcm arm64 /Users/admin/builder/spi-builder-workspace/.derivedData/SDKExplicitPrecompiledModules/AVFAudio-E8GATWFYYBEBB41O9N0LRRGYC.pcm
SwiftExplicitDependencyGeneratePcm arm64 /Users/admin/builder/spi-builder-workspace/.derivedData/SDKExplicitPrecompiledModules/MediaToolbox-1J5U29ERBPNPI1HKEJHXOP8EV.pcm
SwiftExplicitDependencyGeneratePcm arm64 /Users/admin/builder/spi-builder-workspace/.derivedData/SDKExplicitPrecompiledModules/UIKit-2D2PMAAE45TMO6S28UCGCO5BR.pcm
SwiftExplicitDependencyGeneratePcm arm64 /Users/admin/builder/spi-builder-workspace/.derivedData/SDKExplicitPrecompiledModules/AVFoundation-DFCX8GQJWVA3CZBITWEHAZEFX.pcm
SwiftExplicitDependencyGeneratePcm arm64 /Users/admin/builder/spi-builder-workspace/.derivedData/SDKExplicitPrecompiledModules/Photos-UP8QA3XPPN8VSNC6O5KK62BK.pcm
SwiftExplicitDependencyGeneratePcm arm64 /Users/admin/builder/spi-builder-workspace/.derivedData/SDKExplicitPrecompiledModules/MediaPlayer-9YS35BFHP49XGKAO4ER49DJD3.pcm
SwiftEmitModule normal arm64 Emitting\ module\ for\ Eunomia (in target 'Eunomia' from project 'Eunomia')
/Users/admin/builder/spi-builder-workspace/Source/Core/App/Location.swift:46:58: error: 'CLHeading' is unavailable in visionOS
 44 |     ///   - manager: Location manager instance
 45 |     ///   - didUpdateHeading: Updated heading
 46 |     func location(_ manager: Location, didUpdateHeading: CLHeading)
    |                                                          `- error: 'CLHeading' is unavailable in visionOS
 47 | }
 48 |
/Applications/Xcode-27.0.0-Release.Candidate.app/Contents/Developer/Platforms/XROS.platform/Developer/SDKs/XROS27.0.sdk/System/Library/Frameworks/CoreLocation.framework/Headers/CLHeading.h:42:12: note: 'CLHeading' has been explicitly marked unavailable here
 40 | CL_EXTERN
 41 | API_AVAILABLE(macos(10.7), ios(3.0), watchos(2.0)) API_UNAVAILABLE(tvos, visionos)
 42 | @interface CLHeading : NSObject <NSCopying, NSSecureCoding>
    |            `- note: 'CLHeading' has been explicitly marked unavailable here
 43 | {
 44 | @private
/Users/admin/builder/spi-builder-workspace/Source/Core/App/Location.swift:53:58: error: 'CLHeading' is unavailable in visionOS
 51 |     func location(_ manager: Location, locations: [CLLocation]) {}
 52 |     func location(_ manager: Location, location: CLLocation) {}
 53 |     func location(_ manager: Location, didUpdateHeading: CLHeading) {}
    |                                                          `- error: 'CLHeading' is unavailable in visionOS
 54 | }
 55 |
/Applications/Xcode-27.0.0-Release.Candidate.app/Contents/Developer/Platforms/XROS.platform/Developer/SDKs/XROS27.0.sdk/System/Library/Frameworks/CoreLocation.framework/Headers/CLHeading.h:42:12: note: 'CLHeading' has been explicitly marked unavailable here
 40 | CL_EXTERN
 41 | API_AVAILABLE(macos(10.7), ios(3.0), watchos(2.0)) API_UNAVAILABLE(tvos, visionos)
 42 | @interface CLHeading : NSObject <NSCopying, NSSecureCoding>
    |            `- note: 'CLHeading' has been explicitly marked unavailable here
 43 | {
 44 | @private
/Users/admin/builder/spi-builder-workspace/Source/Core/App/Location.swift:296:17: error: cannot override 'locationManager' which has been marked unavailable
294 |     ///   - manager: iOS Location Manager
295 |     ///   - status: now authorization status
296 |     public func locationManager(_ manager: CLLocationManager, didChangeAuthorization status: CLAuthorizationStatus) {
    |                 `- error: cannot override 'locationManager' which has been marked unavailable
297 |         self._status = status
298 |         for subscriber in self.authorizationStatusSubscribers {
/Applications/Xcode-27.0.0-Release.Candidate.app/Contents/Developer/Platforms/XROS.platform/Developer/SDKs/XROS27.0.sdk/System/Library/Frameworks/CoreLocation.framework/Headers/CLLocationManagerDelegate.h:164:1: note: 'locationManager(_:didChangeAuthorization:)' has been explicitly marked unavailable here
162 |  *    Invoked when the authorization status changes for this application.
163 |  */
164 | - (void)locationManager:(CLLocationManager *)manager didChangeAuthorizationStatus:(CLAuthorizationStatus)status API_DEPRECATED_WITH_REPLACEMENT("-locationManagerDidChangeAuthorization:", ios(4.2, 14.0), macos(10.7, 11.0), watchos(1.0, 7.0), tvos(9.0, 14.0)) API_UNAVAILABLE(visionos);
    | `- note: 'locationManager(_:didChangeAuthorization:)' has been explicitly marked unavailable here
165 |
166 | /*
/Users/admin/builder/spi-builder-workspace/Source/Core/App/Location.swift:334:36: error: 'CLHeading' is unavailable in visionOS
332 |     }
333 |
334 |     private func handle(didUpdate: CLHeading) {
    |                                    `- error: 'CLHeading' is unavailable in visionOS
335 |         for subscriber in self.locationSubscribers {
336 |             subscriber.location(self, didUpdateHeading: didUpdate)
/Applications/Xcode-27.0.0-Release.Candidate.app/Contents/Developer/Platforms/XROS.platform/Developer/SDKs/XROS27.0.sdk/System/Library/Frameworks/CoreLocation.framework/Headers/CLHeading.h:42:12: note: 'CLHeading' has been explicitly marked unavailable here
 40 | CL_EXTERN
 41 | API_AVAILABLE(macos(10.7), ios(3.0), watchos(2.0)) API_UNAVAILABLE(tvos, visionos)
 42 | @interface CLHeading : NSObject <NSCopying, NSSecureCoding>
    |            `- note: 'CLHeading' has been explicitly marked unavailable here
 43 | {
 44 | @private
/Users/admin/builder/spi-builder-workspace/Source/Core/Misc/OrdinalNumberFormatter.swift:12:12: warning: class 'OrdinalNumberFormatter' must restate inherited '@unchecked Sendable' conformance
 10 |
 11 | // translated from http://stackoverflow.com/a/3316016
 12 | open class OrdinalNumberFormatter: NumberFormatter {
    |            `- warning: class 'OrdinalNumberFormatter' must restate inherited '@unchecked Sendable' conformance
 13 |
 14 |     open override func getObjectValue(_ obj: AutoreleasingUnsafeMutablePointer<AnyObject?>?, for string: String, range rangep: UnsafeMutablePointer<NSRange>?) throws {
/Users/admin/builder/spi-builder-workspace/Source/Core/UtilityExtensions/CGRect.swift:15:11: error: cannot find type 'CGRect' in scope
13 | #endif
14 |
15 | extension CGRect {
   |           `- error: cannot find type 'CGRect' in scope
16 |     public init(center: CGPoint, size: CGSize) {
17 |         let origin = CGPoint(x: center.x - size.width / 2,
/Users/admin/builder/spi-builder-workspace/Source/Core/UtilityExtensions/CLLocation+Utility.swift:49:1: warning: extension declares a conformance of imported type 'CLLocation' to imported protocol 'Encodable'; this will not behave correctly if the owners of '_LocationEssentials' introduce this conformance in the future
 47 | }
 48 |
 49 | extension CLLocation: Encodable {
    | |- warning: extension declares a conformance of imported type 'CLLocation' to imported protocol 'Encodable'; this will not behave correctly if the owners of '_LocationEssentials' introduce this conformance in the future
    | `- note: add '@retroactive' to silence this warning
 50 |     public enum CodingKeys: String, CodingKey {
 51 |         case latitude
/Users/admin/builder/spi-builder-workspace/Source/Core/UtilityExtensions/CLLocationCoordinate2D+Utility.swift:74:1: warning: extension declares a conformance of imported type 'CLLocationCoordinate2D' to imported protocol 'Equatable'; this will not behave correctly if the owners of '_LocationEssentials' introduce this conformance in the future
72 | }
73 |
74 | extension CLLocationCoordinate2D: Equatable {
   | |- warning: extension declares a conformance of imported type 'CLLocationCoordinate2D' to imported protocol 'Equatable'; this will not behave correctly if the owners of '_LocationEssentials' introduce this conformance in the future
   | `- note: add '@retroactive' to silence this warning
75 |     public static func == (left: CLLocationCoordinate2D, right: CLLocationCoordinate2D) -> Bool {
76 |         return left.latitude == right.latitude
/Users/admin/builder/spi-builder-workspace/Source/Core/UtilityExtensions/NSDataAsset.swift:15:11: error: cannot find type 'NSDataAsset' in scope
13 | #endif
14 |
15 | extension NSDataAsset {
   |           `- error: cannot find type 'NSDataAsset' in scope
16 |     public enum Errors: Error, CustomStringConvertible {
17 |         case assetNotFound(name: String, bundle: Bundle)
/Users/admin/builder/spi-builder-workspace/Source/Core/UtilityExtensions/NSDataAsset.swift:28:11: error: cannot find type 'NSDataAsset' in scope
26 | }
27 |
28 | extension NSDataAsset {
   |           `- error: cannot find type 'NSDataAsset' in scope
29 |     public static func create(name: String, bundle: Bundle) throws -> NSDataAsset {
30 |         guard let result = NSDataAsset(name: name, bundle: bundle) else {
/Users/admin/builder/spi-builder-workspace/Source/Core/UtilityExtensions/Views/UIView+Utility.swift:22:11: error: cannot find type 'ViewType' in scope
 20 |
 21 | // MARK: - Contained within
 22 | extension ViewType {
    |           `- error: cannot find type 'ViewType' in scope
 23 |     #if os(iOS)
 24 |     /**
/Users/admin/builder/spi-builder-workspace/Source/Core/UtilityExtensions/Views/UIView+Utility.swift:55:18: error: cannot find type 'ViewType' in scope
 53 |
 54 | // MARK: Contraints
 55 | public extension ViewType {
    |                  `- error: cannot find type 'ViewType' in scope
 56 |     func removeAllConstraints() {
 57 |         while self.constraints.count > 0 {
Failed frontend command:
SwiftCompile normal arm64 (in target 'Eunomia' from project 'Eunomia')
    cd /Users/admin/builder/spi-builder-workspace/.swiftpm/xcode

/Applications/Xcode-27.0.0-Release.Candidate.app/Contents/Developer/Toolchains/XcodeDefault.xctoolchain/usr/bin/swift-frontend -frontend -emit-module -experimental-skip-non-inlinable-function-bodies-without-types /Users/admin/builder/spi-builder-workspace/Source/Core/App/AppExtensionSafeApplication.swift /Users/admin/builder/spi-builder-workspace/Source/Core/App/CocoaLumberjackDeprecation.swift /Users/admin/builder/spi-builder-workspace/Source/Core/App/EunomiaAppDelegate.swift /Users/admin/builder/spi-builder-workspace/Source/Core/App/Location.swift /Users/admin/builder/spi-builder-workspace/Source/Core/App/Logging.swift /Users/admin/builder/spi-builder-workspace/Source/Core/Misc/Errors.swift /Users/admin/builder/spi-builder-workspace/Source/Core/Misc/Guarantee.swift /Users/admin/builder/spi-builder-workspace/Source/Core/Misc/ManagedObjectsObserver.swift /Users/admin/builder/spi-builder-workspace/Source/Core/Misc/OrdinalNumberFormatter.swift /Users/admin/builder/spi-builder-workspace/Source/Core/Misc/SuccessResult.swift /Users/admin/builder/spi-builder-workspace/Source/Core/Misc/System.swift /Users/admin/builder/spi-builder-workspace/Source/Core/Misc/Tangent.swift /Users/admin/builder/spi-builder-workspace/Source/Core/UtilityExtensions/AV/AVFoundation+Utility.swift /Users/admin/builder/spi-builder-workspace/Source/Core/UtilityExtensions/AV/AVURLAsset+Utility.swift /Users/admin/builder/spi-builder-workspace/Source/Core/UtilityExtensions/Array+Utility.swift /Users/admin/builder/spi-builder-workspace/Source/Core/UtilityExtensions/CGRect.swift /Users/admin/builder/spi-builder-workspace/Source/Core/UtilityExtensions/CLLocation+Utility.swift /Users/admin/builder/spi-builder-workspace/Source/Core/UtilityExtensions/CLLocationCoordinate2D+Utility.swift /Users/admin/builder/spi-builder-workspace/Source/Core/UtilityExtensions/CLLocationDegrees+Utility.swift /Users/admin/builder/spi-builder-workspace/Source/Core/UtilityExtensions/CLLocationDirection+Utility.swift /Users/admin/builder/spi-builder-workspace/Source/Core/UtilityExtensions/CLLocationSpeed+Utility.swift /Users/admin/builder/spi-builder-workspace/Source/Core/UtilityExtensions/CNContactStore+Utility.swift /Users/admin/builder/spi-builder-workspace/Source/Core/UtilityExtensions/ClosedRange+Utility.swift /Users/admin/builder/spi-builder-workspace/Source/Core/UtilityExtensions/CoreData/NSFetchedResultsController+Utility.swift /Users/admin/builder/spi-builder-workspace/Source/Core/UtilityExtensions/CoreData/NSManagedObject+Utility.swift /Users/admin/builder/spi-builder-workspace/Source/Core/UtilityExtensions/CoreData/NSManagedObjectContext+Utility.swift /Users/admin/builder/spi-builder-workspace/Source/Core/UtilityExtensions/Date+Utility.swift /Users/admin/builder/spi-builder-workspace/Source/Core/UtilityExtensions/Dictionary+Utility.swift /Users/admin/builder/spi-builder-workspace/Source/Core/UtilityExtensions/DispatchQueue+Utility.swift /Users/admin/builder/spi-builder-workspace/Source/Core/UtilityExtensions/GCD+Utility.swift /Users/admin/builder/spi-builder-workspace/Source/Core/UtilityExtensions/JSContext+Utility.swift /Users/admin/builder/spi-builder-workspace/Source/Core/UtilityExtensions/KeyedDecodingContainer+Utility.swift /Users/admin/builder/spi-builder-workspace/Source/Core/UtilityExtensions/KeyedEncodingContainer+Utility.swift /Users/admin/builder/spi-builder-workspace/Source/Core/UtilityExtensions/MPMediaItem+Utility.swift /Users/admin/builder/spi-builder-workspace/Source/Core/UtilityExtensions/Measurement+Utility.swift /Users/admin/builder/spi-builder-workspace/Source/Core/UtilityExtensions/NSAttributedString+Utility.swift /Users/admin/builder/spi-builder-workspace/Source/Core/UtilityExtensions/NSCharacterSet+Utility.swift /Users/admin/builder/spi-builder-workspace/Source/Core/UtilityExtensions/NSColor+Utility.swift /Users/admin/builder/spi-builder-workspace/Source/Core/UtilityExtensions/NSDataAsset.swift /Users/admin/builder/spi-builder-workspace/Source/Core/UtilityExtensions/NSError+Utility.swift /Users/admin/builder/spi-builder-workspace/Source/Core/UtilityExtensions/NSNotification+Utility.swift /Users/admin/builder/spi-builder-workspace/Source/Core/UtilityExtensions/NSObject+Utility.swift /Users/admin/builder/spi-builder-workspace/Source/Core/UtilityExtensions/NSRange+Utility.swift /Users/admin/builder/spi-builder-workspace/Source/Core/UtilityExtensions/PHPhotoLibrary+Utility.swift /Users/admin/builder/spi-builder-workspace/Source/Core/UtilityExtensions/RangeReplaceableCollectionType+Utility.swift /Users/admin/builder/spi-builder-workspace/Source/Core/UtilityExtensions/String+Utility.swift /Users/admin/builder/spi-builder-workspace/Source/Core/UtilityExtensions/UIApplication+Utility.swift /Users/admin/builder/spi-builder-workspace/Source/Core/UtilityExtensions/UIColor+Utility.swift /Users/admin/builder/spi-builder-workspace/Source/Core/UtilityExtensions/UIDevice+Utility.swift /Users/admin/builder/spi-builder-workspace/Source/Core/UtilityExtensions/UIFont+Utility.swift /Users/admin/builder/spi-builder-workspace/Source/Core/UtilityExtensions/Views/UIAlertController+Utility.swift /Users/admin/builder/spi-builder-workspace/Source/Core/UtilityExtensions/Views/UIBarItem+Utility.swift /Users/admin/builder/spi-builder-workspace/Source/Core/UtilityExtensions/Views/UICollectionView+Utility.swift /Users/admin/builder/spi-builder-workspace/Source/Core/UtilityExtensions/Views/UICollectionViewFlowLayout+Utility.swift /Users/admin/builder/spi-builder-workspace/Source/Core/UtilityExtensions/Views/UIImageView+Utility.swift /Users/admin/builder/spi-builder-workspace/Source/Core/UtilityExtensions/Views/UIProgressView+Utility.swift /Users/admin/builder/spi-builder-workspace/Source/Core/UtilityExtensions/Views/UIScrollView+Utility.swift /Users/admin/builder/spi-builder-workspace/Source/Core/UtilityExtensions/Views/UIStackView+Utility.swift /Users/admin/builder/spi-builder-workspace/Source/Core/UtilityExtensions/Views/UITabBar+Utility.swift /Users/admin/builder/spi-builder-workspace/Source/Core/UtilityExtensions/Views/UITabBarController+Utility.swift /Users/admin/builder/spi-builder-workspace/Source/Core/UtilityExtensions/Views/UITableView+Utility.swift /Users/admin/builder/spi-builder-workspace/Source/Core/UtilityExtensions/Views/UITableViewCell+Utility.swift /Users/admin/builder/spi-builder-workspace/Source/Core/UtilityExtensions/Views/UITextField+Utility.swift /Users/admin/builder/spi-builder-workspace/Source/Core/UtilityExtensions/Views/UITextView+Utility.swift /Users/admin/builder/spi-builder-workspace/Source/Core/UtilityExtensions/Views/UIView+Utility.swift /Users/admin/builder/spi-builder-workspace/Source/Core/UtilityExtensions/Views/UIViewController+Utility.swift /Users/admin/builder/spi-builder-workspace/Source/Core/UtilityExtensions/Views/UIWebView+Utility.swift -target arm64-apple-xros1.0 -disable-cross-import-overlay-search -swift-module-cross-import Contacts /Applications/Xcode-27.0.0-Release.Candidate.app/Contents/Developer/Platforms/XROS.platform/Developer/SDKs/XROS.sdk/System/Library/Frameworks/Contacts.framework/Modules/Contacts.swiftcrossimport/AppIntents.swiftoverlay -swift-module-cross-import Contacts /Applications/Xcode-27.0.0-Release.Candidate.app/Contents/Developer/Platforms/XROS.platform/Developer/SDKs/XROS27.0.sdk/System/Library/Frameworks/Contacts.framework/Modules/Contacts.swiftcrossimport/AppIntents.swiftoverlay -swift-module-cross-import CoreData /Applications/Xcode-27.0.0-Release.Candidate.app/Contents/Developer/Platforms/XROS.platform/Developer/SDKs/XROS.sdk/System/Library/Frameworks/CoreData.framework/Modules/CoreData.swiftcrossimport/CloudKit.swiftoverlay -swift-module-cross-import CoreData /Applications/Xcode-27.0.0-Release.Candidate.app/Contents/Developer/Platforms/XROS.platform/Developer/SDKs/XROS27.0.sdk/System/Library/Frameworks/CoreData.framework/Modules/CoreData.swiftcrossimport/CloudKit.swiftoverlay -swift-module-cross-import MediaPlayer /Applications/Xcode-27.0.0-Release.Candidate.app/Contents/Developer/Platforms/XROS.platform/Developer/SDKs/XROS.sdk/System/Library/Frameworks/MediaPlayer.framework/Modules/MediaPlayer.swiftcrossimport/AppIntents.swiftoverlay -swift-module-cross-import MediaPlayer /Applications/Xcode-27.0.0-Release.Candidate.app/Contents/Developer/Platforms/XROS.platform/Developer/SDKs/XROS27.0.sdk/System/Library/Frameworks/MediaPlayer.framework/Modules/MediaPlayer.swiftcrossimport/AppIntents.swiftoverlay -swift-module-cross-import Photos /Applications/Xcode-27.0.0-Release.Candidate.app/Contents/Developer/Platforms/XROS.platform/Developer/SDKs/XROS.sdk/System/Library/Frameworks/Photos.framework/Modules/Photos.swiftcrossimport/AppIntents.swiftoverlay -swift-module-cross-import Photos /Applications/Xcode-27.0.0-Release.Candidate.app/Contents/Developer/Platforms/XROS.platform/Developer/SDKs/XROS27.0.sdk/System/Library/Frameworks/Photos.framework/Modules/Photos.swiftcrossimport/AppIntents.swiftoverlay -load-resolved-plugin /Applications/Xcode-27.0.0-Release.Candidate.app/Contents/Developer/Platforms/XROS.platform/Developer/usr/lib/swift/host/plugins/libFoundationMacros.dylib\#/Applications/Xcode-27.0.0-Release.Candidate.app/Contents/Developer/Platforms/XROS.platform/Developer/usr/bin/swift-plugin-server\#FoundationMacros -load-resolved-plugin /Applications/Xcode-27.0.0-Release.Candidate.app/Contents/Developer/Platforms/XROS.platform/Developer/usr/lib/swift/host/plugins/libObservationMacros.dylib\#/Applications/Xcode-27.0.0-Release.Candidate.app/Contents/Developer/Platforms/XROS.platform/Developer/usr/bin/swift-plugin-server\#ObservationMacros -load-resolved-plugin /Applications/Xcode-27.0.0-Release.Candidate.app/Contents/Developer/Platforms/XROS.platform/Developer/usr/lib/swift/host/plugins/libPreviewsMacros.dylib\#/Applications/Xcode-27.0.0-Release.Candidate.app/Contents/Developer/Platforms/XROS.platform/Developer/usr/bin/swift-plugin-server\#PreviewsMacros -load-resolved-plugin /Applications/Xcode-27.0.0-Release.Candidate.app/Contents/Developer/Platforms/XROS.platform/Developer/usr/lib/swift/host/plugins/libSwiftMacros.dylib\#/Applications/Xcode-27.0.0-Release.Candidate.app/Contents/Developer/Platforms/XROS.platform/Developer/usr/bin/swift-plugin-server\#SwiftMacros -load-resolved-plugin /Applications/Xcode-27.0.0-Release.Candidate.app/Contents/Developer/Platforms/XROS.platform/Developer/usr/lib/swift/host/plugins/libSwiftUIMacros.dylib\#/Applications/Xcode-27.0.0-Release.Candidate.app/Contents/Developer/Platforms/XROS.platform/Developer/usr/bin/swift-plugin-server\#SwiftUIMacros -disable-implicit-swift-modules -Xcc -fno-implicit-modules -Xcc -fno-implicit-module-maps -explicit-swift-module-map-file /Users/admin/builder/spi-builder-workspace/.derivedData/Build/Intermediates.noindex/Eunomia.build/Debug-xros/Eunomia-t.build/Objects-normal/arm64/Eunomia-dependencies-1.json -Xllvm -aarch64-use-tbi -enable-objc-interop -stack-check -sdk /Applications/Xcode-27.0.0-Release.Candidate.app/Contents/Developer/Platforms/XROS.platform/Developer/SDKs/XROS27.0.sdk -I /Users/admin/builder/spi-builder-workspace/.derivedData/Build/Products/Debug-xros -Isystem /Applications/Xcode-27.0.0-Release.Candidate.app/Contents/Developer/Platforms/XROS.platform/Developer/usr/lib -F /Users/admin/builder/spi-builder-workspace/.derivedData/Build/Products/Debug-xros -F /Applications/Xcode-27.0.0-Release.Candidate.app/Contents/Developer/Platforms/XROS.platform/Developer/Library/Frameworks -F /Applications/Xcode-27.0.0-Release.Candidate.app/Contents/Developer/Platforms/XROS.platform/Developer/SDKs/XROS27.0.sdk/Developer/Library/Frameworks -module-cache-path /Users/admin/builder/spi-builder-workspace/.derivedData/Build/Intermediates.noindex/SwiftExplicitPrecompiledModules -no-color-diagnostics -Xcc -fno-color-diagnostics -enable-testing -g -debug-info-format\=dwarf -dwarf-version\=4 -swift-version 5 -Onone -D SWIFT_PACKAGE -D DEBUG -D SWIFT_MODULE_RESOURCE_BUNDLE_UNAVAILABLE -D Xcode -serialize-debugging-options -enable-experimental-feature DebugDescriptionMacro -empty-abi-descriptor -validate-clang-modules-once -clang-build-session-file /Users/admin/builder/spi-builder-workspace/.derivedData/ModuleCache.noindex/Session.modulevalidation -Xcc -working-directory -Xcc /Users/admin/builder/spi-builder-workspace/.swiftpm/xcode -enable-anonymous-context-mangled-names -file-compilation-dir /Users/admin/builder/spi-builder-workspace/.swiftpm/xcode -Xcc -D_LIBCPP_HARDENING_MODE\=_LIBCPP_HARDENING_MODE_DEBUG -Xcc -ivfsstatcache -Xcc /Users/admin/builder/spi-builder-workspace/.derivedData/SDKStatCaches.noindex/xros27.0-24M361-e829b21a6f8c9b70876ba0858053c044735bd543db762f57723cac368afd1ce4.sdkstatcache -Xcc -fmodules-prune-interval\=86400 -Xcc -fmodules-prune-after\=345600 -Xcc -I/Users/admin/builder/spi-builder-workspace/.derivedData/Build/Products/Debug-xros/include -Xcc -I/Users/admin/builder/spi-builder-workspace/.derivedData/Build/Intermediates.noindex/Eunomia.build/Debug-xros/Eunomia-t.build/DerivedSources-normal/arm64 -Xcc -I/Users/admin/builder/spi-builder-workspace/.derivedData/Build/Intermediates.noindex/Eunomia.build/Debug-xros/Eunomia-t.build/DerivedSources/arm64 -Xcc -I/Users/admin/builder/spi-builder-workspace/.derivedData/Build/Intermediates.noindex/Eunomia.build/Debug-xros/Eunomia-t.build/DerivedSources -Xcc -DSWIFT_PACKAGE -Xcc -DDEBUG\=1 -no-auto-bridging-header-chaining -module-name Eunomia -const-gather-protocols-file /Users/admin/builder/spi-builder-workspace/.derivedData/Build/Intermediates.noindex/Eunomia.build/Debug-xros/Eunomia-t.build/Objects-normal/arm64/Eunomia_const_extract_protocols.json -disable-clang-spi -clang-target arm64-apple-xros27.0 -target-sdk-version 27.0 -target-sdk-name xros27.0 -in-process-plugin-server-path /Applications/Xcode-27.0.0-Release.Candidate.app/Contents/Developer/Toolchains/XcodeDefault.xctoolchain/usr/lib/swift/host/libSwiftInProcPluginServer.dylib -emit-module-doc-path /Users/admin/builder/spi-builder-workspace/.derivedData/Build/Intermediates.noindex/Eunomia.build/Debug-xros/Eunomia-t.build/Objects-normal/arm64/Eunomia.swiftdoc -emit-module-source-info-path /Users/admin/builder/spi-builder-workspace/.derivedData/Build/Intermediates.noindex/Eunomia.build/Debug-xros/Eunomia-t.build/Objects-normal/arm64/Eunomia.swiftsourceinfo -emit-objc-header-path /Users/admin/builder/spi-builder-workspace/.derivedData/Build/Intermediates.noindex/Eunomia.build/Debug-xros/Eunomia-t.build/Objects-normal/arm64/Eunomia-Swift.h -serialize-diagnostics-path /Users/admin/builder/spi-builder-workspace/.derivedData/Build/Intermediates.noindex/Eunomia.build/Debug-xros/Eunomia-t.build/Objects-normal/arm64/Eunomia-primary-emit-module.dia -emit-dependencies-path /Users/admin/builder/spi-builder-workspace/.derivedData/Build/Intermediates.noindex/Eunomia.build/Debug-xros/Eunomia-t.build/Objects-normal/arm64/Eunomia-primary-emit-module.d -parse-as-library -o /Users/admin/builder/spi-builder-workspace/.derivedData/Build/Intermediates.noindex/Eunomia.build/Debug-xros/Eunomia-t.build/Objects-normal/arm64/Eunomia.swiftmodule -emit-abi-descriptor-path /Users/admin/builder/spi-builder-workspace/.derivedData/Build/Intermediates.noindex/Eunomia.build/Debug-xros/Eunomia-t.build/Objects-normal/arm64/Eunomia.abi.json
SwiftCompile normal arm64 Compiling\ UIProgressView+Utility.swift,\ UIScrollView+Utility.swift,\ UIStackView+Utility.swift,\ UITabBar+Utility.swift,\ UITabBarController+Utility.swift,\ UITableView+Utility.swift /Users/admin/builder/spi-builder-workspace/Source/Core/UtilityExtensions/Views/UIProgressView+Utility.swift /Users/admin/builder/spi-builder-workspace/Source/Core/UtilityExtensions/Views/UIScrollView+Utility.swift /Users/admin/builder/spi-builder-workspace/Source/Core/UtilityExtensions/Views/UIStackView+Utility.swift /Users/admin/builder/spi-builder-workspace/Source/Core/UtilityExtensions/Views/UITabBar+Utility.swift /Users/admin/builder/spi-builder-workspace/Source/Core/UtilityExtensions/Views/UITabBarController+Utility.swift /Users/admin/builder/spi-builder-workspace/Source/Core/UtilityExtensions/Views/UITableView+Utility.swift (in target 'Eunomia' from project 'Eunomia')
SwiftCompile normal arm64 /Users/admin/builder/spi-builder-workspace/Source/Core/UtilityExtensions/Views/UIProgressView+Utility.swift (in target 'Eunomia' from project 'Eunomia')
    cd /Users/admin/builder/spi-builder-workspace/.swiftpm/xcode
    builtin-SwiftPerFileCompile UIProgressView+Utility.swift
SwiftCompile normal arm64 /Users/admin/builder/spi-builder-workspace/Source/Core/UtilityExtensions/Views/UIScrollView+Utility.swift (in target 'Eunomia' from project 'Eunomia')
    cd /Users/admin/builder/spi-builder-workspace/.swiftpm/xcode
    builtin-SwiftPerFileCompile UIScrollView+Utility.swift
SwiftCompile normal arm64 /Users/admin/builder/spi-builder-workspace/Source/Core/UtilityExtensions/Views/UIStackView+Utility.swift (in target 'Eunomia' from project 'Eunomia')
    cd /Users/admin/builder/spi-builder-workspace/.swiftpm/xcode
    builtin-SwiftPerFileCompile UIStackView+Utility.swift
SwiftCompile normal arm64 /Users/admin/builder/spi-builder-workspace/Source/Core/UtilityExtensions/Views/UITabBar+Utility.swift (in target 'Eunomia' from project 'Eunomia')
    cd /Users/admin/builder/spi-builder-workspace/.swiftpm/xcode
    builtin-SwiftPerFileCompile UITabBar+Utility.swift
SwiftCompile normal arm64 /Users/admin/builder/spi-builder-workspace/Source/Core/UtilityExtensions/Views/UITabBarController+Utility.swift (in target 'Eunomia' from project 'Eunomia')
    cd /Users/admin/builder/spi-builder-workspace/.swiftpm/xcode
    builtin-SwiftPerFileCompile UITabBarController+Utility.swift
SwiftCompile normal arm64 /Users/admin/builder/spi-builder-workspace/Source/Core/UtilityExtensions/Views/UITableView+Utility.swift (in target 'Eunomia' from project 'Eunomia')
    cd /Users/admin/builder/spi-builder-workspace/.swiftpm/xcode
    builtin-SwiftPerFileCompile UITableView+Utility.swift
SwiftCompile normal arm64 Compiling\ UITableViewCell+Utility.swift,\ UITextField+Utility.swift,\ UITextView+Utility.swift,\ UIView+Utility.swift,\ UIViewController+Utility.swift,\ UIWebView+Utility.swift /Users/admin/builder/spi-builder-workspace/Source/Core/UtilityExtensions/Views/UITableViewCell+Utility.swift /Users/admin/builder/spi-builder-workspace/Source/Core/UtilityExtensions/Views/UITextField+Utility.swift /Users/admin/builder/spi-builder-workspace/Source/Core/UtilityExtensions/Views/UITextView+Utility.swift /Users/admin/builder/spi-builder-workspace/Source/Core/UtilityExtensions/Views/UIView+Utility.swift /Users/admin/builder/spi-builder-workspace/Source/Core/UtilityExtensions/Views/UIViewController+Utility.swift /Users/admin/builder/spi-builder-workspace/Source/Core/UtilityExtensions/Views/UIWebView+Utility.swift (in target 'Eunomia' from project 'Eunomia')
SwiftCompile normal arm64 /Users/admin/builder/spi-builder-workspace/Source/Core/UtilityExtensions/Views/UITableViewCell+Utility.swift (in target 'Eunomia' from project 'Eunomia')
    cd /Users/admin/builder/spi-builder-workspace/.swiftpm/xcode
    builtin-SwiftPerFileCompile UITableViewCell+Utility.swift
SwiftCompile normal arm64 /Users/admin/builder/spi-builder-workspace/Source/Core/UtilityExtensions/Views/UITextField+Utility.swift (in target 'Eunomia' from project 'Eunomia')
    cd /Users/admin/builder/spi-builder-workspace/.swiftpm/xcode
    builtin-SwiftPerFileCompile UITextField+Utility.swift
SwiftCompile normal arm64 /Users/admin/builder/spi-builder-workspace/Source/Core/UtilityExtensions/Views/UITextView+Utility.swift (in target 'Eunomia' from project 'Eunomia')
    cd /Users/admin/builder/spi-builder-workspace/.swiftpm/xcode
    builtin-SwiftPerFileCompile UITextView+Utility.swift
SwiftCompile normal arm64 /Users/admin/builder/spi-builder-workspace/Source/Core/UtilityExtensions/Views/UIView+Utility.swift (in target 'Eunomia' from project 'Eunomia')
    cd /Users/admin/builder/spi-builder-workspace/.swiftpm/xcode
    builtin-SwiftPerFileCompile UIView+Utility.swift
SwiftCompile normal arm64 /Users/admin/builder/spi-builder-workspace/Source/Core/UtilityExtensions/Views/UIViewController+Utility.swift (in target 'Eunomia' from project 'Eunomia')
    cd /Users/admin/builder/spi-builder-workspace/.swiftpm/xcode
    builtin-SwiftPerFileCompile UIViewController+Utility.swift
SwiftCompile normal arm64 /Users/admin/builder/spi-builder-workspace/Source/Core/UtilityExtensions/Views/UIWebView+Utility.swift (in target 'Eunomia' from project 'Eunomia')
    cd /Users/admin/builder/spi-builder-workspace/.swiftpm/xcode
    builtin-SwiftPerFileCompile UIWebView+Utility.swift
/Users/admin/builder/spi-builder-workspace/Source/Core/UtilityExtensions/Views/UIView+Utility.swift:22:11: error: cannot find type 'ViewType' in scope
 20 |
 21 | // MARK: - Contained within
 22 | extension ViewType {
    |           `- error: cannot find type 'ViewType' in scope
 23 |     #if os(iOS)
 24 |     /**
SwiftCompile normal arm64 Compiling\ NSRange+Utility.swift,\ PHPhotoLibrary+Utility.swift,\ RangeReplaceableCollectionType+Utility.swift,\ String+Utility.swift,\ UIApplication+Utility.swift,\ UIColor+Utility.swift,\ UIDevice+Utility.swift /Users/admin/builder/spi-builder-workspace/Source/Core/UtilityExtensions/NSRange+Utility.swift /Users/admin/builder/spi-builder-workspace/Source/Core/UtilityExtensions/PHPhotoLibrary+Utility.swift /Users/admin/builder/spi-builder-workspace/Source/Core/UtilityExtensions/RangeReplaceableCollectionType+Utility.swift /Users/admin/builder/spi-builder-workspace/Source/Core/UtilityExtensions/String+Utility.swift /Users/admin/builder/spi-builder-workspace/Source/Core/UtilityExtensions/UIApplication+Utility.swift /Users/admin/builder/spi-builder-workspace/Source/Core/UtilityExtensions/UIColor+Utility.swift /Users/admin/builder/spi-builder-workspace/Source/Core/UtilityExtensions/UIDevice+Utility.swift (in target 'Eunomia' from project 'Eunomia')
SwiftCompile normal arm64 /Users/admin/builder/spi-builder-workspace/Source/Core/UtilityExtensions/NSRange+Utility.swift (in target 'Eunomia' from project 'Eunomia')
    cd /Users/admin/builder/spi-builder-workspace/.swiftpm/xcode
    builtin-SwiftPerFileCompile NSRange+Utility.swift
SwiftCompile normal arm64 /Users/admin/builder/spi-builder-workspace/Source/Core/UtilityExtensions/PHPhotoLibrary+Utility.swift (in target 'Eunomia' from project 'Eunomia')
    cd /Users/admin/builder/spi-builder-workspace/.swiftpm/xcode
    builtin-SwiftPerFileCompile PHPhotoLibrary+Utility.swift
SwiftCompile normal arm64 /Users/admin/builder/spi-builder-workspace/Source/Core/UtilityExtensions/RangeReplaceableCollectionType+Utility.swift (in target 'Eunomia' from project 'Eunomia')
    cd /Users/admin/builder/spi-builder-workspace/.swiftpm/xcode
    builtin-SwiftPerFileCompile RangeReplaceableCollectionType+Utility.swift
SwiftCompile normal arm64 /Users/admin/builder/spi-builder-workspace/Source/Core/UtilityExtensions/String+Utility.swift (in target 'Eunomia' from project 'Eunomia')
    cd /Users/admin/builder/spi-builder-workspace/.swiftpm/xcode
    builtin-SwiftPerFileCompile String+Utility.swift
SwiftCompile normal arm64 /Users/admin/builder/spi-builder-workspace/Source/Core/UtilityExtensions/UIApplication+Utility.swift (in target 'Eunomia' from project 'Eunomia')
    cd /Users/admin/builder/spi-builder-workspace/.swiftpm/xcode
    builtin-SwiftPerFileCompile UIApplication+Utility.swift
SwiftCompile normal arm64 /Users/admin/builder/spi-builder-workspace/Source/Core/UtilityExtensions/UIColor+Utility.swift (in target 'Eunomia' from project 'Eunomia')
    cd /Users/admin/builder/spi-builder-workspace/.swiftpm/xcode
    builtin-SwiftPerFileCompile UIColor+Utility.swift
SwiftCompile normal arm64 /Users/admin/builder/spi-builder-workspace/Source/Core/UtilityExtensions/UIDevice+Utility.swift (in target 'Eunomia' from project 'Eunomia')
    cd /Users/admin/builder/spi-builder-workspace/.swiftpm/xcode
    builtin-SwiftPerFileCompile UIDevice+Utility.swift
SwiftCompile normal arm64 Compiling\ UIFont+Utility.swift,\ UIAlertController+Utility.swift,\ UIBarItem+Utility.swift,\ UICollectionView+Utility.swift,\ UICollectionViewFlowLayout+Utility.swift,\ UIImageView+Utility.swift /Users/admin/builder/spi-builder-workspace/Source/Core/UtilityExtensions/UIFont+Utility.swift /Users/admin/builder/spi-builder-workspace/Source/Core/UtilityExtensions/Views/UIAlertController+Utility.swift /Users/admin/builder/spi-builder-workspace/Source/Core/UtilityExtensions/Views/UIBarItem+Utility.swift /Users/admin/builder/spi-builder-workspace/Source/Core/UtilityExtensions/Views/UICollectionView+Utility.swift /Users/admin/builder/spi-builder-workspace/Source/Core/UtilityExtensions/Views/UICollectionViewFlowLayout+Utility.swift /Users/admin/builder/spi-builder-workspace/Source/Core/UtilityExtensions/Views/UIImageView+Utility.swift (in target 'Eunomia' from project 'Eunomia')
SwiftCompile normal arm64 /Users/admin/builder/spi-builder-workspace/Source/Core/UtilityExtensions/UIFont+Utility.swift (in target 'Eunomia' from project 'Eunomia')
    cd /Users/admin/builder/spi-builder-workspace/.swiftpm/xcode
    builtin-SwiftPerFileCompile UIFont+Utility.swift
SwiftCompile normal arm64 /Users/admin/builder/spi-builder-workspace/Source/Core/UtilityExtensions/Views/UIAlertController+Utility.swift (in target 'Eunomia' from project 'Eunomia')
    cd /Users/admin/builder/spi-builder-workspace/.swiftpm/xcode
    builtin-SwiftPerFileCompile UIAlertController+Utility.swift
SwiftCompile normal arm64 /Users/admin/builder/spi-builder-workspace/Source/Core/UtilityExtensions/Views/UIBarItem+Utility.swift (in target 'Eunomia' from project 'Eunomia')
    cd /Users/admin/builder/spi-builder-workspace/.swiftpm/xcode
    builtin-SwiftPerFileCompile UIBarItem+Utility.swift
SwiftCompile normal arm64 /Users/admin/builder/spi-builder-workspace/Source/Core/UtilityExtensions/Views/UICollectionView+Utility.swift (in target 'Eunomia' from project 'Eunomia')
    cd /Users/admin/builder/spi-builder-workspace/.swiftpm/xcode
    builtin-SwiftPerFileCompile UICollectionView+Utility.swift
SwiftCompile normal arm64 /Users/admin/builder/spi-builder-workspace/Source/Core/UtilityExtensions/Views/UICollectionViewFlowLayout+Utility.swift (in target 'Eunomia' from project 'Eunomia')
    cd /Users/admin/builder/spi-builder-workspace/.swiftpm/xcode
    builtin-SwiftPerFileCompile UICollectionViewFlowLayout+Utility.swift
SwiftCompile normal arm64 /Users/admin/builder/spi-builder-workspace/Source/Core/UtilityExtensions/Views/UIImageView+Utility.swift (in target 'Eunomia' from project 'Eunomia')
    cd /Users/admin/builder/spi-builder-workspace/.swiftpm/xcode
    builtin-SwiftPerFileCompile UIImageView+Utility.swift
SwiftCompile normal arm64 Compiling\ Array+Utility.swift,\ CGRect.swift,\ CLLocation+Utility.swift,\ CLLocationCoordinate2D+Utility.swift,\ CLLocationDegrees+Utility.swift,\ CLLocationDirection+Utility.swift,\ CLLocationSpeed+Utility.swift /Users/admin/builder/spi-builder-workspace/Source/Core/UtilityExtensions/Array+Utility.swift /Users/admin/builder/spi-builder-workspace/Source/Core/UtilityExtensions/CGRect.swift /Users/admin/builder/spi-builder-workspace/Source/Core/UtilityExtensions/CLLocation+Utility.swift /Users/admin/builder/spi-builder-workspace/Source/Core/UtilityExtensions/CLLocationCoordinate2D+Utility.swift /Users/admin/builder/spi-builder-workspace/Source/Core/UtilityExtensions/CLLocationDegrees+Utility.swift /Users/admin/builder/spi-builder-workspace/Source/Core/UtilityExtensions/CLLocationDirection+Utility.swift /Users/admin/builder/spi-builder-workspace/Source/Core/UtilityExtensions/CLLocationSpeed+Utility.swift (in target 'Eunomia' from project 'Eunomia')
/Users/admin/builder/spi-builder-workspace/Source/Core/UtilityExtensions/CGRect.swift:15:11: error: cannot find type 'CGRect' in scope
13 | #endif
14 |
15 | extension CGRect {
   |           `- error: cannot find type 'CGRect' in scope
16 |     public init(center: CGPoint, size: CGSize) {
17 |         let origin = CGPoint(x: center.x - size.width / 2,
/Users/admin/builder/spi-builder-workspace/Source/Core/UtilityExtensions/CLLocation+Utility.swift:49:1: warning: extension declares a conformance of imported type 'CLLocation' to imported protocol 'Encodable'; this will not behave correctly if the owners of '_LocationEssentials' introduce this conformance in the future
 47 | }
 48 |
 49 | extension CLLocation: Encodable {
    | |- warning: extension declares a conformance of imported type 'CLLocation' to imported protocol 'Encodable'; this will not behave correctly if the owners of '_LocationEssentials' introduce this conformance in the future
    | `- note: add '@retroactive' to silence this warning
 50 |     public enum CodingKeys: String, CodingKey {
 51 |         case latitude
SwiftCompile normal arm64 /Users/admin/builder/spi-builder-workspace/Source/Core/UtilityExtensions/Array+Utility.swift (in target 'Eunomia' from project 'Eunomia')
    cd /Users/admin/builder/spi-builder-workspace/.swiftpm/xcode
    builtin-SwiftPerFileCompile Array+Utility.swift
SwiftCompile normal arm64 /Users/admin/builder/spi-builder-workspace/Source/Core/UtilityExtensions/CGRect.swift (in target 'Eunomia' from project 'Eunomia')
    cd /Users/admin/builder/spi-builder-workspace/.swiftpm/xcode
    builtin-SwiftPerFileCompile CGRect.swift
SwiftCompile normal arm64 /Users/admin/builder/spi-builder-workspace/Source/Core/UtilityExtensions/CLLocation+Utility.swift (in target 'Eunomia' from project 'Eunomia')
    cd /Users/admin/builder/spi-builder-workspace/.swiftpm/xcode
    builtin-SwiftPerFileCompile CLLocation+Utility.swift
SwiftCompile normal arm64 /Users/admin/builder/spi-builder-workspace/Source/Core/UtilityExtensions/CLLocationCoordinate2D+Utility.swift (in target 'Eunomia' from project 'Eunomia')
    cd /Users/admin/builder/spi-builder-workspace/.swiftpm/xcode
    builtin-SwiftPerFileCompile CLLocationCoordinate2D+Utility.swift
SwiftCompile normal arm64 /Users/admin/builder/spi-builder-workspace/Source/Core/UtilityExtensions/CLLocationDegrees+Utility.swift (in target 'Eunomia' from project 'Eunomia')
    cd /Users/admin/builder/spi-builder-workspace/.swiftpm/xcode
    builtin-SwiftPerFileCompile CLLocationDegrees+Utility.swift
SwiftCompile normal arm64 /Users/admin/builder/spi-builder-workspace/Source/Core/UtilityExtensions/CLLocationDirection+Utility.swift (in target 'Eunomia' from project 'Eunomia')
    cd /Users/admin/builder/spi-builder-workspace/.swiftpm/xcode
    builtin-SwiftPerFileCompile CLLocationDirection+Utility.swift
SwiftCompile normal arm64 /Users/admin/builder/spi-builder-workspace/Source/Core/UtilityExtensions/CLLocationSpeed+Utility.swift (in target 'Eunomia' from project 'Eunomia')
    cd /Users/admin/builder/spi-builder-workspace/.swiftpm/xcode
    builtin-SwiftPerFileCompile CLLocationSpeed+Utility.swift
SwiftCompile normal arm64 Compiling\ DispatchQueue+Utility.swift,\ GCD+Utility.swift,\ JSContext+Utility.swift,\ KeyedDecodingContainer+Utility.swift,\ KeyedEncodingContainer+Utility.swift,\ MPMediaItem+Utility.swift,\ Measurement+Utility.swift /Users/admin/builder/spi-builder-workspace/Source/Core/UtilityExtensions/DispatchQueue+Utility.swift /Users/admin/builder/spi-builder-workspace/Source/Core/UtilityExtensions/GCD+Utility.swift /Users/admin/builder/spi-builder-workspace/Source/Core/UtilityExtensions/JSContext+Utility.swift /Users/admin/builder/spi-builder-workspace/Source/Core/UtilityExtensions/KeyedDecodingContainer+Utility.swift /Users/admin/builder/spi-builder-workspace/Source/Core/UtilityExtensions/KeyedEncodingContainer+Utility.swift /Users/admin/builder/spi-builder-workspace/Source/Core/UtilityExtensions/MPMediaItem+Utility.swift /Users/admin/builder/spi-builder-workspace/Source/Core/UtilityExtensions/Measurement+Utility.swift (in target 'Eunomia' from project 'Eunomia')
SwiftCompile normal arm64 /Users/admin/builder/spi-builder-workspace/Source/Core/UtilityExtensions/DispatchQueue+Utility.swift (in target 'Eunomia' from project 'Eunomia')
    cd /Users/admin/builder/spi-builder-workspace/.swiftpm/xcode
    builtin-SwiftPerFileCompile DispatchQueue+Utility.swift
SwiftCompile normal arm64 /Users/admin/builder/spi-builder-workspace/Source/Core/UtilityExtensions/GCD+Utility.swift (in target 'Eunomia' from project 'Eunomia')
    cd /Users/admin/builder/spi-builder-workspace/.swiftpm/xcode
    builtin-SwiftPerFileCompile GCD+Utility.swift
SwiftCompile normal arm64 /Users/admin/builder/spi-builder-workspace/Source/Core/UtilityExtensions/JSContext+Utility.swift (in target 'Eunomia' from project 'Eunomia')
    cd /Users/admin/builder/spi-builder-workspace/.swiftpm/xcode
    builtin-SwiftPerFileCompile JSContext+Utility.swift
SwiftCompile normal arm64 /Users/admin/builder/spi-builder-workspace/Source/Core/UtilityExtensions/KeyedDecodingContainer+Utility.swift (in target 'Eunomia' from project 'Eunomia')
    cd /Users/admin/builder/spi-builder-workspace/.swiftpm/xcode
    builtin-SwiftPerFileCompile KeyedDecodingContainer+Utility.swift
SwiftCompile normal arm64 /Users/admin/builder/spi-builder-workspace/Source/Core/UtilityExtensions/KeyedEncodingContainer+Utility.swift (in target 'Eunomia' from project 'Eunomia')
    cd /Users/admin/builder/spi-builder-workspace/.swiftpm/xcode
    builtin-SwiftPerFileCompile KeyedEncodingContainer+Utility.swift
SwiftCompile normal arm64 /Users/admin/builder/spi-builder-workspace/Source/Core/UtilityExtensions/MPMediaItem+Utility.swift (in target 'Eunomia' from project 'Eunomia')
    cd /Users/admin/builder/spi-builder-workspace/.swiftpm/xcode
    builtin-SwiftPerFileCompile MPMediaItem+Utility.swift
SwiftCompile normal arm64 /Users/admin/builder/spi-builder-workspace/Source/Core/UtilityExtensions/Measurement+Utility.swift (in target 'Eunomia' from project 'Eunomia')
    cd /Users/admin/builder/spi-builder-workspace/.swiftpm/xcode
    builtin-SwiftPerFileCompile Measurement+Utility.swift
SwiftCompile normal arm64 Compiling\ NSAttributedString+Utility.swift,\ NSCharacterSet+Utility.swift,\ NSColor+Utility.swift,\ NSDataAsset.swift,\ NSError+Utility.swift,\ NSNotification+Utility.swift,\ NSObject+Utility.swift /Users/admin/builder/spi-builder-workspace/Source/Core/UtilityExtensions/NSAttributedString+Utility.swift /Users/admin/builder/spi-builder-workspace/Source/Core/UtilityExtensions/NSCharacterSet+Utility.swift /Users/admin/builder/spi-builder-workspace/Source/Core/UtilityExtensions/NSColor+Utility.swift /Users/admin/builder/spi-builder-workspace/Source/Core/UtilityExtensions/NSDataAsset.swift /Users/admin/builder/spi-builder-workspace/Source/Core/UtilityExtensions/NSError+Utility.swift /Users/admin/builder/spi-builder-workspace/Source/Core/UtilityExtensions/NSNotification+Utility.swift /Users/admin/builder/spi-builder-workspace/Source/Core/UtilityExtensions/NSObject+Utility.swift (in target 'Eunomia' from project 'Eunomia')
/Users/admin/builder/spi-builder-workspace/Source/Core/UtilityExtensions/NSDataAsset.swift:15:11: error: cannot find type 'NSDataAsset' in scope
13 | #endif
14 |
15 | extension NSDataAsset {
   |           `- error: cannot find type 'NSDataAsset' in scope
16 |     public enum Errors: Error, CustomStringConvertible {
17 |         case assetNotFound(name: String, bundle: Bundle)
SwiftCompile normal arm64 /Users/admin/builder/spi-builder-workspace/Source/Core/UtilityExtensions/NSAttributedString+Utility.swift (in target 'Eunomia' from project 'Eunomia')
    cd /Users/admin/builder/spi-builder-workspace/.swiftpm/xcode
    builtin-SwiftPerFileCompile NSAttributedString+Utility.swift
SwiftCompile normal arm64 /Users/admin/builder/spi-builder-workspace/Source/Core/UtilityExtensions/NSCharacterSet+Utility.swift (in target 'Eunomia' from project 'Eunomia')
    cd /Users/admin/builder/spi-builder-workspace/.swiftpm/xcode
    builtin-SwiftPerFileCompile NSCharacterSet+Utility.swift
SwiftCompile normal arm64 /Users/admin/builder/spi-builder-workspace/Source/Core/UtilityExtensions/NSColor+Utility.swift (in target 'Eunomia' from project 'Eunomia')
    cd /Users/admin/builder/spi-builder-workspace/.swiftpm/xcode
    builtin-SwiftPerFileCompile NSColor+Utility.swift
SwiftCompile normal arm64 /Users/admin/builder/spi-builder-workspace/Source/Core/UtilityExtensions/NSDataAsset.swift (in target 'Eunomia' from project 'Eunomia')
    cd /Users/admin/builder/spi-builder-workspace/.swiftpm/xcode
    builtin-SwiftPerFileCompile NSDataAsset.swift
SwiftCompile normal arm64 /Users/admin/builder/spi-builder-workspace/Source/Core/UtilityExtensions/NSError+Utility.swift (in target 'Eunomia' from project 'Eunomia')
    cd /Users/admin/builder/spi-builder-workspace/.swiftpm/xcode
    builtin-SwiftPerFileCompile NSError+Utility.swift
SwiftCompile normal arm64 /Users/admin/builder/spi-builder-workspace/Source/Core/UtilityExtensions/NSNotification+Utility.swift (in target 'Eunomia' from project 'Eunomia')
    cd /Users/admin/builder/spi-builder-workspace/.swiftpm/xcode
    builtin-SwiftPerFileCompile NSNotification+Utility.swift
SwiftCompile normal arm64 /Users/admin/builder/spi-builder-workspace/Source/Core/UtilityExtensions/NSObject+Utility.swift (in target 'Eunomia' from project 'Eunomia')
    cd /Users/admin/builder/spi-builder-workspace/.swiftpm/xcode
    builtin-SwiftPerFileCompile NSObject+Utility.swift
SwiftCompile normal arm64 Compiling\ CNContactStore+Utility.swift,\ ClosedRange+Utility.swift,\ NSFetchedResultsController+Utility.swift,\ NSManagedObject+Utility.swift,\ NSManagedObjectContext+Utility.swift,\ Date+Utility.swift,\ Dictionary+Utility.swift /Users/admin/builder/spi-builder-workspace/Source/Core/UtilityExtensions/CNContactStore+Utility.swift /Users/admin/builder/spi-builder-workspace/Source/Core/UtilityExtensions/ClosedRange+Utility.swift /Users/admin/builder/spi-builder-workspace/Source/Core/UtilityExtensions/CoreData/NSFetchedResultsController+Utility.swift /Users/admin/builder/spi-builder-workspace/Source/Core/UtilityExtensions/CoreData/NSManagedObject+Utility.swift /Users/admin/builder/spi-builder-workspace/Source/Core/UtilityExtensions/CoreData/NSManagedObjectContext+Utility.swift /Users/admin/builder/spi-builder-workspace/Source/Core/UtilityExtensions/Date+Utility.swift /Users/admin/builder/spi-builder-workspace/Source/Core/UtilityExtensions/Dictionary+Utility.swift (in target 'Eunomia' from project 'Eunomia')
SwiftCompile normal arm64 /Users/admin/builder/spi-builder-workspace/Source/Core/UtilityExtensions/CNContactStore+Utility.swift (in target 'Eunomia' from project 'Eunomia')
    cd /Users/admin/builder/spi-builder-workspace/.swiftpm/xcode
    builtin-SwiftPerFileCompile CNContactStore+Utility.swift
SwiftCompile normal arm64 /Users/admin/builder/spi-builder-workspace/Source/Core/UtilityExtensions/ClosedRange+Utility.swift (in target 'Eunomia' from project 'Eunomia')
    cd /Users/admin/builder/spi-builder-workspace/.swiftpm/xcode
    builtin-SwiftPerFileCompile ClosedRange+Utility.swift
SwiftCompile normal arm64 /Users/admin/builder/spi-builder-workspace/Source/Core/UtilityExtensions/CoreData/NSFetchedResultsController+Utility.swift (in target 'Eunomia' from project 'Eunomia')
    cd /Users/admin/builder/spi-builder-workspace/.swiftpm/xcode
    builtin-SwiftPerFileCompile NSFetchedResultsController+Utility.swift
SwiftCompile normal arm64 /Users/admin/builder/spi-builder-workspace/Source/Core/UtilityExtensions/CoreData/NSManagedObject+Utility.swift (in target 'Eunomia' from project 'Eunomia')
    cd /Users/admin/builder/spi-builder-workspace/.swiftpm/xcode
    builtin-SwiftPerFileCompile NSManagedObject+Utility.swift
SwiftCompile normal arm64 /Users/admin/builder/spi-builder-workspace/Source/Core/UtilityExtensions/CoreData/NSManagedObjectContext+Utility.swift (in target 'Eunomia' from project 'Eunomia')
    cd /Users/admin/builder/spi-builder-workspace/.swiftpm/xcode
    builtin-SwiftPerFileCompile NSManagedObjectContext+Utility.swift
SwiftCompile normal arm64 /Users/admin/builder/spi-builder-workspace/Source/Core/UtilityExtensions/Date+Utility.swift (in target 'Eunomia' from project 'Eunomia')
    cd /Users/admin/builder/spi-builder-workspace/.swiftpm/xcode
    builtin-SwiftPerFileCompile Date+Utility.swift
SwiftCompile normal arm64 /Users/admin/builder/spi-builder-workspace/Source/Core/UtilityExtensions/Dictionary+Utility.swift (in target 'Eunomia' from project 'Eunomia')
    cd /Users/admin/builder/spi-builder-workspace/.swiftpm/xcode
    builtin-SwiftPerFileCompile Dictionary+Utility.swift
SwiftCompile normal arm64 Compiling\ AppExtensionSafeApplication.swift,\ CocoaLumberjackDeprecation.swift,\ EunomiaAppDelegate.swift,\ Location.swift,\ Logging.swift,\ Errors.swift,\ Guarantee.swift /Users/admin/builder/spi-builder-workspace/Source/Core/App/AppExtensionSafeApplication.swift /Users/admin/builder/spi-builder-workspace/Source/Core/App/CocoaLumberjackDeprecation.swift /Users/admin/builder/spi-builder-workspace/Source/Core/App/EunomiaAppDelegate.swift /Users/admin/builder/spi-builder-workspace/Source/Core/App/Location.swift /Users/admin/builder/spi-builder-workspace/Source/Core/App/Logging.swift /Users/admin/builder/spi-builder-workspace/Source/Core/Misc/Errors.swift /Users/admin/builder/spi-builder-workspace/Source/Core/Misc/Guarantee.swift (in target 'Eunomia' from project 'Eunomia')
/Users/admin/builder/spi-builder-workspace/Source/Core/App/Location.swift:46:58: error: 'CLHeading' is unavailable in visionOS
 44 |     ///   - manager: Location manager instance
 45 |     ///   - didUpdateHeading: Updated heading
 46 |     func location(_ manager: Location, didUpdateHeading: CLHeading)
    |                                                          `- error: 'CLHeading' is unavailable in visionOS
 47 | }
 48 |
/Applications/Xcode-27.0.0-Release.Candidate.app/Contents/Developer/Platforms/XROS.platform/Developer/SDKs/XROS27.0.sdk/System/Library/Frameworks/CoreLocation.framework/Headers/CLHeading.h:42:12: note: 'CLHeading' has been explicitly marked unavailable here
 40 | CL_EXTERN
 41 | API_AVAILABLE(macos(10.7), ios(3.0), watchos(2.0)) API_UNAVAILABLE(tvos, visionos)
 42 | @interface CLHeading : NSObject <NSCopying, NSSecureCoding>
    |            `- note: 'CLHeading' has been explicitly marked unavailable here
 43 | {
 44 | @private
/Users/admin/builder/spi-builder-workspace/Source/Core/App/Location.swift:53:58: error: 'CLHeading' is unavailable in visionOS
 51 |     func location(_ manager: Location, locations: [CLLocation]) {}
 52 |     func location(_ manager: Location, location: CLLocation) {}
 53 |     func location(_ manager: Location, didUpdateHeading: CLHeading) {}
    |                                                          `- error: 'CLHeading' is unavailable in visionOS
 54 | }
 55 |
/Applications/Xcode-27.0.0-Release.Candidate.app/Contents/Developer/Platforms/XROS.platform/Developer/SDKs/XROS27.0.sdk/System/Library/Frameworks/CoreLocation.framework/Headers/CLHeading.h:42:12: note: 'CLHeading' has been explicitly marked unavailable here
 40 | CL_EXTERN
 41 | API_AVAILABLE(macos(10.7), ios(3.0), watchos(2.0)) API_UNAVAILABLE(tvos, visionos)
 42 | @interface CLHeading : NSObject <NSCopying, NSSecureCoding>
    |            `- note: 'CLHeading' has been explicitly marked unavailable here
 43 | {
 44 | @private
/Users/admin/builder/spi-builder-workspace/Source/Core/App/Location.swift:296:17: error: cannot override 'locationManager' which has been marked unavailable
294 |     ///   - manager: iOS Location Manager
295 |     ///   - status: now authorization status
296 |     public func locationManager(_ manager: CLLocationManager, didChangeAuthorization status: CLAuthorizationStatus) {
    |                 `- error: cannot override 'locationManager' which has been marked unavailable
297 |         self._status = status
298 |         for subscriber in self.authorizationStatusSubscribers {
/Applications/Xcode-27.0.0-Release.Candidate.app/Contents/Developer/Platforms/XROS.platform/Developer/SDKs/XROS27.0.sdk/System/Library/Frameworks/CoreLocation.framework/Headers/CLLocationManagerDelegate.h:164:1: note: 'locationManager(_:didChangeAuthorization:)' has been explicitly marked unavailable here
162 |  *    Invoked when the authorization status changes for this application.
163 |  */
164 | - (void)locationManager:(CLLocationManager *)manager didChangeAuthorizationStatus:(CLAuthorizationStatus)status API_DEPRECATED_WITH_REPLACEMENT("-locationManagerDidChangeAuthorization:", ios(4.2, 14.0), macos(10.7, 11.0), watchos(1.0, 7.0), tvos(9.0, 14.0)) API_UNAVAILABLE(visionos);
    | `- note: 'locationManager(_:didChangeAuthorization:)' has been explicitly marked unavailable here
165 |
166 | /*
/Users/admin/builder/spi-builder-workspace/Source/Core/App/Location.swift:334:36: error: 'CLHeading' is unavailable in visionOS
332 |     }
333 |
334 |     private func handle(didUpdate: CLHeading) {
    |                                    `- error: 'CLHeading' is unavailable in visionOS
335 |         for subscriber in self.locationSubscribers {
336 |             subscriber.location(self, didUpdateHeading: didUpdate)
/Applications/Xcode-27.0.0-Release.Candidate.app/Contents/Developer/Platforms/XROS.platform/Developer/SDKs/XROS27.0.sdk/System/Library/Frameworks/CoreLocation.framework/Headers/CLHeading.h:42:12: note: 'CLHeading' has been explicitly marked unavailable here
 40 | CL_EXTERN
 41 | API_AVAILABLE(macos(10.7), ios(3.0), watchos(2.0)) API_UNAVAILABLE(tvos, visionos)
 42 | @interface CLHeading : NSObject <NSCopying, NSSecureCoding>
    |            `- note: 'CLHeading' has been explicitly marked unavailable here
 43 | {
 44 | @private
/Users/admin/builder/spi-builder-workspace/Source/Core/App/Location.swift:112:42: warning: 'authorizationStatus()' was deprecated in visionOS 1.0 [#DeprecatedDeclaration]
110 |
111 |     override public init() {
112 |         self._status = CLLocationManager.authorizationStatus()
    |                                          `- warning: 'authorizationStatus()' was deprecated in visionOS 1.0 [#DeprecatedDeclaration]
113 |
114 |         super.init()
/Users/admin/builder/spi-builder-workspace/Source/Core/App/Location.swift:239:30: error: 'startMonitoringSignificantLocationChanges()' is unavailable in visionOS
237 |         }
238 |
239 |         self.locationManager.startMonitoringSignificantLocationChanges()
    |                              `- error: 'startMonitoringSignificantLocationChanges()' is unavailable in visionOS
240 |
241 |         return true
/Applications/Xcode-27.0.0-Release.Candidate.app/Contents/Developer/Platforms/XROS.platform/Developer/SDKs/XROS27.0.sdk/System/Library/Frameworks/CoreLocation.framework/Headers/CLLocationManager.h:665:1: note: 'startMonitoringSignificantLocationChanges()' has been explicitly marked unavailable here
663 |  *
664 |  */
665 | - (void)startMonitoringSignificantLocationChanges API_AVAILABLE(ios(4.0), macos(10.7)) API_UNAVAILABLE(watchos, tvos, visionos);
    | `- note: 'startMonitoringSignificantLocationChanges()' has been explicitly marked unavailable here
666 |
667 | /*
SwiftCompile normal arm64 /Users/admin/builder/spi-builder-workspace/Source/Core/App/AppExtensionSafeApplication.swift (in target 'Eunomia' from project 'Eunomia')
    cd /Users/admin/builder/spi-builder-workspace/.swiftpm/xcode
    builtin-SwiftPerFileCompile AppExtensionSafeApplication.swift
SwiftCompile normal arm64 /Users/admin/builder/spi-builder-workspace/Source/Core/App/CocoaLumberjackDeprecation.swift (in target 'Eunomia' from project 'Eunomia')
    cd /Users/admin/builder/spi-builder-workspace/.swiftpm/xcode
    builtin-SwiftPerFileCompile CocoaLumberjackDeprecation.swift
SwiftCompile normal arm64 /Users/admin/builder/spi-builder-workspace/Source/Core/App/EunomiaAppDelegate.swift (in target 'Eunomia' from project 'Eunomia')
    cd /Users/admin/builder/spi-builder-workspace/.swiftpm/xcode
    builtin-SwiftPerFileCompile EunomiaAppDelegate.swift
SwiftCompile normal arm64 /Users/admin/builder/spi-builder-workspace/Source/Core/App/Location.swift (in target 'Eunomia' from project 'Eunomia')
    cd /Users/admin/builder/spi-builder-workspace/.swiftpm/xcode
    builtin-SwiftPerFileCompile Location.swift
SwiftCompile normal arm64 /Users/admin/builder/spi-builder-workspace/Source/Core/App/Logging.swift (in target 'Eunomia' from project 'Eunomia')
    cd /Users/admin/builder/spi-builder-workspace/.swiftpm/xcode
    builtin-SwiftPerFileCompile Logging.swift
SwiftCompile normal arm64 /Users/admin/builder/spi-builder-workspace/Source/Core/Misc/Errors.swift (in target 'Eunomia' from project 'Eunomia')
    cd /Users/admin/builder/spi-builder-workspace/.swiftpm/xcode
    builtin-SwiftPerFileCompile Errors.swift
SwiftCompile normal arm64 /Users/admin/builder/spi-builder-workspace/Source/Core/Misc/Guarantee.swift (in target 'Eunomia' from project 'Eunomia')
    cd /Users/admin/builder/spi-builder-workspace/.swiftpm/xcode
    builtin-SwiftPerFileCompile Guarantee.swift
SwiftCompile normal arm64 Compiling\ ManagedObjectsObserver.swift,\ OrdinalNumberFormatter.swift,\ SuccessResult.swift,\ System.swift,\ Tangent.swift,\ AVFoundation+Utility.swift,\ AVURLAsset+Utility.swift /Users/admin/builder/spi-builder-workspace/Source/Core/Misc/ManagedObjectsObserver.swift /Users/admin/builder/spi-builder-workspace/Source/Core/Misc/OrdinalNumberFormatter.swift /Users/admin/builder/spi-builder-workspace/Source/Core/Misc/SuccessResult.swift /Users/admin/builder/spi-builder-workspace/Source/Core/Misc/System.swift /Users/admin/builder/spi-builder-workspace/Source/Core/Misc/Tangent.swift /Users/admin/builder/spi-builder-workspace/Source/Core/UtilityExtensions/AV/AVFoundation+Utility.swift /Users/admin/builder/spi-builder-workspace/Source/Core/UtilityExtensions/AV/AVURLAsset+Utility.swift (in target 'Eunomia' from project 'Eunomia')
SwiftCompile normal arm64 /Users/admin/builder/spi-builder-workspace/Source/Core/Misc/ManagedObjectsObserver.swift (in target 'Eunomia' from project 'Eunomia')
    cd /Users/admin/builder/spi-builder-workspace/.swiftpm/xcode
    builtin-SwiftPerFileCompile ManagedObjectsObserver.swift
SwiftCompile normal arm64 /Users/admin/builder/spi-builder-workspace/Source/Core/Misc/OrdinalNumberFormatter.swift (in target 'Eunomia' from project 'Eunomia')
    cd /Users/admin/builder/spi-builder-workspace/.swiftpm/xcode
    builtin-SwiftPerFileCompile OrdinalNumberFormatter.swift
SwiftCompile normal arm64 /Users/admin/builder/spi-builder-workspace/Source/Core/Misc/SuccessResult.swift (in target 'Eunomia' from project 'Eunomia')
    cd /Users/admin/builder/spi-builder-workspace/.swiftpm/xcode
    builtin-SwiftPerFileCompile SuccessResult.swift
SwiftCompile normal arm64 /Users/admin/builder/spi-builder-workspace/Source/Core/Misc/System.swift (in target 'Eunomia' from project 'Eunomia')
    cd /Users/admin/builder/spi-builder-workspace/.swiftpm/xcode
    builtin-SwiftPerFileCompile System.swift
SwiftCompile normal arm64 /Users/admin/builder/spi-builder-workspace/Source/Core/Misc/Tangent.swift (in target 'Eunomia' from project 'Eunomia')
    cd /Users/admin/builder/spi-builder-workspace/.swiftpm/xcode
    builtin-SwiftPerFileCompile Tangent.swift
SwiftCompile normal arm64 /Users/admin/builder/spi-builder-workspace/Source/Core/UtilityExtensions/AV/AVFoundation+Utility.swift (in target 'Eunomia' from project 'Eunomia')
    cd /Users/admin/builder/spi-builder-workspace/.swiftpm/xcode
    builtin-SwiftPerFileCompile AVFoundation+Utility.swift
SwiftCompile normal arm64 /Users/admin/builder/spi-builder-workspace/Source/Core/UtilityExtensions/AV/AVURLAsset+Utility.swift (in target 'Eunomia' from project 'Eunomia')
    cd /Users/admin/builder/spi-builder-workspace/.swiftpm/xcode
    builtin-SwiftPerFileCompile AVURLAsset+Utility.swift
PruneExplicitPrecompiledModules /Users/admin/builder/spi-builder-workspace/.derivedData/Build/Intermediates.noindex/ExplicitPrecompiledModules
PruneExplicitPrecompiledModules /Users/admin/builder/spi-builder-workspace/.derivedData/Build/Intermediates.noindex/SwiftExplicitPrecompiledModules
PruneExplicitPrecompiledModules /Users/admin/builder/spi-builder-workspace/.derivedData/SDKExplicitPrecompiledModules
2026-09-16 11:53:55.356 xcodebuild[658:4314] [MT] IDERunDestination: Supported platforms for the buildables in the current scheme is empty.
** BUILD FAILED **
The following build commands failed:
	SwiftCompile normal arm64 (in target 'Eunomia' from project 'Eunomia')
	SwiftEmitModule normal arm64 Emitting\ module\ for\ Eunomia (in target 'Eunomia' from project 'Eunomia')
	Building workspace Eunomia with scheme Eunomia
(3 failures)
Command line invocation:
    /Applications/Xcode-27.0.0-Release.Candidate.app/Contents/Developer/usr/bin/xcodebuild -IDEClonedSourcePackagesDirPathOverride=/Users/admin/builder/spi-builder-workspace/.dependencies -resolvePackageDependencies
Resolve Package Graph
Resolved source packages:
  Eunomia: /Users/admin/builder/spi-builder-workspace
resolved source packages: Eunomia
2026-09-16 11:54:03.251 xcodebuild[769:4784] [MT] IDERunDestination: Supported platforms for the buildables in the current scheme is empty.
{
  "dependencies" : [
  ],
  "manifest_display_name" : "Eunomia",
  "name" : "Eunomia",
  "path" : "/Users/admin/builder/spi-builder-workspace",
  "platforms" : [
    {
      "name" : "macos",
      "version" : "10.12"
    },
    {
      "name" : "ios",
      "version" : "10.0"
    }
  ],
  "products" : [
    {
      "name" : "Eunomia",
      "targets" : [
        "Eunomia"
      ],
      "type" : {
        "library" : [
          "automatic"
        ]
      }
    }
  ],
  "targets" : [
    {
      "c99name" : "Eunomia",
      "module_type" : "SwiftTarget",
      "name" : "Eunomia",
      "path" : "Source",
      "product_memberships" : [
        "Eunomia"
      ],
      "sources" : [
        "Core/App/AppExtensionSafeApplication.swift",
        "Core/App/CocoaLumberjackDeprecation.swift",
        "Core/App/EunomiaAppDelegate.swift",
        "Core/App/Location.swift",
        "Core/App/Logging.swift",
        "Core/Misc/Errors.swift",
        "Core/Misc/Guarantee.swift",
        "Core/Misc/ManagedObjectsObserver.swift",
        "Core/Misc/OrdinalNumberFormatter.swift",
        "Core/Misc/SuccessResult.swift",
        "Core/Misc/System.swift",
        "Core/Misc/Tangent.swift",
        "Core/UtilityExtensions/AV/AVFoundation+Utility.swift",
        "Core/UtilityExtensions/AV/AVURLAsset+Utility.swift",
        "Core/UtilityExtensions/Array+Utility.swift",
        "Core/UtilityExtensions/CGRect.swift",
        "Core/UtilityExtensions/CLLocation+Utility.swift",
        "Core/UtilityExtensions/CLLocationCoordinate2D+Utility.swift",
        "Core/UtilityExtensions/CLLocationDegrees+Utility.swift",
        "Core/UtilityExtensions/CLLocationDirection+Utility.swift",
        "Core/UtilityExtensions/CLLocationSpeed+Utility.swift",
        "Core/UtilityExtensions/CNContactStore+Utility.swift",
        "Core/UtilityExtensions/ClosedRange+Utility.swift",
        "Core/UtilityExtensions/CoreData/NSFetchedResultsController+Utility.swift",
        "Core/UtilityExtensions/CoreData/NSManagedObject+Utility.swift",
        "Core/UtilityExtensions/CoreData/NSManagedObjectContext+Utility.swift",
        "Core/UtilityExtensions/Date+Utility.swift",
        "Core/UtilityExtensions/Dictionary+Utility.swift",
        "Core/UtilityExtensions/DispatchQueue+Utility.swift",
        "Core/UtilityExtensions/GCD+Utility.swift",
        "Core/UtilityExtensions/JSContext+Utility.swift",
        "Core/UtilityExtensions/KeyedDecodingContainer+Utility.swift",
        "Core/UtilityExtensions/KeyedEncodingContainer+Utility.swift",
        "Core/UtilityExtensions/MPMediaItem+Utility.swift",
        "Core/UtilityExtensions/Measurement+Utility.swift",
        "Core/UtilityExtensions/NSAttributedString+Utility.swift",
        "Core/UtilityExtensions/NSCharacterSet+Utility.swift",
        "Core/UtilityExtensions/NSColor+Utility.swift",
        "Core/UtilityExtensions/NSDataAsset.swift",
        "Core/UtilityExtensions/NSError+Utility.swift",
        "Core/UtilityExtensions/NSNotification+Utility.swift",
        "Core/UtilityExtensions/NSObject+Utility.swift",
        "Core/UtilityExtensions/NSRange+Utility.swift",
        "Core/UtilityExtensions/PHPhotoLibrary+Utility.swift",
        "Core/UtilityExtensions/RangeReplaceableCollectionType+Utility.swift",
        "Core/UtilityExtensions/String+Utility.swift",
        "Core/UtilityExtensions/UIApplication+Utility.swift",
        "Core/UtilityExtensions/UIColor+Utility.swift",
        "Core/UtilityExtensions/UIDevice+Utility.swift",
        "Core/UtilityExtensions/UIFont+Utility.swift",
        "Core/UtilityExtensions/Views/UIAlertController+Utility.swift",
        "Core/UtilityExtensions/Views/UIBarItem+Utility.swift",
        "Core/UtilityExtensions/Views/UICollectionView+Utility.swift",
        "Core/UtilityExtensions/Views/UICollectionViewFlowLayout+Utility.swift",
        "Core/UtilityExtensions/Views/UIImageView+Utility.swift",
        "Core/UtilityExtensions/Views/UIProgressView+Utility.swift",
        "Core/UtilityExtensions/Views/UIScrollView+Utility.swift",
        "Core/UtilityExtensions/Views/UIStackView+Utility.swift",
        "Core/UtilityExtensions/Views/UITabBar+Utility.swift",
        "Core/UtilityExtensions/Views/UITabBarController+Utility.swift",
        "Core/UtilityExtensions/Views/UITableView+Utility.swift",
        "Core/UtilityExtensions/Views/UITableViewCell+Utility.swift",
        "Core/UtilityExtensions/Views/UITextField+Utility.swift",
        "Core/UtilityExtensions/Views/UITextView+Utility.swift",
        "Core/UtilityExtensions/Views/UIView+Utility.swift",
        "Core/UtilityExtensions/Views/UIViewController+Utility.swift",
        "Core/UtilityExtensions/Views/UIWebView+Utility.swift"
      ],
      "type" : "library"
    }
  ],
  "tools_version" : "5.0"
}
{
  "workspace" : {
    "name" : "Eunomia",
    "schemes" : [
      "Eunomia"
    ]
  }
}
2026-09-16 11:54:04.504 xcodebuild[777:4856] [MT] IDERunDestination: Supported platforms for the buildables in the current scheme is empty.
Running build ...
env DEVELOPER_DIR=/Applications/Xcode-27.0.0-Release.Candidate.app xcrun xcodebuild -IDEClonedSourcePackagesDirPathOverride=$PWD/.dependencies -skipMacroValidation -skipPackagePluginValidation -derivedDataPath $PWD/.derivedData build -scheme Eunomia -destination generic/platform=xrOS
Command line invocation:
    /Applications/Xcode-27.0.0-Release.Candidate.app/Contents/Developer/usr/bin/xcodebuild -IDEClonedSourcePackagesDirPathOverride=/Users/admin/builder/spi-builder-workspace/.dependencies -skipMacroValidation -skipPackagePluginValidation -derivedDataPath /Users/admin/builder/spi-builder-workspace/.derivedData build -scheme Eunomia -destination generic/platform=xrOS
Resolve Package Graph
Resolved source packages:
  Eunomia: /Users/admin/builder/spi-builder-workspace
ComputePackagePrebuildTargetDependencyGraph
Prepare packages
CreateBuildRequest
SendProjectDescription
CreateBuildOperation
ComputeTargetDependencyGraph
note: Building targets in dependency order
note: Target dependency graph (2 targets)
    Target 'Eunomia-product' in project 'Eunomia'
        ➜ Explicit dependency on target 'Eunomia' in project 'Eunomia'
    Target 'Eunomia' in project 'Eunomia' (no dependencies)
GatherProvisioningInputs
CreateBuildDescription
ClangStatCache /Applications/Xcode-27.0.0-Release.Candidate.app/Contents/Developer/Toolchains/XcodeDefault.xctoolchain/usr/bin/clang-stat-cache /Applications/Xcode-27.0.0-Release.Candidate.app/Contents/Developer/Platforms/XROS.platform/Developer/SDKs/XROS27.0.sdk /Users/admin/builder/spi-builder-workspace/.derivedData/SDKStatCaches.noindex/xros27.0-24M361-e829b21a6f8c9b70876ba0858053c044735bd543db762f57723cac368afd1ce4.sdkstatcache
    cd /Users/admin/builder/spi-builder-workspace/.swiftpm/xcode
    /Applications/Xcode-27.0.0-Release.Candidate.app/Contents/Developer/Toolchains/XcodeDefault.xctoolchain/usr/bin/clang-stat-cache /Applications/Xcode-27.0.0-Release.Candidate.app/Contents/Developer/Platforms/XROS.platform/Developer/SDKs/XROS27.0.sdk -o /Users/admin/builder/spi-builder-workspace/.derivedData/SDKStatCaches.noindex/xros27.0-24M361-e829b21a6f8c9b70876ba0858053c044735bd543db762f57723cac368afd1ce4.sdkstatcache
SwiftDriver Eunomia normal arm64 com.apple.xcode.tools.swift.compiler (in target 'Eunomia' from project 'Eunomia')
    cd /Users/admin/builder/spi-builder-workspace/.swiftpm/xcode
    builtin-SwiftDriver -- /Applications/Xcode-27.0.0-Release.Candidate.app/Contents/Developer/Toolchains/XcodeDefault.xctoolchain/usr/bin/swiftc -parse-as-library -module-name Eunomia -Onone @/Users/admin/builder/spi-builder-workspace/.derivedData/Build/Intermediates.noindex/Eunomia.build/Debug-xros/Eunomia-t.build/Objects-normal/arm64/Eunomia.SwiftFileList -DSWIFT_PACKAGE -DDEBUG -DSWIFT_MODULE_RESOURCE_BUNDLE_UNAVAILABLE -DXcode -plugin-path /Applications/Xcode-27.0.0-Release.Candidate.app/Contents/Developer/Toolchains/XcodeDefault.xctoolchain/usr/lib/swift/host/plugins/testing -enable-experimental-feature DebugDescriptionMacro -sdk /Applications/Xcode-27.0.0-Release.Candidate.app/Contents/Developer/Platforms/XROS.platform/Developer/SDKs/XROS27.0.sdk -target arm64-apple-xros1.0 -g -module-cache-path /Users/admin/builder/spi-builder-workspace/.derivedData/ModuleCache.noindex -Xfrontend -serialize-debugging-options -enable-testing -index-store-path /Users/admin/builder/spi-builder-workspace/.derivedData/Index.noindex/DataStore -Xcc -D_LIBCPP_HARDENING_MODE\=_LIBCPP_HARDENING_MODE_DEBUG -swift-version 5 -I /Users/admin/builder/spi-builder-workspace/.derivedData/Build/Products/Debug-xros -Isystem /Applications/Xcode-27.0.0-Release.Candidate.app/Contents/Developer/Platforms/XROS.platform/Developer/usr/lib -F /Users/admin/builder/spi-builder-workspace/.derivedData/Build/Products/Debug-xros -F /Applications/Xcode-27.0.0-Release.Candidate.app/Contents/Developer/Platforms/XROS.platform/Developer/Library/Frameworks -F /Applications/Xcode-27.0.0-Release.Candidate.app/Contents/Developer/Platforms/XROS.platform/Developer/SDKs/XROS27.0.sdk/Developer/Library/Frameworks -c -j10 -enable-batch-mode -incremental -Xcc -ivfsstatcache -Xcc /Users/admin/builder/spi-builder-workspace/.derivedData/SDKStatCaches.noindex/xros27.0-24M361-e829b21a6f8c9b70876ba0858053c044735bd543db762f57723cac368afd1ce4.sdkstatcache -output-file-map /Users/admin/builder/spi-builder-workspace/.derivedData/Build/Intermediates.noindex/Eunomia.build/Debug-xros/Eunomia-t.build/Objects-normal/arm64/Eunomia-OutputFileMap.json -save-temps -no-color-diagnostics -explicit-module-build -module-cache-path /Users/admin/builder/spi-builder-workspace/.derivedData/Build/Intermediates.noindex/SwiftExplicitPrecompiledModules -clang-scanner-module-cache-path /Users/admin/builder/spi-builder-workspace/.derivedData/ModuleCache.noindex -sdk-module-cache-path /Users/admin/builder/spi-builder-workspace/.derivedData/SDKExplicitPrecompiledModules -emit-dependencies -emit-module -emit-module-path /Users/admin/builder/spi-builder-workspace/.derivedData/Build/Intermediates.noindex/Eunomia.build/Debug-xros/Eunomia-t.build/Objects-normal/arm64/Eunomia.swiftmodule -serialize-diagnostics -dependency-scan-serialize-diagnostics-path /Users/admin/builder/spi-builder-workspace/.derivedData/Build/Intermediates.noindex/Eunomia.build/Debug-xros/Eunomia-t.build/Objects-normal/arm64/Eunomia-dependency-scan.dia -validate-clang-modules-once -clang-build-session-file /Users/admin/builder/spi-builder-workspace/.derivedData/ModuleCache.noindex/Session.modulevalidation -Xcc -fmodules-prune-interval\=86400 -Xcc -fmodules-prune-after\=345600 -emit-const-values -const-gather-protocols-list /Users/admin/builder/spi-builder-workspace/.derivedData/Build/Intermediates.noindex/Eunomia.build/Debug-xros/Eunomia-t.build/Objects-normal/arm64/Eunomia_const_extract_protocols.json -Xcc -I/Users/admin/builder/spi-builder-workspace/.derivedData/Build/Products/Debug-xros/include -Xcc -I/Users/admin/builder/spi-builder-workspace/.derivedData/Build/Intermediates.noindex/Eunomia.build/Debug-xros/Eunomia-t.build/DerivedSources-normal/arm64 -Xcc -I/Users/admin/builder/spi-builder-workspace/.derivedData/Build/Intermediates.noindex/Eunomia.build/Debug-xros/Eunomia-t.build/DerivedSources/arm64 -Xcc -I/Users/admin/builder/spi-builder-workspace/.derivedData/Build/Intermediates.noindex/Eunomia.build/Debug-xros/Eunomia-t.build/DerivedSources -Xcc -DSWIFT_PACKAGE -Xcc -DDEBUG\=1 -emit-objc-header -emit-objc-header-path /Users/admin/builder/spi-builder-workspace/.derivedData/Build/Intermediates.noindex/Eunomia.build/Debug-xros/Eunomia-t.build/Objects-normal/arm64/Eunomia-Swift.h -working-directory /Users/admin/builder/spi-builder-workspace/.swiftpm/xcode -experimental-emit-module-separately -disable-cmo
SwiftCompile normal arm64 Compiling\ AppExtensionSafeApplication.swift,\ CocoaLumberjackDeprecation.swift,\ EunomiaAppDelegate.swift,\ Location.swift,\ Logging.swift,\ Errors.swift,\ Guarantee.swift /Users/admin/builder/spi-builder-workspace/Source/Core/App/AppExtensionSafeApplication.swift /Users/admin/builder/spi-builder-workspace/Source/Core/App/CocoaLumberjackDeprecation.swift /Users/admin/builder/spi-builder-workspace/Source/Core/App/EunomiaAppDelegate.swift /Users/admin/builder/spi-builder-workspace/Source/Core/App/Location.swift /Users/admin/builder/spi-builder-workspace/Source/Core/App/Logging.swift /Users/admin/builder/spi-builder-workspace/Source/Core/Misc/Errors.swift /Users/admin/builder/spi-builder-workspace/Source/Core/Misc/Guarantee.swift (in target 'Eunomia' from project 'Eunomia')
SwiftCompile normal arm64 /Users/admin/builder/spi-builder-workspace/Source/Core/App/AppExtensionSafeApplication.swift (in target 'Eunomia' from project 'Eunomia')
    cd /Users/admin/builder/spi-builder-workspace/.swiftpm/xcode
    builtin-SwiftPerFileCompile AppExtensionSafeApplication.swift
SwiftCompile normal arm64 /Users/admin/builder/spi-builder-workspace/Source/Core/App/CocoaLumberjackDeprecation.swift (in target 'Eunomia' from project 'Eunomia')
    cd /Users/admin/builder/spi-builder-workspace/.swiftpm/xcode
    builtin-SwiftPerFileCompile CocoaLumberjackDeprecation.swift
SwiftCompile normal arm64 /Users/admin/builder/spi-builder-workspace/Source/Core/App/EunomiaAppDelegate.swift (in target 'Eunomia' from project 'Eunomia')
    cd /Users/admin/builder/spi-builder-workspace/.swiftpm/xcode
    builtin-SwiftPerFileCompile EunomiaAppDelegate.swift
SwiftCompile normal arm64 /Users/admin/builder/spi-builder-workspace/Source/Core/App/Location.swift (in target 'Eunomia' from project 'Eunomia')
    cd /Users/admin/builder/spi-builder-workspace/.swiftpm/xcode
    builtin-SwiftPerFileCompile Location.swift
SwiftCompile normal arm64 /Users/admin/builder/spi-builder-workspace/Source/Core/App/Logging.swift (in target 'Eunomia' from project 'Eunomia')
    cd /Users/admin/builder/spi-builder-workspace/.swiftpm/xcode
    builtin-SwiftPerFileCompile Logging.swift
SwiftCompile normal arm64 /Users/admin/builder/spi-builder-workspace/Source/Core/Misc/Errors.swift (in target 'Eunomia' from project 'Eunomia')
    cd /Users/admin/builder/spi-builder-workspace/.swiftpm/xcode
    builtin-SwiftPerFileCompile Errors.swift
SwiftCompile normal arm64 /Users/admin/builder/spi-builder-workspace/Source/Core/Misc/Guarantee.swift (in target 'Eunomia' from project 'Eunomia')
    cd /Users/admin/builder/spi-builder-workspace/.swiftpm/xcode
    builtin-SwiftPerFileCompile Guarantee.swift
/Users/admin/builder/spi-builder-workspace/Source/Core/App/Location.swift:46:58: error: 'CLHeading' is unavailable in visionOS
 44 |     ///   - manager: Location manager instance
 45 |     ///   - didUpdateHeading: Updated heading
 46 |     func location(_ manager: Location, didUpdateHeading: CLHeading)
    |                                                          `- error: 'CLHeading' is unavailable in visionOS
 47 | }
 48 |
/Applications/Xcode-27.0.0-Release.Candidate.app/Contents/Developer/Platforms/XROS.platform/Developer/SDKs/XROS27.0.sdk/System/Library/Frameworks/CoreLocation.framework/Headers/CLHeading.h:42:12: note: 'CLHeading' has been explicitly marked unavailable here
 40 | CL_EXTERN
 41 | API_AVAILABLE(macos(10.7), ios(3.0), watchos(2.0)) API_UNAVAILABLE(tvos, visionos)
 42 | @interface CLHeading : NSObject <NSCopying, NSSecureCoding>
    |            `- note: 'CLHeading' has been explicitly marked unavailable here
 43 | {
 44 | @private
/Users/admin/builder/spi-builder-workspace/Source/Core/App/Location.swift:53:58: error: 'CLHeading' is unavailable in visionOS
 51 |     func location(_ manager: Location, locations: [CLLocation]) {}
 52 |     func location(_ manager: Location, location: CLLocation) {}
 53 |     func location(_ manager: Location, didUpdateHeading: CLHeading) {}
    |                                                          `- error: 'CLHeading' is unavailable in visionOS
 54 | }
 55 |
/Applications/Xcode-27.0.0-Release.Candidate.app/Contents/Developer/Platforms/XROS.platform/Developer/SDKs/XROS27.0.sdk/System/Library/Frameworks/CoreLocation.framework/Headers/CLHeading.h:42:12: note: 'CLHeading' has been explicitly marked unavailable here
 40 | CL_EXTERN
 41 | API_AVAILABLE(macos(10.7), ios(3.0), watchos(2.0)) API_UNAVAILABLE(tvos, visionos)
 42 | @interface CLHeading : NSObject <NSCopying, NSSecureCoding>
    |            `- note: 'CLHeading' has been explicitly marked unavailable here
 43 | {
 44 | @private
/Users/admin/builder/spi-builder-workspace/Source/Core/App/Location.swift:296:17: error: cannot override 'locationManager' which has been marked unavailable
294 |     ///   - manager: iOS Location Manager
295 |     ///   - status: now authorization status
296 |     public func locationManager(_ manager: CLLocationManager, didChangeAuthorization status: CLAuthorizationStatus) {
    |                 `- error: cannot override 'locationManager' which has been marked unavailable
297 |         self._status = status
298 |         for subscriber in self.authorizationStatusSubscribers {
/Applications/Xcode-27.0.0-Release.Candidate.app/Contents/Developer/Platforms/XROS.platform/Developer/SDKs/XROS27.0.sdk/System/Library/Frameworks/CoreLocation.framework/Headers/CLLocationManagerDelegate.h:164:1: note: 'locationManager(_:didChangeAuthorization:)' has been explicitly marked unavailable here
162 |  *    Invoked when the authorization status changes for this application.
163 |  */
164 | - (void)locationManager:(CLLocationManager *)manager didChangeAuthorizationStatus:(CLAuthorizationStatus)status API_DEPRECATED_WITH_REPLACEMENT("-locationManagerDidChangeAuthorization:", ios(4.2, 14.0), macos(10.7, 11.0), watchos(1.0, 7.0), tvos(9.0, 14.0)) API_UNAVAILABLE(visionos);
    | `- note: 'locationManager(_:didChangeAuthorization:)' has been explicitly marked unavailable here
165 |
166 | /*
/Users/admin/builder/spi-builder-workspace/Source/Core/App/Location.swift:334:36: error: 'CLHeading' is unavailable in visionOS
332 |     }
333 |
334 |     private func handle(didUpdate: CLHeading) {
    |                                    `- error: 'CLHeading' is unavailable in visionOS
335 |         for subscriber in self.locationSubscribers {
336 |             subscriber.location(self, didUpdateHeading: didUpdate)
/Applications/Xcode-27.0.0-Release.Candidate.app/Contents/Developer/Platforms/XROS.platform/Developer/SDKs/XROS27.0.sdk/System/Library/Frameworks/CoreLocation.framework/Headers/CLHeading.h:42:12: note: 'CLHeading' has been explicitly marked unavailable here
 40 | CL_EXTERN
 41 | API_AVAILABLE(macos(10.7), ios(3.0), watchos(2.0)) API_UNAVAILABLE(tvos, visionos)
 42 | @interface CLHeading : NSObject <NSCopying, NSSecureCoding>
    |            `- note: 'CLHeading' has been explicitly marked unavailable here
 43 | {
 44 | @private
/Users/admin/builder/spi-builder-workspace/Source/Core/App/Location.swift:112:42: warning: 'authorizationStatus()' was deprecated in visionOS 1.0 [#DeprecatedDeclaration]
110 |
111 |     override public init() {
112 |         self._status = CLLocationManager.authorizationStatus()
    |                                          `- warning: 'authorizationStatus()' was deprecated in visionOS 1.0 [#DeprecatedDeclaration]
113 |
114 |         super.init()
/Users/admin/builder/spi-builder-workspace/Source/Core/App/Location.swift:239:30: error: 'startMonitoringSignificantLocationChanges()' is unavailable in visionOS
237 |         }
238 |
239 |         self.locationManager.startMonitoringSignificantLocationChanges()
    |                              `- error: 'startMonitoringSignificantLocationChanges()' is unavailable in visionOS
240 |
241 |         return true
/Applications/Xcode-27.0.0-Release.Candidate.app/Contents/Developer/Platforms/XROS.platform/Developer/SDKs/XROS27.0.sdk/System/Library/Frameworks/CoreLocation.framework/Headers/CLLocationManager.h:665:1: note: 'startMonitoringSignificantLocationChanges()' has been explicitly marked unavailable here
663 |  *
664 |  */
665 | - (void)startMonitoringSignificantLocationChanges API_AVAILABLE(ios(4.0), macos(10.7)) API_UNAVAILABLE(watchos, tvos, visionos);
    | `- note: 'startMonitoringSignificantLocationChanges()' has been explicitly marked unavailable here
666 |
667 | /*
SwiftCompile normal arm64 Compiling\ ManagedObjectsObserver.swift,\ OrdinalNumberFormatter.swift,\ SuccessResult.swift,\ System.swift,\ Tangent.swift,\ AVFoundation+Utility.swift,\ AVURLAsset+Utility.swift /Users/admin/builder/spi-builder-workspace/Source/Core/Misc/ManagedObjectsObserver.swift /Users/admin/builder/spi-builder-workspace/Source/Core/Misc/OrdinalNumberFormatter.swift /Users/admin/builder/spi-builder-workspace/Source/Core/Misc/SuccessResult.swift /Users/admin/builder/spi-builder-workspace/Source/Core/Misc/System.swift /Users/admin/builder/spi-builder-workspace/Source/Core/Misc/Tangent.swift /Users/admin/builder/spi-builder-workspace/Source/Core/UtilityExtensions/AV/AVFoundation+Utility.swift /Users/admin/builder/spi-builder-workspace/Source/Core/UtilityExtensions/AV/AVURLAsset+Utility.swift (in target 'Eunomia' from project 'Eunomia')
SwiftCompile normal arm64 /Users/admin/builder/spi-builder-workspace/Source/Core/Misc/ManagedObjectsObserver.swift (in target 'Eunomia' from project 'Eunomia')
    cd /Users/admin/builder/spi-builder-workspace/.swiftpm/xcode
    builtin-SwiftPerFileCompile ManagedObjectsObserver.swift
SwiftCompile normal arm64 /Users/admin/builder/spi-builder-workspace/Source/Core/Misc/OrdinalNumberFormatter.swift (in target 'Eunomia' from project 'Eunomia')
    cd /Users/admin/builder/spi-builder-workspace/.swiftpm/xcode
    builtin-SwiftPerFileCompile OrdinalNumberFormatter.swift
SwiftCompile normal arm64 /Users/admin/builder/spi-builder-workspace/Source/Core/Misc/SuccessResult.swift (in target 'Eunomia' from project 'Eunomia')
    cd /Users/admin/builder/spi-builder-workspace/.swiftpm/xcode
    builtin-SwiftPerFileCompile SuccessResult.swift
SwiftCompile normal arm64 /Users/admin/builder/spi-builder-workspace/Source/Core/Misc/System.swift (in target 'Eunomia' from project 'Eunomia')
    cd /Users/admin/builder/spi-builder-workspace/.swiftpm/xcode
    builtin-SwiftPerFileCompile System.swift
SwiftCompile normal arm64 /Users/admin/builder/spi-builder-workspace/Source/Core/Misc/Tangent.swift (in target 'Eunomia' from project 'Eunomia')
    cd /Users/admin/builder/spi-builder-workspace/.swiftpm/xcode
    builtin-SwiftPerFileCompile Tangent.swift
SwiftCompile normal arm64 /Users/admin/builder/spi-builder-workspace/Source/Core/UtilityExtensions/AV/AVFoundation+Utility.swift (in target 'Eunomia' from project 'Eunomia')
    cd /Users/admin/builder/spi-builder-workspace/.swiftpm/xcode
    builtin-SwiftPerFileCompile AVFoundation+Utility.swift
SwiftCompile normal arm64 /Users/admin/builder/spi-builder-workspace/Source/Core/UtilityExtensions/AV/AVURLAsset+Utility.swift (in target 'Eunomia' from project 'Eunomia')
    cd /Users/admin/builder/spi-builder-workspace/.swiftpm/xcode
    builtin-SwiftPerFileCompile AVURLAsset+Utility.swift
SwiftCompile normal arm64 Compiling\ Array+Utility.swift,\ CGRect.swift,\ CLLocation+Utility.swift,\ CLLocationCoordinate2D+Utility.swift,\ CLLocationDegrees+Utility.swift,\ CLLocationDirection+Utility.swift,\ CLLocationSpeed+Utility.swift /Users/admin/builder/spi-builder-workspace/Source/Core/UtilityExtensions/Array+Utility.swift /Users/admin/builder/spi-builder-workspace/Source/Core/UtilityExtensions/CGRect.swift /Users/admin/builder/spi-builder-workspace/Source/Core/UtilityExtensions/CLLocation+Utility.swift /Users/admin/builder/spi-builder-workspace/Source/Core/UtilityExtensions/CLLocationCoordinate2D+Utility.swift /Users/admin/builder/spi-builder-workspace/Source/Core/UtilityExtensions/CLLocationDegrees+Utility.swift /Users/admin/builder/spi-builder-workspace/Source/Core/UtilityExtensions/CLLocationDirection+Utility.swift /Users/admin/builder/spi-builder-workspace/Source/Core/UtilityExtensions/CLLocationSpeed+Utility.swift (in target 'Eunomia' from project 'Eunomia')
/Users/admin/builder/spi-builder-workspace/Source/Core/UtilityExtensions/CGRect.swift:15:11: error: cannot find type 'CGRect' in scope
13 | #endif
14 |
15 | extension CGRect {
   |           `- error: cannot find type 'CGRect' in scope
16 |     public init(center: CGPoint, size: CGSize) {
17 |         let origin = CGPoint(x: center.x - size.width / 2,
/Users/admin/builder/spi-builder-workspace/Source/Core/UtilityExtensions/CLLocation+Utility.swift:49:1: warning: extension declares a conformance of imported type 'CLLocation' to imported protocol 'Encodable'; this will not behave correctly if the owners of '_LocationEssentials' introduce this conformance in the future
 47 | }
 48 |
 49 | extension CLLocation: Encodable {
    | |- warning: extension declares a conformance of imported type 'CLLocation' to imported protocol 'Encodable'; this will not behave correctly if the owners of '_LocationEssentials' introduce this conformance in the future
    | `- note: add '@retroactive' to silence this warning
 50 |     public enum CodingKeys: String, CodingKey {
 51 |         case latitude
SwiftCompile normal arm64 /Users/admin/builder/spi-builder-workspace/Source/Core/UtilityExtensions/Array+Utility.swift (in target 'Eunomia' from project 'Eunomia')
    cd /Users/admin/builder/spi-builder-workspace/.swiftpm/xcode
    builtin-SwiftPerFileCompile Array+Utility.swift
SwiftCompile normal arm64 /Users/admin/builder/spi-builder-workspace/Source/Core/UtilityExtensions/CGRect.swift (in target 'Eunomia' from project 'Eunomia')
    cd /Users/admin/builder/spi-builder-workspace/.swiftpm/xcode
    builtin-SwiftPerFileCompile CGRect.swift
SwiftCompile normal arm64 /Users/admin/builder/spi-builder-workspace/Source/Core/UtilityExtensions/CLLocation+Utility.swift (in target 'Eunomia' from project 'Eunomia')
    cd /Users/admin/builder/spi-builder-workspace/.swiftpm/xcode
    builtin-SwiftPerFileCompile CLLocation+Utility.swift
SwiftCompile normal arm64 /Users/admin/builder/spi-builder-workspace/Source/Core/UtilityExtensions/CLLocationCoordinate2D+Utility.swift (in target 'Eunomia' from project 'Eunomia')
    cd /Users/admin/builder/spi-builder-workspace/.swiftpm/xcode
    builtin-SwiftPerFileCompile CLLocationCoordinate2D+Utility.swift
SwiftCompile normal arm64 /Users/admin/builder/spi-builder-workspace/Source/Core/UtilityExtensions/CLLocationDegrees+Utility.swift (in target 'Eunomia' from project 'Eunomia')
    cd /Users/admin/builder/spi-builder-workspace/.swiftpm/xcode
    builtin-SwiftPerFileCompile CLLocationDegrees+Utility.swift
SwiftCompile normal arm64 /Users/admin/builder/spi-builder-workspace/Source/Core/UtilityExtensions/CLLocationDirection+Utility.swift (in target 'Eunomia' from project 'Eunomia')
    cd /Users/admin/builder/spi-builder-workspace/.swiftpm/xcode
    builtin-SwiftPerFileCompile CLLocationDirection+Utility.swift
SwiftCompile normal arm64 /Users/admin/builder/spi-builder-workspace/Source/Core/UtilityExtensions/CLLocationSpeed+Utility.swift (in target 'Eunomia' from project 'Eunomia')
    cd /Users/admin/builder/spi-builder-workspace/.swiftpm/xcode
    builtin-SwiftPerFileCompile CLLocationSpeed+Utility.swift
SwiftCompile normal arm64 Compiling\ DispatchQueue+Utility.swift,\ GCD+Utility.swift,\ JSContext+Utility.swift,\ KeyedDecodingContainer+Utility.swift,\ KeyedEncodingContainer+Utility.swift,\ MPMediaItem+Utility.swift,\ Measurement+Utility.swift /Users/admin/builder/spi-builder-workspace/Source/Core/UtilityExtensions/DispatchQueue+Utility.swift /Users/admin/builder/spi-builder-workspace/Source/Core/UtilityExtensions/GCD+Utility.swift /Users/admin/builder/spi-builder-workspace/Source/Core/UtilityExtensions/JSContext+Utility.swift /Users/admin/builder/spi-builder-workspace/Source/Core/UtilityExtensions/KeyedDecodingContainer+Utility.swift /Users/admin/builder/spi-builder-workspace/Source/Core/UtilityExtensions/KeyedEncodingContainer+Utility.swift /Users/admin/builder/spi-builder-workspace/Source/Core/UtilityExtensions/MPMediaItem+Utility.swift /Users/admin/builder/spi-builder-workspace/Source/Core/UtilityExtensions/Measurement+Utility.swift (in target 'Eunomia' from project 'Eunomia')
SwiftCompile normal arm64 /Users/admin/builder/spi-builder-workspace/Source/Core/UtilityExtensions/DispatchQueue+Utility.swift (in target 'Eunomia' from project 'Eunomia')
    cd /Users/admin/builder/spi-builder-workspace/.swiftpm/xcode
    builtin-SwiftPerFileCompile DispatchQueue+Utility.swift
SwiftCompile normal arm64 /Users/admin/builder/spi-builder-workspace/Source/Core/UtilityExtensions/GCD+Utility.swift (in target 'Eunomia' from project 'Eunomia')
    cd /Users/admin/builder/spi-builder-workspace/.swiftpm/xcode
    builtin-SwiftPerFileCompile GCD+Utility.swift
SwiftCompile normal arm64 /Users/admin/builder/spi-builder-workspace/Source/Core/UtilityExtensions/JSContext+Utility.swift (in target 'Eunomia' from project 'Eunomia')
    cd /Users/admin/builder/spi-builder-workspace/.swiftpm/xcode
    builtin-SwiftPerFileCompile JSContext+Utility.swift
SwiftCompile normal arm64 /Users/admin/builder/spi-builder-workspace/Source/Core/UtilityExtensions/KeyedDecodingContainer+Utility.swift (in target 'Eunomia' from project 'Eunomia')
    cd /Users/admin/builder/spi-builder-workspace/.swiftpm/xcode
    builtin-SwiftPerFileCompile KeyedDecodingContainer+Utility.swift
SwiftCompile normal arm64 /Users/admin/builder/spi-builder-workspace/Source/Core/UtilityExtensions/KeyedEncodingContainer+Utility.swift (in target 'Eunomia' from project 'Eunomia')
    cd /Users/admin/builder/spi-builder-workspace/.swiftpm/xcode
    builtin-SwiftPerFileCompile KeyedEncodingContainer+Utility.swift
SwiftCompile normal arm64 /Users/admin/builder/spi-builder-workspace/Source/Core/UtilityExtensions/MPMediaItem+Utility.swift (in target 'Eunomia' from project 'Eunomia')
    cd /Users/admin/builder/spi-builder-workspace/.swiftpm/xcode
    builtin-SwiftPerFileCompile MPMediaItem+Utility.swift
SwiftCompile normal arm64 /Users/admin/builder/spi-builder-workspace/Source/Core/UtilityExtensions/Measurement+Utility.swift (in target 'Eunomia' from project 'Eunomia')
    cd /Users/admin/builder/spi-builder-workspace/.swiftpm/xcode
    builtin-SwiftPerFileCompile Measurement+Utility.swift
SwiftCompile normal arm64 Compiling\ NSAttributedString+Utility.swift,\ NSCharacterSet+Utility.swift,\ NSColor+Utility.swift,\ NSDataAsset.swift,\ NSError+Utility.swift,\ NSNotification+Utility.swift,\ NSObject+Utility.swift /Users/admin/builder/spi-builder-workspace/Source/Core/UtilityExtensions/NSAttributedString+Utility.swift /Users/admin/builder/spi-builder-workspace/Source/Core/UtilityExtensions/NSCharacterSet+Utility.swift /Users/admin/builder/spi-builder-workspace/Source/Core/UtilityExtensions/NSColor+Utility.swift /Users/admin/builder/spi-builder-workspace/Source/Core/UtilityExtensions/NSDataAsset.swift /Users/admin/builder/spi-builder-workspace/Source/Core/UtilityExtensions/NSError+Utility.swift /Users/admin/builder/spi-builder-workspace/Source/Core/UtilityExtensions/NSNotification+Utility.swift /Users/admin/builder/spi-builder-workspace/Source/Core/UtilityExtensions/NSObject+Utility.swift (in target 'Eunomia' from project 'Eunomia')
/Users/admin/builder/spi-builder-workspace/Source/Core/UtilityExtensions/NSDataAsset.swift:15:11: error: cannot find type 'NSDataAsset' in scope
13 | #endif
14 |
15 | extension NSDataAsset {
   |           `- error: cannot find type 'NSDataAsset' in scope
16 |     public enum Errors: Error, CustomStringConvertible {
17 |         case assetNotFound(name: String, bundle: Bundle)
SwiftCompile normal arm64 /Users/admin/builder/spi-builder-workspace/Source/Core/UtilityExtensions/NSAttributedString+Utility.swift (in target 'Eunomia' from project 'Eunomia')
    cd /Users/admin/builder/spi-builder-workspace/.swiftpm/xcode
    builtin-SwiftPerFileCompile NSAttributedString+Utility.swift
SwiftCompile normal arm64 /Users/admin/builder/spi-builder-workspace/Source/Core/UtilityExtensions/NSCharacterSet+Utility.swift (in target 'Eunomia' from project 'Eunomia')
    cd /Users/admin/builder/spi-builder-workspace/.swiftpm/xcode
    builtin-SwiftPerFileCompile NSCharacterSet+Utility.swift
SwiftCompile normal arm64 /Users/admin/builder/spi-builder-workspace/Source/Core/UtilityExtensions/NSColor+Utility.swift (in target 'Eunomia' from project 'Eunomia')
    cd /Users/admin/builder/spi-builder-workspace/.swiftpm/xcode
    builtin-SwiftPerFileCompile NSColor+Utility.swift
SwiftCompile normal arm64 /Users/admin/builder/spi-builder-workspace/Source/Core/UtilityExtensions/NSDataAsset.swift (in target 'Eunomia' from project 'Eunomia')
    cd /Users/admin/builder/spi-builder-workspace/.swiftpm/xcode
    builtin-SwiftPerFileCompile NSDataAsset.swift
SwiftCompile normal arm64 /Users/admin/builder/spi-builder-workspace/Source/Core/UtilityExtensions/NSError+Utility.swift (in target 'Eunomia' from project 'Eunomia')
    cd /Users/admin/builder/spi-builder-workspace/.swiftpm/xcode
    builtin-SwiftPerFileCompile NSError+Utility.swift
SwiftCompile normal arm64 /Users/admin/builder/spi-builder-workspace/Source/Core/UtilityExtensions/NSNotification+Utility.swift (in target 'Eunomia' from project 'Eunomia')
    cd /Users/admin/builder/spi-builder-workspace/.swiftpm/xcode
    builtin-SwiftPerFileCompile NSNotification+Utility.swift
SwiftCompile normal arm64 /Users/admin/builder/spi-builder-workspace/Source/Core/UtilityExtensions/NSObject+Utility.swift (in target 'Eunomia' from project 'Eunomia')
    cd /Users/admin/builder/spi-builder-workspace/.swiftpm/xcode
    builtin-SwiftPerFileCompile NSObject+Utility.swift
SwiftCompile normal arm64 Compiling\ CNContactStore+Utility.swift,\ ClosedRange+Utility.swift,\ NSFetchedResultsController+Utility.swift,\ NSManagedObject+Utility.swift,\ NSManagedObjectContext+Utility.swift,\ Date+Utility.swift,\ Dictionary+Utility.swift /Users/admin/builder/spi-builder-workspace/Source/Core/UtilityExtensions/CNContactStore+Utility.swift /Users/admin/builder/spi-builder-workspace/Source/Core/UtilityExtensions/ClosedRange+Utility.swift /Users/admin/builder/spi-builder-workspace/Source/Core/UtilityExtensions/CoreData/NSFetchedResultsController+Utility.swift /Users/admin/builder/spi-builder-workspace/Source/Core/UtilityExtensions/CoreData/NSManagedObject+Utility.swift /Users/admin/builder/spi-builder-workspace/Source/Core/UtilityExtensions/CoreData/NSManagedObjectContext+Utility.swift /Users/admin/builder/spi-builder-workspace/Source/Core/UtilityExtensions/Date+Utility.swift /Users/admin/builder/spi-builder-workspace/Source/Core/UtilityExtensions/Dictionary+Utility.swift (in target 'Eunomia' from project 'Eunomia')
SwiftCompile normal arm64 /Users/admin/builder/spi-builder-workspace/Source/Core/UtilityExtensions/CNContactStore+Utility.swift (in target 'Eunomia' from project 'Eunomia')
    cd /Users/admin/builder/spi-builder-workspace/.swiftpm/xcode
    builtin-SwiftPerFileCompile CNContactStore+Utility.swift
SwiftCompile normal arm64 /Users/admin/builder/spi-builder-workspace/Source/Core/UtilityExtensions/ClosedRange+Utility.swift (in target 'Eunomia' from project 'Eunomia')
    cd /Users/admin/builder/spi-builder-workspace/.swiftpm/xcode
    builtin-SwiftPerFileCompile ClosedRange+Utility.swift
SwiftCompile normal arm64 /Users/admin/builder/spi-builder-workspace/Source/Core/UtilityExtensions/CoreData/NSFetchedResultsController+Utility.swift (in target 'Eunomia' from project 'Eunomia')
    cd /Users/admin/builder/spi-builder-workspace/.swiftpm/xcode
    builtin-SwiftPerFileCompile NSFetchedResultsController+Utility.swift
SwiftCompile normal arm64 /Users/admin/builder/spi-builder-workspace/Source/Core/UtilityExtensions/CoreData/NSManagedObject+Utility.swift (in target 'Eunomia' from project 'Eunomia')
    cd /Users/admin/builder/spi-builder-workspace/.swiftpm/xcode
    builtin-SwiftPerFileCompile NSManagedObject+Utility.swift
SwiftCompile normal arm64 /Users/admin/builder/spi-builder-workspace/Source/Core/UtilityExtensions/CoreData/NSManagedObjectContext+Utility.swift (in target 'Eunomia' from project 'Eunomia')
    cd /Users/admin/builder/spi-builder-workspace/.swiftpm/xcode
    builtin-SwiftPerFileCompile NSManagedObjectContext+Utility.swift
SwiftCompile normal arm64 /Users/admin/builder/spi-builder-workspace/Source/Core/UtilityExtensions/Date+Utility.swift (in target 'Eunomia' from project 'Eunomia')
    cd /Users/admin/builder/spi-builder-workspace/.swiftpm/xcode
    builtin-SwiftPerFileCompile Date+Utility.swift
SwiftCompile normal arm64 /Users/admin/builder/spi-builder-workspace/Source/Core/UtilityExtensions/Dictionary+Utility.swift (in target 'Eunomia' from project 'Eunomia')
    cd /Users/admin/builder/spi-builder-workspace/.swiftpm/xcode
    builtin-SwiftPerFileCompile Dictionary+Utility.swift
SwiftEmitModule normal arm64 Emitting\ module\ for\ Eunomia (in target 'Eunomia' from project 'Eunomia')
/Users/admin/builder/spi-builder-workspace/Source/Core/App/Location.swift:46:58: error: 'CLHeading' is unavailable in visionOS
 44 |     ///   - manager: Location manager instance
 45 |     ///   - didUpdateHeading: Updated heading
 46 |     func location(_ manager: Location, didUpdateHeading: CLHeading)
    |                                                          `- error: 'CLHeading' is unavailable in visionOS
 47 | }
 48 |
/Applications/Xcode-27.0.0-Release.Candidate.app/Contents/Developer/Platforms/XROS.platform/Developer/SDKs/XROS27.0.sdk/System/Library/Frameworks/CoreLocation.framework/Headers/CLHeading.h:42:12: note: 'CLHeading' has been explicitly marked unavailable here
 40 | CL_EXTERN
 41 | API_AVAILABLE(macos(10.7), ios(3.0), watchos(2.0)) API_UNAVAILABLE(tvos, visionos)
 42 | @interface CLHeading : NSObject <NSCopying, NSSecureCoding>
    |            `- note: 'CLHeading' has been explicitly marked unavailable here
 43 | {
 44 | @private
/Users/admin/builder/spi-builder-workspace/Source/Core/App/Location.swift:53:58: error: 'CLHeading' is unavailable in visionOS
 51 |     func location(_ manager: Location, locations: [CLLocation]) {}
 52 |     func location(_ manager: Location, location: CLLocation) {}
 53 |     func location(_ manager: Location, didUpdateHeading: CLHeading) {}
    |                                                          `- error: 'CLHeading' is unavailable in visionOS
 54 | }
 55 |
/Applications/Xcode-27.0.0-Release.Candidate.app/Contents/Developer/Platforms/XROS.platform/Developer/SDKs/XROS27.0.sdk/System/Library/Frameworks/CoreLocation.framework/Headers/CLHeading.h:42:12: note: 'CLHeading' has been explicitly marked unavailable here
 40 | CL_EXTERN
 41 | API_AVAILABLE(macos(10.7), ios(3.0), watchos(2.0)) API_UNAVAILABLE(tvos, visionos)
 42 | @interface CLHeading : NSObject <NSCopying, NSSecureCoding>
    |            `- note: 'CLHeading' has been explicitly marked unavailable here
 43 | {
 44 | @private
/Users/admin/builder/spi-builder-workspace/Source/Core/App/Location.swift:296:17: error: cannot override 'locationManager' which has been marked unavailable
294 |     ///   - manager: iOS Location Manager
295 |     ///   - status: now authorization status
296 |     public func locationManager(_ manager: CLLocationManager, didChangeAuthorization status: CLAuthorizationStatus) {
    |                 `- error: cannot override 'locationManager' which has been marked unavailable
297 |         self._status = status
298 |         for subscriber in self.authorizationStatusSubscribers {
/Applications/Xcode-27.0.0-Release.Candidate.app/Contents/Developer/Platforms/XROS.platform/Developer/SDKs/XROS27.0.sdk/System/Library/Frameworks/CoreLocation.framework/Headers/CLLocationManagerDelegate.h:164:1: note: 'locationManager(_:didChangeAuthorization:)' has been explicitly marked unavailable here
162 |  *    Invoked when the authorization status changes for this application.
163 |  */
164 | - (void)locationManager:(CLLocationManager *)manager didChangeAuthorizationStatus:(CLAuthorizationStatus)status API_DEPRECATED_WITH_REPLACEMENT("-locationManagerDidChangeAuthorization:", ios(4.2, 14.0), macos(10.7, 11.0), watchos(1.0, 7.0), tvos(9.0, 14.0)) API_UNAVAILABLE(visionos);
    | `- note: 'locationManager(_:didChangeAuthorization:)' has been explicitly marked unavailable here
165 |
166 | /*
/Users/admin/builder/spi-builder-workspace/Source/Core/App/Location.swift:334:36: error: 'CLHeading' is unavailable in visionOS
332 |     }
333 |
334 |     private func handle(didUpdate: CLHeading) {
    |                                    `- error: 'CLHeading' is unavailable in visionOS
335 |         for subscriber in self.locationSubscribers {
336 |             subscriber.location(self, didUpdateHeading: didUpdate)
/Applications/Xcode-27.0.0-Release.Candidate.app/Contents/Developer/Platforms/XROS.platform/Developer/SDKs/XROS27.0.sdk/System/Library/Frameworks/CoreLocation.framework/Headers/CLHeading.h:42:12: note: 'CLHeading' has been explicitly marked unavailable here
 40 | CL_EXTERN
 41 | API_AVAILABLE(macos(10.7), ios(3.0), watchos(2.0)) API_UNAVAILABLE(tvos, visionos)
 42 | @interface CLHeading : NSObject <NSCopying, NSSecureCoding>
    |            `- note: 'CLHeading' has been explicitly marked unavailable here
 43 | {
 44 | @private
/Users/admin/builder/spi-builder-workspace/Source/Core/Misc/OrdinalNumberFormatter.swift:12:12: warning: class 'OrdinalNumberFormatter' must restate inherited '@unchecked Sendable' conformance
 10 |
 11 | // translated from http://stackoverflow.com/a/3316016
 12 | open class OrdinalNumberFormatter: NumberFormatter {
    |            `- warning: class 'OrdinalNumberFormatter' must restate inherited '@unchecked Sendable' conformance
 13 |
 14 |     open override func getObjectValue(_ obj: AutoreleasingUnsafeMutablePointer<AnyObject?>?, for string: String, range rangep: UnsafeMutablePointer<NSRange>?) throws {
/Users/admin/builder/spi-builder-workspace/Source/Core/UtilityExtensions/CGRect.swift:15:11: error: cannot find type 'CGRect' in scope
13 | #endif
14 |
15 | extension CGRect {
   |           `- error: cannot find type 'CGRect' in scope
16 |     public init(center: CGPoint, size: CGSize) {
17 |         let origin = CGPoint(x: center.x - size.width / 2,
/Users/admin/builder/spi-builder-workspace/Source/Core/UtilityExtensions/CLLocation+Utility.swift:49:1: warning: extension declares a conformance of imported type 'CLLocation' to imported protocol 'Encodable'; this will not behave correctly if the owners of '_LocationEssentials' introduce this conformance in the future
 47 | }
 48 |
 49 | extension CLLocation: Encodable {
    | |- warning: extension declares a conformance of imported type 'CLLocation' to imported protocol 'Encodable'; this will not behave correctly if the owners of '_LocationEssentials' introduce this conformance in the future
    | `- note: add '@retroactive' to silence this warning
 50 |     public enum CodingKeys: String, CodingKey {
 51 |         case latitude
/Users/admin/builder/spi-builder-workspace/Source/Core/UtilityExtensions/CLLocationCoordinate2D+Utility.swift:74:1: warning: extension declares a conformance of imported type 'CLLocationCoordinate2D' to imported protocol 'Equatable'; this will not behave correctly if the owners of '_LocationEssentials' introduce this conformance in the future
72 | }
73 |
74 | extension CLLocationCoordinate2D: Equatable {
   | |- warning: extension declares a conformance of imported type 'CLLocationCoordinate2D' to imported protocol 'Equatable'; this will not behave correctly if the owners of '_LocationEssentials' introduce this conformance in the future
   | `- note: add '@retroactive' to silence this warning
75 |     public static func == (left: CLLocationCoordinate2D, right: CLLocationCoordinate2D) -> Bool {
76 |         return left.latitude == right.latitude
/Users/admin/builder/spi-builder-workspace/Source/Core/UtilityExtensions/NSDataAsset.swift:15:11: error: cannot find type 'NSDataAsset' in scope
13 | #endif
14 |
15 | extension NSDataAsset {
   |           `- error: cannot find type 'NSDataAsset' in scope
16 |     public enum Errors: Error, CustomStringConvertible {
17 |         case assetNotFound(name: String, bundle: Bundle)
/Users/admin/builder/spi-builder-workspace/Source/Core/UtilityExtensions/NSDataAsset.swift:28:11: error: cannot find type 'NSDataAsset' in scope
26 | }
27 |
28 | extension NSDataAsset {
   |           `- error: cannot find type 'NSDataAsset' in scope
29 |     public static func create(name: String, bundle: Bundle) throws -> NSDataAsset {
30 |         guard let result = NSDataAsset(name: name, bundle: bundle) else {
/Users/admin/builder/spi-builder-workspace/Source/Core/UtilityExtensions/Views/UIView+Utility.swift:22:11: error: cannot find type 'ViewType' in scope
 20 |
 21 | // MARK: - Contained within
 22 | extension ViewType {
    |           `- error: cannot find type 'ViewType' in scope
 23 |     #if os(iOS)
 24 |     /**
/Users/admin/builder/spi-builder-workspace/Source/Core/UtilityExtensions/Views/UIView+Utility.swift:55:18: error: cannot find type 'ViewType' in scope
 53 |
 54 | // MARK: Contraints
 55 | public extension ViewType {
    |                  `- error: cannot find type 'ViewType' in scope
 56 |     func removeAllConstraints() {
 57 |         while self.constraints.count > 0 {
Failed frontend command:
/Applications/Xcode-27.0.0-Release.Candidate.app/Contents/Developer/Toolchains/XcodeDefault.xctoolchain/usr/bin/swift-frontend -frontend -emit-module -experimental-skip-non-inlinable-function-bodies-without-types /Users/admin/builder/spi-builder-workspace/Source/Core/App/AppExtensionSafeApplication.swift /Users/admin/builder/spi-builder-workspace/Source/Core/App/CocoaLumberjackDeprecation.swift /Users/admin/builder/spi-builder-workspace/Source/Core/App/EunomiaAppDelegate.swift /Users/admin/builder/spi-builder-workspace/Source/Core/App/Location.swift /Users/admin/builder/spi-builder-workspace/Source/Core/App/Logging.swift /Users/admin/builder/spi-builder-workspace/Source/Core/Misc/Errors.swift /Users/admin/builder/spi-builder-workspace/Source/Core/Misc/Guarantee.swift /Users/admin/builder/spi-builder-workspace/Source/Core/Misc/ManagedObjectsObserver.swift /Users/admin/builder/spi-builder-workspace/Source/Core/Misc/OrdinalNumberFormatter.swift /Users/admin/builder/spi-builder-workspace/Source/Core/Misc/SuccessResult.swift /Users/admin/builder/spi-builder-workspace/Source/Core/Misc/System.swift /Users/admin/builder/spi-builder-workspace/Source/Core/Misc/Tangent.swift /Users/admin/builder/spi-builder-workspace/Source/Core/UtilityExtensions/AV/AVFoundation+Utility.swift /Users/admin/builder/spi-builder-workspace/Source/Core/UtilityExtensions/AV/AVURLAsset+Utility.swift /Users/admin/builder/spi-builder-workspace/Source/Core/UtilityExtensions/Array+Utility.swift /Users/admin/builder/spi-builder-workspace/Source/Core/UtilityExtensions/CGRect.swift /Users/admin/builder/spi-builder-workspace/Source/Core/UtilityExtensions/CLLocation+Utility.swift /Users/admin/builder/spi-builder-workspace/Source/Core/UtilityExtensions/CLLocationCoordinate2D+Utility.swift /Users/admin/builder/spi-builder-workspace/Source/Core/UtilityExtensions/CLLocationDegrees+Utility.swift /Users/admin/builder/spi-builder-workspace/Source/Core/UtilityExtensions/CLLocationDirection+Utility.swift /Users/admin/builder/spi-builder-workspace/Source/Core/UtilityExtensions/CLLocationSpeed+Utility.swift /Users/admin/builder/spi-builder-workspace/Source/Core/UtilityExtensions/CNContactStore+Utility.swift /Users/admin/builder/spi-builder-workspace/Source/Core/UtilityExtensions/ClosedRange+Utility.swift /Users/admin/builder/spi-builder-workspace/Source/Core/UtilityExtensions/CoreData/NSFetchedResultsController+Utility.swift /Users/admin/builder/spi-builder-workspace/Source/Core/UtilityExtensions/CoreData/NSManagedObject+Utility.swift /Users/admin/builder/spi-builder-workspace/Source/Core/UtilityExtensions/CoreData/NSManagedObjectContext+Utility.swift /Users/admin/builder/spi-builder-workspace/Source/Core/UtilityExtensions/Date+Utility.swift /Users/admin/builder/spi-builder-workspace/Source/Core/UtilityExtensions/Dictionary+Utility.swift /Users/admin/builder/spi-builder-workspace/Source/Core/UtilityExtensions/DispatchQueue+Utility.swift /Users/admin/builder/spi-builder-workspace/Source/Core/UtilityExtensions/GCD+Utility.swift /Users/admin/builder/spi-builder-workspace/Source/Core/UtilityExtensions/JSContext+Utility.swift /Users/admin/builder/spi-builder-workspace/Source/Core/UtilityExtensions/KeyedDecodingContainer+Utility.swift /Users/admin/builder/spi-builder-workspace/Source/Core/UtilityExtensions/KeyedEncodingContainer+Utility.swift /Users/admin/builder/spi-builder-workspace/Source/Core/UtilityExtensions/MPMediaItem+Utility.swift /Users/admin/builder/spi-builder-workspace/Source/Core/UtilityExtensions/Measurement+Utility.swift /Users/admin/builder/spi-builder-workspace/Source/Core/UtilityExtensions/NSAttributedString+Utility.swift /Users/admin/builder/spi-builder-workspace/Source/Core/UtilityExtensions/NSCharacterSet+Utility.swift /Users/admin/builder/spi-builder-workspace/Source/Core/UtilityExtensions/NSColor+Utility.swift /Users/admin/builder/spi-builder-workspace/Source/Core/UtilityExtensions/NSDataAsset.swift /Users/admin/builder/spi-builder-workspace/Source/Core/UtilityExtensions/NSError+Utility.swift /Users/admin/builder/spi-builder-workspace/Source/Core/UtilityExtensions/NSNotification+Utility.swift /Users/admin/builder/spi-builder-workspace/Source/Core/UtilityExtensions/NSObject+Utility.swift /Users/admin/builder/spi-builder-workspace/Source/Core/UtilityExtensions/NSRange+Utility.swift /Users/admin/builder/spi-builder-workspace/Source/Core/UtilityExtensions/PHPhotoLibrary+Utility.swift /Users/admin/builder/spi-builder-workspace/Source/Core/UtilityExtensions/RangeReplaceableCollectionType+Utility.swift /Users/admin/builder/spi-builder-workspace/Source/Core/UtilityExtensions/String+Utility.swift /Users/admin/builder/spi-builder-workspace/Source/Core/UtilityExtensions/UIApplication+Utility.swift /Users/admin/builder/spi-builder-workspace/Source/Core/UtilityExtensions/UIColor+Utility.swift /Users/admin/builder/spi-builder-workspace/Source/Core/UtilityExtensions/UIDevice+Utility.swift /Users/admin/builder/spi-builder-workspace/Source/Core/UtilityExtensions/UIFont+Utility.swift /Users/admin/builder/spi-builder-workspace/Source/Core/UtilityExtensions/Views/UIAlertController+Utility.swift /Users/admin/builder/spi-builder-workspace/Source/Core/UtilityExtensions/Views/UIBarItem+Utility.swift /Users/admin/builder/spi-builder-workspace/Source/Core/UtilityExtensions/Views/UICollectionView+Utility.swift /Users/admin/builder/spi-builder-workspace/Source/Core/UtilityExtensions/Views/UICollectionViewFlowLayout+Utility.swift /Users/admin/builder/spi-builder-workspace/Source/Core/UtilityExtensions/Views/UIImageView+Utility.swift /Users/admin/builder/spi-builder-workspace/Source/Core/UtilityExtensions/Views/UIProgressView+Utility.swift /Users/admin/builder/spi-builder-workspace/Source/Core/UtilityExtensions/Views/UIScrollView+Utility.swift /Users/admin/builder/spi-builder-workspace/Source/Core/UtilityExtensions/Views/UIStackView+Utility.swift /Users/admin/builder/spi-builder-workspace/Source/Core/UtilityExtensions/Views/UITabBar+Utility.swift /Users/admin/builder/spi-builder-workspace/Source/Core/UtilityExtensions/Views/UITabBarController+Utility.swift /Users/admin/builder/spi-builder-workspace/Source/Core/UtilityExtensions/Views/UITableView+Utility.swift /Users/admin/builder/spi-builder-workspace/Source/Core/UtilityExtensions/Views/UITableViewCell+Utility.swift /Users/admin/builder/spi-builder-workspace/Source/Core/UtilityExtensions/Views/UITextField+Utility.swift /Users/admin/builder/spi-builder-workspace/Source/Core/UtilityExtensions/Views/UITextView+Utility.swift /Users/admin/builder/spi-builder-workspace/Source/Core/UtilityExtensions/Views/UIView+Utility.swift /Users/admin/builder/spi-builder-workspace/Source/Core/UtilityExtensions/Views/UIViewController+Utility.swift /Users/admin/builder/spi-builder-workspace/Source/Core/UtilityExtensions/Views/UIWebView+Utility.swift -target arm64-apple-xros1.0 -disable-cross-import-overlay-search -swift-module-cross-import Contacts /Applications/Xcode-27.0.0-Release.Candidate.app/Contents/Developer/Platforms/XROS.platform/Developer/SDKs/XROS.sdk/System/Library/Frameworks/Contacts.framework/Modules/Contacts.swiftcrossimport/AppIntents.swiftoverlay -swift-module-cross-import Contacts /Applications/Xcode-27.0.0-Release.Candidate.app/Contents/Developer/Platforms/XROS.platform/Developer/SDKs/XROS27.0.sdk/System/Library/Frameworks/Contacts.framework/Modules/Contacts.swiftcrossimport/AppIntents.swiftoverlay -swift-module-cross-import CoreData /Applications/Xcode-27.0.0-Release.Candidate.app/Contents/Developer/Platforms/XROS.platform/Developer/SDKs/XROS.sdk/System/Library/Frameworks/CoreData.framework/Modules/CoreData.swiftcrossimport/CloudKit.swiftoverlay -swift-module-cross-import CoreData /Applications/Xcode-27.0.0-Release.Candidate.app/Contents/Developer/Platforms/XROS.platform/Developer/SDKs/XROS27.0.sdk/System/Library/Frameworks/CoreData.framework/Modules/CoreData.swiftcrossimport/CloudKit.swiftoverlay -swift-module-cross-import MediaPlayer /Applications/Xcode-27.0.0-Release.Candidate.app/Contents/Developer/Platforms/XROS.platform/Developer/SDKs/XROS.sdk/System/Library/Frameworks/MediaPlayer.framework/Modules/MediaPlayer.swiftcrossimport/AppIntents.swiftoverlay -swift-module-cross-import MediaPlayer /Applications/Xcode-27.0.0-Release.Candidate.app/Contents/Developer/Platforms/XROS.platform/Developer/SDKs/XROS27.0.sdk/System/Library/Frameworks/MediaPlayer.framework/Modules/MediaPlayer.swiftcrossimport/AppIntents.swiftoverlay -swift-module-cross-import Photos /Applications/Xcode-27.0.0-Release.Candidate.app/Contents/Developer/Platforms/XROS.platform/Developer/SDKs/XROS.sdk/System/Library/Frameworks/Photos.framework/Modules/Photos.swiftcrossimport/AppIntents.swiftoverlay -swift-module-cross-import Photos /Applications/Xcode-27.0.0-Release.Candidate.app/Contents/Developer/Platforms/XROS.platform/Developer/SDKs/XROS27.0.sdk/System/Library/Frameworks/Photos.framework/Modules/Photos.swiftcrossimport/AppIntents.swiftoverlay -load-resolved-plugin /Applications/Xcode-27.0.0-Release.Candidate.app/Contents/Developer/Platforms/XROS.platform/Developer/usr/lib/swift/host/plugins/libFoundationMacros.dylib\#/Applications/Xcode-27.0.0-Release.Candidate.app/Contents/Developer/Platforms/XROS.platform/Developer/usr/bin/swift-plugin-server\#FoundationMacros -load-resolved-plugin /Applications/Xcode-27.0.0-Release.Candidate.app/Contents/Developer/Platforms/XROS.platform/Developer/usr/lib/swift/host/plugins/libObservationMacros.dylib\#/Applications/Xcode-27.0.0-Release.Candidate.app/Contents/Developer/Platforms/XROS.platform/Developer/usr/bin/swift-plugin-server\#ObservationMacros -load-resolved-plugin /Applications/Xcode-27.0.0-Release.Candidate.app/Contents/Developer/Platforms/XROS.platform/Developer/usr/lib/swift/host/plugins/libPreviewsMacros.dylib\#/Applications/Xcode-27.0.0-Release.Candidate.app/Contents/Developer/Platforms/XROS.platform/Developer/usr/bin/swift-plugin-server\#PreviewsMacros -load-resolved-plugin /Applications/Xcode-27.0.0-Release.Candidate.app/Contents/Developer/Platforms/XROS.platform/Developer/usr/lib/swift/host/plugins/libSwiftMacros.dylib\#/Applications/Xcode-27.0.0-Release.Candidate.app/Contents/Developer/Platforms/XROS.platform/Developer/usr/bin/swift-plugin-server\#SwiftMacros -load-resolved-plugin /Applications/Xcode-27.0.0-Release.Candidate.app/Contents/Developer/Platforms/XROS.platform/Developer/usr/lib/swift/host/plugins/libSwiftUIMacros.dylib\#/Applications/Xcode-27.0.0-Release.Candidate.app/Contents/Developer/Platforms/XROS.platform/Developer/usr/bin/swift-plugin-server\#SwiftUIMacros -disable-implicit-swift-modules -Xcc -fno-implicit-modules -Xcc -fno-implicit-module-maps -explicit-swift-module-map-file /Users/admin/builder/spi-builder-workspace/.derivedData/Build/Intermediates.noindex/Eunomia.build/Debug-xros/Eunomia-t.build/Objects-normal/arm64/Eunomia-dependencies-1.json -Xllvm -aarch64-use-tbi -enable-objc-interop -stack-check -sdk /Applications/Xcode-27.0.0-Release.Candidate.app/Contents/Developer/Platforms/XROS.platform/Developer/SDKs/XROS27.0.sdk -I /Users/admin/builder/spi-builder-workspace/.derivedData/Build/Products/Debug-xros -Isystem /Applications/Xcode-27.0.0-Release.Candidate.app/Contents/Developer/Platforms/XROS.platform/Developer/usr/lib -F /Users/admin/builder/spi-builder-workspace/.derivedData/Build/Products/Debug-xros -F /Applications/Xcode-27.0.0-Release.Candidate.app/Contents/Developer/Platforms/XROS.platform/Developer/Library/Frameworks -F /Applications/Xcode-27.0.0-Release.Candidate.app/Contents/Developer/Platforms/XROS.platform/Developer/SDKs/XROS27.0.sdk/Developer/Library/Frameworks -module-cache-path /Users/admin/builder/spi-builder-workspace/.derivedData/Build/Intermediates.noindex/SwiftExplicitPrecompiledModules -no-color-diagnostics -Xcc -fno-color-diagnostics -enable-testing -g -debug-info-format\=dwarf -dwarf-version\=4 -swift-version 5 -Onone -D SWIFT_PACKAGE -D DEBUG -D SWIFT_MODULE_RESOURCE_BUNDLE_UNAVAILABLE -D Xcode -serialize-debugging-options -enable-experimental-feature DebugDescriptionMacro -empty-abi-descriptor -validate-clang-modules-once -clang-build-session-file /Users/admin/builder/spi-builder-workspace/.derivedData/ModuleCache.noindex/Session.modulevalidation -Xcc -working-directory -Xcc /Users/admin/builder/spi-builder-workspace/.swiftpm/xcode -enable-anonymous-context-mangled-names -file-compilation-dir /Users/admin/builder/spi-builder-workspace/.swiftpm/xcode -Xcc -D_LIBCPP_HARDENING_MODE\=_LIBCPP_HARDENING_MODE_DEBUG -Xcc -ivfsstatcache -Xcc /Users/admin/builder/spi-builder-workspace/.derivedData/SDKStatCaches.noindex/xros27.0-24M361-e829b21a6f8c9b70876ba0858053c044735bd543db762f57723cac368afd1ce4.sdkstatcache -Xcc -fmodules-prune-interval\=86400 -Xcc -fmodules-prune-after\=345600 -Xcc -I/Users/admin/builder/spi-builder-workspace/.derivedData/Build/Products/Debug-xros/include -Xcc -I/Users/admin/builder/spi-builder-workspace/.derivedData/Build/Intermediates.noindex/Eunomia.build/Debug-xros/Eunomia-t.build/DerivedSources-normal/arm64 -Xcc -I/Users/admin/builder/spi-builder-workspace/.derivedData/Build/Intermediates.noindex/Eunomia.build/Debug-xros/Eunomia-t.build/DerivedSources/arm64 -Xcc -I/Users/admin/builder/spi-builder-workspace/.derivedData/Build/Intermediates.noindex/Eunomia.build/Debug-xros/Eunomia-t.build/DerivedSources -Xcc -DSWIFT_PACKAGE -Xcc -DDEBUG\=1 -no-auto-bridging-header-chaining -module-name Eunomia -const-gather-protocols-file /Users/admin/builder/spi-builder-workspace/.derivedData/Build/Intermediates.noindex/Eunomia.build/Debug-xros/Eunomia-t.build/Objects-normal/arm64/Eunomia_const_extract_protocols.json -disable-clang-spi -clang-target arm64-apple-xros27.0 -target-sdk-version 27.0 -target-sdk-name xros27.0 -in-process-plugin-server-path /Applications/Xcode-27.0.0-Release.Candidate.app/Contents/Developer/Toolchains/XcodeDefault.xctoolchain/usr/lib/swift/host/libSwiftInProcPluginServer.dylib -emit-module-doc-path /Users/admin/builder/spi-builder-workspace/.derivedData/Build/Intermediates.noindex/Eunomia.build/Debug-xros/Eunomia-t.build/Objects-normal/arm64/Eunomia.swiftdoc -emit-module-source-info-path /Users/admin/builder/spi-builder-workspace/.derivedData/Build/Intermediates.noindex/Eunomia.build/Debug-xros/Eunomia-t.build/Objects-normal/arm64/Eunomia.swiftsourceinfo -emit-objc-header-path /Users/admin/builder/spi-builder-workspace/.derivedData/Build/Intermediates.noindex/Eunomia.build/Debug-xros/Eunomia-t.build/Objects-normal/arm64/Eunomia-Swift.h -serialize-diagnostics-path /Users/admin/builder/spi-builder-workspace/.derivedData/Build/Intermediates.noindex/Eunomia.build/Debug-xros/Eunomia-t.build/Objects-normal/arm64/Eunomia-primary-emit-module.dia -emit-dependencies-path /Users/admin/builder/spi-builder-workspace/.derivedData/Build/Intermediates.noindex/Eunomia.build/Debug-xros/Eunomia-t.build/Objects-normal/arm64/Eunomia-primary-emit-module.d -parse-as-library -o /Users/admin/builder/spi-builder-workspace/.derivedData/Build/Intermediates.noindex/Eunomia.build/Debug-xros/Eunomia-t.build/Objects-normal/arm64/Eunomia.swiftmodule -emit-abi-descriptor-path /Users/admin/builder/spi-builder-workspace/.derivedData/Build/Intermediates.noindex/Eunomia.build/Debug-xros/Eunomia-t.build/Objects-normal/arm64/Eunomia.abi.json
SwiftCompile normal arm64 (in target 'Eunomia' from project 'Eunomia')
    cd /Users/admin/builder/spi-builder-workspace/.swiftpm/xcode

SwiftCompile normal arm64 Compiling\ UIFont+Utility.swift,\ UIAlertController+Utility.swift,\ UIBarItem+Utility.swift,\ UICollectionView+Utility.swift,\ UICollectionViewFlowLayout+Utility.swift,\ UIImageView+Utility.swift /Users/admin/builder/spi-builder-workspace/Source/Core/UtilityExtensions/UIFont+Utility.swift /Users/admin/builder/spi-builder-workspace/Source/Core/UtilityExtensions/Views/UIAlertController+Utility.swift /Users/admin/builder/spi-builder-workspace/Source/Core/UtilityExtensions/Views/UIBarItem+Utility.swift /Users/admin/builder/spi-builder-workspace/Source/Core/UtilityExtensions/Views/UICollectionView+Utility.swift /Users/admin/builder/spi-builder-workspace/Source/Core/UtilityExtensions/Views/UICollectionViewFlowLayout+Utility.swift /Users/admin/builder/spi-builder-workspace/Source/Core/UtilityExtensions/Views/UIImageView+Utility.swift (in target 'Eunomia' from project 'Eunomia')
SwiftCompile normal arm64 /Users/admin/builder/spi-builder-workspace/Source/Core/UtilityExtensions/UIFont+Utility.swift (in target 'Eunomia' from project 'Eunomia')
    cd /Users/admin/builder/spi-builder-workspace/.swiftpm/xcode
    builtin-SwiftPerFileCompile UIFont+Utility.swift
SwiftCompile normal arm64 /Users/admin/builder/spi-builder-workspace/Source/Core/UtilityExtensions/Views/UIAlertController+Utility.swift (in target 'Eunomia' from project 'Eunomia')
    cd /Users/admin/builder/spi-builder-workspace/.swiftpm/xcode
    builtin-SwiftPerFileCompile UIAlertController+Utility.swift
SwiftCompile normal arm64 /Users/admin/builder/spi-builder-workspace/Source/Core/UtilityExtensions/Views/UIBarItem+Utility.swift (in target 'Eunomia' from project 'Eunomia')
    cd /Users/admin/builder/spi-builder-workspace/.swiftpm/xcode
    builtin-SwiftPerFileCompile UIBarItem+Utility.swift
SwiftCompile normal arm64 /Users/admin/builder/spi-builder-workspace/Source/Core/UtilityExtensions/Views/UICollectionView+Utility.swift (in target 'Eunomia' from project 'Eunomia')
    cd /Users/admin/builder/spi-builder-workspace/.swiftpm/xcode
    builtin-SwiftPerFileCompile UICollectionView+Utility.swift
SwiftCompile normal arm64 /Users/admin/builder/spi-builder-workspace/Source/Core/UtilityExtensions/Views/UICollectionViewFlowLayout+Utility.swift (in target 'Eunomia' from project 'Eunomia')
    cd /Users/admin/builder/spi-builder-workspace/.swiftpm/xcode
    builtin-SwiftPerFileCompile UICollectionViewFlowLayout+Utility.swift
SwiftCompile normal arm64 /Users/admin/builder/spi-builder-workspace/Source/Core/UtilityExtensions/Views/UIImageView+Utility.swift (in target 'Eunomia' from project 'Eunomia')
    cd /Users/admin/builder/spi-builder-workspace/.swiftpm/xcode
    builtin-SwiftPerFileCompile UIImageView+Utility.swift
SwiftCompile normal arm64 Compiling\ UITableViewCell+Utility.swift,\ UITextField+Utility.swift,\ UITextView+Utility.swift,\ UIView+Utility.swift,\ UIViewController+Utility.swift,\ UIWebView+Utility.swift /Users/admin/builder/spi-builder-workspace/Source/Core/UtilityExtensions/Views/UITableViewCell+Utility.swift /Users/admin/builder/spi-builder-workspace/Source/Core/UtilityExtensions/Views/UITextField+Utility.swift /Users/admin/builder/spi-builder-workspace/Source/Core/UtilityExtensions/Views/UITextView+Utility.swift /Users/admin/builder/spi-builder-workspace/Source/Core/UtilityExtensions/Views/UIView+Utility.swift /Users/admin/builder/spi-builder-workspace/Source/Core/UtilityExtensions/Views/UIViewController+Utility.swift /Users/admin/builder/spi-builder-workspace/Source/Core/UtilityExtensions/Views/UIWebView+Utility.swift (in target 'Eunomia' from project 'Eunomia')
/Users/admin/builder/spi-builder-workspace/Source/Core/UtilityExtensions/Views/UIView+Utility.swift:22:11: error: cannot find type 'ViewType' in scope
 20 |
 21 | // MARK: - Contained within
 22 | extension ViewType {
    |           `- error: cannot find type 'ViewType' in scope
 23 |     #if os(iOS)
 24 |     /**
SwiftCompile normal arm64 /Users/admin/builder/spi-builder-workspace/Source/Core/UtilityExtensions/Views/UITableViewCell+Utility.swift (in target 'Eunomia' from project 'Eunomia')
    cd /Users/admin/builder/spi-builder-workspace/.swiftpm/xcode
    builtin-SwiftPerFileCompile UITableViewCell+Utility.swift
SwiftCompile normal arm64 /Users/admin/builder/spi-builder-workspace/Source/Core/UtilityExtensions/Views/UITextField+Utility.swift (in target 'Eunomia' from project 'Eunomia')
    cd /Users/admin/builder/spi-builder-workspace/.swiftpm/xcode
    builtin-SwiftPerFileCompile UITextField+Utility.swift
SwiftCompile normal arm64 /Users/admin/builder/spi-builder-workspace/Source/Core/UtilityExtensions/Views/UITextView+Utility.swift (in target 'Eunomia' from project 'Eunomia')
    cd /Users/admin/builder/spi-builder-workspace/.swiftpm/xcode
    builtin-SwiftPerFileCompile UITextView+Utility.swift
SwiftCompile normal arm64 /Users/admin/builder/spi-builder-workspace/Source/Core/UtilityExtensions/Views/UIView+Utility.swift (in target 'Eunomia' from project 'Eunomia')
    cd /Users/admin/builder/spi-builder-workspace/.swiftpm/xcode
    builtin-SwiftPerFileCompile UIView+Utility.swift
SwiftCompile normal arm64 /Users/admin/builder/spi-builder-workspace/Source/Core/UtilityExtensions/Views/UIViewController+Utility.swift (in target 'Eunomia' from project 'Eunomia')
    cd /Users/admin/builder/spi-builder-workspace/.swiftpm/xcode
    builtin-SwiftPerFileCompile UIViewController+Utility.swift
SwiftCompile normal arm64 /Users/admin/builder/spi-builder-workspace/Source/Core/UtilityExtensions/Views/UIWebView+Utility.swift (in target 'Eunomia' from project 'Eunomia')
    cd /Users/admin/builder/spi-builder-workspace/.swiftpm/xcode
    builtin-SwiftPerFileCompile UIWebView+Utility.swift
SwiftCompile normal arm64 Compiling\ NSRange+Utility.swift,\ PHPhotoLibrary+Utility.swift,\ RangeReplaceableCollectionType+Utility.swift,\ String+Utility.swift,\ UIApplication+Utility.swift,\ UIColor+Utility.swift,\ UIDevice+Utility.swift /Users/admin/builder/spi-builder-workspace/Source/Core/UtilityExtensions/NSRange+Utility.swift /Users/admin/builder/spi-builder-workspace/Source/Core/UtilityExtensions/PHPhotoLibrary+Utility.swift /Users/admin/builder/spi-builder-workspace/Source/Core/UtilityExtensions/RangeReplaceableCollectionType+Utility.swift /Users/admin/builder/spi-builder-workspace/Source/Core/UtilityExtensions/String+Utility.swift /Users/admin/builder/spi-builder-workspace/Source/Core/UtilityExtensions/UIApplication+Utility.swift /Users/admin/builder/spi-builder-workspace/Source/Core/UtilityExtensions/UIColor+Utility.swift /Users/admin/builder/spi-builder-workspace/Source/Core/UtilityExtensions/UIDevice+Utility.swift (in target 'Eunomia' from project 'Eunomia')
SwiftCompile normal arm64 /Users/admin/builder/spi-builder-workspace/Source/Core/UtilityExtensions/NSRange+Utility.swift (in target 'Eunomia' from project 'Eunomia')
    cd /Users/admin/builder/spi-builder-workspace/.swiftpm/xcode
    builtin-SwiftPerFileCompile NSRange+Utility.swift
SwiftCompile normal arm64 /Users/admin/builder/spi-builder-workspace/Source/Core/UtilityExtensions/PHPhotoLibrary+Utility.swift (in target 'Eunomia' from project 'Eunomia')
    cd /Users/admin/builder/spi-builder-workspace/.swiftpm/xcode
    builtin-SwiftPerFileCompile PHPhotoLibrary+Utility.swift
SwiftCompile normal arm64 /Users/admin/builder/spi-builder-workspace/Source/Core/UtilityExtensions/RangeReplaceableCollectionType+Utility.swift (in target 'Eunomia' from project 'Eunomia')
    cd /Users/admin/builder/spi-builder-workspace/.swiftpm/xcode
    builtin-SwiftPerFileCompile RangeReplaceableCollectionType+Utility.swift
SwiftCompile normal arm64 /Users/admin/builder/spi-builder-workspace/Source/Core/UtilityExtensions/String+Utility.swift (in target 'Eunomia' from project 'Eunomia')
    cd /Users/admin/builder/spi-builder-workspace/.swiftpm/xcode
    builtin-SwiftPerFileCompile String+Utility.swift
SwiftCompile normal arm64 /Users/admin/builder/spi-builder-workspace/Source/Core/UtilityExtensions/UIApplication+Utility.swift (in target 'Eunomia' from project 'Eunomia')
    cd /Users/admin/builder/spi-builder-workspace/.swiftpm/xcode
    builtin-SwiftPerFileCompile UIApplication+Utility.swift
SwiftCompile normal arm64 /Users/admin/builder/spi-builder-workspace/Source/Core/UtilityExtensions/UIColor+Utility.swift (in target 'Eunomia' from project 'Eunomia')
    cd /Users/admin/builder/spi-builder-workspace/.swiftpm/xcode
    builtin-SwiftPerFileCompile UIColor+Utility.swift
SwiftCompile normal arm64 /Users/admin/builder/spi-builder-workspace/Source/Core/UtilityExtensions/UIDevice+Utility.swift (in target 'Eunomia' from project 'Eunomia')
    cd /Users/admin/builder/spi-builder-workspace/.swiftpm/xcode
    builtin-SwiftPerFileCompile UIDevice+Utility.swift
SwiftCompile normal arm64 Compiling\ UIProgressView+Utility.swift,\ UIScrollView+Utility.swift,\ UIStackView+Utility.swift,\ UITabBar+Utility.swift,\ UITabBarController+Utility.swift,\ UITableView+Utility.swift /Users/admin/builder/spi-builder-workspace/Source/Core/UtilityExtensions/Views/UIProgressView+Utility.swift /Users/admin/builder/spi-builder-workspace/Source/Core/UtilityExtensions/Views/UIScrollView+Utility.swift /Users/admin/builder/spi-builder-workspace/Source/Core/UtilityExtensions/Views/UIStackView+Utility.swift /Users/admin/builder/spi-builder-workspace/Source/Core/UtilityExtensions/Views/UITabBar+Utility.swift /Users/admin/builder/spi-builder-workspace/Source/Core/UtilityExtensions/Views/UITabBarController+Utility.swift /Users/admin/builder/spi-builder-workspace/Source/Core/UtilityExtensions/Views/UITableView+Utility.swift (in target 'Eunomia' from project 'Eunomia')
SwiftCompile normal arm64 /Users/admin/builder/spi-builder-workspace/Source/Core/UtilityExtensions/Views/UIProgressView+Utility.swift (in target 'Eunomia' from project 'Eunomia')
    cd /Users/admin/builder/spi-builder-workspace/.swiftpm/xcode
    builtin-SwiftPerFileCompile UIProgressView+Utility.swift
SwiftCompile normal arm64 /Users/admin/builder/spi-builder-workspace/Source/Core/UtilityExtensions/Views/UIScrollView+Utility.swift (in target 'Eunomia' from project 'Eunomia')
    cd /Users/admin/builder/spi-builder-workspace/.swiftpm/xcode
    builtin-SwiftPerFileCompile UIScrollView+Utility.swift
SwiftCompile normal arm64 /Users/admin/builder/spi-builder-workspace/Source/Core/UtilityExtensions/Views/UIStackView+Utility.swift (in target 'Eunomia' from project 'Eunomia')
    cd /Users/admin/builder/spi-builder-workspace/.swiftpm/xcode
    builtin-SwiftPerFileCompile UIStackView+Utility.swift
SwiftCompile normal arm64 /Users/admin/builder/spi-builder-workspace/Source/Core/UtilityExtensions/Views/UITabBar+Utility.swift (in target 'Eunomia' from project 'Eunomia')
    cd /Users/admin/builder/spi-builder-workspace/.swiftpm/xcode
    builtin-SwiftPerFileCompile UITabBar+Utility.swift
SwiftCompile normal arm64 /Users/admin/builder/spi-builder-workspace/Source/Core/UtilityExtensions/Views/UITabBarController+Utility.swift (in target 'Eunomia' from project 'Eunomia')
    cd /Users/admin/builder/spi-builder-workspace/.swiftpm/xcode
    builtin-SwiftPerFileCompile UITabBarController+Utility.swift
SwiftCompile normal arm64 /Users/admin/builder/spi-builder-workspace/Source/Core/UtilityExtensions/Views/UITableView+Utility.swift (in target 'Eunomia' from project 'Eunomia')
    cd /Users/admin/builder/spi-builder-workspace/.swiftpm/xcode
    builtin-SwiftPerFileCompile UITableView+Utility.swift
PruneExplicitPrecompiledModules /Users/admin/builder/spi-builder-workspace/.derivedData/Build/Intermediates.noindex/SwiftExplicitPrecompiledModules
PruneExplicitPrecompiledModules /Users/admin/builder/spi-builder-workspace/.derivedData/SDKExplicitPrecompiledModules
PruneExplicitPrecompiledModules /Users/admin/builder/spi-builder-workspace/.derivedData/Build/Intermediates.noindex/ExplicitPrecompiledModules
2026-09-16 11:54:05.488 xcodebuild[778:4882] [MT] IDERunDestination: Supported platforms for the buildables in the current scheme is empty.
** BUILD FAILED **
The following build commands failed:
	SwiftEmitModule normal arm64 Emitting\ module\ for\ Eunomia (in target 'Eunomia' from project 'Eunomia')
	SwiftCompile normal arm64 (in target 'Eunomia' from project 'Eunomia')
	Building workspace Eunomia with scheme Eunomia
(3 failures)
BUILD FAILURE 6.4 visionOS