Build Information
Failed to build Appfigurate, reference 5.0.0 (bff3a2), with Swift 6.1 for visionOS using Xcode 16.3 on 26 Jun 2026 09:40:31 UTC.
Build Command
env DEVELOPER_DIR=/Applications/Xcode-16.3.0.app xcrun xcodebuild -IDEClonedSourcePackagesDirPathOverride=$PWD/.dependencies -skipMacroValidation -skipPackagePluginValidation -derivedDataPath $PWD/.derivedData build -scheme Appfigurate -destination generic/platform=xrOSBuild Log
========================================
RunAll
========================================
Builder version: undefined version: run 'make version' to update
Interrupt handler set up.
========================================
Checkout
========================================
Clone URL: https://github.com/electricbolt/appfiguratesdk.git
Reference: 5.0.0
Initialized empty Git repository in /Users/admin/builder/spi-builder-workspace/.git/
From https://github.com/electricbolt/appfiguratesdk
* tag 5.0.0 -> FETCH_HEAD
HEAD is now at bff3a23 Appfigurate Library has been internally rewritten in Swift. SwiftUI enhancements to Appfigurate Library. New .configurationView modifier for displaying a overridden configuration label. New APLConfigurationUpdatedNotificationName for use in an .onReceive modifier
Cloned https://github.com/electricbolt/appfiguratesdk.git
Revision (git rev-parse @):
bff3a23ae9155491729c372cdc5f1c7c51081a64
SUCCESS checkout https://github.com/electricbolt/appfiguratesdk.git at 5.0.0
========================================
Build
========================================
Selected platform: visionOS
Swift version: 6.1
Building package at path: $PWD
https://github.com/electricbolt/appfiguratesdk.git
https://github.com/electricbolt/appfiguratesdk.git
{
"dependencies" : [
],
"manifest_display_name" : "Appfigurate",
"name" : "Appfigurate",
"path" : "/Users/admin/builder/spi-builder-workspace",
"platforms" : [
{
"name" : "ios",
"version" : "15.0"
},
{
"name" : "watchos",
"version" : "8.0"
}
],
"products" : [
{
"name" : "AppfigurateLibrary",
"targets" : [
"AppfigurateLibrary"
],
"type" : {
"library" : [
"automatic"
]
}
}
],
"targets" : [
{
"c99name" : "AppfigurateLibrary",
"module_type" : "BinaryTarget",
"name" : "AppfigurateLibrary",
"path" : "AppfigurateLibrary.xcframework",
"product_memberships" : [
"AppfigurateLibrary"
],
"sources" : [
],
"type" : "binary"
}
],
"tools_version" : "5.9"
}
Command line invocation:
/Applications/Xcode-16.3.0.app/Contents/Developer/usr/bin/xcodebuild -IDEClonedSourcePackagesDirPathOverride=/Users/admin/builder/spi-builder-workspace/.dependencies -resolvePackageDependencies
Resolve Package Graph
Resolve Package Graph
Resolved source packages:
Appfigurate: /Users/admin/builder/spi-builder-workspace
resolved source packages: Appfigurate
{
"dependencies" : [
],
"manifest_display_name" : "Appfigurate",
"name" : "Appfigurate",
"path" : "/Users/admin/builder/spi-builder-workspace",
"platforms" : [
{
"name" : "ios",
"version" : "15.0"
},
{
"name" : "watchos",
"version" : "8.0"
}
],
"products" : [
{
"name" : "AppfigurateLibrary",
"targets" : [
"AppfigurateLibrary"
],
"type" : {
"library" : [
"automatic"
]
}
}
],
"targets" : [
{
"c99name" : "AppfigurateLibrary",
"module_type" : "BinaryTarget",
"name" : "AppfigurateLibrary",
"path" : "AppfigurateLibrary.xcframework",
"product_memberships" : [
"AppfigurateLibrary"
],
"sources" : [
],
"type" : "binary"
}
],
"tools_version" : "5.9"
}
{
"workspace" : {
"name" : "spi-builder-workspace",
"schemes" : [
"Appfigurate"
]
}
}
Running build ...
env DEVELOPER_DIR=/Applications/Xcode-16.3.0.app xcrun xcodebuild -IDEClonedSourcePackagesDirPathOverride=$PWD/.dependencies -skipMacroValidation -skipPackagePluginValidation -derivedDataPath $PWD/.derivedData build -scheme Appfigurate -destination generic/platform=xrOS OTHER_SWIFT_FLAGS=-stats-output-dir .stats -strict-concurrency=complete -enable-upcoming-feature StrictConcurrency -enable-upcoming-feature DisableOutwardActorInference -enable-upcoming-feature GlobalActorIsolatedTypesUsability -enable-upcoming-feature InferSendableFromCaptures
Command line invocation:
/Applications/Xcode-16.3.0.app/Contents/Developer/usr/bin/xcodebuild -IDEClonedSourcePackagesDirPathOverride=/Users/admin/builder/spi-builder-workspace/.dependencies -skipMacroValidation -skipPackagePluginValidation -derivedDataPath /Users/admin/builder/spi-builder-workspace/.derivedData build -scheme Appfigurate -destination generic/platform=xrOS "OTHER_SWIFT_FLAGS=-stats-output-dir .stats -strict-concurrency=complete -enable-upcoming-feature StrictConcurrency -enable-upcoming-feature DisableOutwardActorInference -enable-upcoming-feature GlobalActorIsolatedTypesUsability -enable-upcoming-feature InferSendableFromCaptures"
Build settings from command line:
OTHER_SWIFT_FLAGS = -stats-output-dir .stats -strict-concurrency=complete -enable-upcoming-feature StrictConcurrency -enable-upcoming-feature DisableOutwardActorInference -enable-upcoming-feature GlobalActorIsolatedTypesUsability -enable-upcoming-feature InferSendableFromCaptures
Resolve Package Graph
Resolved source packages:
Appfigurate: /Users/admin/builder/spi-builder-workspace
ComputePackagePrebuildTargetDependencyGraph
Prepare packages
CreateBuildRequest
SendProjectDescription
CreateBuildOperation
ComputeTargetDependencyGraph
note: Building targets in dependency order
note: Target dependency graph (1 target)
Target 'AppfigurateLibrary' in project 'Appfigurate' (no dependencies)
GatherProvisioningInputs
CreateBuildDescription
ExecuteExternalTool /Applications/Xcode-16.3.0.app/Contents/Developer/Toolchains/XcodeDefault.xctoolchain/usr/bin/clang -v -E -dM -isysroot /Applications/Xcode-16.3.0.app/Contents/Developer/Platforms/XROS.platform/Developer/SDKs/XROS2.4.sdk -x c -c /dev/null
Build description signature: 707786468450bc4ffd3fbb9a83a8bf50
Build description path: /Users/admin/builder/spi-builder-workspace/.derivedData/Build/Intermediates.noindex/XCBuildData/707786468450bc4ffd3fbb9a83a8bf50.xcbuilddata
/Users/admin/builder/spi-builder-workspace/AppfigurateLibrary.xcframework:1:1: error: While building for visionOS, no library for this platform was found in '/Users/admin/builder/spi-builder-workspace/AppfigurateLibrary.xcframework'. (in target 'AppfigurateLibrary' from project 'Appfigurate')
** BUILD FAILED **
The following build commands failed:
Building workspace spi-builder-workspace with scheme Appfigurate
(1 failure)
Command line invocation:
/Applications/Xcode-16.3.0.app/Contents/Developer/usr/bin/xcodebuild -IDEClonedSourcePackagesDirPathOverride=/Users/admin/builder/spi-builder-workspace/.dependencies -resolvePackageDependencies
Resolve Package Graph
Resolved source packages:
Appfigurate: /Users/admin/builder/spi-builder-workspace
resolved source packages: Appfigurate
{
"dependencies" : [
],
"manifest_display_name" : "Appfigurate",
"name" : "Appfigurate",
"path" : "/Users/admin/builder/spi-builder-workspace",
"platforms" : [
{
"name" : "ios",
"version" : "15.0"
},
{
"name" : "watchos",
"version" : "8.0"
}
],
"products" : [
{
"name" : "AppfigurateLibrary",
"targets" : [
"AppfigurateLibrary"
],
"type" : {
"library" : [
"automatic"
]
}
}
],
"targets" : [
{
"c99name" : "AppfigurateLibrary",
"module_type" : "BinaryTarget",
"name" : "AppfigurateLibrary",
"path" : "AppfigurateLibrary.xcframework",
"product_memberships" : [
"AppfigurateLibrary"
],
"sources" : [
],
"type" : "binary"
}
],
"tools_version" : "5.9"
}
{
"workspace" : {
"name" : "spi-builder-workspace",
"schemes" : [
"Appfigurate"
]
}
}
Running build ...
env DEVELOPER_DIR=/Applications/Xcode-16.3.0.app xcrun xcodebuild -IDEClonedSourcePackagesDirPathOverride=$PWD/.dependencies -skipMacroValidation -skipPackagePluginValidation -derivedDataPath $PWD/.derivedData build -scheme Appfigurate -destination generic/platform=xrOS
Command line invocation:
/Applications/Xcode-16.3.0.app/Contents/Developer/usr/bin/xcodebuild -IDEClonedSourcePackagesDirPathOverride=/Users/admin/builder/spi-builder-workspace/.dependencies -skipMacroValidation -skipPackagePluginValidation -derivedDataPath /Users/admin/builder/spi-builder-workspace/.derivedData build -scheme Appfigurate -destination generic/platform=xrOS
Resolve Package Graph
Resolved source packages:
Appfigurate: /Users/admin/builder/spi-builder-workspace
ComputePackagePrebuildTargetDependencyGraph
Prepare packages
CreateBuildRequest
SendProjectDescription
CreateBuildOperation
ComputeTargetDependencyGraph
note: Building targets in dependency order
note: Target dependency graph (1 target)
Target 'AppfigurateLibrary' in project 'Appfigurate' (no dependencies)
GatherProvisioningInputs
CreateBuildDescription
ExecuteExternalTool /Applications/Xcode-16.3.0.app/Contents/Developer/Toolchains/XcodeDefault.xctoolchain/usr/bin/clang -v -E -dM -isysroot /Applications/Xcode-16.3.0.app/Contents/Developer/Platforms/XROS.platform/Developer/SDKs/XROS2.4.sdk -x c -c /dev/null
Build description signature: d9b49dd5c2a243080d380ce430c5c469
Build description path: /Users/admin/builder/spi-builder-workspace/.derivedData/Build/Intermediates.noindex/XCBuildData/d9b49dd5c2a243080d380ce430c5c469.xcbuilddata
/Users/admin/builder/spi-builder-workspace/AppfigurateLibrary.xcframework:1:1: error: While building for visionOS, no library for this platform was found in '/Users/admin/builder/spi-builder-workspace/AppfigurateLibrary.xcframework'. (in target 'AppfigurateLibrary' from project 'Appfigurate')
** BUILD FAILED **
The following build commands failed:
Building workspace spi-builder-workspace with scheme Appfigurate
(1 failure)
BUILD FAILURE 6.1 visionOS