The Swift Package Index logo.Swift Package Index

Build Information

Failed to build Prompt, reference 1.1.2 (01dc66), with Swift 6.1 for iOS using Xcode 16.3 on 19 Jul 2026 05:35:55 UTC.

Build Command

No build command. This typically means the build failed at an early stage where we determine the build command.

Build Log

========================================
RunAll
========================================
Builder version: undefined version: run 'make version' to update
Interrupt handler set up.
========================================
Checkout
========================================
Clone URL: https://github.com/ivantokar/prompt.git
Reference: 1.1.2
Initialized empty Git repository in /Users/admin/builder/spi-builder-workspace/.git/
From https://github.com/ivantokar/prompt
 * tag               1.1.2      -> FETCH_HEAD
HEAD is now at 01dc66e fix: use tcflag_t for termios flag mask so the package compiles on Linux
Cloned https://github.com/ivantokar/prompt.git
Revision (git rev-parse @):
01dc66e82af88595b01eae9bb5a5f4a0defc6f28
SUCCESS checkout https://github.com/ivantokar/prompt.git at 1.1.2
========================================
Build
========================================
Selected platform:         iOS
Swift version:             6.1
Building package at path:  $PWD
https://github.com/ivantokar/prompt.git
https://github.com/ivantokar/prompt.git
error: invalid custom path 'Tests/PromptTests' for target 'PromptTests'
Command line invocation:
    /Applications/Xcode-16.3.0.app/Contents/Developer/usr/bin/xcodebuild -IDEClonedSourcePackagesDirPathOverride=/Users/admin/builder/spi-builder-workspace/.dependencies -resolvePackageDependencies
Resolve Package Graph
Fetching from https://github.com/onevcat/Rainbow.git
Creating working copy of package ‘Rainbow’
Checking out 4.2.1 of package ‘Rainbow’
invalid custom path 'Tests/PromptTests' for target 'PromptTests'Resolve Package Graph
invalid custom path 'Tests/PromptTests' for target 'PromptTests'
Resolved source packages:
  spi-builder-workspace: (null)
2026-07-18 22:35:54.974 xcodebuild[524:2968] Writing error result bundle to /var/folders/5k/5yc19ymj0jqd5v0zvgfqz0xw0000gn/T/ResultBundle_2026-18-07_22-35-0054.xcresult
xcodebuild: error: Could not resolve package dependencies:
  invalid custom path 'Tests/PromptTests' for target 'PromptTests'
Command line invocation:
    /Applications/Xcode-16.3.0.app/Contents/Developer/usr/bin/xcodebuild -IDEClonedSourcePackagesDirPathOverride=/Users/admin/builder/spi-builder-workspace/.dependencies -resolvePackageDependencies
Resolve Package Graph
invalid custom path 'Tests/PromptTests' for target 'PromptTests'
Resolved source packages:
  spi-builder-workspace: (null)
2026-07-18 22:35:55.641 xcodebuild[721:4110] Writing error result bundle to /var/folders/5k/5yc19ymj0jqd5v0zvgfqz0xw0000gn/T/ResultBundle_2026-18-07_22-35-0055.xcresult
xcodebuild: error: Could not resolve package dependencies:
  invalid custom path 'Tests/PromptTests' for target 'PromptTests'
BUILD FAILURE 6.1 iOS