The Swift Package Index logo.Swift Package Index

Build Information

Failed to build SwiftSound, reference v1.0.5 (837586), with Swift 6.2 for Wasm on 3 Oct 2026 17:30:26 UTC.

Build Command

bash -c docker run --pull=always --rm -v "checkouts-54344844-0":/host -w "$PWD" -e JAVA_HOME="/root/.sdkman/candidates/java/current" -e SPI_BUILD="1" -e SPI_PROCESSING="1" registry.gitlab.com/saguaro1/spi-images:wasm-6.2-latest swift build --swift-sdk swift-6.2-RELEASE_wasm 2>&1

Build Log

========================================
RunAll
========================================
Builder version: 5.1.1
Interrupt handler set up.
========================================
Checkout
========================================
Clone URL: https://github.com/mesqueeb/SwiftSound.git
Reference: v1.0.5
Initialized empty Git repository in /host/spi-builder-workspace/.git/
hint: Using 'master' as the name for the initial branch. This default branch name
hint: is subject to change. To configure the initial branch name to use in all
hint: of your new repositories, which will suppress this warning, call:
hint:
hint: 	git config --global init.defaultBranch <name>
hint:
hint: Names commonly chosen instead of 'master' are 'main', 'trunk' and
hint: 'development'. The just-created branch can be renamed via this command:
hint:
hint: 	git branch -m <name>
From https://github.com/mesqueeb/SwiftSound
 * tag               v1.0.5     -> FETCH_HEAD
HEAD is now at 8375865 chore: release v1.0.5
Cloned https://github.com/mesqueeb/SwiftSound.git
Revision (git rev-parse @):
837586507ab58af917156e27e87f40289f99ff58
SPI manifest file found: $PWD/.spi.yml
SUCCESS checkout https://github.com/mesqueeb/SwiftSound.git at v1.0.5
========================================
Build
========================================
Selected platform:         wasm
Swift version:             6.2
Building package at path:  $PWD
https://github.com/mesqueeb/SwiftSound.git
Running build ...
bash -c docker run --pull=always --rm -v "checkouts-54344844-0":/host -w "$PWD" -e JAVA_HOME="/root/.sdkman/candidates/java/current" -e SPI_BUILD="1" -e SPI_PROCESSING="1" registry.gitlab.com/saguaro1/spi-images:wasm-6.2-latest swift build --swift-sdk swift-6.2-RELEASE_wasm 2>&1
wasm-6.2-latest: Pulling from saguaro1/spi-images
Digest: sha256:ff44196b45f83e5a0a99a627b185f548850d9bc1242e3dee2178fb1570812fe8
Status: Image is up to date for registry.gitlab.com/saguaro1/spi-images:wasm-6.2-latest
Fetching https://github.com/apple/swift-argument-parser
Fetching https://github.com/KarthikRIyer/swiftplot.git
[1/6708] Fetching swiftplot
[1611/25734] Fetching swiftplot, swift-argument-parser
Fetched https://github.com/apple/swift-argument-parser from cache (1.06s)
Fetched https://github.com/KarthikRIyer/swiftplot.git from cache (1.07s)
Computing version for https://github.com/KarthikRIyer/swiftplot.git
Computed https://github.com/KarthikRIyer/swiftplot.git at 2.0.0 (2.21s)
Computing version for https://github.com/apple/swift-argument-parser
Computed https://github.com/apple/swift-argument-parser at 1.8.2 (0.25s)
Creating working copy for https://github.com/KarthikRIyer/swiftplot.git
Working copy of https://github.com/KarthikRIyer/swiftplot.git resolved at 2.0.0
Creating working copy for https://github.com/apple/swift-argument-parser
Working copy of https://github.com/apple/swift-argument-parser resolved at 1.8.2
warning: you may be able to install freetype2 using your system-packager:
    apt-get install libfreetype6-dev
warning: you may be able to install freetype2 using your system-packager:
    apt-get install libfreetype6-dev
[1/1] Compiling plugin GenerateManual
[2/2] Compiling plugin GenerateDoccReference
Building for debugging...
[2/17] Write sources
[8/17] Write swift-version-24593BA9C3E375BF.txt
[10/49] Emitting module ArgumentParserToolInfo
[11/49] Compiling SwiftPlot HistogramSeriesOptions.swift
[12/49] Compiling SwiftPlot Label.swift
[13/49] Compiling SwiftPlot LayoutComponent.swift
[14/49] Compiling SwiftPlot Spacing.swift
[15/53] Compiling SwiftPlot ScatterPlotSeriesOptions.swift
[16/53] Compiling SwiftPlot SequencePlots.swift
[17/53] Compiling SwiftPlot Series.swift
[18/53] Compiling SwiftPlot SubPlot.swift
[19/53] Compiling ArgumentParserToolInfo ToolInfo.swift
[20/54] Wrapping AST for ArgumentParserToolInfo for debugging
[22/101] Compiling ArgumentParser ZshCompletionsGenerator.swift
[23/101] Compiling ArgumentParser Argument.swift
[24/101] Compiling ArgumentParser ArgumentDiscussion.swift
[25/101] Compiling ArgumentParser ArgumentHelp.swift
[26/101] Compiling ArgumentParser InputKey.swift
[27/101] Compiling ArgumentParser InputOrigin.swift
[28/101] Compiling ArgumentParser ArgumentVisibility.swift
[29/101] Compiling ArgumentParser CompletionKind.swift
[30/101] Compiling ArgumentParser Errors.swift
[31/101] Compiling ArgumentParser Flag.swift
[32/101] Compiling ArgumentParser NameSpecification.swift
[33/101] Compiling ArgumentParser Option.swift
[34/101] Emitting module SwiftPlot
[35/101] Compiling ArgumentParser SplitArguments.swift
[36/101] Compiling ArgumentParser DumpHelpGenerator.swift
[37/101] Compiling ArgumentParser ParentCommand.swift
[38/101] Compiling ArgumentParser AsyncParsableCommand.swift
[39/101] Compiling ArgumentParser ParsableCommand.swift
[40/101] Compiling ArgumentParser ArgumentDecoder.swift
[41/101] Compiling ArgumentParser ArgumentDefinition.swift
[42/101] Compiling ArgumentParser ArgumentSet.swift
[43/101] Compiling ArgumentParser CommandParser.swift
[44/101] Compiling ArgumentParser OptionGroup.swift
[45/101] Compiling ArgumentParser BashCompletionsGenerator.swift
[46/101] Compiling ArgumentParser CompletionsGenerator.swift
[47/101] Compiling ArgumentParser FishCompletionsGenerator.swift
[48/102] Wrapping AST for SwiftPlot for debugging
[50/104] Emitting module SVGRenderer
[51/104] Compiling SVGRenderer SVGRenderer.swift
[52/105] Wrapping AST for SVGRenderer for debugging
[54/111] Compiling SwiftSound fft.swift
/host/spi-builder-workspace/Sources/SwiftSound/fft.swift:1:8: error: no such module 'Accelerate'
 1 | import Accelerate
   |        `- error: no such module 'Accelerate'
 2 |
 3 | public func fft(samples: [Float], sampleRate: Float) -> [(frequency: Float, amplitude: Float)] {
error: emit-module command failed with exit code 1 (use -v to see invocation)
[55/111] Emitting module SwiftSound
/host/spi-builder-workspace/Sources/SwiftSound/fft.swift:1:8: error: no such module 'Accelerate'
 1 | import Accelerate
   |        `- error: no such module 'Accelerate'
 2 |
 3 | public func fft(samples: [Float], sampleRate: Float) -> [(frequency: Float, amplitude: Float)] {
[56/111] Compiling SwiftSound revealInFinder.swift
/host/spi-builder-workspace/Sources/SwiftSound/fft.swift:1:8: error: no such module 'Accelerate'
 1 | import Accelerate
   |        `- error: no such module 'Accelerate'
 2 |
 3 | public func fft(samples: [Float], sampleRate: Float) -> [(frequency: Float, amplitude: Float)] {
[57/111] Compiling SwiftSound spectrumToSvg.swift
/host/spi-builder-workspace/Sources/SwiftSound/fft.swift:1:8: error: no such module 'Accelerate'
 1 | import Accelerate
   |        `- error: no such module 'Accelerate'
 2 |
 3 | public func fft(samples: [Float], sampleRate: Float) -> [(frequency: Float, amplitude: Float)] {
[58/111] Compiling SwiftSound stft.swift
/host/spi-builder-workspace/Sources/SwiftSound/fft.swift:1:8: error: no such module 'Accelerate'
 1 | import Accelerate
   |        `- error: no such module 'Accelerate'
 2 |
 3 | public func fft(samples: [Float], sampleRate: Float) -> [(frequency: Float, amplitude: Float)] {
[59/111] Compiling SwiftSound readRawAudio.swift
/host/spi-builder-workspace/Sources/SwiftSound/fft.swift:1:8: error: no such module 'Accelerate'
 1 | import Accelerate
   |        `- error: no such module 'Accelerate'
 2 |
 3 | public func fft(samples: [Float], sampleRate: Float) -> [(frequency: Float, amplitude: Float)] {
BUILD FAILURE 6.2 wasm