The Swift Package Index logo.Swift Package Index

Build Information

Failed to build MUXSDKStats, reference v4.17.0 (2b5684), with Swift 6.4 for watchOS using Xcode 27.0 on 21 Sep 2026 05:58:40 UTC.

Build Command

env DEVELOPER_DIR=/Applications/Xcode-27.0.0-Release.Candidate.app xcrun xcodebuild -IDEClonedSourcePackagesDirPathOverride=$PWD/.dependencies -skipMacroValidation -skipPackagePluginValidation -derivedDataPath $PWD/.derivedData build -scheme MUXSDKStats -destination generic/platform=watchOS

Build Log

========================================
RunAll
========================================
Builder version: 5.1.0
Interrupt handler set up.
========================================
Checkout
========================================
Clone URL: https://github.com/muxinc/mux-stats-sdk-avplayer.git
Reference: v4.17.0
Initialized empty Git repository in /Users/admin/builder/spi-builder-workspace/.git/
From https://github.com/muxinc/mux-stats-sdk-avplayer
 * tag               v4.17.0    -> FETCH_HEAD
HEAD is now at 2b5684f Version Bump (#376)
Cloned https://github.com/muxinc/mux-stats-sdk-avplayer.git
Revision (git rev-parse @):
2b5684f0eaf25a250633dd8e3acbf4a2daee764f
SUCCESS checkout https://github.com/muxinc/mux-stats-sdk-avplayer.git at v4.17.0
========================================
Build
========================================
Selected platform:         watchOS
Swift version:             6.4
Building package at path:  $PWD
https://github.com/muxinc/mux-stats-sdk-avplayer.git
Command line invocation:
    /Applications/Xcode-27.0.0-Release.Candidate.app/Contents/Developer/usr/bin/xcodebuild -IDEClonedSourcePackagesDirPathOverride=/Users/admin/builder/spi-builder-workspace/.dependencies -resolvePackageDependencies
Resolve Package Graph
Fetching from https://github.com/muxinc/stats-sdk-objc.git
Creating working copy of package ‘stats-sdk-objc’
Checking out 5.14.0 of package ‘stats-sdk-objc’
Resolve Package Graph
Resolved source packages:
  MuxCore: https://github.com/muxinc/stats-sdk-objc.git @ 5.14.0
  MUXSDKStats: /Users/admin/builder/spi-builder-workspace
resolved source packages: MuxCore, MUXSDKStats
2026-09-21 01:57:36.897 xcodebuild[529:3035] [MT] IDERunDestination: Supported platforms for the buildables in the current scheme is empty.
{
  "dependencies" : [
    {
      "identity" : "stats-sdk-objc",
      "requirement" : {
        "range" : [
          {
            "lower_bound" : "5.13.0",
            "upper_bound" : "6.0.0"
          }
        ]
      },
      "type" : "sourceControl",
      "url" : "https://github.com/muxinc/stats-sdk-objc.git"
    }
  ],
  "manifest_display_name" : "MUXSDKStats",
  "name" : "MUXSDKStats",
  "path" : "/Users/admin/builder/spi-builder-workspace",
  "platforms" : [
  ],
  "products" : [
    {
      "name" : "MUXSDKStats",
      "targets" : [
        "MUXSDKStats"
      ],
      "type" : {
        "library" : [
          "automatic"
        ]
      }
    }
  ],
  "swift_languages_versions" : [
    "6"
  ],
  "targets" : [
    {
      "c99name" : "MUXSDKStatsTests",
      "module_type" : "ClangTarget",
      "name" : "MUXSDKStatsTests",
      "path" : "Tests/MUXSDKStatsTests",
      "sources" : [
        "MUXSDKBandwidthMetricDataTests.m",
        "MUXSDKPlayerBindingTests.m",
        "MUXSDKStatsTests.m",
        "Utils/MUXSDKCore+Mock.m"
      ],
      "target_dependencies" : [
        "MUXSDKStats"
      ],
      "type" : "test"
    },
    {
      "c99name" : "MUXSDKStatsInternalTests",
      "module_type" : "SwiftTarget",
      "name" : "MUXSDKStatsInternalTests",
      "path" : "Tests/MUXSDKStatsInternalTests",
      "sources" : [
        "AVFoundation+TestHelpers.swift",
        "AudioTrackChangeEventsTests.swift",
        "Features/TextTrackChangeEventsTests.swift",
        "MuxTimeValueConvertibleTests.swift",
        "PlaybackEventTimingTests.swift",
        "Task+TimeoutTests.swift",
        "Utilities/Publisher+ExtensionsTests.swift"
      ],
      "target_dependencies" : [
        "MUXSDKStatsInternal"
      ],
      "type" : "test"
    },
    {
      "c99name" : "MUXSDKStatsInternal",
      "module_type" : "SwiftTarget",
      "name" : "MUXSDKStatsInternal",
      "path" : "Sources/MUXSDKStatsInternal",
      "product_dependencies" : [
        "MuxCore"
      ],
      "product_memberships" : [
        "MUXSDKStats"
      ],
      "sources" : [
        "AVPlayerItem+AccessLog.swift",
        "Features/AudioTrackChangeEvents.swift",
        "Features/TextTrackChangeEvents.swift",
        "MuxCore/MUXSDKBandwidthMetricData+AVMetrics.swift",
        "MuxCore/MUXSDKPlaybackEvent+Extensions.swift",
        "MuxCore/MUXSDKPlayerData.swift",
        "MuxCore/MUXSDKRequestBandwidthEvent+AVMetrics.swift",
        "MuxCore/MUXSDKVideoData.swift",
        "MuxCore/MuxTimeValueConvertible.swift",
        "NetworkMonitor.swift",
        "PlaybackEventTiming.swift",
        "PlayerMonitor.swift",
        "Publishers+AVPlayerItem.swift",
        "Utilities/AVMediaSelection+Extensions.swift",
        "Utilities/AVMediaSelectionOption+Extensions.swift",
        "Utilities/DispatchQueue.swift",
        "Utilities/Future+async.swift",
        "Utilities/ImmediateIfOnMainQueueScheduler.swift",
        "Utilities/Logging.swift",
        "Utilities/Publisher+Extensions.swift",
        "Utilities/Publishers+AsyncSequence.swift",
        "Utilities/Task+Timeout.swift"
      ],
      "type" : "library"
    },
    {
      "c99name" : "MUXSDKStats",
      "module_type" : "ClangTarget",
      "name" : "MUXSDKStats",
      "path" : "Sources/MUXSDKStats",
      "product_dependencies" : [
        "MuxCore"
      ],
      "product_memberships" : [
        "MUXSDKStats"
      ],
      "resources" : [
        {
          "path" : "/Users/admin/builder/spi-builder-workspace/Sources/MUXSDKStats/Resources/PrivacyInfo.xcprivacy",
          "rule" : {
            "process" : {
            }
          }
        }
      ],
      "sources" : [
        "MUXSDKBandwidthMetricData+MUXSDKAccessLog.m",
        "MUXSDKCustomerCustomDataStore.m",
        "MUXSDKCustomerPlayerDataStore.m",
        "MUXSDKCustomerVideoDataStore.m",
        "MUXSDKCustomerViewDataStore.m",
        "MUXSDKPlayerBinding.m",
        "MUXSDKPlayerBindingManager.m",
        "MUXSDKStats.m"
      ],
      "target_dependencies" : [
        "MUXSDKStatsInternal"
      ],
      "type" : "library"
    },
    {
      "c99name" : "GeneratePodspec",
      "module_type" : "PluginTarget",
      "name" : "GeneratePodspec",
      "path" : "Plugins/GeneratePodspec",
      "plugin_capability" : {
        "intent" : {
          "description" : "Generates a podspec for the SDK",
          "type" : "custom",
          "verb" : "generate-podspec"
        },
        "permissions" : [
        ],
        "type" : "command"
      },
      "sources" : [
        "GeneratePodspec.swift"
      ],
      "type" : "plugin"
    }
  ],
  "tools_version" : "6.0"
}
{
  "workspace" : {
    "name" : "MUXSDKStats",
    "schemes" : [
      "MUXSDKStats"
    ]
  }
}
2026-09-21 01:58:30.936 xcodebuild[710:4444] [MT] IDERunDestination: Supported platforms for the buildables in the current scheme is empty.
Running build ...
env DEVELOPER_DIR=/Applications/Xcode-27.0.0-Release.Candidate.app xcrun xcodebuild -IDEClonedSourcePackagesDirPathOverride=$PWD/.dependencies -skipMacroValidation -skipPackagePluginValidation -derivedDataPath $PWD/.derivedData build -scheme MUXSDKStats -destination generic/platform=watchOS
Command line invocation:
    /Applications/Xcode-27.0.0-Release.Candidate.app/Contents/Developer/usr/bin/xcodebuild -IDEClonedSourcePackagesDirPathOverride=/Users/admin/builder/spi-builder-workspace/.dependencies -skipMacroValidation -skipPackagePluginValidation -derivedDataPath /Users/admin/builder/spi-builder-workspace/.derivedData build -scheme MUXSDKStats -destination generic/platform=watchOS
Resolve Package Graph
Resolve Package Graph
Resolved source packages:
  MUXSDKStats: /Users/admin/builder/spi-builder-workspace
  MuxCore: https://github.com/muxinc/stats-sdk-objc.git @ 5.14.0
ComputePackagePrebuildTargetDependencyGraph
Prepare packages
Compile plug-in “GeneratePodspec” in package “spi-builder-workspace”
[debug]: Compiling plugin to executable at /Users/admin/builder/spi-builder-workspace/.derivedData/Build/Products/PluginExecutables/GeneratePodspec
[debug]: Using compiler /Applications/Xcode-27.0.0-Release.Candidate.app/Contents/Developer/Toolchains/XcodeDefault.xctoolchain/usr/bin/swiftc
[debug]: Plugin compilation output directory '/Users/admin/builder/spi-builder-workspace/.derivedData/Build/Products/PluginExecutables'
[debug]: Computed hash of plugin compilation inputs: b6d698761b29aecec53945e87750a8a4a111cbd5ca395ed9c94689553364167e
Process build tool plug-in results
CreateBuildRequest
SendProjectDescription
CreateBuildOperation
ComputeTargetDependencyGraph
note: Building targets in dependency order
note: Target dependency graph (5 targets)
    Target 'MUXSDKStats-product' in project 'MUXSDKStats'
        ➜ Explicit dependency on target 'MUXSDKStats' in project 'MUXSDKStats'
        ➜ Explicit dependency on target 'MUXSDKStats_MUXSDKStats' in project 'MUXSDKStats'
        ➜ Explicit dependency on target 'MUXSDKStatsInternal' in project 'MUXSDKStats'
        ➜ Explicit dependency on target 'MuxCore-product' in project 'MuxCore'
    Target 'MUXSDKStats' in project 'MUXSDKStats'
        ➜ Explicit dependency on target 'MUXSDKStats_MUXSDKStats' in project 'MUXSDKStats'
        ➜ Explicit dependency on target 'MUXSDKStatsInternal' in project 'MUXSDKStats'
        ➜ Explicit dependency on target 'MuxCore-product' in project 'MuxCore'
    Target 'MUXSDKStatsInternal' in project 'MUXSDKStats'
        ➜ Explicit dependency on target 'MuxCore-product' in project 'MuxCore'
    Target 'MuxCore-product' in project 'MuxCore' (no dependencies)
    Target 'MUXSDKStats_MUXSDKStats' in project 'MUXSDKStats' (no dependencies)
GatherProvisioningInputs
CreateBuildDescription
ExecuteExternalTool /Applications/Xcode-27.0.0-Release.Candidate.app/Contents/Developer/Toolchains/XcodeDefault.xctoolchain/usr/bin/clang -v -E -dM -isysroot /Applications/Xcode-27.0.0-Release.Candidate.app/Contents/Developer/Platforms/WatchOS.platform/Developer/SDKs/WatchOS27.0.sdk -x c -c /dev/null
ExecuteExternalTool /Applications/Xcode-27.0.0-Release.Candidate.app/Contents/Developer/Toolchains/XcodeDefault.xctoolchain/usr/bin/swiftc --version
ExecuteExternalTool /Applications/Xcode-27.0.0-Release.Candidate.app/Contents/Developer/Toolchains/XcodeDefault.xctoolchain/usr/bin/clang -v -E -dM -arch arm64 -isysroot /Applications/Xcode-27.0.0-Release.Candidate.app/Contents/Developer/Platforms/WatchOS.platform/Developer/SDKs/WatchOS27.0.sdk -x objective-c -c /dev/null
ExecuteExternalTool /Applications/Xcode-27.0.0-Release.Candidate.app/Contents/Developer/Toolchains/XcodeDefault.xctoolchain/usr/bin/clang -v -E -dM -arch arm64 -isysroot /Applications/Xcode-27.0.0-Release.Candidate.app/Contents/Developer/Platforms/WatchOS.platform/Developer/SDKs/WatchOS27.0.sdk -x c -c /dev/null
ExecuteExternalTool /Applications/Xcode-27.0.0-Release.Candidate.app/Contents/Developer/Toolchains/XcodeDefault.xctoolchain/usr/bin/ld -version_details
ExecuteExternalTool /Applications/Xcode-27.0.0-Release.Candidate.app/Contents/Developer/Toolchains/XcodeDefault.xctoolchain/usr/bin/clang -v -E -dM -arch arm64_32 -isysroot /Applications/Xcode-27.0.0-Release.Candidate.app/Contents/Developer/Platforms/WatchOS.platform/Developer/SDKs/WatchOS27.0.sdk -x objective-c -c /dev/null
ExecuteExternalTool /Applications/Xcode-27.0.0-Release.Candidate.app/Contents/Developer/Toolchains/XcodeDefault.xctoolchain/usr/bin/clang -v -E -dM -arch arm64_32 -isysroot /Applications/Xcode-27.0.0-Release.Candidate.app/Contents/Developer/Platforms/WatchOS.platform/Developer/SDKs/WatchOS27.0.sdk -x c -c /dev/null
Build description signature: 30493f9707589504d7128e351a0ef316
Build description path: /Users/admin/builder/spi-builder-workspace/.derivedData/Build/Intermediates.noindex/XCBuildData/30493f9707589504d7128e351a0ef316.xcbuilddata
/Users/admin/builder/spi-builder-workspace/.dependencies/artifacts/stats-sdk-objc/MuxCore/MuxCore.xcframework:1:1: error: While building for watchOS, no library for this platform was found in '/Users/admin/builder/spi-builder-workspace/.dependencies/artifacts/stats-sdk-objc/MuxCore/MuxCore.xcframework'. (in target 'MuxCore-product' from project 'MuxCore')
/Users/admin/builder/spi-builder-workspace/.dependencies/artifacts/stats-sdk-objc/MuxCore/MuxCore.xcframework:1:1: error: While building for watchOS, no library for this platform was found in '/Users/admin/builder/spi-builder-workspace/.dependencies/artifacts/stats-sdk-objc/MuxCore/MuxCore.xcframework'. (in target 'MUXSDKStats-product' from project 'MUXSDKStats')
/Users/admin/builder/spi-builder-workspace/.dependencies/artifacts/stats-sdk-objc/MuxCore/MuxCore.xcframework:1:1: error: While building for watchOS, no library for this platform was found in '/Users/admin/builder/spi-builder-workspace/.dependencies/artifacts/stats-sdk-objc/MuxCore/MuxCore.xcframework'. (in target 'MUXSDKStats-product' from project 'MUXSDKStats')
/Users/admin/builder/spi-builder-workspace/.dependencies/artifacts/stats-sdk-objc/MuxCore/MuxCore.xcframework:1:1: error: While building for watchOS, no library for this platform was found in '/Users/admin/builder/spi-builder-workspace/.dependencies/artifacts/stats-sdk-objc/MuxCore/MuxCore.xcframework'. (in target 'MUXSDKStatsInternal' from project 'MUXSDKStats')
/Users/admin/builder/spi-builder-workspace/.dependencies/artifacts/stats-sdk-objc/MuxCore/MuxCore.xcframework:1:1: error: While building for watchOS, no library for this platform was found in '/Users/admin/builder/spi-builder-workspace/.dependencies/artifacts/stats-sdk-objc/MuxCore/MuxCore.xcframework'. (in target 'MUXSDKStats' from project 'MUXSDKStats')
2026-09-21 01:58:33.239 xcodebuild[712:4495] [MT] IDERunDestination: Supported platforms for the buildables in the current scheme is empty.
** BUILD FAILED **
The following build commands failed:
	Building workspace MUXSDKStats with scheme MUXSDKStats
(1 failure)
Command line invocation:
    /Applications/Xcode-27.0.0-Release.Candidate.app/Contents/Developer/usr/bin/xcodebuild -IDEClonedSourcePackagesDirPathOverride=/Users/admin/builder/spi-builder-workspace/.dependencies -resolvePackageDependencies
Resolve Package Graph
Resolved source packages:
  MUXSDKStats: /Users/admin/builder/spi-builder-workspace
  MuxCore: https://github.com/muxinc/stats-sdk-objc.git @ 5.14.0
resolved source packages: MUXSDKStats, MuxCore
2026-09-21 01:58:37.624 xcodebuild[750:4745] [MT] IDERunDestination: Supported platforms for the buildables in the current scheme is empty.
{
  "dependencies" : [
    {
      "identity" : "stats-sdk-objc",
      "requirement" : {
        "range" : [
          {
            "lower_bound" : "5.13.0",
            "upper_bound" : "6.0.0"
          }
        ]
      },
      "type" : "sourceControl",
      "url" : "https://github.com/muxinc/stats-sdk-objc.git"
    }
  ],
  "manifest_display_name" : "MUXSDKStats",
  "name" : "MUXSDKStats",
  "path" : "/Users/admin/builder/spi-builder-workspace",
  "platforms" : [
  ],
  "products" : [
    {
      "name" : "MUXSDKStats",
      "targets" : [
        "MUXSDKStats"
      ],
      "type" : {
        "library" : [
          "automatic"
        ]
      }
    }
  ],
  "swift_languages_versions" : [
    "6"
  ],
  "targets" : [
    {
      "c99name" : "MUXSDKStatsTests",
      "module_type" : "ClangTarget",
      "name" : "MUXSDKStatsTests",
      "path" : "Tests/MUXSDKStatsTests",
      "sources" : [
        "MUXSDKBandwidthMetricDataTests.m",
        "MUXSDKPlayerBindingTests.m",
        "MUXSDKStatsTests.m",
        "Utils/MUXSDKCore+Mock.m"
      ],
      "target_dependencies" : [
        "MUXSDKStats"
      ],
      "type" : "test"
    },
    {
      "c99name" : "MUXSDKStatsInternalTests",
      "module_type" : "SwiftTarget",
      "name" : "MUXSDKStatsInternalTests",
      "path" : "Tests/MUXSDKStatsInternalTests",
      "sources" : [
        "AVFoundation+TestHelpers.swift",
        "AudioTrackChangeEventsTests.swift",
        "Features/TextTrackChangeEventsTests.swift",
        "MuxTimeValueConvertibleTests.swift",
        "PlaybackEventTimingTests.swift",
        "Task+TimeoutTests.swift",
        "Utilities/Publisher+ExtensionsTests.swift"
      ],
      "target_dependencies" : [
        "MUXSDKStatsInternal"
      ],
      "type" : "test"
    },
    {
      "c99name" : "MUXSDKStatsInternal",
      "module_type" : "SwiftTarget",
      "name" : "MUXSDKStatsInternal",
      "path" : "Sources/MUXSDKStatsInternal",
      "product_dependencies" : [
        "MuxCore"
      ],
      "product_memberships" : [
        "MUXSDKStats"
      ],
      "sources" : [
        "AVPlayerItem+AccessLog.swift",
        "Features/AudioTrackChangeEvents.swift",
        "Features/TextTrackChangeEvents.swift",
        "MuxCore/MUXSDKBandwidthMetricData+AVMetrics.swift",
        "MuxCore/MUXSDKPlaybackEvent+Extensions.swift",
        "MuxCore/MUXSDKPlayerData.swift",
        "MuxCore/MUXSDKRequestBandwidthEvent+AVMetrics.swift",
        "MuxCore/MUXSDKVideoData.swift",
        "MuxCore/MuxTimeValueConvertible.swift",
        "NetworkMonitor.swift",
        "PlaybackEventTiming.swift",
        "PlayerMonitor.swift",
        "Publishers+AVPlayerItem.swift",
        "Utilities/AVMediaSelection+Extensions.swift",
        "Utilities/AVMediaSelectionOption+Extensions.swift",
        "Utilities/DispatchQueue.swift",
        "Utilities/Future+async.swift",
        "Utilities/ImmediateIfOnMainQueueScheduler.swift",
        "Utilities/Logging.swift",
        "Utilities/Publisher+Extensions.swift",
        "Utilities/Publishers+AsyncSequence.swift",
        "Utilities/Task+Timeout.swift"
      ],
      "type" : "library"
    },
    {
      "c99name" : "MUXSDKStats",
      "module_type" : "ClangTarget",
      "name" : "MUXSDKStats",
      "path" : "Sources/MUXSDKStats",
      "product_dependencies" : [
        "MuxCore"
      ],
      "product_memberships" : [
        "MUXSDKStats"
      ],
      "resources" : [
        {
          "path" : "/Users/admin/builder/spi-builder-workspace/Sources/MUXSDKStats/Resources/PrivacyInfo.xcprivacy",
          "rule" : {
            "process" : {
            }
          }
        }
      ],
      "sources" : [
        "MUXSDKBandwidthMetricData+MUXSDKAccessLog.m",
        "MUXSDKCustomerCustomDataStore.m",
        "MUXSDKCustomerPlayerDataStore.m",
        "MUXSDKCustomerVideoDataStore.m",
        "MUXSDKCustomerViewDataStore.m",
        "MUXSDKPlayerBinding.m",
        "MUXSDKPlayerBindingManager.m",
        "MUXSDKStats.m"
      ],
      "target_dependencies" : [
        "MUXSDKStatsInternal"
      ],
      "type" : "library"
    },
    {
      "c99name" : "GeneratePodspec",
      "module_type" : "PluginTarget",
      "name" : "GeneratePodspec",
      "path" : "Plugins/GeneratePodspec",
      "plugin_capability" : {
        "intent" : {
          "description" : "Generates a podspec for the SDK",
          "type" : "custom",
          "verb" : "generate-podspec"
        },
        "permissions" : [
        ],
        "type" : "command"
      },
      "sources" : [
        "GeneratePodspec.swift"
      ],
      "type" : "plugin"
    }
  ],
  "tools_version" : "6.0"
}
{
  "workspace" : {
    "name" : "MUXSDKStats",
    "schemes" : [
      "MUXSDKStats"
    ]
  }
}
2026-09-21 01:58:38.992 xcodebuild[759:4813] [MT] IDERunDestination: Supported platforms for the buildables in the current scheme is empty.
Running build ...
env DEVELOPER_DIR=/Applications/Xcode-27.0.0-Release.Candidate.app xcrun xcodebuild -IDEClonedSourcePackagesDirPathOverride=$PWD/.dependencies -skipMacroValidation -skipPackagePluginValidation -derivedDataPath $PWD/.derivedData build -scheme MUXSDKStats -destination generic/platform=watchOS
Command line invocation:
    /Applications/Xcode-27.0.0-Release.Candidate.app/Contents/Developer/usr/bin/xcodebuild -IDEClonedSourcePackagesDirPathOverride=/Users/admin/builder/spi-builder-workspace/.dependencies -skipMacroValidation -skipPackagePluginValidation -derivedDataPath /Users/admin/builder/spi-builder-workspace/.derivedData build -scheme MUXSDKStats -destination generic/platform=watchOS
Resolve Package Graph
Resolved source packages:
  MUXSDKStats: /Users/admin/builder/spi-builder-workspace
  MuxCore: https://github.com/muxinc/stats-sdk-objc.git @ 5.14.0
ComputePackagePrebuildTargetDependencyGraph
Prepare packages
Compile plug-in “GeneratePodspec” in package “spi-builder-workspace”
[debug]: Compiling plugin to executable at /Users/admin/builder/spi-builder-workspace/.derivedData/Build/Products/PluginExecutables/GeneratePodspec
[debug]: Using compiler /Applications/Xcode-27.0.0-Release.Candidate.app/Contents/Developer/Toolchains/XcodeDefault.xctoolchain/usr/bin/swiftc
[debug]: Plugin compilation output directory '/Users/admin/builder/spi-builder-workspace/.derivedData/Build/Products/PluginExecutables'
[debug]: Computed hash of plugin compilation inputs: b6d698761b29aecec53945e87750a8a4a111cbd5ca395ed9c94689553364167e
Process build tool plug-in results
CreateBuildRequest
SendProjectDescription
CreateBuildOperation
ComputeTargetDependencyGraph
note: Building targets in dependency order
note: Target dependency graph (5 targets)
    Target 'MUXSDKStats-product' in project 'MUXSDKStats'
        ➜ Explicit dependency on target 'MUXSDKStats' in project 'MUXSDKStats'
        ➜ Explicit dependency on target 'MUXSDKStats_MUXSDKStats' in project 'MUXSDKStats'
        ➜ Explicit dependency on target 'MUXSDKStatsInternal' in project 'MUXSDKStats'
        ➜ Explicit dependency on target 'MuxCore-product' in project 'MuxCore'
    Target 'MUXSDKStats' in project 'MUXSDKStats'
        ➜ Explicit dependency on target 'MUXSDKStats_MUXSDKStats' in project 'MUXSDKStats'
        ➜ Explicit dependency on target 'MUXSDKStatsInternal' in project 'MUXSDKStats'
        ➜ Explicit dependency on target 'MuxCore-product' in project 'MuxCore'
    Target 'MUXSDKStatsInternal' in project 'MUXSDKStats'
        ➜ Explicit dependency on target 'MuxCore-product' in project 'MuxCore'
    Target 'MuxCore-product' in project 'MuxCore' (no dependencies)
    Target 'MUXSDKStats_MUXSDKStats' in project 'MUXSDKStats' (no dependencies)
GatherProvisioningInputs
CreateBuildDescription
/Users/admin/builder/spi-builder-workspace/.dependencies/artifacts/stats-sdk-objc/MuxCore/MuxCore.xcframework:1:1: error: While building for watchOS, no library for this platform was found in '/Users/admin/builder/spi-builder-workspace/.dependencies/artifacts/stats-sdk-objc/MuxCore/MuxCore.xcframework'. (in target 'MUXSDKStats' from project 'MUXSDKStats')
/Users/admin/builder/spi-builder-workspace/.dependencies/artifacts/stats-sdk-objc/MuxCore/MuxCore.xcframework:1:1: error: While building for watchOS, no library for this platform was found in '/Users/admin/builder/spi-builder-workspace/.dependencies/artifacts/stats-sdk-objc/MuxCore/MuxCore.xcframework'. (in target 'MUXSDKStats-product' from project 'MUXSDKStats')
/Users/admin/builder/spi-builder-workspace/.dependencies/artifacts/stats-sdk-objc/MuxCore/MuxCore.xcframework:1:1: error: While building for watchOS, no library for this platform was found in '/Users/admin/builder/spi-builder-workspace/.dependencies/artifacts/stats-sdk-objc/MuxCore/MuxCore.xcframework'. (in target 'MUXSDKStats-product' from project 'MUXSDKStats')
/Users/admin/builder/spi-builder-workspace/.dependencies/artifacts/stats-sdk-objc/MuxCore/MuxCore.xcframework:1:1: error: While building for watchOS, no library for this platform was found in '/Users/admin/builder/spi-builder-workspace/.dependencies/artifacts/stats-sdk-objc/MuxCore/MuxCore.xcframework'. (in target 'MUXSDKStatsInternal' from project 'MUXSDKStats')
/Users/admin/builder/spi-builder-workspace/.dependencies/artifacts/stats-sdk-objc/MuxCore/MuxCore.xcframework:1:1: error: While building for watchOS, no library for this platform was found in '/Users/admin/builder/spi-builder-workspace/.dependencies/artifacts/stats-sdk-objc/MuxCore/MuxCore.xcframework'. (in target 'MuxCore-product' from project 'MuxCore')
2026-09-21 01:58:40.095 xcodebuild[761:4846] [MT] IDERunDestination: Supported platforms for the buildables in the current scheme is empty.
** BUILD FAILED **
The following build commands failed:
	Building workspace MUXSDKStats with scheme MUXSDKStats
(1 failure)
BUILD FAILURE 6.4 watchOS