Build Information
Failed to build swift-differentiation, reference 3.1.0 (1361b9), with Swift 6.2 for Wasm on 2 Sep 2026 23:31:33 UTC.
Build Command
bash -c docker run --pull=always --rm -v "checkouts-54344845-1":/host -w "$PWD" -e JAVA_HOME="/root/.sdkman/candidates/java/current" -e SPI_BUILD="1" -e SPI_PROCESSING="1" registry.gitlab.com/saguaro1/spi-images:wasm-6.2-latest swift build --swift-sdk swift-6.2-RELEASE_wasm 2>&1Build Log
========================================
RunAll
========================================
Builder version: 5.0.2
Interrupt handler set up.
========================================
Checkout
========================================
Clone URL: https://github.com/differentiable-swift/swift-differentiation.git
Reference: 3.1.0
Initialized empty Git repository in /host/spi-builder-workspace/.git/
hint: Using 'master' as the name for the initial branch. This default branch name
hint: is subject to change. To configure the initial branch name to use in all
hint: of your new repositories, which will suppress this warning, call:
hint:
hint: git config --global init.defaultBranch <name>
hint:
hint: Names commonly chosen instead of 'master' are 'main', 'trunk' and
hint: 'development'. The just-created branch can be renamed via this command:
hint:
hint: git branch -m <name>
From https://github.com/differentiable-swift/swift-differentiation
* tag 3.1.0 -> FETCH_HEAD
HEAD is now at 1361b9b fix: improve performance by directly implementing DifferentiableView.base methods instead of through protocol witnesses.
Cloned https://github.com/differentiable-swift/swift-differentiation.git
Revision (git rev-parse @):
1361b9b2efac345e082242179f6634fcc9ea17cc
SPI manifest file found: $PWD/.spi.yml
SUCCESS checkout https://github.com/differentiable-swift/swift-differentiation.git at 3.1.0
========================================
Build
========================================
Selected platform: wasm
Swift version: 6.2
Building package at path: $PWD
https://github.com/differentiable-swift/swift-differentiation.git
Running build ...
bash -c docker run --pull=always --rm -v "checkouts-54344845-1":/host -w "$PWD" -e JAVA_HOME="/root/.sdkman/candidates/java/current" -e SPI_BUILD="1" -e SPI_PROCESSING="1" registry.gitlab.com/saguaro1/spi-images:wasm-6.2-latest swift build --swift-sdk swift-6.2-RELEASE_wasm 2>&1
wasm-6.2-latest: Pulling from saguaro1/spi-images
Digest: sha256:70428a4f4110aef5b17a27427e965f31cf3855e8cf1dfdc416ed61c780337965
Status: Image is up to date for registry.gitlab.com/saguaro1/spi-images:wasm-6.2-latest
Fetching https://github.com/differentiable-swift/swift-differentiation-stdlib.git
[1/324] Fetching swift-differentiation-stdlib
Fetched https://github.com/differentiable-swift/swift-differentiation-stdlib.git from cache (1.02s)
Computing version for https://github.com/differentiable-swift/swift-differentiation-stdlib.git
Computed https://github.com/differentiable-swift/swift-differentiation-stdlib.git at 602.0.1 (1.16s)
Creating working copy for https://github.com/differentiable-swift/swift-differentiation-stdlib.git
Working copy of https://github.com/differentiable-swift/swift-differentiation-stdlib.git resolved at 602.0.1
Building for debugging...
[0/2] Write sources
[1/2] Write swift-version-24593BA9C3E375BF.txt
[3/78] Compiling Differentiation Array+Gather.swift
/host/spi-builder-workspace/Sources/Differentiation/Array+Gather.swift:1:8: error: no such module '_Differentiation'
1 | import _Differentiation
| `- error: no such module '_Differentiation'
2 |
3 | extension Array where Element: Differentiable, Element.TangentVector == Element {
[4/78] Compiling Differentiation Array+Insert.swift
/host/spi-builder-workspace/Sources/Differentiation/Array+Gather.swift:1:8: error: no such module '_Differentiation'
1 | import _Differentiation
| `- error: no such module '_Differentiation'
2 |
3 | extension Array where Element: Differentiable, Element.TangentVector == Element {
[5/78] Compiling Differentiation Array+ScatteringAdd.swift
/host/spi-builder-workspace/Sources/Differentiation/Array+Gather.swift:1:8: error: no such module '_Differentiation'
1 | import _Differentiation
| `- error: no such module '_Differentiation'
2 |
3 | extension Array where Element: Differentiable, Element.TangentVector == Element {
[6/78] Compiling Differentiation Array+CTA.swift
/host/spi-builder-workspace/Sources/Differentiation/Array+Gather.swift:1:8: error: no such module '_Differentiation'
1 | import _Differentiation
| `- error: no such module '_Differentiation'
2 |
3 | extension Array where Element: Differentiable, Element.TangentVector == Element {
[7/78] Compiling Differentiation Array+CTASlice.swift
/host/spi-builder-workspace/Sources/Differentiation/Array+Gather.swift:1:8: error: no such module '_Differentiation'
1 | import _Differentiation
| `- error: no such module '_Differentiation'
2 |
3 | extension Array where Element: Differentiable, Element.TangentVector == Element {
[8/78] Compiling Differentiation ArraySlice+CTA.swift
/host/spi-builder-workspace/Sources/Differentiation/Array+Gather.swift:1:8: error: no such module '_Differentiation'
1 | import _Differentiation
| `- error: no such module '_Differentiation'
2 |
3 | extension Array where Element: Differentiable, Element.TangentVector == Element {
[9/78] Compiling Differentiation ArraySlice+CTASlice.swift
/host/spi-builder-workspace/Sources/Differentiation/Array+Gather.swift:1:8: error: no such module '_Differentiation'
1 | import _Differentiation
| `- error: no such module '_Differentiation'
2 |
3 | extension Array where Element: Differentiable, Element.TangentVector == Element {
[10/78] Compiling Differentiation ContiguousArray+CTA.swift
/host/spi-builder-workspace/Sources/Differentiation/Array+Gather.swift:1:8: error: no such module '_Differentiation'
1 | import _Differentiation
| `- error: no such module '_Differentiation'
2 |
3 | extension Array where Element: Differentiable, Element.TangentVector == Element {
[11/78] Compiling Differentiation ContiguousArray+CTASlice.swift
/host/spi-builder-workspace/Sources/Differentiation/Array+Gather.swift:1:8: error: no such module '_Differentiation'
1 | import _Differentiation
| `- error: no such module '_Differentiation'
2 |
3 | extension Array where Element: Differentiable, Element.TangentVector == Element {
[12/78] Compiling Differentiation DerivativesOfNativeFunctions.swift
/host/spi-builder-workspace/Sources/Differentiation/Array+Gather.swift:1:8: error: no such module '_Differentiation'
1 | import _Differentiation
| `- error: no such module '_Differentiation'
2 |
3 | extension Array where Element: Differentiable, Element.TangentVector == Element {
[13/78] Compiling Differentiation Dictionary+AD.swift
/host/spi-builder-workspace/Sources/Differentiation/Array+Gather.swift:1:8: error: no such module '_Differentiation'
1 | import _Differentiation
| `- error: no such module '_Differentiation'
2 |
3 | extension Array where Element: Differentiable, Element.TangentVector == Element {
[14/88] Compiling Differentiation InlineArray+AD.swift
/host/spi-builder-workspace/Sources/Differentiation/Array+Gather.swift:1:8: error: no such module '_Differentiation'
1 | import _Differentiation
| `- error: no such module '_Differentiation'
2 |
3 | extension Array where Element: Differentiable, Element.TangentVector == Element {
[15/88] Compiling Differentiation InlineArray+Differentiation.swift
/host/spi-builder-workspace/Sources/Differentiation/Array+Gather.swift:1:8: error: no such module '_Differentiation'
1 | import _Differentiation
| `- error: no such module '_Differentiation'
2 |
3 | extension Array where Element: Differentiable, Element.TangentVector == Element {
[16/88] Compiling Differentiation Optional+DifferentiableMap.swift
/host/spi-builder-workspace/Sources/Differentiation/Array+Gather.swift:1:8: error: no such module '_Differentiation'
1 | import _Differentiation
| `- error: no such module '_Differentiation'
2 |
3 | extension Array where Element: Differentiable, Element.TangentVector == Element {
[17/88] Compiling Differentiation Repeated+Differentiable.swift
/host/spi-builder-workspace/Sources/Differentiation/Array+Gather.swift:1:8: error: no such module '_Differentiation'
1 | import _Differentiation
| `- error: no such module '_Differentiation'
2 |
3 | extension Array where Element: Differentiable, Element.TangentVector == Element {
[18/88] Compiling Differentiation RunWithoutDerivative.swift
/host/spi-builder-workspace/Sources/Differentiation/Array+Gather.swift:1:8: error: no such module '_Differentiation'
1 | import _Differentiation
| `- error: no such module '_Differentiation'
2 |
3 | extension Array where Element: Differentiable, Element.TangentVector == Element {
[19/88] Compiling Differentiation SIMD16+DoubleSTDLibOverloads.swift
/host/spi-builder-workspace/Sources/Differentiation/Array+Gather.swift:1:8: error: no such module '_Differentiation'
1 | import _Differentiation
| `- error: no such module '_Differentiation'
2 |
3 | extension Array where Element: Differentiable, Element.TangentVector == Element {
[20/88] Compiling Differentiation SIMD16+FloatSTDLibOverloads.swift
/host/spi-builder-workspace/Sources/Differentiation/Array+Gather.swift:1:8: error: no such module '_Differentiation'
1 | import _Differentiation
| `- error: no such module '_Differentiation'
2 |
3 | extension Array where Element: Differentiable, Element.TangentVector == Element {
[21/88] Compiling Differentiation SIMD2+DoubleSTDLibOverloads.swift
/host/spi-builder-workspace/Sources/Differentiation/Array+Gather.swift:1:8: error: no such module '_Differentiation'
1 | import _Differentiation
| `- error: no such module '_Differentiation'
2 |
3 | extension Array where Element: Differentiable, Element.TangentVector == Element {
[22/88] Compiling Differentiation SIMD2+FloatSTDLibOverloads.swift
/host/spi-builder-workspace/Sources/Differentiation/Array+Gather.swift:1:8: error: no such module '_Differentiation'
1 | import _Differentiation
| `- error: no such module '_Differentiation'
2 |
3 | extension Array where Element: Differentiable, Element.TangentVector == Element {
[23/88] Compiling Differentiation SIMD3+DoubleSTDLibOverloads.swift
/host/spi-builder-workspace/Sources/Differentiation/Array+Gather.swift:1:8: error: no such module '_Differentiation'
1 | import _Differentiation
| `- error: no such module '_Differentiation'
2 |
3 | extension Array where Element: Differentiable, Element.TangentVector == Element {
[24/88] Compiling Differentiation ZipSequence+Arity6.swift
/host/spi-builder-workspace/Sources/Differentiation/Array+Gather.swift:1:8: error: no such module '_Differentiation'
1 | import _Differentiation
| `- error: no such module '_Differentiation'
2 |
3 | extension Array where Element: Differentiable, Element.TangentVector == Element {
[25/88] Compiling Differentiation ZipSequence+Arity7.swift
/host/spi-builder-workspace/Sources/Differentiation/Array+Gather.swift:1:8: error: no such module '_Differentiation'
1 | import _Differentiation
| `- error: no such module '_Differentiation'
2 |
3 | extension Array where Element: Differentiable, Element.TangentVector == Element {
[26/88] Compiling Differentiation ZipSequence+Arity8.swift
/host/spi-builder-workspace/Sources/Differentiation/Array+Gather.swift:1:8: error: no such module '_Differentiation'
1 | import _Differentiation
| `- error: no such module '_Differentiation'
2 |
3 | extension Array where Element: Differentiable, Element.TangentVector == Element {
[27/88] Compiling Differentiation ZipSequence+Arity9.swift
/host/spi-builder-workspace/Sources/Differentiation/Array+Gather.swift:1:8: error: no such module '_Differentiation'
1 | import _Differentiation
| `- error: no such module '_Differentiation'
2 |
3 | extension Array where Element: Differentiable, Element.TangentVector == Element {
[28/88] Compiling Differentiation ZipWith+Arity10.swift
/host/spi-builder-workspace/Sources/Differentiation/Array+Gather.swift:1:8: error: no such module '_Differentiation'
1 | import _Differentiation
| `- error: no such module '_Differentiation'
2 |
3 | extension Array where Element: Differentiable, Element.TangentVector == Element {
[29/88] Compiling Differentiation ZipWith+Arity11.swift
/host/spi-builder-workspace/Sources/Differentiation/Array+Gather.swift:1:8: error: no such module '_Differentiation'
1 | import _Differentiation
| `- error: no such module '_Differentiation'
2 |
3 | extension Array where Element: Differentiable, Element.TangentVector == Element {
[30/88] Compiling Differentiation ZipWith+Arity12.swift
/host/spi-builder-workspace/Sources/Differentiation/Array+Gather.swift:1:8: error: no such module '_Differentiation'
1 | import _Differentiation
| `- error: no such module '_Differentiation'
2 |
3 | extension Array where Element: Differentiable, Element.TangentVector == Element {
[31/88] Compiling Differentiation ZipWith+Arity13.swift
/host/spi-builder-workspace/Sources/Differentiation/Array+Gather.swift:1:8: error: no such module '_Differentiation'
1 | import _Differentiation
| `- error: no such module '_Differentiation'
2 |
3 | extension Array where Element: Differentiable, Element.TangentVector == Element {
[32/88] Compiling Differentiation ZipWith+Arity14.swift
/host/spi-builder-workspace/Sources/Differentiation/Array+Gather.swift:1:8: error: no such module '_Differentiation'
1 | import _Differentiation
| `- error: no such module '_Differentiation'
2 |
3 | extension Array where Element: Differentiable, Element.TangentVector == Element {
[33/88] Compiling Differentiation ZipWith+Arity2.swift
/host/spi-builder-workspace/Sources/Differentiation/Array+Gather.swift:1:8: error: no such module '_Differentiation'
1 | import _Differentiation
| `- error: no such module '_Differentiation'
2 |
3 | extension Array where Element: Differentiable, Element.TangentVector == Element {
[34/88] Compiling Differentiation ZipWith+Arity3.swift
/host/spi-builder-workspace/Sources/Differentiation/Array+Gather.swift:1:8: error: no such module '_Differentiation'
1 | import _Differentiation
| `- error: no such module '_Differentiation'
2 |
3 | extension Array where Element: Differentiable, Element.TangentVector == Element {
error: emit-module command failed with exit code 1 (use -v to see invocation)
[35/88] Emitting module Differentiation
/host/spi-builder-workspace/Sources/Differentiation/Array+Gather.swift:1:8: error: no such module '_Differentiation'
1 | import _Differentiation
| `- error: no such module '_Differentiation'
2 |
3 | extension Array where Element: Differentiable, Element.TangentVector == Element {
[36/88] Compiling Differentiation ZipWith+Arity4.swift
/host/spi-builder-workspace/Sources/Differentiation/Array+Gather.swift:1:8: error: no such module '_Differentiation'
1 | import _Differentiation
| `- error: no such module '_Differentiation'
2 |
3 | extension Array where Element: Differentiable, Element.TangentVector == Element {
[37/88] Compiling Differentiation ZipWith+Arity5.swift
/host/spi-builder-workspace/Sources/Differentiation/Array+Gather.swift:1:8: error: no such module '_Differentiation'
1 | import _Differentiation
| `- error: no such module '_Differentiation'
2 |
3 | extension Array where Element: Differentiable, Element.TangentVector == Element {
[38/88] Compiling Differentiation ZipWith+Arity6.swift
/host/spi-builder-workspace/Sources/Differentiation/Array+Gather.swift:1:8: error: no such module '_Differentiation'
1 | import _Differentiation
| `- error: no such module '_Differentiation'
2 |
3 | extension Array where Element: Differentiable, Element.TangentVector == Element {
[39/88] Compiling Differentiation ZipWith+Arity7.swift
/host/spi-builder-workspace/Sources/Differentiation/Array+Gather.swift:1:8: error: no such module '_Differentiation'
1 | import _Differentiation
| `- error: no such module '_Differentiation'
2 |
3 | extension Array where Element: Differentiable, Element.TangentVector == Element {
[40/88] Compiling Differentiation ZipWith+Arity8.swift
/host/spi-builder-workspace/Sources/Differentiation/Array+Gather.swift:1:8: error: no such module '_Differentiation'
1 | import _Differentiation
| `- error: no such module '_Differentiation'
2 |
3 | extension Array where Element: Differentiable, Element.TangentVector == Element {
[41/88] Compiling Differentiation ZipWith+Arity9.swift
/host/spi-builder-workspace/Sources/Differentiation/Array+Gather.swift:1:8: error: no such module '_Differentiation'
1 | import _Differentiation
| `- error: no such module '_Differentiation'
2 |
3 | extension Array where Element: Differentiable, Element.TangentVector == Element {
[42/88] Compiling Differentiation ZipWithInout+Arity10.swift
/host/spi-builder-workspace/Sources/Differentiation/Array+Gather.swift:1:8: error: no such module '_Differentiation'
1 | import _Differentiation
| `- error: no such module '_Differentiation'
2 |
3 | extension Array where Element: Differentiable, Element.TangentVector == Element {
[43/88] Compiling Differentiation ZipWithInout+Arity11.swift
/host/spi-builder-workspace/Sources/Differentiation/Array+Gather.swift:1:8: error: no such module '_Differentiation'
1 | import _Differentiation
| `- error: no such module '_Differentiation'
2 |
3 | extension Array where Element: Differentiable, Element.TangentVector == Element {
[44/88] Compiling Differentiation ZipWithInout+Arity12.swift
/host/spi-builder-workspace/Sources/Differentiation/Array+Gather.swift:1:8: error: no such module '_Differentiation'
1 | import _Differentiation
| `- error: no such module '_Differentiation'
2 |
3 | extension Array where Element: Differentiable, Element.TangentVector == Element {
[45/88] Compiling Differentiation ZipWithInout+Arity13.swift
/host/spi-builder-workspace/Sources/Differentiation/Array+Gather.swift:1:8: error: no such module '_Differentiation'
1 | import _Differentiation
| `- error: no such module '_Differentiation'
2 |
3 | extension Array where Element: Differentiable, Element.TangentVector == Element {
[46/88] Compiling Differentiation ZipWithInout+Arity14.swift
/host/spi-builder-workspace/Sources/Differentiation/Array+Gather.swift:1:8: error: no such module '_Differentiation'
1 | import _Differentiation
| `- error: no such module '_Differentiation'
2 |
3 | extension Array where Element: Differentiable, Element.TangentVector == Element {
[47/88] Compiling Differentiation ZipWithInout+Arity2.swift
/host/spi-builder-workspace/Sources/Differentiation/Array+Gather.swift:1:8: error: no such module '_Differentiation'
1 | import _Differentiation
| `- error: no such module '_Differentiation'
2 |
3 | extension Array where Element: Differentiable, Element.TangentVector == Element {
[48/88] Compiling Differentiation ZipWithInout+Arity3.swift
/host/spi-builder-workspace/Sources/Differentiation/Array+Gather.swift:1:8: error: no such module '_Differentiation'
1 | import _Differentiation
| `- error: no such module '_Differentiation'
2 |
3 | extension Array where Element: Differentiable, Element.TangentVector == Element {
[49/88] Compiling Differentiation ZipWithInout+Arity4.swift
/host/spi-builder-workspace/Sources/Differentiation/Array+Gather.swift:1:8: error: no such module '_Differentiation'
1 | import _Differentiation
| `- error: no such module '_Differentiation'
2 |
3 | extension Array where Element: Differentiable, Element.TangentVector == Element {
[50/88] Compiling Differentiation ZipWithInout+Arity5.swift
/host/spi-builder-workspace/Sources/Differentiation/Array+Gather.swift:1:8: error: no such module '_Differentiation'
1 | import _Differentiation
| `- error: no such module '_Differentiation'
2 |
3 | extension Array where Element: Differentiable, Element.TangentVector == Element {
[51/88] Compiling Differentiation ZipWithInout+Arity6.swift
/host/spi-builder-workspace/Sources/Differentiation/Array+Gather.swift:1:8: error: no such module '_Differentiation'
1 | import _Differentiation
| `- error: no such module '_Differentiation'
2 |
3 | extension Array where Element: Differentiable, Element.TangentVector == Element {
[52/88] Compiling Differentiation ZipWithInout+Arity7.swift
/host/spi-builder-workspace/Sources/Differentiation/Array+Gather.swift:1:8: error: no such module '_Differentiation'
1 | import _Differentiation
| `- error: no such module '_Differentiation'
2 |
3 | extension Array where Element: Differentiable, Element.TangentVector == Element {
[53/88] Compiling Differentiation ZipWithInout+Arity8.swift
/host/spi-builder-workspace/Sources/Differentiation/Array+Gather.swift:1:8: error: no such module '_Differentiation'
1 | import _Differentiation
| `- error: no such module '_Differentiation'
2 |
3 | extension Array where Element: Differentiable, Element.TangentVector == Element {
[54/88] Compiling Differentiation ZipWithInout+Arity9.swift
/host/spi-builder-workspace/Sources/Differentiation/Array+Gather.swift:1:8: error: no such module '_Differentiation'
1 | import _Differentiation
| `- error: no such module '_Differentiation'
2 |
3 | extension Array where Element: Differentiable, Element.TangentVector == Element {
[55/88] Compiling Differentiation Differentiation.swift
/host/spi-builder-workspace/Sources/Differentiation/Array+Gather.swift:1:8: error: no such module '_Differentiation'
1 | import _Differentiation
| `- error: no such module '_Differentiation'
2 |
3 | extension Array where Element: Differentiable, Element.TangentVector == Element {
[56/88] Compiling Differentiation Foundation+VJPs.swift
/host/spi-builder-workspace/Sources/Differentiation/Array+Gather.swift:1:8: error: no such module '_Differentiation'
1 | import _Differentiation
| `- error: no such module '_Differentiation'
2 |
3 | extension Array where Element: Differentiable, Element.TangentVector == Element {
[57/88] Compiling Differentiation ContiguousArrayDifferentiableView.swift
/host/spi-builder-workspace/Sources/Differentiation/Array+Gather.swift:1:8: error: no such module '_Differentiation'
1 | import _Differentiation
| `- error: no such module '_Differentiation'
2 |
3 | extension Array where Element: Differentiable, Element.TangentVector == Element {
[58/88] Compiling Differentiation ValueWithPullbackOverloads.swift
/host/spi-builder-workspace/Sources/Differentiation/Array+Gather.swift:1:8: error: no such module '_Differentiation'
1 | import _Differentiation
| `- error: no such module '_Differentiation'
2 |
3 | extension Array where Element: Differentiable, Element.TangentVector == Element {
[59/88] Compiling Differentiation ZipSequence+Arity10.swift
/host/spi-builder-workspace/Sources/Differentiation/Array+Gather.swift:1:8: error: no such module '_Differentiation'
1 | import _Differentiation
| `- error: no such module '_Differentiation'
2 |
3 | extension Array where Element: Differentiable, Element.TangentVector == Element {
[60/88] Compiling Differentiation ZipSequence+Arity11.swift
/host/spi-builder-workspace/Sources/Differentiation/Array+Gather.swift:1:8: error: no such module '_Differentiation'
1 | import _Differentiation
| `- error: no such module '_Differentiation'
2 |
3 | extension Array where Element: Differentiable, Element.TangentVector == Element {
[61/88] Compiling Differentiation ZipSequence+Arity12.swift
/host/spi-builder-workspace/Sources/Differentiation/Array+Gather.swift:1:8: error: no such module '_Differentiation'
1 | import _Differentiation
| `- error: no such module '_Differentiation'
2 |
3 | extension Array where Element: Differentiable, Element.TangentVector == Element {
[62/88] Compiling Differentiation ZipSequence+Arity13.swift
/host/spi-builder-workspace/Sources/Differentiation/Array+Gather.swift:1:8: error: no such module '_Differentiation'
1 | import _Differentiation
| `- error: no such module '_Differentiation'
2 |
3 | extension Array where Element: Differentiable, Element.TangentVector == Element {
[63/88] Compiling Differentiation ZipSequence+Arity14.swift
/host/spi-builder-workspace/Sources/Differentiation/Array+Gather.swift:1:8: error: no such module '_Differentiation'
1 | import _Differentiation
| `- error: no such module '_Differentiation'
2 |
3 | extension Array where Element: Differentiable, Element.TangentVector == Element {
[64/88] Compiling Differentiation ZipSequence+Arity2.swift
/host/spi-builder-workspace/Sources/Differentiation/Array+Gather.swift:1:8: error: no such module '_Differentiation'
1 | import _Differentiation
| `- error: no such module '_Differentiation'
2 |
3 | extension Array where Element: Differentiable, Element.TangentVector == Element {
[65/88] Compiling Differentiation ZipSequence+Arity3.swift
/host/spi-builder-workspace/Sources/Differentiation/Array+Gather.swift:1:8: error: no such module '_Differentiation'
1 | import _Differentiation
| `- error: no such module '_Differentiation'
2 |
3 | extension Array where Element: Differentiable, Element.TangentVector == Element {
[66/88] Compiling Differentiation ZipSequence+Arity4.swift
/host/spi-builder-workspace/Sources/Differentiation/Array+Gather.swift:1:8: error: no such module '_Differentiation'
1 | import _Differentiation
| `- error: no such module '_Differentiation'
2 |
3 | extension Array where Element: Differentiable, Element.TangentVector == Element {
[67/88] Compiling Differentiation ZipSequence+Arity5.swift
/host/spi-builder-workspace/Sources/Differentiation/Array+Gather.swift:1:8: error: no such module '_Differentiation'
1 | import _Differentiation
| `- error: no such module '_Differentiation'
2 |
3 | extension Array where Element: Differentiable, Element.TangentVector == Element {
[68/88] Compiling Differentiation Dictionary+Differentiation.swift
/host/spi-builder-workspace/Sources/Differentiation/Array+Gather.swift:1:8: error: no such module '_Differentiation'
1 | import _Differentiation
| `- error: no such module '_Differentiation'
2 |
3 | extension Array where Element: Differentiable, Element.TangentVector == Element {
[69/88] Compiling Differentiation DifferentiableCollection.swift
/host/spi-builder-workspace/Sources/Differentiation/Array+Gather.swift:1:8: error: no such module '_Differentiation'
1 | import _Differentiation
| `- error: no such module '_Differentiation'
2 |
3 | extension Array where Element: Differentiable, Element.TangentVector == Element {
[70/88] Compiling Differentiation Array+DifferentiableMethods.swift
/host/spi-builder-workspace/Sources/Differentiation/Array+Gather.swift:1:8: error: no such module '_Differentiation'
1 | import _Differentiation
| `- error: no such module '_Differentiation'
2 |
3 | extension Array where Element: Differentiable, Element.TangentVector == Element {
[71/88] Compiling Differentiation ArrayDifferentiableView+Collection.swift
/host/spi-builder-workspace/Sources/Differentiation/Array+Gather.swift:1:8: error: no such module '_Differentiation'
1 | import _Differentiation
| `- error: no such module '_Differentiation'
2 |
3 | extension Array where Element: Differentiable, Element.TangentVector == Element {
[72/88] Compiling Differentiation ArraySlice+Differentiable.swift
/host/spi-builder-workspace/Sources/Differentiation/Array+Gather.swift:1:8: error: no such module '_Differentiation'
1 | import _Differentiation
| `- error: no such module '_Differentiation'
2 |
3 | extension Array where Element: Differentiable, Element.TangentVector == Element {
[73/88] Compiling Differentiation ArraySlice+DifferentiableMethods.swift
/host/spi-builder-workspace/Sources/Differentiation/Array+Gather.swift:1:8: error: no such module '_Differentiation'
1 | import _Differentiation
| `- error: no such module '_Differentiation'
2 |
3 | extension Array where Element: Differentiable, Element.TangentVector == Element {
[74/88] Compiling Differentiation ArraySliceDifferentiableView+Collection.swift
/host/spi-builder-workspace/Sources/Differentiation/Array+Gather.swift:1:8: error: no such module '_Differentiation'
1 | import _Differentiation
| `- error: no such module '_Differentiation'
2 |
3 | extension Array where Element: Differentiable, Element.TangentVector == Element {
[75/88] Compiling Differentiation ArraySliceDifferentiableView.swift
/host/spi-builder-workspace/Sources/Differentiation/Array+Gather.swift:1:8: error: no such module '_Differentiation'
1 | import _Differentiation
| `- error: no such module '_Differentiation'
2 |
3 | extension Array where Element: Differentiable, Element.TangentVector == Element {
[76/88] Compiling Differentiation ContiguousArray+Differentiable.swift
/host/spi-builder-workspace/Sources/Differentiation/Array+Gather.swift:1:8: error: no such module '_Differentiation'
1 | import _Differentiation
| `- error: no such module '_Differentiation'
2 |
3 | extension Array where Element: Differentiable, Element.TangentVector == Element {
[77/88] Compiling Differentiation ContiguousArray+DifferentiableMethods.swift
/host/spi-builder-workspace/Sources/Differentiation/Array+Gather.swift:1:8: error: no such module '_Differentiation'
1 | import _Differentiation
| `- error: no such module '_Differentiation'
2 |
3 | extension Array where Element: Differentiable, Element.TangentVector == Element {
[78/88] Compiling Differentiation ContiguousArrayDifferentiableView+Collection.swift
/host/spi-builder-workspace/Sources/Differentiation/Array+Gather.swift:1:8: error: no such module '_Differentiation'
1 | import _Differentiation
| `- error: no such module '_Differentiation'
2 |
3 | extension Array where Element: Differentiable, Element.TangentVector == Element {
[79/88] Compiling Differentiation SIMD3+FloatSTDLibOverloads.swift
/host/spi-builder-workspace/Sources/Differentiation/Array+Gather.swift:1:8: error: no such module '_Differentiation'
1 | import _Differentiation
| `- error: no such module '_Differentiation'
2 |
3 | extension Array where Element: Differentiable, Element.TangentVector == Element {
[80/88] Compiling Differentiation SIMD32+DoubleSTDLibOverloads.swift
/host/spi-builder-workspace/Sources/Differentiation/Array+Gather.swift:1:8: error: no such module '_Differentiation'
1 | import _Differentiation
| `- error: no such module '_Differentiation'
2 |
3 | extension Array where Element: Differentiable, Element.TangentVector == Element {
[81/88] Compiling Differentiation SIMD32+FloatSTDLibOverloads.swift
/host/spi-builder-workspace/Sources/Differentiation/Array+Gather.swift:1:8: error: no such module '_Differentiation'
1 | import _Differentiation
| `- error: no such module '_Differentiation'
2 |
3 | extension Array where Element: Differentiable, Element.TangentVector == Element {
[82/88] Compiling Differentiation SIMD4+DoubleSTDLibOverloads.swift
/host/spi-builder-workspace/Sources/Differentiation/Array+Gather.swift:1:8: error: no such module '_Differentiation'
1 | import _Differentiation
| `- error: no such module '_Differentiation'
2 |
3 | extension Array where Element: Differentiable, Element.TangentVector == Element {
[83/88] Compiling Differentiation SIMD4+FloatSTDLibOverloads.swift
/host/spi-builder-workspace/Sources/Differentiation/Array+Gather.swift:1:8: error: no such module '_Differentiation'
1 | import _Differentiation
| `- error: no such module '_Differentiation'
2 |
3 | extension Array where Element: Differentiable, Element.TangentVector == Element {
[84/88] Compiling Differentiation SIMD64+DoubleSTDLibOverloads.swift
/host/spi-builder-workspace/Sources/Differentiation/Array+Gather.swift:1:8: error: no such module '_Differentiation'
1 | import _Differentiation
| `- error: no such module '_Differentiation'
2 |
3 | extension Array where Element: Differentiable, Element.TangentVector == Element {
[85/88] Compiling Differentiation SIMD64+FloatSTDLibOverloads.swift
/host/spi-builder-workspace/Sources/Differentiation/Array+Gather.swift:1:8: error: no such module '_Differentiation'
1 | import _Differentiation
| `- error: no such module '_Differentiation'
2 |
3 | extension Array where Element: Differentiable, Element.TangentVector == Element {
[86/88] Compiling Differentiation SIMD8+DoubleSTDLibOverloads.swift
/host/spi-builder-workspace/Sources/Differentiation/Array+Gather.swift:1:8: error: no such module '_Differentiation'
1 | import _Differentiation
| `- error: no such module '_Differentiation'
2 |
3 | extension Array where Element: Differentiable, Element.TangentVector == Element {
[87/88] Compiling Differentiation SIMD8+FloatSTDLibOverloads.swift
/host/spi-builder-workspace/Sources/Differentiation/Array+Gather.swift:1:8: error: no such module '_Differentiation'
1 | import _Differentiation
| `- error: no such module '_Differentiation'
2 |
3 | extension Array where Element: Differentiable, Element.TangentVector == Element {
[88/88] Compiling Differentiation Sequence+MinMaxVJPs.swift
/host/spi-builder-workspace/Sources/Differentiation/Array+Gather.swift:1:8: error: no such module '_Differentiation'
1 | import _Differentiation
| `- error: no such module '_Differentiation'
2 |
3 | extension Array where Element: Differentiable, Element.TangentVector == Element {
BUILD FAILURE 6.2 wasm