The Swift Package Index logo.Swift Package Index

Build Information

Failed to build SFBAudioUtilities, reference 0.2.0 (b62028), with Swift 6.4 for Linux on 20 Sep 2026 15:50:18 UTC.

Build Command

bash -c docker run --pull=always --rm -v "checkouts-54344844-0":/host -w "$PWD" -e JAVA_HOME="/root/.sdkman/candidates/java/current" -e SPI_BUILD="1" -e SPI_PROCESSING="1" registry.gitlab.com/saguaro1/spi-images:basic-6.4-latest swift build --triple x86_64-unknown-linux-gnu 2>&1

Build Log

========================================
RunAll
========================================
Builder version: 5.1.0
Interrupt handler set up.
========================================
Checkout
========================================
Clone URL: https://github.com/sbooth/SFBAudioUtilities.git
Reference: 0.2.0
Initialized empty Git repository in /host/spi-builder-workspace/.git/
hint: Using 'master' as the name for the initial branch. This default branch name
hint: is subject to change. To configure the initial branch name to use in all
hint: of your new repositories, which will suppress this warning, call:
hint:
hint: 	git config --global init.defaultBranch <name>
hint:
hint: Names commonly chosen instead of 'master' are 'main', 'trunk' and
hint: 'development'. The just-created branch can be renamed via this command:
hint:
hint: 	git branch -m <name>
From https://github.com/sbooth/SFBAudioUtilities
 * tag               0.2.0      -> FETCH_HEAD
HEAD is now at b62028a Use uniform initialization
Cloned https://github.com/sbooth/SFBAudioUtilities.git
Revision (git rev-parse @):
b62028a660479a9986b60ffbccf0cf3d09559489
SPI manifest file found: $PWD/.spi.yml
SUCCESS checkout https://github.com/sbooth/SFBAudioUtilities.git at 0.2.0
========================================
Build
========================================
Selected platform:         linux
Swift version:             6.4
Building package at path:  $PWD
https://github.com/sbooth/SFBAudioUtilities.git
Running build ...
bash -c docker run --pull=always --rm -v "checkouts-54344844-0":/host -w "$PWD" -e JAVA_HOME="/root/.sdkman/candidates/java/current" -e SPI_BUILD="1" -e SPI_PROCESSING="1" registry.gitlab.com/saguaro1/spi-images:basic-6.4-latest swift build --triple x86_64-unknown-linux-gnu 2>&1
basic-6.4-latest: Pulling from saguaro1/spi-images
Digest: sha256:c77fcce225e223ac0fafed844619173fc6de8d62dd560eeb28db3182af6a282b
Status: Image is up to date for registry.gitlab.com/saguaro1/spi-images:basic-6.4-latest
Building for debugging...
[Pre-planning 1 / 184]
In file included from /host/spi-builder-workspace/Sources/AVFAudioExtensions/AVAudioPCMBuffer+SFBBufferUtilities.m:7:
/host/spi-builder-workspace/Sources/AVFAudioExtensions/include/AVAudioPCMBuffer+SFBBufferUtilities.h:7:9: fatal error: 'AVFAudio/AVFAudio.h' file not found
    7 | #import <AVFAudio/AVFAudio.h>
      |         ^~~~~~~~~~~~~~~~~~~~~
1 error generated.
error: CompileC /host/spi-builder-workspace/.build/out/Intermediates.noindex/SFBAudioUtilities.build/Debug-linux-x86_64/AVFAudioExtensions-t.build/Objects-normal/x86_64/AVAudioPCMBuffer+SFBBufferUtilities.o /host/spi-builder-workspace/Sources/AVFAudioExtensions/AVAudioPCMBuffer+SFBBufferUtilities.m normal x86_64 objective-c com.apple.compilers.llvm.clang.1_0.compiler failed with a nonzero exit code. Command line:     cd /host

    Using response file: /host/spi-builder-workspace/.build/out/Intermediates.noindex/SFBAudioUtilities.build/Debug-linux-x86_64/AVFAudioExtensions-t.build/Objects-normal/x86_64/6f95552a3397ee1cec971b90cf334075d5f321c3a3b0689ad55c3d1e24702600-common-args.resp

    /usr/bin/clang -x objective-c -target x86_64-unknown-linux-gnu -fmessage-length\=0 -fdiagnostics-show-note-include-stack -fmacro-backtrace-limit\=0 -fcolor-diagnostics -Wno-trigraphs -Wno-missing-field-initializers -Wno-missing-prototypes -Wno-return-type -Wno-implicit-atomic-properties -Wno-objc-interface-ivars -Wno-arc-repeated-use-of-weak -Wno-missing-braces -Wparentheses -Wswitch -Wno-unused-function -Wno-unused-label -Wno-unused-parameter -Wno-unused-variable -Wunused-value -Wno-empty-body -Wno-uninitialized -Wno-unknown-pragmas -Wno-shadow -Wno-four-char-constants -Wno-conversion -Wno-constant-conversion -Wno-int-conversion -Wno-bool-conversion -Wno-enum-conversion -Wno-float-conversion -Wno-non-literal-null-conversion -Wno-objc-literal-conversion -Wno-shorten-64-to-32 -Wpointer-sign -Wno-newline-eof -Wno-selector -Wno-strict-selector-match -Wno-undeclared-selector -Wno-deprecated-implementations -Wno-implicit-fallthrough -fstrict-aliasing -Wprotocol -Wdeprecated-declarations -Wno-sign-conversion -Wno-infinite-recursion -Wno-comma -Wno-block-capture-autoreleasing -Wno-strict-prototypes -Wno-semicolon-before-method-body --sysroot / @/host/spi-builder-workspace/.build/out/Intermediates.noindex/SFBAudioUtilities.build/Debug-linux-x86_64/AVFAudioExtensions-t.build/Objects-normal/x86_64/6f95552a3397ee1cec971b90cf334075d5f321c3a3b0689ad55c3d1e24702600-common-args.resp -MMD -MT dependencies -MF /host/spi-builder-workspace/.build/out/Intermediates.noindex/SFBAudioUtilities.build/Debug-linux-x86_64/AVFAudioExtensions-t.build/Objects-normal/x86_64/AVAudioPCMBuffer+SFBBufferUtilities.d --serialize-diagnostics /host/spi-builder-workspace/.build/out/Intermediates.noindex/SFBAudioUtilities.build/Debug-linux-x86_64/AVFAudioExtensions-t.build/Objects-normal/x86_64/AVAudioPCMBuffer+SFBBufferUtilities.dia -c /host/spi-builder-workspace/Sources/AVFAudioExtensions/AVAudioPCMBuffer+SFBBufferUtilities.m -o /host/spi-builder-workspace/.build/out/Intermediates.noindex/SFBAudioUtilities.build/Debug-linux-x86_64/AVFAudioExtensions-t.build/Objects-normal/x86_64/AVAudioPCMBuffer+SFBBufferUtilities.o
In file included from /host/spi-builder-workspace/Sources/AVFAudioExtensions/AVAudioFormat+SFBFormatTransformation.m:7:
/host/spi-builder-workspace/Sources/AVFAudioExtensions/include/AVAudioFormat+SFBFormatTransformation.h:7:9: fatal error: 'AVFAudio/AVFAudio.h' file not found
    7 | #import <AVFAudio/AVFAudio.h>
      |         ^~~~~~~~~~~~~~~~~~~~~
1 error generated.
error: CompileC /host/spi-builder-workspace/.build/out/Intermediates.noindex/SFBAudioUtilities.build/Debug-linux-x86_64/AVFAudioExtensions-t.build/Objects-normal/x86_64/AVAudioFormat+SFBFormatTransformation.o /host/spi-builder-workspace/Sources/AVFAudioExtensions/AVAudioFormat+SFBFormatTransformation.m normal x86_64 objective-c com.apple.compilers.llvm.clang.1_0.compiler failed with a nonzero exit code. Command line:     cd /host

    Using response file: /host/spi-builder-workspace/.build/out/Intermediates.noindex/SFBAudioUtilities.build/Debug-linux-x86_64/AVFAudioExtensions-t.build/Objects-normal/x86_64/6f95552a3397ee1cec971b90cf334075d5f321c3a3b0689ad55c3d1e24702600-common-args.resp

    /usr/bin/clang -x objective-c -target x86_64-unknown-linux-gnu -fmessage-length\=0 -fdiagnostics-show-note-include-stack -fmacro-backtrace-limit\=0 -fcolor-diagnostics -Wno-trigraphs -Wno-missing-field-initializers -Wno-missing-prototypes -Wno-return-type -Wno-implicit-atomic-properties -Wno-objc-interface-ivars -Wno-arc-repeated-use-of-weak -Wno-missing-braces -Wparentheses -Wswitch -Wno-unused-function -Wno-unused-label -Wno-unused-parameter -Wno-unused-variable -Wunused-value -Wno-empty-body -Wno-uninitialized -Wno-unknown-pragmas -Wno-shadow -Wno-four-char-constants -Wno-conversion -Wno-constant-conversion -Wno-int-conversion -Wno-bool-conversion -Wno-enum-conversion -Wno-float-conversion -Wno-non-literal-null-conversion -Wno-objc-literal-conversion -Wno-shorten-64-to-32 -Wpointer-sign -Wno-newline-eof -Wno-selector -Wno-strict-selector-match -Wno-undeclared-selector -Wno-deprecated-implementations -Wno-implicit-fallthrough -fstrict-aliasing -Wprotocol -Wdeprecated-declarations -Wno-sign-conversion -Wno-infinite-recursion -Wno-comma -Wno-block-capture-autoreleasing -Wno-strict-prototypes -Wno-semicolon-before-method-body --sysroot / @/host/spi-builder-workspace/.build/out/Intermediates.noindex/SFBAudioUtilities.build/Debug-linux-x86_64/AVFAudioExtensions-t.build/Objects-normal/x86_64/6f95552a3397ee1cec971b90cf334075d5f321c3a3b0689ad55c3d1e24702600-common-args.resp -MMD -MT dependencies -MF /host/spi-builder-workspace/.build/out/Intermediates.noindex/SFBAudioUtilities.build/Debug-linux-x86_64/AVFAudioExtensions-t.build/Objects-normal/x86_64/AVAudioFormat+SFBFormatTransformation.d --serialize-diagnostics /host/spi-builder-workspace/.build/out/Intermediates.noindex/SFBAudioUtilities.build/Debug-linux-x86_64/AVFAudioExtensions-t.build/Objects-normal/x86_64/AVAudioFormat+SFBFormatTransformation.dia -c /host/spi-builder-workspace/Sources/AVFAudioExtensions/AVAudioFormat+SFBFormatTransformation.m -o /host/spi-builder-workspace/.build/out/Intermediates.noindex/SFBAudioUtilities.build/Debug-linux-x86_64/AVFAudioExtensions-t.build/Objects-normal/x86_64/AVAudioFormat+SFBFormatTransformation.o
In file included from /host/spi-builder-workspace/Sources/CXXAudioUtilities/SFBCAStreamBasicDescription.cpp:7:
/host/spi-builder-workspace/Sources/CXXAudioUtilities/include/SFBCAStreamBasicDescription.hpp:11:9: fatal error: 'CoreAudioTypes/CoreAudioTypes.h' file not found
   11 | #import <CoreAudioTypes/CoreAudioTypes.h>
      |         ^~~~~~~~~~~~~~~~~~~~~~~~~~~~~~~~~
1 error generated.
error: CompileC /host/spi-builder-workspace/.build/out/Intermediates.noindex/SFBAudioUtilities.build/Debug-linux-x86_64/CXXAudioUtilities-t.build/Objects-normal/x86_64/SFBCAStreamBasicDescription.o /host/spi-builder-workspace/Sources/CXXAudioUtilities/SFBCAStreamBasicDescription.cpp normal x86_64 c++ com.apple.compilers.llvm.clang.1_0.compiler failed with a nonzero exit code. Command line:     cd /host

    Using response file: /host/spi-builder-workspace/.build/out/Intermediates.noindex/SFBAudioUtilities.build/Debug-linux-x86_64/CXXAudioUtilities-t.build/Objects-normal/x86_64/11b881b950eb02e21769317df93e9b41d1d7f0348e4e0901ae810dce93ca1a57-common-args.resp

    /usr/bin/clang -x c++ -target x86_64-unknown-linux-gnu -fmessage-length\=0 -fdiagnostics-show-note-include-stack -fmacro-backtrace-limit\=0 -fcolor-diagnostics -Wno-trigraphs -Wno-missing-field-initializers -Wno-missing-prototypes -Wno-return-type -Wno-non-virtual-dtor -Wno-overloaded-virtual -Wno-exit-time-destructors -Wno-missing-braces -Wparentheses -Wswitch -Wno-unused-function -Wno-unused-label -Wno-unused-parameter -Wno-unused-variable -Wunused-value -Wno-empty-body -Wno-uninitialized -Wno-unknown-pragmas -Wno-shadow -Wno-four-char-constants -Wno-conversion -Wno-constant-conversion -Wno-int-conversion -Wno-bool-conversion -Wno-enum-conversion -Wno-float-conversion -Wno-non-literal-null-conversion -Wno-objc-literal-conversion -Wno-shorten-64-to-32 -Wno-newline-eof -Wno-c++11-extensions -Wno-implicit-fallthrough -fstrict-aliasing -Wdeprecated-declarations -Winvalid-offsetof -Wno-sign-conversion -Wno-infinite-recursion -Wno-move -Wno-comma -Wno-block-capture-autoreleasing -Wno-strict-prototypes -Wno-range-loop-analysis -Wno-semicolon-before-method-body --sysroot / @/host/spi-builder-workspace/.build/out/Intermediates.noindex/SFBAudioUtilities.build/Debug-linux-x86_64/CXXAudioUtilities-t.build/Objects-normal/x86_64/11b881b950eb02e21769317df93e9b41d1d7f0348e4e0901ae810dce93ca1a57-common-args.resp -MMD -MT dependencies -MF /host/spi-builder-workspace/.build/out/Intermediates.noindex/SFBAudioUtilities.build/Debug-linux-x86_64/CXXAudioUtilities-t.build/Objects-normal/x86_64/SFBCAStreamBasicDescription.d --serialize-diagnostics /host/spi-builder-workspace/.build/out/Intermediates.noindex/SFBAudioUtilities.build/Debug-linux-x86_64/CXXAudioUtilities-t.build/Objects-normal/x86_64/SFBCAStreamBasicDescription.dia -c /host/spi-builder-workspace/Sources/CXXAudioUtilities/SFBCAStreamBasicDescription.cpp -o /host/spi-builder-workspace/.build/out/Intermediates.noindex/SFBAudioUtilities.build/Debug-linux-x86_64/CXXAudioUtilities-t.build/Objects-normal/x86_64/SFBCAStreamBasicDescription.o
error: Build failed
BUILD FAILURE 6.4 linux