The Swift Package Index logo.Swift Package Index

Build Information

Failed to build multipart-kit, reference main (9a876f), with Swift 6.2 for Android on 29 Oct 2026 00:16:13 UTC.

Build Command

bash -c docker run --pull=always --rm -v "checkouts-54344845-0":/host -w "$PWD" -e JAVA_HOME="/root/.sdkman/candidates/java/current" -e SPI_BUILD="1" -e SPI_PROCESSING="1" registry.gitlab.com/saguaro1/spi-images:android-6.2-latest swift build --swift-sdk aarch64-unknown-linux-android28 2>&1

Build Log

========================================
RunAll
========================================
Builder version: 5.1.4
Interrupt handler set up.
========================================
Checkout
========================================
Clone URL: https://github.com/vapor/multipart-kit.git
Reference: main
Initialized empty Git repository in /host/spi-builder-workspace/.git/
hint: Using 'master' as the name for the initial branch. This default branch name
hint: is subject to change. To configure the initial branch name to use in all
hint: of your new repositories, which will suppress this warning, call:
hint:
hint: 	git config --global init.defaultBranch <name>
hint:
hint: Names commonly chosen instead of 'master' are 'main', 'trunk' and
hint: 'development'. The just-created branch can be renamed via this command:
hint:
hint: 	git branch -m <name>
From https://github.com/vapor/multipart-kit
 * branch            main       -> FETCH_HEAD
 * [new branch]      main       -> origin/main
HEAD is now at 9a876f4 Bump actions/upload-artifact from 4 to 7 in the dependencies group (#170)
Cloned https://github.com/vapor/multipart-kit.git
Revision (git rev-parse @):
9a876f41f9de0a77d9ee614c3a55949243f0908c
SPI manifest file found: $PWD/.spi.yml
SUCCESS checkout https://github.com/vapor/multipart-kit.git at main
========================================
Build
========================================
Selected platform:         android
Swift version:             6.2
Building package at path:  $PWD
https://github.com/vapor/multipart-kit.git
Running build ...
bash -c docker run --pull=always --rm -v "checkouts-54344845-0":/host -w "$PWD" -e JAVA_HOME="/root/.sdkman/candidates/java/current" -e SPI_BUILD="1" -e SPI_PROCESSING="1" registry.gitlab.com/saguaro1/spi-images:android-6.2-latest swift build --swift-sdk aarch64-unknown-linux-android28 2>&1
android-6.2-latest: Pulling from saguaro1/spi-images
Digest: sha256:9e4b64e17859f153444a8085b41803f96a8252f8f76139cd5e69e2540803aa5a
Status: Image is up to date for registry.gitlab.com/saguaro1/spi-images:android-6.2-latest
Fetching https://github.com/apple/swift-collections.git
Fetching https://github.com/apple/swift-http-types.git
Fetching https://github.com/apple/swift-algorithms.git
[1/6159] Fetching swift-algorithms
[6160/8120] Fetching swift-algorithms, swift-http-types
[8121/37482] Fetching swift-algorithms, swift-http-types, swift-collections
Fetched https://github.com/apple/swift-http-types.git from cache (1.49s)
Fetched https://github.com/apple/swift-algorithms.git from cache (1.50s)
Fetched https://github.com/apple/swift-collections.git from cache (1.51s)
Computing version for https://github.com/apple/swift-algorithms.git
Computed https://github.com/apple/swift-algorithms.git at 1.2.1 (2.40s)
Fetching https://github.com/apple/swift-numerics.git
[1/6766] Fetching swift-numerics
Fetched https://github.com/apple/swift-numerics.git from cache (0.53s)
Computing version for https://github.com/apple/swift-numerics.git
Computed https://github.com/apple/swift-numerics.git at 1.1.1 (0.69s)
Computing version for https://github.com/apple/swift-http-types.git
Computed https://github.com/apple/swift-http-types.git at 1.8.0 (0.18s)
Computing version for https://github.com/apple/swift-collections.git
Computed https://github.com/apple/swift-collections.git at 1.7.5 (0.24s)
Creating working copy for https://github.com/apple/swift-collections.git
Working copy of https://github.com/apple/swift-collections.git resolved at 1.7.5
Creating working copy for https://github.com/apple/swift-http-types.git
Working copy of https://github.com/apple/swift-http-types.git resolved at 1.8.0
Creating working copy for https://github.com/apple/swift-algorithms.git
Working copy of https://github.com/apple/swift-algorithms.git resolved at 1.2.1
Creating working copy for https://github.com/apple/swift-numerics.git
Working copy of https://github.com/apple/swift-numerics.git resolved at 1.1.1
Building for debugging...
[0/15] Write sources
[13/15] Compiling _NumericsShims _NumericsShims.c
[14/15] Write swift-version--11D90AFD9DD3AB2.txt
[16/64] Emitting module InternalCollectionsUtilities
[17/67] Compiling InternalCollectionsUtilities UnsafeMutablePointer+Extras.swift
[18/67] Compiling InternalCollectionsUtilities UnsafeMutableRawBufferPointer+Extras.swift
[19/67] Compiling InternalCollectionsUtilities UnsafePointer+Extras.swift
[20/67] Compiling InternalCollectionsUtilities BorrowingIteratorProtocol+Equality.swift
[21/67] Compiling InternalCollectionsUtilities BorrowingIteratorProtocol+Extras.swift
[22/68] Compiling InternalCollectionsUtilities UnsafeRawBufferPointer+Extras.swift
[23/68] Compiling InternalCollectionsUtilities _SortedCollection.swift
[24/68] Compiling InternalCollectionsUtilities _UniqueCollection.swift
[25/68] Compiling RealModule RelaxedArithmetic.swift
[26/68] Compiling RealModule RealFunctions.swift
[27/68] Compiling RealModule Real.swift
[28/68] Compiling InternalCollectionsUtilities _UnsafeBitSet+_Word.swift
[29/68] Compiling InternalCollectionsUtilities _UnsafeBitSet.swift
[30/68] Compiling InternalCollectionsUtilities UnsafeBufferPointer+Extras.swift
[31/68] Compiling InternalCollectionsUtilities UnsafeMutableBufferPointer+Extras.swift
[32/68] Compiling InternalCollectionsUtilities Strideable+LimitHelpers.swift
[33/68] Compiling InternalCollectionsUtilities String+Padding.swift
[34/68] Compiling InternalCollectionsUtilities TemporaryAllocation.swift
[35/68] Compiling InternalCollectionsUtilities _UnsafeBitSet+Index.swift
[36/68] Compiling InternalCollectionsUtilities Iterable+CopyContents.swift
[37/68] Compiling InternalCollectionsUtilities Iterable+Equality.swift
[38/68] Compiling InternalCollectionsUtilities LifetimeOverride.swift
[39/68] Compiling InternalCollectionsUtilities MutableRef.swift
[40/68] Compiling InternalCollectionsUtilities FixedWidthInteger+roundUpToPowerOfTwo.swift
[41/68] Compiling InternalCollectionsUtilities Integer rank.swift
[42/68] Compiling InternalCollectionsUtilities UInt+first and last set bit.swift
[43/68] Compiling InternalCollectionsUtilities UInt+reversed.swift
[46/68] Compiling InternalCollectionsUtilities Debugging.swift
[47/68] Compiling InternalCollectionsUtilities Descriptions.swift
[48/68] Compiling InternalCollectionsUtilities MutableSpan+Extras.swift
[49/68] Compiling InternalCollectionsUtilities OutputSpan+Extras.swift
[50/68] Compiling InternalCollectionsUtilities RandomAccessCollection+Offsets.swift
[51/68] Compiling InternalCollectionsUtilities Span+Extras.swift
[52/69] Compiling RealModule Float80+Real.swift
[54/73] Emitting module RealModule
[59/73] Compiling RealModule Float16+Real.swift
[60/194] Compiling SpanPreview OutputSpan+InputSpanHelpers.swift
[62/244] Compiling SpanPreview MutableSpan+InputSpanHelpers.swift
[63/254] Compiling SpanPreview InputSpan.swift
[64/298] Emitting module SpanPreview
[65/311] Compiling _RopeModule BigString+Builder.swift
[66/311] Compiling _RopeModule BigString+Contents.swift
[67/330] Compiling HeapModule Heap+Invariants.swift
[68/337] Compiling HeapModule Heap+ExpressibleByArrayLiteral.swift
[69/339] Compiling HeapModule Heap+Descriptions.swift
[71/341] Compiling HTTPTypes HTTPRequest.swift
[72/408] Compiling HeapModule _HeapNode.swift
[73/408] Compiling HeapModule Heap.swift
[74/408] Emitting module HeapModule
[75/408] Compiling HeapModule Heap+UnsafeHandle.swift
[76/408] Compiling HeapModule Heap+Testing.swift
[78/409] Compiling DequeModule RigidDeque+Descriptions.swift
[79/409] Compiling DequeModule RigidDeque+Equatable.swift
[80/409] Compiling DequeModule RigidDeque+Hashable.swift
[81/409] Compiling DequeModule RigidDeque+Initializers.swift
[82/409] Compiling DequeModule RigidDeque+Insertions.swift
[83/409] Compiling DequeModule RigidDeque+Iterable.swift
[84/409] Compiling DequeModule UniqueDeque+Consumption.swift
[85/409] Compiling DequeModule UniqueDeque+ContainerOperations.swift
[86/416] Compiling _RopeModule Rope+Extract.swift
[87/416] Compiling _RopeModule Rope+Find.swift
[88/416] Compiling _RopeModule Rope+ForEachWhile.swift
[89/416] Compiling _RopeModule Rope+Insert.swift
[90/416] Compiling HashTreeCollections TreeSet+SetAlgebra basics.swift
[91/416] Compiling HashTreeCollections TreeSet+SetAlgebra formIntersection.swift
[92/416] Compiling HashTreeCollections TreeSet+SetAlgebra formSymmetricDifference.swift
[93/416] Compiling HashTreeCollections TreeSet+SetAlgebra formUnion.swift
[94/416] Compiling HashTreeCollections TreeSet+SetAlgebra intersection.swift
[95/416] Compiling HashTreeCollections TreeSet+SetAlgebra isDisjoint.swift
[96/416] Compiling DequeModule UniqueDeque+Initializers.swift
[97/416] Compiling DequeModule UniqueDeque+Insertions.swift
[98/416] Compiling DequeModule UniqueDeque+Iterable.swift
[99/416] Compiling DequeModule UniqueDeque+Prepend.swift
[100/416] Compiling DequeModule UniqueDeque+Removals.swift
[103/424] Compiling DequeModule UniqueDeque+Deprecations.swift
[104/424] Compiling DequeModule UniqueDeque+Descriptions.swift
[105/424] Compiling DequeModule UniqueDeque+Equatable.swift
[106/424] Compiling DequeModule UniqueDeque+Hashable.swift
[107/431] Compiling DequeModule _DequeBuffer.swift
[108/431] Compiling DequeModule _DequeBufferHeader.swift
[109/431] Compiling DequeModule RigidDeque+Append.swift
[110/431] Compiling DequeModule RigidDeque+Consumption.swift
[111/431] Compiling DequeModule RigidDeque+ContainerOperations.swift
[112/431] Compiling DequeModule RigidDeque+Deprecations.swift
[113/431] Compiling _RopeModule Rope+Debugging.swift
[114/431] Compiling _RopeModule Rope+Invariants.swift
[115/431] Compiling _RopeModule Rope+_Node.swift
[116/431] Compiling _RopeModule Rope+_Storage.swift
[117/431] Compiling _RopeModule Rope+_UnmanagedLeaf.swift
[118/431] Compiling BitCollections BitSet.Index.swift
[119/431] Compiling BitCollections BitSet._UnsafeHandle.swift
[120/431] Compiling BitCollections BitSet.swift
[122/431] Compiling DequeModule UniqueDeque+Replacements.swift
[123/431] Compiling DequeModule UniqueDeque.swift
[124/431] Compiling DequeModule _DequeSlot.swift
[125/431] Compiling DequeModule _UnsafeDequeHandle.swift
[126/431] Compiling DequeModule _UnsafeDequeSegments.swift
[127/431] Compiling _RopeModule BigSubstring.swift
[128/431] Compiling _RopeModule Rope+Builder.swift
[135/438] Compiling DequeModule RigidDeque+Prepend.swift
[136/438] Compiling DequeModule RigidDeque+Removals.swift
[137/438] Compiling DequeModule RigidDeque+Replacements.swift
[138/438] Compiling DequeModule RigidDeque+Testing.swift
[139/438] Compiling DequeModule RigidDeque.swift
[140/438] Compiling DequeModule UniqueDeque+Append.swift
[142/438] Compiling OrderedCollections OrderedSet+Sendable.swift
[143/438] Compiling OrderedCollections OrderedSet+SubSequence.swift
[144/438] Compiling OrderedCollections OrderedSet+Testing.swift
[145/438] Compiling OrderedCollections OrderedSet+UnorderedView.swift
[146/438] Compiling OrderedCollections OrderedSet+UnstableInternals.swift
[147/438] Compiling OrderedCollections OrderedSet.swift
[148/438] Compiling OrderedCollections UnsafeBitset.swift
[149/438] Compiling _RopeModule Rope+Sequence.swift
[150/438] Compiling _RopeModule Rope+Append.swift
[183/438] Compiling HTTPTypes HTTPResponse.swift
[190/441] Compiling DequeModule Deque+Codable.swift
[191/441] Compiling DequeModule Deque+Collection.swift
[192/441] Compiling DequeModule Deque+CustomReflectable.swift
[193/441] Compiling DequeModule Deque+Descriptions.swift
[194/441] Compiling DequeModule Deque+Equatable.swift
[195/441] Compiling DequeModule Deque+ExpressibleByArrayLiteral.swift
[196/441] Compiling DequeModule Deque+Extras.swift
[197/441] Compiling DequeModule Deque+Hashable.swift
[198/441] Emitting module BitCollections
[199/441] Compiling HashTreeCollections TreeSet+SetAlgebra isEqualSet.swift
[200/441] Compiling HashTreeCollections TreeSet+SetAlgebra isStrictSubset.swift
[201/441] Compiling HashTreeCollections TreeSet+SetAlgebra isStrictSuperset.swift
[202/441] Compiling HashTreeCollections TreeSet+SetAlgebra isSubset.swift
[203/441] Compiling HashTreeCollections TreeSet+SetAlgebra isSuperset.swift
[204/441] Compiling HashTreeCollections TreeSet+SetAlgebra subtract.swift
[205/441] Compiling HashTreeCollections TreeSet+SetAlgebra subtracting.swift
[206/441] Compiling HashTreeCollections TreeSet+SetAlgebra symmetricDifference.swift
[207/441] Compiling HashTreeCollections TreeSet+SetAlgebra union.swift
[208/441] Compiling HashTreeCollections TreeSet.swift
[209/441] Compiling DequeModule Deque+Testing.swift
[210/441] Compiling DequeModule Deque._Storage.swift
[211/441] Compiling DequeModule Deque._UnsafeHandle.swift
[223/441] Compiling DequeModule Deque.swift
[231/441] Compiling Algorithms Trim.swift
[232/441] Compiling Algorithms Unique.swift
[233/441] Compiling Algorithms Windows.swift
[359/451] Compiling HTTPTypes HTTPFieldValue.swift
[360/451] Compiling HTTPTypes HTTPRequest+URL.swift
[361/451] Compiling HTTPTypes HTTPParsedFields.swift
[362/451] Compiling HTTPTypes HTTPFields.swift
[363/451] Emitting module HTTPTypes
[414/452] Emitting module OrderedCollections
[415/453] Emitting module _RopeModule
[417/453] Emitting module Algorithms
[419/454] Emitting module DequeModule
[440/454] Compiling _RopeModule Rope+Join.swift
[441/454] Compiling _RopeModule Rope+MutatingForEach.swift
[442/454] Compiling _RopeModule Rope+Remove.swift
[443/454] Compiling _RopeModule Rope+RemoveSubrange.swift
[444/454] Compiling _RopeModule Rope+Split.swift
[445/454] Compiling _RopeModule Optional Utilities.swift
[446/454] Compiling _RopeModule String Utilities.swift
[447/454] Compiling _RopeModule String.Index+ABI.swift
[448/454] Compiling _RopeModule _CharacterRecognizer.swift
[449/455] Emitting module HashTreeCollections
[458/459] Compiling Collections Collections.swift
[459/459] Emitting module Collections
error: emit-module command failed with exit code 1 (use -v to see invocation)
[461/495] Emitting module MultipartKit
/host/spi-builder-workspace/Sources/MultipartKit/StreamingMultipartPart/StreamingMultipartPart.swift:34:2: error: unknown attribute 'nonexhaustive'
32 |
33 | /// An error thrown while consuming a ``StreamingMultipartPartAsyncSequence``.
34 | @nonexhaustive public enum StreamingMultipartPartError: Error, Equatable {
   |  `- error: unknown attribute 'nonexhaustive'
35 |     /// The next part was requested before the current part's body had been fully consumed.
36 |     ///
[462/499] Compiling MultipartKit FormDataDecoder.swift
[463/499] Compiling MultipartKit DeferrableBodyPart.swift
[464/499] Compiling MultipartKit FormDataEncoder+Encoder.swift
[465/499] Compiling MultipartKit FormDataEncoder+KeyedContainer.swift
[466/499] Compiling MultipartKit FormDataEncoder+SingleValueContainer.swift
[467/499] Compiling MultipartKit BasicCodingKey.swift
[468/499] Compiling MultipartKit FormDataDecoder+Decoder.swift
[469/499] Compiling MultipartKit FormDataDecoder+KeyedContainer.swift
[470/499] Compiling MultipartKit FormDataDecoder+SingleValueContainer.swift
[471/499] Compiling MultipartKit FormDataDecoder+UnkeyedContainer.swift
[472/499] Compiling MultipartKit MultipartParserAsyncSequence.swift
[473/499] Compiling MultipartKit MultipartParserError.swift
[474/499] Compiling MultipartKit StreamingMultipartParserAsyncSequence+Isolation.swift
[475/499] Compiling MultipartKit StreamingMultipartParserAsyncSequence.swift
[476/499] Compiling MultipartKit StreamingMultipartPart+SharedIterator.swift
[477/499] Compiling MultipartKit StreamingMultipartSectionAsyncSequence.swift
[478/499] Compiling MultipartKit Utilities.swift
[479/499] Compiling MultipartKit BufferedMultipartWriter.swift
[480/499] Compiling MultipartKit MemoryMultipartWriter.swift
[481/499] Compiling MultipartKit FormDataEncoder+UnkeyedContainer.swift
[482/499] Compiling MultipartKit FormDataEncoder.swift
[483/499] Compiling MultipartKit Storage.swift
[484/499] Compiling MultipartKit MultipartFormData.swift
[485/499] Compiling MultipartKit MultipartPart.swift
[486/499] Compiling MultipartKit MultipartPartConvertible.swift
[487/499] Compiling MultipartKit MultipartSection.swift
[488/499] Compiling MultipartKit MultipartParser+StateMachine.swift
[489/499] Compiling MultipartKit MultipartParser+parse.swift
[490/499] Compiling MultipartKit MultipartParser.swift
[491/499] Compiling MultipartKit StreamingMultipartPart+StateMachine.swift
/host/spi-builder-workspace/Sources/MultipartKit/StreamingMultipartPart/StreamingMultipartPart.swift:34:2: error: unknown attribute 'nonexhaustive'
32 |
33 | /// An error thrown while consuming a ``StreamingMultipartPartAsyncSequence``.
34 | @nonexhaustive public enum StreamingMultipartPartError: Error, Equatable {
   |  `- error: unknown attribute 'nonexhaustive'
35 |     /// The next part was requested before the current part's body had been fully consumed.
36 |     ///
[492/499] Compiling MultipartKit StreamingMultipartPart.swift
/host/spi-builder-workspace/Sources/MultipartKit/StreamingMultipartPart/StreamingMultipartPart.swift:34:2: error: unknown attribute 'nonexhaustive'
32 |
33 | /// An error thrown while consuming a ``StreamingMultipartPartAsyncSequence``.
34 | @nonexhaustive public enum StreamingMultipartPartError: Error, Equatable {
   |  `- error: unknown attribute 'nonexhaustive'
35 |     /// The next part was requested before the current part's body had been fully consumed.
36 |     ///
[493/499] Compiling MultipartKit StreamingMultipartPartAsyncSequence.swift
/host/spi-builder-workspace/Sources/MultipartKit/StreamingMultipartPart/StreamingMultipartPart.swift:34:2: error: unknown attribute 'nonexhaustive'
32 |
33 | /// An error thrown while consuming a ``StreamingMultipartPartAsyncSequence``.
34 | @nonexhaustive public enum StreamingMultipartPartError: Error, Equatable {
   |  `- error: unknown attribute 'nonexhaustive'
35 |     /// The next part was requested before the current part's body had been fully consumed.
36 |     ///
[494/499] Compiling MultipartKit StreamingMultipartPartBody.swift
/host/spi-builder-workspace/Sources/MultipartKit/StreamingMultipartPart/StreamingMultipartPart.swift:34:2: error: unknown attribute 'nonexhaustive'
32 |
33 | /// An error thrown while consuming a ``StreamingMultipartPartAsyncSequence``.
34 | @nonexhaustive public enum StreamingMultipartPartError: Error, Equatable {
   |  `- error: unknown attribute 'nonexhaustive'
35 |     /// The next part was requested before the current part's body had been fully consumed.
36 |     ///
[495/499] Compiling MultipartKit StreamingMultipartSectionAsyncSequence+Isolation.swift
/host/spi-builder-workspace/Sources/MultipartKit/StreamingMultipartPart/StreamingMultipartPart.swift:34:2: error: unknown attribute 'nonexhaustive'
32 |
33 | /// An error thrown while consuming a ``StreamingMultipartPartAsyncSequence``.
34 | @nonexhaustive public enum StreamingMultipartPartError: Error, Equatable {
   |  `- error: unknown attribute 'nonexhaustive'
35 |     /// The next part was requested before the current part's body had been fully consumed.
36 |     ///
[496/499] Compiling MultipartKit MultipartWriter.swift
[497/499] Compiling MultipartKit SerializationHelpers.swift
[498/499] Compiling MultipartKit StreamingMultipartWriterAsyncSequence+Isolation.swift
[499/499] Compiling MultipartKit StreamingMultipartWriterAsyncSequence.swift
BUILD FAILURE 6.2 android