Build Information
Failed to build SwiftRWKV, reference main (dfe65d), with Swift 6.1 for Linux on 24 Oct 2026 12:44:55 UTC.
Build Command
bash -c docker run --pull=always --rm -v "checkouts-54344846-0":/host -w "$PWD" -e JAVA_HOME="/root/.sdkman/candidates/java/current" -e SPI_BUILD="1" -e SPI_PROCESSING="1" registry.gitlab.com/saguaro1/spi-images:linux-6.1-latest swift build --triple x86_64-unknown-linux-gnu 2>&1Build Log
========================================
RunAll
========================================
Builder version: 5.1.3
Interrupt handler set up.
========================================
Checkout
========================================
Clone URL: https://github.com/RafaelUI/SwiftRWKV.git
Reference: main
Initialized empty Git repository in /host/spi-builder-workspace/.git/
hint: Using 'master' as the name for the initial branch. This default branch name
hint: is subject to change. To configure the initial branch name to use in all
hint: of your new repositories, which will suppress this warning, call:
hint:
hint: git config --global init.defaultBranch <name>
hint:
hint: Names commonly chosen instead of 'master' are 'main', 'trunk' and
hint: 'development'. The just-created branch can be renamed via this command:
hint:
hint: git branch -m <name>
From https://github.com/RafaelUI/SwiftRWKV
* branch main -> FETCH_HEAD
* [new branch] main -> origin/main
HEAD is now at dfe65d4 docs/Embedding.md, «Evaluation»: пул оценки retrieval (2N) и слияние одинаковых кандидатов -- когда нужно и почему (dedupeCandidates / dedupeEvaluationPool / --dedupe-pool).
Cloned https://github.com/RafaelUI/SwiftRWKV.git
Revision (git rev-parse @):
dfe65d456647a0b62dfbe8780e9cb302a9dfa8d2
SUCCESS checkout https://github.com/RafaelUI/SwiftRWKV.git at main
========================================
Build
========================================
Selected platform: linux
Swift version: 6.1
Building package at path: $PWD
https://github.com/RafaelUI/SwiftRWKV.git
https://github.com/RafaelUI/SwiftRWKV.git
WARNING: environment variable SUPPRESS_SWIFT_6_FLAGS is not set
Running build ...
bash -c docker run --pull=always --rm -v "checkouts-54344846-0":/host -w "$PWD" -e JAVA_HOME="/root/.sdkman/candidates/java/current" -e SPI_BUILD="1" -e SPI_PROCESSING="1" registry.gitlab.com/saguaro1/spi-images:linux-6.1-latest swift build --triple x86_64-unknown-linux-gnu -Xswiftc -Xfrontend -Xswiftc -stats-output-dir -Xswiftc -Xfrontend -Xswiftc .stats -Xswiftc -strict-concurrency=complete -Xswiftc -enable-upcoming-feature -Xswiftc StrictConcurrency -Xswiftc -enable-upcoming-feature -Xswiftc DisableOutwardActorInference -Xswiftc -enable-upcoming-feature -Xswiftc GlobalActorIsolatedTypesUsability -Xswiftc -enable-upcoming-feature -Xswiftc InferSendableFromCaptures 2>&1
linux-6.1-latest: Pulling from saguaro1/spi-images
Digest: sha256:b6bfb4c5da2c5a0e111d7eb0c087cb4f5887cce9a34b7779faa557952c747cfc
Status: Image is up to date for registry.gitlab.com/saguaro1/spi-images:linux-6.1-latest
Fetching https://github.com/ml-explore/mlx-swift
[1/17488] Fetching mlx-swift
Fetched https://github.com/ml-explore/mlx-swift from cache (1.35s)
Computing version for https://github.com/ml-explore/mlx-swift
Computed https://github.com/ml-explore/mlx-swift at 0.31.4 (0.25s)
Fetching https://github.com/apple/swift-numerics
[1/6756] Fetching swift-numerics
Fetched https://github.com/apple/swift-numerics from cache (0.51s)
Computing version for https://github.com/apple/swift-numerics
Computed https://github.com/apple/swift-numerics at 1.1.1 (0.73s)
Creating working copy for https://github.com/apple/swift-numerics
Working copy of https://github.com/apple/swift-numerics resolved at 1.1.1
Creating working copy for https://github.com/ml-explore/mlx-swift
Working copy of https://github.com/ml-explore/mlx-swift resolved at 0.31.4
Building for debugging...
[0/188] Write sources
[16/188] Compiling version.cpp
[17/188] Compiling _NumericsShims _NumericsShims.c
[18/188] Compiling utils.cpp
[19/188] Compiling scheduler.cpp
[20/188] Compiling linalg.cpp
[21/188] Compiling transforms.cpp
[22/188] Compiling random.cpp
[23/188] Compiling no_gguf.cpp
[24/188] Compiling graph_utils.cpp
[25/188] Compiling primitives.cpp
[26/188] Write swift-version-24593BA9C3E375BF.txt
[27/188] Compiling fft.cpp
[28/188] Compiling load.cpp
[29/199] Compiling dtype_utils.cpp
[30/199] Compiling dtype.cpp
[31/199] Compiling safetensors.cpp
[32/199] Compiling fast.cpp
[33/199] Compiling utils.cpp
[34/199] Compiling einsum.cpp
[35/199] Compiling ops.cpp
[36/199] Compiling no_ring.cpp
[38/199] Compiling RealModule AugmentedArithmetic.swift
[39/199] Compiling RealModule Double+Real.swift
[40/200] Compiling RealModule RelaxedArithmetic.swift
[41/200] Compiling RealModule RealFunctions.swift
[42/200] Compiling RealModule Float80+Real.swift
[43/200] Emitting module RealModule
[44/200] Compiling RealModule AlgebraicField.swift
[45/200] Compiling RealModule ApproximateEquality.swift
[45/200] Compiling no_nccl.cpp
[47/200] Compiling RealModule Float16+Real.swift
[48/200] Compiling RealModule ElementaryFunctions.swift
[49/200] Compiling RealModule Float+Real.swift
[50/200] Compiling RealModule Real.swift
[51/201] Compiling no_mpi.cpp
[52/201] Compiling no_jaccl.cpp
[53/201] Wrapping AST for RealModule for debugging
[54/209] Compiling device.cpp
[55/212] Compiling primitives.cpp
[57/212] Compiling ComplexModule Complex+StringConvertible.swift
[57/213] Compiling distributed.cpp
[59/213] Compiling ComplexModule Complex+Numeric.swift
[60/213] Compiling ComplexModule Complex+Hashable.swift
[61/213] Compiling ComplexModule Complex+IntegerLiteral.swift
[62/213] Compiling ComplexModule Complex.swift
[62/213] Compiling ops.cpp
[64/213] Compiling ComplexModule Polar.swift
[65/213] Compiling ComplexModule Scale.swift
[66/213] Compiling ComplexModule Complex+AdditiveArithmetic.swift
[67/213] Compiling ComplexModule Complex+AlgebraicField.swift
[68/213] Compiling ComplexModule Complex+Codable.swift
[69/213] Compiling ComplexModule Complex+ElementaryFunctions.swift
[70/213] Emitting module ComplexModule
[71/214] Compiling device_info.cpp
[73/216] Compiling Numerics Numerics.swift
[74/216] Emitting module Numerics
[74/217] Compiling allocator.cpp
[76/217] Wrapping AST for ComplexModule for debugging
[77/217] Wrapping AST for Numerics for debugging
[78/217] Compiling eval.cpp
[79/217] Compiling event.cpp
[80/217] Compiling fence.cpp
[81/217] Compiling threefry.cpp
[82/217] Compiling primitives.cpp
[83/217] Compiling no_metal.cpp
[84/217] Compiling no_cuda.cpp
In file included from /host/spi-builder-workspace/.build/checkouts/mlx-swift/Source/Cmlx/mlx/mlx/backend/cpu/svd.cpp:6:
/host/spi-builder-workspace/.build/checkouts/mlx-swift/Source/Cmlx/mlx/mlx/backend/cpu/lapack.h:17:10: fatal error: 'cblas.h' file not found
17 | #include <cblas.h>
| ^~~~~~~~~
1 error generated.
[85/217] Compiling svd.cpp
[85/217] Compiling softmax.cpp
[85/217] Compiling scan.cpp
[85/217] Compiling select.cpp
[85/217] Compiling compile.cpp
[85/217] Compiling sort.cpp
[85/217] Compiling unary.cpp
[85/217] Compiling export.cpp
Running build ...
bash -c docker run --pull=always --rm -v "checkouts-54344846-0":/host -w "$PWD" -e JAVA_HOME="/root/.sdkman/candidates/java/current" -e SPI_BUILD="1" -e SPI_PROCESSING="1" registry.gitlab.com/saguaro1/spi-images:linux-6.1-latest swift build --triple x86_64-unknown-linux-gnu 2>&1
linux-6.1-latest: Pulling from saguaro1/spi-images
Digest: sha256:b6bfb4c5da2c5a0e111d7eb0c087cb4f5887cce9a34b7779faa557952c747cfc
Status: Image is up to date for registry.gitlab.com/saguaro1/spi-images:linux-6.1-latest
[0/1] Planning build
Building for debugging...
In file included from /host/spi-builder-workspace/.build/checkouts/mlx-swift/Source/Cmlx/mlx/mlx/backend/cpu/svd.cpp:6:
/host/spi-builder-workspace/.build/checkouts/mlx-swift/Source/Cmlx/mlx/mlx/backend/cpu/lapack.h:17:10: fatal error: 'cblas.h' file not found
17 | #include <cblas.h>
| ^~~~~~~~~
1 error generated.
[0/136] Compiling svd.cpp
[0/136] Compiling scan.cpp
[0/136] Compiling softmax.cpp
[0/136] Compiling unary.cpp
[0/136] Compiling export.cpp
[0/136] Compiling compile.cpp
[0/136] Compiling sort.cpp
[0/136] Compiling select.cpp
BUILD FAILURE 6.1 linux