The Swift Package Index logo.Swift Package Index

Build Information

Failed to build hdxl-xctest-retrofit, reference main (18179b), with Swift 6.4 for Android on 22 Sep 2026 17:35:30 UTC.

Build Command

bash -c docker run --pull=always --rm -v "checkouts-53886769-0":/host -w "$PWD" -e JAVA_HOME="/root/.sdkman/candidates/java/current" -e SPI_BUILD="1" -e SPI_PROCESSING="1" registry.gitlab.com/saguaro1/spi-images:android-6.4-latest swift build --swift-sdk aarch64-unknown-linux-android28 2>&1

Build Log

========================================
RunAll
========================================
Builder version: 5.1.0
Interrupt handler set up.
========================================
Checkout
========================================
Clone URL: https://github.com/plx/hdxl-xctest-retrofit.git
Reference: main
Initialized empty Git repository in /host/spi-builder-workspace/.git/
hint: Using 'master' as the name for the initial branch. This default branch name
hint: is subject to change. To configure the initial branch name to use in all
hint: of your new repositories, which will suppress this warning, call:
hint:
hint: 	git config --global init.defaultBranch <name>
hint:
hint: Names commonly chosen instead of 'master' are 'main', 'trunk' and
hint: 'development'. The just-created branch can be renamed via this command:
hint:
hint: 	git branch -m <name>
From https://github.com/plx/hdxl-xctest-retrofit
 * branch            main       -> FETCH_HEAD
 * [new branch]      main       -> origin/main
HEAD is now at 18179b2 Fixed readme badge.
Cloned https://github.com/plx/hdxl-xctest-retrofit.git
Revision (git rev-parse @):
18179b205697213bb70576c2390448f18dbbff04
SPI manifest file found: $PWD/.spi.yml
SUCCESS checkout https://github.com/plx/hdxl-xctest-retrofit.git at main
========================================
Build
========================================
Selected platform:         android
Swift version:             6.4
Building package at path:  $PWD
https://github.com/plx/hdxl-xctest-retrofit.git
Running build ...
bash -c docker run --pull=always --rm -v "checkouts-53886769-0":/host -w "$PWD" -e JAVA_HOME="/root/.sdkman/candidates/java/current" -e SPI_BUILD="1" -e SPI_PROCESSING="1" registry.gitlab.com/saguaro1/spi-images:android-6.4-latest swift build --swift-sdk aarch64-unknown-linux-android28 2>&1
android-6.4-latest: Pulling from saguaro1/spi-images
Digest: sha256:abadcff584c273feba50641b454858d377ba30b35ea7287a94f45ebd8afd0ea0
Status: Image is up to date for registry.gitlab.com/saguaro1/spi-images:android-6.4-latest
Fetching https://github.com/swiftlang/swift-docc-plugin
Fetching https://github.com/swiftlang/swift-syntax.git
[1/2345] Fetching swift-docc-plugin
[2346/82352] Fetching swift-docc-plugin, swift-syntax
Fetched https://github.com/swiftlang/swift-docc-plugin (2.97s)
Fetched https://github.com/swiftlang/swift-syntax.git (2.98s)
Computing version for https://github.com/swiftlang/swift-docc-plugin
Computed https://github.com/swiftlang/swift-docc-plugin at 1.5.0 (4.07s)
Fetching https://github.com/swiftlang/swift-docc-symbolkit
[1/3829] Fetching swift-docc-symbolkit
Fetched https://github.com/swiftlang/swift-docc-symbolkit (0.57s)
Computing version for https://github.com/swiftlang/swift-docc-symbolkit
Computed https://github.com/swiftlang/swift-docc-symbolkit at 1.0.0 (0.80s)
Computing version for https://github.com/swiftlang/swift-syntax.git
Computed https://github.com/swiftlang/swift-syntax.git at 600.0.1 (0.29s)
Creating working copy for https://github.com/swiftlang/swift-docc-symbolkit
Working copy of https://github.com/swiftlang/swift-docc-symbolkit resolved at 1.0.0
Creating working copy for https://github.com/swiftlang/swift-docc-plugin
Working copy of https://github.com/swiftlang/swift-docc-plugin resolved at 1.5.0
Creating working copy for https://github.com/swiftlang/swift-syntax.git
Working copy of https://github.com/swiftlang/swift-syntax.git resolved at 600.0.1
Building for debugging...
[Computing dependencies]
[Constructing description]
[Pre-planning 1 / 562]
[Planning deferred tasks]
[6 / 231]
[132 / 240] SwiftSyntax510
[144 / 250] SwiftSyntax
[151 / 252] SwiftSyntax509
[156 / 253] SwiftSyntax
[168 / 280] SwiftDiagnostics
[173 / 280] SwiftDiagnostics
[179 / 280] SwiftBasicFormat
[184 / 280] SwiftParser
[188 / 280] SwiftParser
[192 / 280] SwiftParser
[193 / 280] SwiftDiagnostics
[195 / 280] SwiftOperators
[196 / 280] SwiftDiagnostics
[198 / 280] SwiftDiagnostics
[199 / 280] SwiftBasicFormat
[200 / 281] SwiftParserDiagnostics
[202 / 281] SwiftBasicFormat
[205 / 281]
[209 / 291] SwiftParserDiagnostics
[210 / 292] SwiftParserDiagnostics
[210 / 293] SwiftParserDiagnostics
[211 / 293] SwiftParserDiagnostics
[214 / 293] SwiftParserDiagnostics
[219 / 293] SwiftParserDiagnostics
[220 / 293] SwiftSyntaxBuilder
[226 / 296] SwiftOperators
[229 / 313] SwiftSyntaxBuilder
[231 / 313] SwiftOperators
[232 / 313] SwiftOperators
[239 / 314] SwiftParserDiagnostics
[240 / 314] SwiftSyntaxBuilder
[242 / 314] SwiftSyntaxBuilder
[251 / 314] SwiftSyntaxMacros
[252 / 314] SwiftSyntaxMacros
[255 / 314] SwiftOperators
[257 / 315] SwiftOperators
[264 / 325] SwiftSyntaxMacros
[268 / 326] SwiftSyntaxMacros
[280 / 336] SwiftSyntaxMacroExpansion
[281 / 337] SwiftSyntaxMacros
[287 / 337] SwiftOperators
[296 / 347] SwiftCompilerPluginMessageHandling
[297 / 347] SwiftCompilerPluginMessageHandling
[300 / 347] SwiftCompilerPluginMessageHandling
[303 / 347] SwiftCompilerPluginMessageHandling
[310 / 350] SwiftCompilerPlugin
[311 / 350] SwiftCompilerPlugin
[317 / 351] SwiftCompilerPluginMessageHandling
[319 / 352] SwiftCompilerPluginMessageHandling
[321 / 353] SwiftSyntax
[324 / 354] SwiftSyntax
[331 / 354] SwiftSyntaxMacros
[339 / 355] HDXLXCTestRetrofitMacros
[348 / 364] HDXLXCTestRetrofitMacros
error: SwiftCompile normal x86_64 /host/spi-builder-workspace/Sources/HDXLXCTestRetrofitMacros/Macros/Details/XCTAssertionMacroProtocol.swift failed with a nonzero exit code. Command line:     cd /host
    builtin-SwiftPerFileCompile XCTAssertionMacroProtocol.swift
/host/spi-builder-workspace/Sources/HDXLXCTestRetrofitMacros/Macros/Details/XCTAssertionMacroProtocol.swift:34:33: error: value of type 'String' has no member 'range'
32 |       macroName.hasPrefix("XCT"),
33 |       macroName.hasSuffix("Macro"),
34 |       let hdxlRange = macroName.range(of: "XCT"),
   |                                 `- error: value of type 'String' has no member 'range'
35 |       let macroRange = macroName.range(of: "Macro", options: .backwards)
36 |     else {
/host/spi-builder-workspace/Sources/HDXLXCTestRetrofitMacros/Macros/Details/XCTAssertionMacroProtocol.swift:35:34: error: value of type 'String' has no member 'range'
33 |       macroName.hasSuffix("Macro"),
34 |       let hdxlRange = macroName.range(of: "XCT"),
35 |       let macroRange = macroName.range(of: "Macro", options: .backwards)
   |                                  `- error: value of type 'String' has no member 'range'
36 |     else {
37 |       throw XCTAssertionMacroError.unableToInferXCTAssertionName(String(reflecting: self))
Failed frontend command:
/root/.local/share/swiftly/toolchains/6.4.x-snapshot-2026-09-04/usr/bin/swift-frontend -frontend -c /host/spi-builder-workspace/Sources/HDXLXCTestRetrofitMacros/Macros/Concrete/XCTAssertNoThrowMacro.swift /host/spi-builder-workspace/Sources/HDXLXCTestRetrofitMacros/Macros/Concrete/XCTAssertThrowsErrorMacro.swift /host/spi-builder-workspace/Sources/HDXLXCTestRetrofitMacros/Macros/Concrete/XCTBinaryAssertionWithToleranceMacros.swift /host/spi-builder-workspace/Sources/HDXLXCTestRetrofitMacros/Macros/Concrete/XCTBinaryComparisonMacros.swift /host/spi-builder-workspace/Sources/HDXLXCTestRetrofitMacros/Macros/Concrete/XCTFailMacro.swift /host/spi-builder-workspace/Sources/HDXLXCTestRetrofitMacros/Macros/Concrete/XCTUnaryAssertionMacros.swift /host/spi-builder-workspace/Sources/HDXLXCTestRetrofitMacros/Macros/Details/ExprSyntax+Support.swift /host/spi-builder-workspace/Sources/HDXLXCTestRetrofitMacros/Macros/Details/ExprSyntaxProtocol+Validation.swift /host/spi-builder-workspace/Sources/HDXLXCTestRetrofitMacros/Macros/Details/LabeledExprListSyntax+Support.swift /host/spi-builder-workspace/Sources/HDXLXCTestRetrofitMacros/Macros/Details/LabeledExprSyntax+Support.swift /host/spi-builder-workspace/Sources/HDXLXCTestRetrofitMacros/Macros/Details/XCTAssertionContextArguments.swift /host/spi-builder-workspace/Sources/HDXLXCTestRetrofitMacros/Macros/Details/XCTAssertionMacroError.swift -primary-file /host/spi-builder-workspace/Sources/HDXLXCTestRetrofitMacros/Macros/Details/XCTAssertionMacroProtocol.swift -primary-file /host/spi-builder-workspace/Sources/HDXLXCTestRetrofitMacros/Macros/Details/XCTBinaryAssertionMacroProtocol.swift /host/spi-builder-workspace/Sources/HDXLXCTestRetrofitMacros/Macros/Details/XCTBinaryAssertionWithToleranceMacroProtocol.swift /host/spi-builder-workspace/Sources/HDXLXCTestRetrofitMacros/Macros/Details/XCTConditionalAssertionMacroProtocol.swift /host/spi-builder-workspace/Sources/HDXLXCTestRetrofitMacros/Macros/Details/XCTUnaryAssertionMacro.swift /host/spi-builder-workspace/Sources/HDXLXCTestRetrofitMacros/Plugin.swift -emit-dependencies-path /host/spi-builder-workspace/.build/out/Intermediates.noindex/hdxl-xctest-retrofit.build/Debug-linux-x86_64/HDXLXCTestRetrofitMacros-t.build/Objects-normal/x86_64/XCTAssertionMacroProtocol.d -emit-const-values-path /host/spi-builder-workspace/.build/out/Intermediates.noindex/hdxl-xctest-retrofit.build/Debug-linux-x86_64/HDXLXCTestRetrofitMacros-t.build/Objects-normal/x86_64/XCTAssertionMacroProtocol.swiftconstvalues -emit-reference-dependencies-path /host/spi-builder-workspace/.build/out/Intermediates.noindex/hdxl-xctest-retrofit.build/Debug-linux-x86_64/HDXLXCTestRetrofitMacros-t.build/Objects-normal/x86_64/XCTAssertionMacroProtocol.swiftdeps -serialize-diagnostics-path /host/spi-builder-workspace/.build/out/Intermediates.noindex/hdxl-xctest-retrofit.build/Debug-linux-x86_64/HDXLXCTestRetrofitMacros-t.build/Objects-normal/x86_64/XCTAssertionMacroProtocol.dia -emit-dependencies-path /host/spi-builder-workspace/.build/out/Intermediates.noindex/hdxl-xctest-retrofit.build/Debug-linux-x86_64/HDXLXCTestRetrofitMacros-t.build/Objects-normal/x86_64/XCTBinaryAssertionMacroProtocol.d -emit-const-values-path /host/spi-builder-workspace/.build/out/Intermediates.noindex/hdxl-xctest-retrofit.build/Debug-linux-x86_64/HDXLXCTestRetrofitMacros-t.build/Objects-normal/x86_64/XCTBinaryAssertionMacroProtocol.swiftconstvalues -emit-reference-dependencies-path /host/spi-builder-workspace/.build/out/Intermediates.noindex/hdxl-xctest-retrofit.build/Debug-linux-x86_64/HDXLXCTestRetrofitMacros-t.build/Objects-normal/x86_64/XCTBinaryAssertionMacroProtocol.swiftdeps -serialize-diagnostics-path /host/spi-builder-workspace/.build/out/Intermediates.noindex/hdxl-xctest-retrofit.build/Debug-linux-x86_64/HDXLXCTestRetrofitMacros-t.build/Objects-normal/x86_64/XCTBinaryAssertionMacroProtocol.dia -target x86_64-unknown-linux-gnu -disable-objc-interop -I /host/spi-builder-workspace/.build/out/Products/Debug-linux-x86_64 -module-cache-path /host/spi-builder-workspace/.build/out/ModuleCache.noindex -color-diagnostics -Xcc -fcolor-diagnostics -enable-testing -g -debug-info-format\=dwarf -dwarf-version\=4 -swift-version 6 -Onone -D SWIFT_PACKAGE -D DEBUG -D Xcode -serialize-debugging-options -enable-experimental-feature DebugDescriptionMacro -empty-abi-descriptor -external-plugin-path /root/.local/share/swiftly/toolchains/6.4.x-snapshot-2026-09-04/usr/lib/swift/host/plugins/testing\#/root/.local/share/swiftly/toolchains/6.4.x-snapshot-2026-09-04/usr/bin/swift-plugin-server -validate-clang-modules-once -clang-build-session-file /host/spi-builder-workspace/.build/out/ModuleCache.noindex/Session.modulevalidation -Xcc -working-directory -Xcc /host -enable-anonymous-context-mangled-names -file-compilation-dir /host -Xcc -fmodule-map-file\=/host/spi-builder-workspace/.build/checkouts/swift-syntax/Sources/_SwiftSyntaxCShims/include/module.modulemap -Xcc -fno-omit-frame-pointer -Xcc -D_LIBCPP_HARDENING_MODE\=_LIBCPP_HARDENING_MODE_DEBUG -Xcc -fmodules-prune-interval\=86400 -Xcc -fmodules-prune-after\=345600 -Xcc -I/host/spi-builder-workspace/.build/checkouts/swift-syntax/Sources/_SwiftSyntaxCShims/include -Xcc -I/host/spi-builder-workspace/.build/out/Products/Debug-linux-x86_64/include -Xcc -I/host/spi-builder-workspace/.build/out/Intermediates.noindex/hdxl-xctest-retrofit.build/Debug-linux-x86_64/HDXLXCTestRetrofitMacros-t.build/DerivedSources-normal/x86_64 -Xcc -I/host/spi-builder-workspace/.build/out/Intermediates.noindex/hdxl-xctest-retrofit.build/Debug-linux-x86_64/HDXLXCTestRetrofitMacros-t.build/DerivedSources/x86_64 -Xcc -I/host/spi-builder-workspace/.build/out/Intermediates.noindex/hdxl-xctest-retrofit.build/Debug-linux-x86_64/HDXLXCTestRetrofitMacros-t.build/DerivedSources -Xcc -DSWIFT_PACKAGE -Xcc -DDEBUG\=1 -no-auto-bridging-header-chaining -module-name HDXLXCTestRetrofitMacros -package-name spi_builder_workspace -const-gather-protocols-file /host/spi-builder-workspace/.build/out/Intermediates.noindex/hdxl-xctest-retrofit.build/Debug-linux-x86_64/HDXLXCTestRetrofitMacros-t.build/Objects-normal/x86_64/HDXLXCTestRetrofitMacros_const_extract_protocols.json -in-process-plugin-server-path /root/.local/share/swiftly/toolchains/6.4.x-snapshot-2026-09-04/usr/lib/swift/host/libSwiftInProcPluginServer.so -plugin-path /root/.local/share/swiftly/toolchains/6.4.x-snapshot-2026-09-04/usr/lib/swift/host/plugins -plugin-path /root/.local/share/swiftly/toolchains/6.4.x-snapshot-2026-09-04/usr/local/lib/swift/host/plugins -parse-as-library -o /host/spi-builder-workspace/.build/out/Intermediates.noindex/hdxl-xctest-retrofit.build/Debug-linux-x86_64/HDXLXCTestRetrofitMacros-t.build/Objects-normal/x86_64/XCTAssertionMacroProtocol.o -o /host/spi-builder-workspace/.build/out/Intermediates.noindex/hdxl-xctest-retrofit.build/Debug-linux-x86_64/HDXLXCTestRetrofitMacros-t.build/Objects-normal/x86_64/XCTBinaryAssertionMacroProtocol.o -index-unit-output-path /hdxl-xctest-retrofit.build/Debug-linux-x86_64/HDXLXCTestRetrofitMacros-t.build/Objects-normal/x86_64/XCTAssertionMacroProtocol.o -index-unit-output-path /hdxl-xctest-retrofit.build/Debug-linux-x86_64/HDXLXCTestRetrofitMacros-t.build/Objects-normal/x86_64/XCTBinaryAssertionMacroProtocol.o -index-store-path /host/spi-builder-workspace/.build/out -index-system-modules
error: Build failed
BUILD FAILURE 6.4 android