The Swift Package Index logo.Swift Package Index

Build Information

Failed to build elastic-swift, reference master (5131a6), with Swift 6.4 for Android on 17 Sep 2026 11:13:22 UTC.

Build Command

bash -c docker run --pull=always --rm -v "checkouts-54344843-0":/host -w "$PWD" -e JAVA_HOME="/root/.sdkman/candidates/java/current" -e SPI_BUILD="1" -e SPI_PROCESSING="1" registry.gitlab.com/saguaro1/spi-images:android-6.4-latest swift build --swift-sdk aarch64-unknown-linux-android28 2>&1

Build Log

========================================
RunAll
========================================
Builder version: 5.1.0
Interrupt handler set up.
========================================
Checkout
========================================
Clone URL: https://github.com/pksprojects/ElasticSwift.git
Reference: master
Initialized empty Git repository in /host/spi-builder-workspace/.git/
hint: Using 'master' as the name for the initial branch. This default branch name
hint: is subject to change. To configure the initial branch name to use in all
hint: of your new repositories, which will suppress this warning, call:
hint:
hint: 	git config --global init.defaultBranch <name>
hint:
hint: Names commonly chosen instead of 'master' are 'main', 'trunk' and
hint: 'development'. The just-created branch can be renamed via this command:
hint:
hint: 	git branch -m <name>
From https://github.com/pksprojects/ElasticSwift
 * branch            master     -> FETCH_HEAD
 * [new branch]      master     -> origin/master
HEAD is now at 5131a6a Merge pull request #97 from msavoaia/fix/ssl-auth-issue
Cloned https://github.com/pksprojects/ElasticSwift.git
Revision (git rev-parse @):
5131a6aa5c256dc57e491c832b8f1f9dc24a331b
SUCCESS checkout https://github.com/pksprojects/ElasticSwift.git at master
========================================
Build
========================================
Selected platform:         android
Swift version:             6.4
Building package at path:  $PWD
https://github.com/pksprojects/ElasticSwift.git
Running build ...
bash -c docker run --pull=always --rm -v "checkouts-54344843-0":/host -w "$PWD" -e JAVA_HOME="/root/.sdkman/candidates/java/current" -e SPI_BUILD="1" -e SPI_PROCESSING="1" registry.gitlab.com/saguaro1/spi-images:android-6.4-latest swift build --swift-sdk aarch64-unknown-linux-android28 2>&1
android-6.4-latest: Pulling from saguaro1/spi-images
Digest: sha256:abadcff584c273feba50641b454858d377ba30b35ea7287a94f45ebd8afd0ea0
Status: Image is up to date for registry.gitlab.com/saguaro1/spi-images:android-6.4-latest
Fetching https://github.com/apple/swift-nio.git
Fetching https://github.com/apple/swift-nio-ssl.git
Fetching https://github.com/apple/swift-nio-transport-services.git
Fetching https://github.com/swift-server/async-http-client.git
Fetching https://github.com/apple/swift-log.git
[1/2863] Fetching swift-nio-transport-services
[2693/18927] Fetching swift-nio-transport-services, swift-nio-ssl
[2865/27019] Fetching swift-nio-transport-services, swift-nio-ssl, swift-log
Fetched https://github.com/apple/swift-log.git (0.56s)
[4791/18927] Fetching swift-nio-transport-services, swift-nio-ssl
[8648/35124] Fetching swift-nio-transport-services, swift-nio-ssl, async-http-client
Fetched https://github.com/swift-server/async-http-client.git (1.00s)
Fetched https://github.com/apple/swift-nio-ssl.git (1.08s)
[1/85971] Fetching swift-nio
Fetched https://github.com/apple/swift-nio-transport-services.git (3.57s)
Fetched https://github.com/apple/swift-nio.git (3.60s)
Computing version for https://github.com/apple/swift-log.git
Computed https://github.com/apple/swift-log.git at 1.15.1 (3.82s)
Computing version for https://github.com/apple/swift-nio-transport-services.git
Computed https://github.com/apple/swift-nio-transport-services.git at 1.28.0 (0.19s)
Fetching https://github.com/apple/swift-atomics.git
[1/1875] Fetching swift-atomics
Fetched https://github.com/apple/swift-atomics.git (0.54s)
Computing version for https://github.com/apple/swift-atomics.git
Computed https://github.com/apple/swift-atomics.git at 1.3.1 (0.71s)
Computing version for https://github.com/apple/swift-nio.git
Computed https://github.com/apple/swift-nio.git at 2.102.0 (0.33s)
Fetching https://github.com/apple/swift-collections.git
Fetching https://github.com/apple/swift-system.git
[1/6898] Fetching swift-system
[6899/34172] Fetching swift-system, swift-collections
Fetched https://github.com/apple/swift-system.git (1.13s)
Fetched https://github.com/apple/swift-collections.git (1.14s)
Computing version for https://github.com/apple/swift-collections.git
Computed https://github.com/apple/swift-collections.git at 1.6.0 (1.43s)
Computing version for https://github.com/apple/swift-system.git
Computed https://github.com/apple/swift-system.git at 1.8.1 (0.21s)
Computing version for https://github.com/apple/swift-nio-ssl.git
Computed https://github.com/apple/swift-nio-ssl.git at 2.37.4 (0.22s)
Computing version for https://github.com/swift-server/async-http-client.git
Computed https://github.com/swift-server/async-http-client.git at 1.36.1 (0.20s)
Fetching https://github.com/apple/swift-nio-http2.git
Fetching https://github.com/apple/swift-distributed-tracing.git
Fetching https://github.com/apple/swift-service-context.git
Fetching https://github.com/apple/swift-configuration.git
Fetching https://github.com/apple/swift-algorithms.git
[1/3742] Fetching swift-configuration
[1049/5106] Fetching swift-configuration, swift-service-context
[5107/11246] Fetching swift-configuration, swift-service-context, swift-algorithms
Fetched https://github.com/apple/swift-service-context.git (0.50s)
[3865/9882] Fetching swift-configuration, swift-algorithms
[7550/16157] Fetching swift-configuration, swift-algorithms, swift-distributed-tracing
[13523/28409] Fetching swift-configuration, swift-algorithms, swift-distributed-tracing, swift-nio-http2
Fetched https://github.com/apple/swift-algorithms.git (0.59s)
Fetched https://github.com/apple/swift-configuration.git (0.59s)
[3704/18527] Fetching swift-distributed-tracing, swift-nio-http2
Fetched https://github.com/apple/swift-distributed-tracing.git (0.64s)
[2696/12252] Fetching swift-nio-http2
Fetching https://github.com/apple/swift-nio-extras.git
[12253/18924] Fetching swift-nio-http2, swift-nio-extras
Fetched https://github.com/apple/swift-nio-extras.git (0.59s)
Fetched https://github.com/apple/swift-nio-http2.git (1.52s)
Computing version for https://github.com/apple/swift-service-context.git
Computed https://github.com/apple/swift-service-context.git at 1.3.0 (1.69s)
Computing version for https://github.com/apple/swift-algorithms.git
Computed https://github.com/apple/swift-algorithms.git at 1.2.1 (0.17s)
Fetching https://github.com/apple/swift-numerics.git
[1/6636] Fetching swift-numerics
Fetched https://github.com/apple/swift-numerics.git (1.27s)
Computing version for https://github.com/apple/swift-configuration.git
Computed https://github.com/apple/swift-configuration.git at 1.2.0 (2.24s)
Fetching https://github.com/swift-server/swift-service-lifecycle
[1/2843] Fetching swift-service-lifecycle
Fetched https://github.com/swift-server/swift-service-lifecycle (0.54s)
Computing version for https://github.com/apple/swift-distributed-tracing.git
Computed https://github.com/apple/swift-distributed-tracing.git at 1.5.0 (0.73s)
Computing version for https://github.com/apple/swift-numerics.git
Computed https://github.com/apple/swift-numerics.git at 1.1.1 (0.15s)
Computing version for https://github.com/swift-server/swift-service-lifecycle
Computed https://github.com/swift-server/swift-service-lifecycle at 2.12.0 (0.17s)
Fetching https://github.com/apple/swift-async-algorithms.git
[1/6723] Fetching swift-async-algorithms
Fetched https://github.com/apple/swift-async-algorithms.git (1.17s)
Computing version for https://github.com/apple/swift-async-algorithms.git
Computed https://github.com/apple/swift-async-algorithms.git at 1.1.5 (1.39s)
Computing version for https://github.com/apple/swift-nio-http2.git
Computed https://github.com/apple/swift-nio-http2.git at 1.46.0 (0.19s)
Computing version for https://github.com/apple/swift-nio-extras.git
Computed https://github.com/apple/swift-nio-extras.git at 1.35.1 (0.47s)
Fetching https://github.com/apple/swift-certificates.git
Fetching https://github.com/apple/swift-asn1.git
Fetching https://github.com/apple/swift-http-structured-headers.git
Fetching https://github.com/apple/swift-http-types.git
[1/1983] Fetching swift-asn1
[636/3236] Fetching swift-asn1, swift-http-structured-headers
Fetched https://github.com/apple/swift-asn1.git (0.48s)
[1/1935] Fetching swift-http-types
[1743/9485] Fetching swift-http-types, swift-certificates
Fetched https://github.com/apple/swift-http-structured-headers.git (0.64s)
Fetched https://github.com/apple/swift-http-types.git (0.64s)
Fetched https://github.com/apple/swift-certificates.git (0.64s)
Computing version for https://github.com/apple/swift-http-structured-headers.git
Computed https://github.com/apple/swift-http-structured-headers.git at 1.7.0 (0.83s)
Computing version for https://github.com/apple/swift-http-types.git
Computed https://github.com/apple/swift-http-types.git at 1.8.0 (0.21s)
Computing version for https://github.com/apple/swift-asn1.git
Computed https://github.com/apple/swift-asn1.git at 1.7.2 (0.21s)
Computing version for https://github.com/apple/swift-certificates.git
Computed https://github.com/apple/swift-certificates.git at 1.20.0 (0.24s)
Fetching https://github.com/apple/swift-crypto.git
[1/18531] Fetching swift-crypto
Fetched https://github.com/apple/swift-crypto.git (1.21s)
Computing version for https://github.com/apple/swift-crypto.git
Computed https://github.com/apple/swift-crypto.git at 4.5.2 (1.49s)
Creating working copy for https://github.com/apple/swift-asn1.git
Working copy of https://github.com/apple/swift-asn1.git resolved at 1.7.2
Creating working copy for https://github.com/apple/swift-numerics.git
Working copy of https://github.com/apple/swift-numerics.git resolved at 1.1.1
Creating working copy for https://github.com/apple/swift-algorithms.git
Working copy of https://github.com/apple/swift-algorithms.git resolved at 1.2.1
Creating working copy for https://github.com/apple/swift-log.git
Working copy of https://github.com/apple/swift-log.git resolved at 1.15.1
Creating working copy for https://github.com/apple/swift-async-algorithms.git
Working copy of https://github.com/apple/swift-async-algorithms.git resolved at 1.1.5
Creating working copy for https://github.com/apple/swift-configuration.git
Working copy of https://github.com/apple/swift-configuration.git resolved at 1.2.0
Creating working copy for https://github.com/apple/swift-system.git
Working copy of https://github.com/apple/swift-system.git resolved at 1.8.1
Creating working copy for https://github.com/apple/swift-http-structured-headers.git
Working copy of https://github.com/apple/swift-http-structured-headers.git resolved at 1.7.0
Creating working copy for https://github.com/apple/swift-atomics.git
Working copy of https://github.com/apple/swift-atomics.git resolved at 1.3.1
Creating working copy for https://github.com/apple/swift-distributed-tracing.git
Working copy of https://github.com/apple/swift-distributed-tracing.git resolved at 1.5.0
Creating working copy for https://github.com/swift-server/async-http-client.git
Working copy of https://github.com/swift-server/async-http-client.git resolved at 1.36.1
Creating working copy for https://github.com/apple/swift-collections.git
Working copy of https://github.com/apple/swift-collections.git resolved at 1.6.0
Creating working copy for https://github.com/apple/swift-http-types.git
Working copy of https://github.com/apple/swift-http-types.git resolved at 1.8.0
Creating working copy for https://github.com/apple/swift-crypto.git
Working copy of https://github.com/apple/swift-crypto.git resolved at 4.5.2
Creating working copy for https://github.com/apple/swift-certificates.git
Working copy of https://github.com/apple/swift-certificates.git resolved at 1.20.0
Creating working copy for https://github.com/apple/swift-nio-ssl.git
Working copy of https://github.com/apple/swift-nio-ssl.git resolved at 2.37.4
Creating working copy for https://github.com/apple/swift-nio-transport-services.git
Working copy of https://github.com/apple/swift-nio-transport-services.git resolved at 1.28.0
Creating working copy for https://github.com/apple/swift-nio-http2.git
Working copy of https://github.com/apple/swift-nio-http2.git resolved at 1.46.0
Creating working copy for https://github.com/apple/swift-nio.git
Working copy of https://github.com/apple/swift-nio.git resolved at 2.102.0
Creating working copy for https://github.com/apple/swift-service-context.git
Working copy of https://github.com/apple/swift-service-context.git resolved at 1.3.0
Creating working copy for https://github.com/swift-server/swift-service-lifecycle
Working copy of https://github.com/swift-server/swift-service-lifecycle resolved at 2.12.0
Creating working copy for https://github.com/apple/swift-nio-extras.git
Working copy of https://github.com/apple/swift-nio-extras.git resolved at 1.35.1
Building for debugging...
[Computing dependencies]
[Constructing description]
[Pre-planning 1 / 1757]
[Planning 1037 / 1757]
[Planning deferred tasks]
[Constructing 2542 / 4139]
[171 / 1001] ElasticSwiftNetworkingNIO-product
[315 / 1056] RealModule
[317 / 1074] _NIOBase64
[328 / 1074] ServiceContextModule
[331 / 1074] RealModule
[340 / 1074] _NIODataStructures
[343 / 1074] Logging
[359 / 1074] SystemPackage
[359 / 1074] ElasticSwiftCodableUtils
[371 / 1074] SystemPackage
[371 / 1074] _NIODataStructures
[380 / 1075] _NIOBase64
[383 / 1075] ServiceContextModule
[385 / 1075] RealModule-product
[392 / 1077] RealModule
[395 / 1077] RealModule
[396 / 1077] RealModule
[399 / 1077] NIOConcurrencyHelpers
[401 / 1078] RealModule
[403 / 1078] RealModule
[408 / 1078] Logging
[416 / 1079] InternalCollectionsUtilities
[417 / 1080] InternalCollectionsUtilities
[424 / 1080] InternalCollectionsUtilities
[426 / 1080] ElasticSwiftCodableUtils-product
[430 / 1081] Logging
[435 / 1081] Algorithms
[440 / 1081] CSystem
[450 / 1081]
[462 / 1084] CNIOFreeBSD
[470 / 1102] CNIOExtrasZlib
error: SwiftCompile normal aarch64 failed with a nonzero exit code. Command line:     cd /host

/host/spi-builder-workspace/Tests/UnitTestSettings/UnitTestSettings.swift:73:45: error: cannot find type 'FILE' in scope
 71 | /// cross-thread interleaving of output.
 72 | internal struct StdioOutputStream: TextOutputStream {
 73 |     internal let file: UnsafeMutablePointer<FILE>
    |                                             `- error: cannot find type 'FILE' in scope
 74 |     internal let flushMode: FlushMode
 75 |
/host/spi-builder-workspace/Tests/UnitTestSettings/UnitTestSettings.swift:110:24: error: cannot find 'Glibc' in scope
108 |     let systemStdout = Darwin.stdout
109 | #else
110 |     let systemStderr = Glibc.stderr!
    |                        `- error: cannot find 'Glibc' in scope
111 |     let systemStdout = Glibc.stdout!
112 | #endif
/host/spi-builder-workspace/Tests/UnitTestSettings/UnitTestSettings.swift:111:24: error: cannot find 'Glibc' in scope
109 | #else
110 |     let systemStderr = Glibc.stderr!
111 |     let systemStdout = Glibc.stdout!
    |                        `- error: cannot find 'Glibc' in scope
112 | #endif
113 |
/host/spi-builder-workspace/Tests/UnitTestSettings/UnitTestSettings.swift:117:15: warning: deprecated default implementation is used to satisfy instance method 'log(event:)' required by protocol 'LogHandler': You should implement this method instead of using the default implementation [#]8;;https://docs.swift.org/compiler/documentation/diagnostics/deprecated-declaration\DeprecatedDeclaration]8;;\]
115 | ///
116 | /// [Look here for more details](https://github.com/apple/swift-log/blob/master/Sources/Logging/Logging.swift)
117 | public struct StreamLogHandler: LogHandler {
    |               `- warning: deprecated default implementation is used to satisfy instance method 'log(event:)' required by protocol 'LogHandler': You should implement this method instead of using the default implementation [#]8;;https://docs.swift.org/compiler/documentation/diagnostics/deprecated-declaration\DeprecatedDeclaration]8;;\]
118 |     /// Factory that makes a `StreamLogHandler` to directs its output to `stdout`
119 |     public static func standardOutput(label: String) -> StreamLogHandler {
/host/spi-builder-workspace/.build/checkouts/swift-log/Sources/Logging/LogHandler.swift:249:17: note: 'log(event:)' declared here
136 |     ///
137 |     /// - Parameter event: The log event containing the level, message, metadata, and source location.
138 |     func log(event: LogEvent)
    |          `- note: requirement 'log(event:)' declared here
139 |
140 |     /// Please do _not_ implement this method when you create a `LogHandler` implementation.
    :
247 |     ///   Implement ``log(event:)`` in your ``LogHandler`` instead.
248 |     @available(*, deprecated, message: "You should implement this method instead of using the default implementation")
249 |     public func log(event: LogEvent) {
    |                 `- note: 'log(event:)' declared here
250 |         self.log(
251 |             level: event.level,
[#DeprecatedDeclaration]: <https://docs.swift.org/compiler/documentation/diagnostics/deprecated-declaration>
Failed frontend command:
/root/.local/share/swiftly/toolchains/6.4.x-snapshot-2026-09-04/usr/bin/swift-frontend -frontend -emit-module -experimental-skip-non-inlinable-function-bodies-without-types /host/spi-builder-workspace/Tests/UnitTestSettings/UnitTestSettings.swift -target aarch64-unknown-linux-android28 -Xllvm -aarch64-use-tbi -disable-objc-interop -sdk /android-ndk/android-ndk-r27d/toolchains/llvm/prebuilt/linux-x86_64/sysroot -sysroot /android-ndk/android-ndk-r27d/toolchains/llvm/prebuilt/linux-x86_64/sysroot -I /host/spi-builder-workspace/.build/out/Products/Debug-android-aarch64 -module-cache-path /host/spi-builder-workspace/.build/out/ModuleCache.noindex -color-diagnostics -Xcc -fcolor-diagnostics -enable-testing -g -debug-info-format\=dwarf -dwarf-version\=4 -swift-version 5 -Onone -D SWIFT_PACKAGE -D DEBUG -D SWIFT_MODULE_RESOURCE_BUNDLE_UNAVAILABLE -D Xcode -serialize-debugging-options -enable-experimental-feature DebugDescriptionMacro -empty-abi-descriptor -external-plugin-path /root/.local/share/swiftly/toolchains/6.4.x-snapshot-2026-09-04/usr/lib/swift/host/plugins/testing\#/root/.local/share/swiftly/toolchains/6.4.x-snapshot-2026-09-04/usr/bin/swift-plugin-server -validate-clang-modules-once -clang-build-session-file /host/spi-builder-workspace/.build/out/ModuleCache.noindex/Session.modulevalidation -Xcc -working-directory -Xcc /host -resource-dir /root/.swiftpm/swift-sdks/swift-6.4.x-DEVELOPMENT-SNAPSHOT-2026-09-04-a_android.artifactbundle/swift-android/swift-resources/usr/lib/swift-aarch64 -enable-anonymous-context-mangled-names -file-compilation-dir /host -Xcc -resource-dir -Xcc /android-ndk/android-ndk-r27d/toolchains/llvm/prebuilt/linux-x86_64/lib/clang/18 -Xcc -fno-omit-frame-pointer -Xcc -D_LIBCPP_HARDENING_MODE\=_LIBCPP_HARDENING_MODE_DEBUG -Xcc -fmodules-prune-interval\=86400 -Xcc -fmodules-prune-after\=345600 -Xcc -I/host/spi-builder-workspace/.build/out/Products/Debug-android-aarch64/include -Xcc -I/host/spi-builder-workspace/.build/out/Intermediates.noindex/elastic-swift.build/Debug-android-aarch64/UnitTestSettings-t.build/DerivedSources-normal/aarch64 -Xcc -I/host/spi-builder-workspace/.build/out/Intermediates.noindex/elastic-swift.build/Debug-android-aarch64/UnitTestSettings-t.build/DerivedSources/aarch64 -Xcc -I/host/spi-builder-workspace/.build/out/Intermediates.noindex/elastic-swift.build/Debug-android-aarch64/UnitTestSettings-t.build/DerivedSources -Xcc -DSWIFT_PACKAGE -Xcc -DDEBUG\=1 -no-auto-bridging-header-chaining -module-name UnitTestSettings -const-gather-protocols-file /host/spi-builder-workspace/.build/out/Intermediates.noindex/elastic-swift.build/Debug-android-aarch64/UnitTestSettings-t.build/Objects-normal/aarch64/UnitTestSettings_const_extract_protocols.json -in-process-plugin-server-path /root/.local/share/swiftly/toolchains/6.4.x-snapshot-2026-09-04/usr/lib/swift/host/libSwiftInProcPluginServer.so -plugin-path /root/.local/share/swiftly/toolchains/6.4.x-snapshot-2026-09-04/usr/lib/swift/host/plugins -plugin-path /root/.local/share/swiftly/toolchains/6.4.x-snapshot-2026-09-04/usr/local/lib/swift/host/plugins -emit-module-doc-path /host/spi-builder-workspace/.build/out/Intermediates.noindex/elastic-swift.build/Debug-android-aarch64/UnitTestSettings-t.build/Objects-normal/aarch64/Modules/UnitTestSettings.swiftdoc -emit-module-source-info-path /host/spi-builder-workspace/.build/out/Intermediates.noindex/elastic-swift.build/Debug-android-aarch64/UnitTestSettings-t.build/Objects-normal/aarch64/Modules/UnitTestSettings.swiftsourceinfo -emit-objc-header-path /host/spi-builder-workspace/.build/out/Intermediates.noindex/elastic-swift.build/Debug-android-aarch64/UnitTestSettings-t.build/Objects-normal/aarch64/UnitTestSettings-Swift.h -serialize-diagnostics-path /host/spi-builder-workspace/.build/out/Intermediates.noindex/elastic-swift.build/Debug-android-aarch64/UnitTestSettings-t.build/Objects-normal/aarch64/UnitTestSettings-primary-emit-module.dia -emit-dependencies-path /host/spi-builder-workspace/.build/out/Intermediates.noindex/elastic-swift.build/Debug-android-aarch64/UnitTestSettings-t.build/Objects-normal/aarch64/UnitTestSettings-primary-emit-module.d -parse-as-library -o /host/spi-builder-workspace/.build/out/Intermediates.noindex/elastic-swift.build/Debug-android-aarch64/UnitTestSettings-t.build/Objects-normal/aarch64/Modules/UnitTestSettings.swiftmodule
error: Build failed
BUILD FAILURE 6.4 android