Build Information
Failed to build Teads, reference master (2747de), with Swift 6.3 for tvOS using Xcode 26.4 on 15 Sep 2026 05:17:36 UTC.
Build Command
No build command. This typically means the build failed at an early stage where we determine the build command.Build Log
========================================
RunAll
========================================
Builder version: 5.0.2
Interrupt handler set up.
========================================
Checkout
========================================
Clone URL: https://github.com/teads/TeadsSDK-iOS.git
Reference: master
Initialized empty Git repository in /Users/admin/builder/spi-builder-workspace/.git/
From https://github.com/teads/TeadsSDK-iOS
* branch master -> FETCH_HEAD
* [new branch] master -> origin/master
HEAD is now at 2747de3 Release new version: 6.2.2
Cloned https://github.com/teads/TeadsSDK-iOS.git
Revision (git rev-parse @):
2747de3682a686db03bc646f67391c55bade8d9c
SUCCESS checkout https://github.com/teads/TeadsSDK-iOS.git at master
========================================
Build
========================================
Selected platform: tvOS
Swift version: 6.3
Building package at path: $PWD
https://github.com/teads/TeadsSDK-iOS.git
Command line invocation:
/Applications/Xcode-26.5.0.app/Contents/Developer/usr/bin/xcodebuild -IDEClonedSourcePackagesDirPathOverride=/Users/admin/builder/spi-builder-workspace/.dependencies -resolvePackageDependencies
2026-09-15 01:17:34.576 xcodebuild[541:3114] Writing error result bundle to /var/folders/xq/y_g06wb113726d38xsyx71_h0000gn/T/ResultBundle_2026-15-09_01-17-0034.xcresult
xcodebuild: error: The directory /Users/admin/builder/spi-builder-workspace contains 2 projects, including multiple projects with the current extension (.xcodeproj). Specify the project to use with the -project option.
Command line invocation:
/Applications/Xcode-26.5.0.app/Contents/Developer/usr/bin/xcodebuild -IDEClonedSourcePackagesDirPathOverride=/Users/admin/builder/spi-builder-workspace/.dependencies -resolvePackageDependencies
2026-09-15 01:17:35.948 xcodebuild[572:3365] Writing error result bundle to /var/folders/xq/y_g06wb113726d38xsyx71_h0000gn/T/ResultBundle_2026-15-09_01-17-0035.xcresult
xcodebuild: error: The directory /Users/admin/builder/spi-builder-workspace contains 2 projects, including multiple projects with the current extension (.xcodeproj). Specify the project to use with the -project option.
BUILD FAILURE 6.3 tvOS