The Swift Package Index logo.Swift Package Index

Build Information

Failed to build CodexReviewKit, reference main (7b6040), with Swift 6.3 for Wasm on 29 Oct 2026 15:37:39 UTC.

Build Command

bash -c docker run --pull=always --rm -v "checkouts-53886768-0":/host -w "$PWD" -e JAVA_HOME="/root/.sdkman/candidates/java/current" -e SPI_BUILD="1" -e SPI_PROCESSING="1" registry.gitlab.com/saguaro1/spi-images:wasm-6.3-latest swift build --swift-sdk swift-6.3.2-RELEASE_wasm 2>&1

Build Log

========================================
RunAll
========================================
Builder version: 5.1.4
Interrupt handler set up.
========================================
Checkout
========================================
Clone URL: https://github.com/lynnswap/CodexReviewKit.git
Reference: main
Initialized empty Git repository in /host/spi-builder-workspace/.git/
hint: Using 'master' as the name for the initial branch. This default branch name
hint: is subject to change. To configure the initial branch name to use in all
hint: of your new repositories, which will suppress this warning, call:
hint:
hint: 	git config --global init.defaultBranch <name>
hint:
hint: Names commonly chosen instead of 'master' are 'main', 'trunk' and
hint: 'development'. The just-created branch can be renamed via this command:
hint:
hint: 	git branch -m <name>
From https://github.com/lynnswap/CodexReviewKit
 * branch            main       -> FETCH_HEAD
 * [new branch]      main       -> origin/main
HEAD is now at 7b6040f Adopt ABIBridge 0.13.2 runtime fixes (#409)
Cloned https://github.com/lynnswap/CodexReviewKit.git
Revision (git rev-parse @):
7b6040f119314977ce59af72222a52c519557d74
SUCCESS checkout https://github.com/lynnswap/CodexReviewKit.git at main
========================================
Build
========================================
Selected platform:         wasm
Swift version:             6.3
Building package at path:  $PWD
https://github.com/lynnswap/CodexReviewKit.git
Running build ...
bash -c docker run --pull=always --rm -v "checkouts-53886768-0":/host -w "$PWD" -e JAVA_HOME="/root/.sdkman/candidates/java/current" -e SPI_BUILD="1" -e SPI_PROCESSING="1" registry.gitlab.com/saguaro1/spi-images:wasm-6.3-latest swift build --swift-sdk swift-6.3.2-RELEASE_wasm 2>&1
wasm-6.3-latest: Pulling from saguaro1/spi-images
Digest: sha256:eea66feda95ad8894091082dbcb77ec1fc917891d37888fd1938b0b68455d992
Status: Image is up to date for registry.gitlab.com/saguaro1/spi-images:wasm-6.3-latest
Fetching https://github.com/apple/swift-nio.git
Fetching https://github.com/lynnswap/ObservationBridge.git
Fetching https://github.com/modelcontextprotocol/swift-sdk.git
Fetching https://github.com/pointfreeco/sqlite-data.git
[1/1860] Fetching observationbridge
[1861/6345] Fetching observationbridge, swift-sdk
[6346/93041] Fetching observationbridge, swift-sdk, swift-nio
[6347/113298] Fetching observationbridge, swift-sdk, swift-nio, sqlite-data
Fetched https://github.com/pointfreeco/sqlite-data.git from cache (1.24s)
[43625/93041] Fetching observationbridge, swift-sdk, swift-nio
Fetched https://github.com/lynnswap/ObservationBridge.git from cache (3.13s)
Fetched https://github.com/modelcontextprotocol/swift-sdk.git from cache (3.13s)
Fetched https://github.com/apple/swift-nio.git from cache (3.16s)
Computing version for https://github.com/pointfreeco/sqlite-data.git
Computed https://github.com/pointfreeco/sqlite-data.git at 1.12.1 (4.10s)
Fetching https://github.com/pointfreeco/xctest-dynamic-overlay
Fetching https://github.com/pointfreeco/swift-structured-queries
Fetching https://github.com/pointfreeco/swift-sharing
Fetching https://github.com/pointfreeco/swift-snapshot-testing
Fetching https://github.com/pointfreeco/swift-perception
Fetching https://github.com/pointfreeco/swift-custom-dump
[1/2078] Fetching swift-perception
[2079/7747] Fetching swift-perception, swift-custom-dump
[2080/11942] Fetching swift-perception, swift-custom-dump, swift-sharing
Fetched https://github.com/pointfreeco/swift-custom-dump from cache (0.54s)
Fetching https://github.com/groue/GRDB.swift
[1/10707] Fetching swift-structured-queries
[10708/13434] Fetching swift-structured-queries, xctest-dynamic-overlay
[13435/127525] Fetching swift-structured-queries, xctest-dynamic-overlay, grdb.swift
[29408/144124] Fetching swift-structured-queries, xctest-dynamic-overlay, grdb.swift, swift-snapshot-testing
Fetched https://github.com/pointfreeco/swift-perception from cache (2.92s)
Fetched https://github.com/pointfreeco/swift-sharing from cache (2.92s)
Fetched https://github.com/pointfreeco/xctest-dynamic-overlay from cache (2.92s)
Fetched https://github.com/pointfreeco/swift-structured-queries from cache (2.92s)
Fetching https://github.com/pointfreeco/swift-dependencies
Fetching https://github.com/apple/swift-collections
Fetching https://github.com/pointfreeco/swift-concurrency-extras
Fetched https://github.com/pointfreeco/swift-snapshot-testing from cache (2.95s)
[41073/114091] Fetching grdb.swift
[42215/121763] Fetching grdb.swift, swift-dependencies
[47013/122881] Fetching grdb.swift, swift-dependencies, swift-concurrency-extras
[51554/152243] Fetching grdb.swift, swift-dependencies, swift-concurrency-extras, swift-collections
Fetched https://github.com/pointfreeco/swift-concurrency-extras from cache (0.65s)
[51321/151125] Fetching grdb.swift, swift-dependencies, swift-collections
Fetched https://github.com/pointfreeco/swift-dependencies from cache (1.25s)
Fetched https://github.com/apple/swift-collections from cache (1.26s)
[47919/114091] Fetching grdb.swift
Fetched https://github.com/groue/GRDB.swift from cache (8.72s)
Computing version for https://github.com/lynnswap/ObservationBridge.git
Computed https://github.com/lynnswap/ObservationBridge.git at 0.15.5 (9.41s)
Fetching https://github.com/lynnswap/ABIBridge.git
[1/14420] Fetching abibridge
Fetched https://github.com/lynnswap/ABIBridge.git from cache (0.87s)
Computing version for https://github.com/apple/swift-nio.git
Computed https://github.com/apple/swift-nio.git at 2.104.0 (1.14s)
Fetching https://github.com/apple/swift-atomics.git
Fetching https://github.com/apple/swift-system.git
[1/1893] Fetching swift-atomics
[1894/9287] Fetching swift-atomics, swift-system
Fetched https://github.com/apple/swift-atomics.git from cache (0.66s)
Fetched https://github.com/apple/swift-system.git from cache (0.66s)
Computing version for https://github.com/modelcontextprotocol/swift-sdk.git
Computed https://github.com/modelcontextprotocol/swift-sdk.git at 0.12.1 (0.80s)
Fetching https://github.com/apple/swift-log.git
Fetching https://github.com/mattt/eventsource.git
[1/8381] Fetching swift-log
[85/8706] Fetching swift-log, eventsource
Fetched https://github.com/mattt/eventsource.git from cache (0.41s)
[3185/8381] Fetching swift-log
Fetched https://github.com/apple/swift-log.git from cache (0.49s)
Computing version for https://github.com/lynnswap/ABIBridge.git
Computed https://github.com/lynnswap/ABIBridge.git at 0.13.2 (0.64s)
Fetching https://github.com/lynnswap/ZDLibffi.git
Fetching https://github.com/p-x9/MachOKit.git
Fetching https://github.com/p-x9/swift-objc-dump.git
[1/483] Fetching swift-objc-dump
[484/1283] Fetching swift-objc-dump, zdlibffi
Fetched https://github.com/p-x9/swift-objc-dump.git from cache (0.63s)
Fetched https://github.com/lynnswap/ZDLibffi.git from cache (0.63s)
[1/8088] Fetching machokit
Fetched https://github.com/p-x9/MachOKit.git from cache (1.57s)
Computing version for https://github.com/lynnswap/ZDLibffi.git
warning: 'zdlibffi': /Package.swift:8:15: warning: 'v10' is deprecated: iOS 12.0 is the oldest supported version [#DeprecatedDeclaration]
 6 |     name: "ZDLibffi",
 7 |     platforms: [
 8 |         .iOS(.v10),
   |               `- warning: 'v10' is deprecated: iOS 12.0 is the oldest supported version [#DeprecatedDeclaration]
 9 |         .macOS(.v10_12),
10 |         .tvOS(.v10),
/Package.swift:9:17: warning: 'v10_12' is deprecated: macOS 10.13 is the oldest supported version [#DeprecatedDeclaration]
 7 |     platforms: [
 8 |         .iOS(.v10),
 9 |         .macOS(.v10_12),
   |                 `- warning: 'v10_12' is deprecated: macOS 10.13 is the oldest supported version [#DeprecatedDeclaration]
10 |         .tvOS(.v10),
11 |         .watchOS(.v3),
/Package.swift:10:16: warning: 'v10' is deprecated: tvOS 12.0 is the oldest supported version [#DeprecatedDeclaration]
 8 |         .iOS(.v10),
 9 |         .macOS(.v10_12),
10 |         .tvOS(.v10),
   |                `- warning: 'v10' is deprecated: tvOS 12.0 is the oldest supported version [#DeprecatedDeclaration]
11 |         .watchOS(.v3),
12 |         .visionOS(.v1)
/Package.swift:11:19: warning: 'v3' is deprecated: watchOS 4.0 is the oldest supported version [#DeprecatedDeclaration]
 9 |         .macOS(.v10_12),
10 |         .tvOS(.v10),
11 |         .watchOS(.v3),
   |                   `- warning: 'v3' is deprecated: watchOS 4.0 is the oldest supported version [#DeprecatedDeclaration]
12 |         .visionOS(.v1)
13 |     ],
[#DeprecatedDeclaration]: <https://docs.swift.org/compiler/documentation/diagnostics/deprecated-declaration>
Computed https://github.com/lynnswap/ZDLibffi.git at 0.380.1 (1.72s)
Computing version for https://github.com/p-x9/swift-objc-dump.git
Computed https://github.com/p-x9/swift-objc-dump.git at 0.9.0 (0.12s)
Computing version for https://github.com/p-x9/MachOKit.git
warning: 'machokit': /Package.swift:145:1: warning: extension declares a conformance of imported type 'SwiftSetting' to imported protocol 'CaseIterable'; this will not behave correctly if the owners of 'PackageDescription' introduce this conformance in the future
143 | }
144 |
145 | extension SwiftSetting: CaseIterable {
    | |- warning: extension declares a conformance of imported type 'SwiftSetting' to imported protocol 'CaseIterable'; this will not behave correctly if the owners of 'PackageDescription' introduce this conformance in the future
    | `- note: add '@retroactive' to silence this warning
146 |     public static var allCases: [Self] {
147 |         [
Computed https://github.com/p-x9/MachOKit.git at 0.55.0 (0.17s)
Fetching https://github.com/p-x9/swift-binary-parse-support.git
Fetching https://github.com/p-x9/ObjectArchiveKit.git
Fetching https://github.com/apple/swift-crypto.git
Fetching https://github.com/p-x9/swift-fileio.git
Fetching https://github.com/p-x9/swift-fileio-extra.git
[1/690] Fetching swift-fileio
[208/781] Fetching swift-fileio, swift-fileio-extra
[299/1037] Fetching swift-fileio, swift-fileio-extra, swift-binary-parse-support
[626/1296] Fetching swift-fileio, swift-fileio-extra, swift-binary-parse-support, objectarchivekit
Fetched https://github.com/p-x9/swift-fileio-extra.git from cache (0.39s)
[550/1205] Fetching swift-fileio, swift-binary-parse-support, objectarchivekit
Fetched https://github.com/p-x9/swift-binary-parse-support.git from cache (0.41s)
[683/949] Fetching swift-fileio, objectarchivekit
[950/19808] Fetching swift-fileio, objectarchivekit, swift-crypto
Fetched https://github.com/p-x9/ObjectArchiveKit.git from cache (1.41s)
Fetched https://github.com/p-x9/swift-fileio.git from cache (1.41s)
Fetched https://github.com/apple/swift-crypto.git from cache (1.42s)
Computing version for https://github.com/p-x9/ObjectArchiveKit.git
Computed https://github.com/p-x9/ObjectArchiveKit.git at 0.5.0 (1.58s)
Computing version for https://github.com/pointfreeco/xctest-dynamic-overlay
Computed https://github.com/pointfreeco/xctest-dynamic-overlay at 1.13.1 (0.19s)
Computing version for https://github.com/pointfreeco/swift-structured-queries
Computed https://github.com/pointfreeco/swift-structured-queries at 0.39.2 (0.21s)
Fetching https://github.com/swiftlang/swift-syntax
[1/81349] Fetching swift-syntax
Fetched https://github.com/swiftlang/swift-syntax from cache (3.55s)
Computing version for https://github.com/p-x9/swift-binary-parse-support.git
Computed https://github.com/p-x9/swift-binary-parse-support.git at 0.3.0 (3.69s)
Computing version for https://github.com/p-x9/swift-fileio-extra.git
Computed https://github.com/p-x9/swift-fileio-extra.git at 0.4.0 (0.15s)
Computing version for https://github.com/p-x9/swift-fileio.git
Computed https://github.com/p-x9/swift-fileio.git at 0.15.1 (0.12s)
Computing version for https://github.com/pointfreeco/swift-concurrency-extras
Computed https://github.com/pointfreeco/swift-concurrency-extras at 1.4.3 (0.14s)
Computing version for https://github.com/apple/swift-atomics.git
Computed https://github.com/apple/swift-atomics.git at 1.3.1 (0.13s)
Computing version for https://github.com/groue/GRDB.swift
Computed https://github.com/groue/GRDB.swift at 7.11.1 (0.19s)
Computing version for https://github.com/mattt/eventsource.git
Computed https://github.com/mattt/eventsource.git at 1.5.1 (0.13s)
Computing version for https://github.com/swiftlang/swift-syntax
Computed https://github.com/swiftlang/swift-syntax at 604.0.0 (0.93s)
Computing version for https://github.com/pointfreeco/swift-custom-dump
Computed https://github.com/pointfreeco/swift-custom-dump at 1.7.3 (0.14s)
Computing version for https://github.com/pointfreeco/swift-perception
Computed https://github.com/pointfreeco/swift-perception at 2.0.12 (0.14s)
Computing version for https://github.com/pointfreeco/swift-snapshot-testing
Computed https://github.com/pointfreeco/swift-snapshot-testing at 1.19.7 (0.13s)
Computing version for https://github.com/pointfreeco/swift-dependencies
Computed https://github.com/pointfreeco/swift-dependencies at 1.17.1 (0.16s)
Fetching https://github.com/pointfreeco/swift-clocks
Fetching https://github.com/pointfreeco/combine-schedulers
[1/1710] Fetching swift-clocks
[1711/4400] Fetching swift-clocks, combine-schedulers
Fetched https://github.com/pointfreeco/swift-clocks from cache (1.46s)
Fetched https://github.com/pointfreeco/combine-schedulers from cache (1.46s)
Computing version for https://github.com/pointfreeco/swift-clocks
Computed https://github.com/pointfreeco/swift-clocks at 1.1.1 (1.61s)
Computing version for https://github.com/pointfreeco/combine-schedulers
Computed https://github.com/pointfreeco/combine-schedulers at 1.2.2 (0.15s)
Fetching https://github.com/OpenCombine/OpenCombine.git
[1/8306] Fetching opencombine
Fetched https://github.com/OpenCombine/OpenCombine.git from cache (0.80s)
Computing version for https://github.com/OpenCombine/OpenCombine.git
Computed https://github.com/OpenCombine/OpenCombine.git at 0.14.0 (0.99s)
Computing version for https://github.com/apple/swift-system.git
Computed https://github.com/apple/swift-system.git at 1.8.1 (0.17s)
Computing version for https://github.com/pointfreeco/swift-sharing
Computed https://github.com/pointfreeco/swift-sharing at 2.10.1 (0.21s)
Fetching https://github.com/pointfreeco/swift-identified-collections
[1/1580] Fetching swift-identified-collections
Fetched https://github.com/pointfreeco/swift-identified-collections from cache (0.86s)
Computing version for https://github.com/pointfreeco/swift-identified-collections
Computed https://github.com/pointfreeco/swift-identified-collections at 1.1.1 (0.99s)
Computing version for https://github.com/apple/swift-collections
Computed https://github.com/apple/swift-collections at 1.7.5 (0.22s)
Computing version for https://github.com/apple/swift-log.git
Computed https://github.com/apple/swift-log.git at 1.16.2 (0.14s)
Computing version for https://github.com/apple/swift-crypto.git
Computed https://github.com/apple/swift-crypto.git at 3.15.1 (0.20s)
Fetching https://github.com/apple/swift-asn1.git
[1/2051] Fetching swift-asn1
Fetched https://github.com/apple/swift-asn1.git from cache (0.44s)
Computing version for https://github.com/apple/swift-asn1.git
Computed https://github.com/apple/swift-asn1.git at 1.7.3 (0.61s)
Creating working copy for https://github.com/pointfreeco/swift-concurrency-extras
Working copy of https://github.com/pointfreeco/swift-concurrency-extras resolved at 1.4.3
Creating working copy for https://github.com/pointfreeco/swift-structured-queries
Working copy of https://github.com/pointfreeco/swift-structured-queries resolved at 0.39.2
Creating working copy for https://github.com/p-x9/MachOKit.git
Working copy of https://github.com/p-x9/MachOKit.git resolved at 0.55.0
Creating working copy for https://github.com/pointfreeco/swift-identified-collections
Working copy of https://github.com/pointfreeco/swift-identified-collections resolved at 1.1.1
Creating working copy for https://github.com/pointfreeco/combine-schedulers
Working copy of https://github.com/pointfreeco/combine-schedulers resolved at 1.2.2
Creating working copy for https://github.com/lynnswap/ObservationBridge.git
Working copy of https://github.com/lynnswap/ObservationBridge.git resolved at 0.15.5
Creating working copy for https://github.com/p-x9/swift-binary-parse-support.git
Working copy of https://github.com/p-x9/swift-binary-parse-support.git resolved at 0.3.0
Creating working copy for https://github.com/pointfreeco/swift-sharing
Working copy of https://github.com/pointfreeco/swift-sharing resolved at 2.10.1
Creating working copy for https://github.com/apple/swift-system.git
Working copy of https://github.com/apple/swift-system.git resolved at 1.8.1
Creating working copy for https://github.com/pointfreeco/xctest-dynamic-overlay
Working copy of https://github.com/pointfreeco/xctest-dynamic-overlay resolved at 1.13.1
Creating working copy for https://github.com/apple/swift-log.git
Working copy of https://github.com/apple/swift-log.git resolved at 1.16.2
Creating working copy for https://github.com/p-x9/swift-fileio-extra.git
Working copy of https://github.com/p-x9/swift-fileio-extra.git resolved at 0.4.0
Creating working copy for https://github.com/OpenCombine/OpenCombine.git
Working copy of https://github.com/OpenCombine/OpenCombine.git resolved at 0.14.0
Creating working copy for https://github.com/pointfreeco/swift-snapshot-testing
Working copy of https://github.com/pointfreeco/swift-snapshot-testing resolved at 1.19.7
Creating working copy for https://github.com/pointfreeco/sqlite-data.git
Working copy of https://github.com/pointfreeco/sqlite-data.git resolved at 1.12.1
Creating working copy for https://github.com/swiftlang/swift-syntax
Working copy of https://github.com/swiftlang/swift-syntax resolved at 604.0.0
Creating working copy for https://github.com/pointfreeco/swift-dependencies
Working copy of https://github.com/pointfreeco/swift-dependencies resolved at 1.17.1
Creating working copy for https://github.com/pointfreeco/swift-custom-dump
Working copy of https://github.com/pointfreeco/swift-custom-dump resolved at 1.7.3
Creating working copy for https://github.com/p-x9/ObjectArchiveKit.git
Working copy of https://github.com/p-x9/ObjectArchiveKit.git resolved at 0.5.0
Creating working copy for https://github.com/apple/swift-collections
Working copy of https://github.com/apple/swift-collections resolved at 1.7.5
Creating working copy for https://github.com/pointfreeco/swift-clocks
Working copy of https://github.com/pointfreeco/swift-clocks resolved at 1.1.1
Creating working copy for https://github.com/lynnswap/ABIBridge.git
Working copy of https://github.com/lynnswap/ABIBridge.git resolved at 0.13.2
Creating working copy for https://github.com/p-x9/swift-fileio.git
Working copy of https://github.com/p-x9/swift-fileio.git resolved at 0.15.1
Creating working copy for https://github.com/modelcontextprotocol/swift-sdk.git
Working copy of https://github.com/modelcontextprotocol/swift-sdk.git resolved at 0.12.1
Creating working copy for https://github.com/lynnswap/ZDLibffi.git
Working copy of https://github.com/lynnswap/ZDLibffi.git resolved at 0.380.1
Creating working copy for https://github.com/apple/swift-asn1.git
Working copy of https://github.com/apple/swift-asn1.git resolved at 1.7.3
Creating working copy for https://github.com/p-x9/swift-objc-dump.git
Working copy of https://github.com/p-x9/swift-objc-dump.git resolved at 0.9.0
Creating working copy for https://github.com/groue/GRDB.swift
Working copy of https://github.com/groue/GRDB.swift resolved at 7.11.1
Creating working copy for https://github.com/apple/swift-crypto.git
Working copy of https://github.com/apple/swift-crypto.git resolved at 3.15.1
Creating working copy for https://github.com/mattt/eventsource.git
Working copy of https://github.com/mattt/eventsource.git resolved at 1.5.1
Creating working copy for https://github.com/apple/swift-atomics.git
Working copy of https://github.com/apple/swift-atomics.git resolved at 1.3.1
Creating working copy for https://github.com/apple/swift-nio.git
Working copy of https://github.com/apple/swift-nio.git resolved at 2.104.0
Creating working copy for https://github.com/pointfreeco/swift-perception
Working copy of https://github.com/pointfreeco/swift-perception resolved at 2.0.12
warning: 'zdlibffi': /host/spi-builder-workspace/.build/checkouts/ZDLibffi/Package.swift:8:15: warning: 'v10' is deprecated: iOS 12.0 is the oldest supported version [#DeprecatedDeclaration]
 6 |     name: "ZDLibffi",
 7 |     platforms: [
 8 |         .iOS(.v10),
   |               `- warning: 'v10' is deprecated: iOS 12.0 is the oldest supported version [#DeprecatedDeclaration]
 9 |         .macOS(.v10_12),
10 |         .tvOS(.v10),
/host/spi-builder-workspace/.build/checkouts/ZDLibffi/Package.swift:9:17: warning: 'v10_12' is deprecated: macOS 10.13 is the oldest supported version [#DeprecatedDeclaration]
 7 |     platforms: [
 8 |         .iOS(.v10),
 9 |         .macOS(.v10_12),
   |                 `- warning: 'v10_12' is deprecated: macOS 10.13 is the oldest supported version [#DeprecatedDeclaration]
10 |         .tvOS(.v10),
11 |         .watchOS(.v3),
/host/spi-builder-workspace/.build/checkouts/ZDLibffi/Package.swift:10:16: warning: 'v10' is deprecated: tvOS 12.0 is the oldest supported version [#DeprecatedDeclaration]
 8 |         .iOS(.v10),
 9 |         .macOS(.v10_12),
10 |         .tvOS(.v10),
   |                `- warning: 'v10' is deprecated: tvOS 12.0 is the oldest supported version [#DeprecatedDeclaration]
11 |         .watchOS(.v3),
12 |         .visionOS(.v1)
/host/spi-builder-workspace/.build/checkouts/ZDLibffi/Package.swift:11:19: warning: 'v3' is deprecated: watchOS 4.0 is the oldest supported version [#DeprecatedDeclaration]
 9 |         .macOS(.v10_12),
10 |         .tvOS(.v10),
11 |         .watchOS(.v3),
   |                   `- warning: 'v3' is deprecated: watchOS 4.0 is the oldest supported version [#DeprecatedDeclaration]
12 |         .visionOS(.v1)
13 |     ],
[#DeprecatedDeclaration]: <https://docs.swift.org/compiler/documentation/diagnostics/deprecated-declaration>
warning: 'machokit': /host/spi-builder-workspace/.build/checkouts/MachOKit/Package.swift:145:1: warning: extension declares a conformance of imported type 'SwiftSetting' to imported protocol 'CaseIterable'; this will not behave correctly if the owners of 'PackageDescription' introduce this conformance in the future
143 | }
144 |
145 | extension SwiftSetting: CaseIterable {
    | |- warning: extension declares a conformance of imported type 'SwiftSetting' to imported protocol 'CaseIterable'; this will not behave correctly if the owners of 'PackageDescription' introduce this conformance in the future
    | `- note: add '@retroactive' to silence this warning
146 |     public static var allCases: [Self] {
147 |         [
Building for debugging...
[0/167] Write sources
[19/167] Copying PrivacyInfo.xcprivacy
[20/167] Write sources
[26/167] Compiling ffiw64_x86_64.c
[27/167] Compiling _AtomicsShims.c
[28/167] Compiling ffi64_x86_64.c
[29/167] Compiling _SwiftSyntaxCShims PlatformMutex.c
[30/167] Compiling unix64_x86_64.S
In file included from /host/spi-builder-workspace/.build/checkouts/ZDLibffi/Source/src/common/types.c:32:
/host/spi-builder-workspace/.build/checkouts/ZDLibffi/Source/include/ffi_common.h:129:1: error: unknown type name 'ffi_status'
  129 | ffi_status ffi_prep_cif_machdep(ffi_cif *cif);
      | ^
/host/spi-builder-workspace/.build/checkouts/ZDLibffi/Source/include/ffi_common.h:129:33: error: unknown type name 'ffi_cif'
  129 | ffi_status ffi_prep_cif_machdep(ffi_cif *cif);
      |                                 ^
/host/spi-builder-workspace/.build/checkouts/ZDLibffi/Source/include/ffi_common.h:130:1: error: unknown type name 'ffi_status'
  130 | ffi_status ffi_prep_cif_machdep_var(ffi_cif *cif,
      | ^
/host/spi-builder-workspace/.build/checkouts/ZDLibffi/Source/include/ffi_common.h:130:37: error: unknown type name 'ffi_cif'
  130 | ffi_status ffi_prep_cif_machdep_var(ffi_cif *cif,
      |                                     ^
/host/spi-builder-workspace/.build/checkouts/ZDLibffi/Source/include/ffi_common.h:140:1: error: unknown type name 'ffi_status'
  140 | ffi_status ffi_prep_cif_core(ffi_cif *cif,
      | ^
/host/spi-builder-workspace/.build/checkouts/ZDLibffi/Source/include/ffi_common.h:140:30: error: unknown type name 'ffi_cif'
  140 | ffi_status ffi_prep_cif_core(ffi_cif *cif,
      |                              ^
/host/spi-builder-workspace/.build/checkouts/ZDLibffi/Source/include/ffi_common.h:141:9: error: unknown type name 'ffi_abi'
  141 |                              ffi_abi abi,
      |                              ^
/host/spi-builder-workspace/.build/checkouts/ZDLibffi/Source/include/ffi_common.h:145:9: error: unknown type name 'ffi_type'
  145 |                              ffi_type *rtype,
      |                              ^
/host/spi-builder-workspace/.build/checkouts/ZDLibffi/Source/include/ffi_common.h:146:9: error: unknown type name 'ffi_type'
  146 |                              ffi_type **atypes);
      |                              ^
/host/spi-builder-workspace/.build/checkouts/ZDLibffi/Source/include/ffi_common.h:150:45: error: expected function body after function declarator
  150 | void *ffi_data_to_code_pointer (void *data) FFI_HIDDEN;
      |                                             ^
/host/spi-builder-workspace/.build/checkouts/ZDLibffi/Source/include/ffi_common.h:154:42: error: expected function body after function declarator
  154 | int ffi_tramp_is_present (void *closure) FFI_HIDDEN;
      |                                          ^
/host/spi-builder-workspace/.build/checkouts/ZDLibffi/Source/include/ffi_common.h:158:31: error: expected function body after function declarator
  158 | int open_temp_exec_file(void) FFI_HIDDEN;
      |                               ^
/host/spi-builder-workspace/.build/checkouts/ZDLibffi/Source/include/ffi_common.h:163:3: error: unknown type name 'ffi_cif'
  163 |   ffi_cif *cif;
      |   ^
/host/spi-builder-workspace/.build/checkouts/ZDLibffi/Source/src/common/types.c:37:10: error: use of undeclared identifier 'FFI_VERSION_STRING'
   37 |   return FFI_VERSION_STRING;
      |          ^~~~~~~~~~~~~~~~~~
/host/spi-builder-workspace/.build/checkouts/ZDLibffi/Source/src/common/types.c:43:10: error: use of undeclared identifier 'FFI_VERSION_NUMBER'
   43 |   return FFI_VERSION_NUMBER;
      |          ^~~~~~~~~~~~~~~~~~
/host/spi-builder-workspace/.build/checkouts/ZDLibffi/Source/src/common/types.c:48:10: error: use of undeclared identifier 'FFI_DEFAULT_ABI'
   48 |   return FFI_DEFAULT_ABI;
      |          ^~~~~~~~~~~~~~~
/host/spi-builder-workspace/.build/checkouts/ZDLibffi/Source/src/common/types.c:51:1: error: unknown type name 'size_t'
   51 | size_t ffi_get_closure_size (void)
      | ^
/host/spi-builder-workspace/.build/checkouts/ZDLibffi/Source/src/common/types.c:53:17: error: use of undeclared identifier 'ffi_closure'
   53 |   return sizeof(ffi_closure);
      |                 ^~~~~~~~~~~
/host/spi-builder-workspace/.build/checkouts/ZDLibffi/Source/src/common/types.c:87:1: error: unknown type name 'FFI_EXTERN'
   87 | FFI_EXTERN const ffi_type ffi_type_void = {
      | ^
fatal error: too many errors emitted, stopping now [-ferror-limit=]
20 errors generated.
[31/167] Compiling types.c
[31/167] Compiling win64_x86_64.S
[31/167] Compiling debug.c
[31/167] Compiling java_raw_api.c
[31/167] Compiling raw_api.c
[31/167] Compiling tramp.c
In file included from /host/spi-builder-workspace/.build/checkouts/ZDLibffi/Source/src/common/prep_cif.c:28:
/host/spi-builder-workspace/.build/checkouts/ZDLibffi/Source/include/ffi_common.h:129:1: error: unknown type name 'ffi_status'
  129 | ffi_status ffi_prep_cif_machdep(ffi_cif *cif);
      | ^
/host/spi-builder-workspace/.build/checkouts/ZDLibffi/Source/include/ffi_common.h:129:33: error: unknown type name 'ffi_cif'
  129 | ffi_status ffi_prep_cif_machdep(ffi_cif *cif);
      |                                 ^
/host/spi-builder-workspace/.build/checkouts/ZDLibffi/Source/include/ffi_common.h:130:1: error: unknown type name 'ffi_status'
  130 | ffi_status ffi_prep_cif_machdep_var(ffi_cif *cif,
      | ^
/host/spi-builder-workspace/.build/checkouts/ZDLibffi/Source/include/ffi_common.h:130:37: error: unknown type name 'ffi_cif'
  130 | ffi_status ffi_prep_cif_machdep_var(ffi_cif *cif,
      |                                     ^
/host/spi-builder-workspace/.build/checkouts/ZDLibffi/Source/include/ffi_common.h:140:1: error: unknown type name 'ffi_status'
  140 | ffi_status ffi_prep_cif_core(ffi_cif *cif,
      | ^
/host/spi-builder-workspace/.build/checkouts/ZDLibffi/Source/include/ffi_common.h:140:30: error: unknown type name 'ffi_cif'
  140 | ffi_status ffi_prep_cif_core(ffi_cif *cif,
      |                              ^
/host/spi-builder-workspace/.build/checkouts/ZDLibffi/Source/include/ffi_common.h:141:9: error: unknown type name 'ffi_abi'
  141 |                              ffi_abi abi,
      |                              ^
/host/spi-builder-workspace/.build/checkouts/ZDLibffi/Source/include/ffi_common.h:145:9: error: unknown type name 'ffi_type'
  145 |                              ffi_type *rtype,
      |                              ^
/host/spi-builder-workspace/.build/checkouts/ZDLibffi/Source/include/ffi_common.h:146:9: error: unknown type name 'ffi_type'
  146 |                              ffi_type **atypes);
      |                              ^
/host/spi-builder-workspace/.build/checkouts/ZDLibffi/Source/include/ffi_common.h:150:45: error: expected function body after function declarator
  150 | void *ffi_data_to_code_pointer (void *data) FFI_HIDDEN;
      |                                             ^
/host/spi-builder-workspace/.build/checkouts/ZDLibffi/Source/include/ffi_common.h:154:42: error: expected function body after function declarator
  154 | int ffi_tramp_is_present (void *closure) FFI_HIDDEN;
      |                                          ^
/host/spi-builder-workspace/.build/checkouts/ZDLibffi/Source/include/ffi_common.h:158:31: error: expected function body after function declarator
  158 | int open_temp_exec_file(void) FFI_HIDDEN;
      |                               ^
/host/spi-builder-workspace/.build/checkouts/ZDLibffi/Source/include/ffi_common.h:163:3: error: unknown type name 'ffi_cif'
  163 |   ffi_cif *cif;
      |   ^
/host/spi-builder-workspace/.build/checkouts/ZDLibffi/Source/src/common/prep_cif.c:52:8: error: unknown type name 'ffi_status'
   52 | static ffi_status
      |        ^
/host/spi-builder-workspace/.build/checkouts/ZDLibffi/Source/src/common/prep_cif.c:53:20: error: unknown type name 'ffi_type'
   53 | initialize_vector (ffi_type *arg)
      |                    ^
/host/spi-builder-workspace/.build/checkouts/ZDLibffi/Source/src/common/prep_cif.c:55:3: error: use of undeclared identifier 'ffi_type'
   55 |   ffi_type **ptr = arg->elements;
      |   ^~~~~~~~
/host/spi-builder-workspace/.build/checkouts/ZDLibffi/Source/src/common/prep_cif.c:55:14: error: use of undeclared identifier 'ptr'
   55 |   ffi_type **ptr = arg->elements;
      |              ^~~
/host/spi-builder-workspace/.build/checkouts/ZDLibffi/Source/src/common/prep_cif.c:56:3: error: use of undeclared identifier 'ffi_type'
   56 |   ffi_type *elem;
      |   ^~~~~~~~
/host/spi-builder-workspace/.build/checkouts/ZDLibffi/Source/src/common/prep_cif.c:56:13: error: use of undeclared identifier 'elem'
   56 |   ffi_type *elem;
      |             ^~~~
fatal error: too many errors emitted, stopping now [-ferror-limit=]
20 errors generated.
[31/167] Compiling prep_cif.c
[31/167] Write swift-version-24593BA9C3E375BF.txt
BUILD FAILURE 6.3 wasm